06-10 18:33:07.691   858   858 W hvdcp_opti: type=1400 audit(0.0:170769): avc: denied { read } for name="dp_dm" dev="sysfs" ino=39780 scontext=u:r:hvdcp:s0 tcontext=u:object_r:sysfs:s0 tclass=file permissive=0
06-10 18:33:07.691   858   858 W hvdcp_opti: type=1400 audit(0.0:170770): avc: denied { read } for name="input_current_limited" dev="sysfs" ino=39781 scontext=u:r:hvdcp:s0 tcontext=u:object_r:sysfs:s0 tclass=file permissive=0
06-10 18:33:07.695   858   858 W hvdcp_opti: type=1400 audit(0.0:170771): avc: denied { read } for name="input_current_limited" dev="sysfs" ino=39781 scontext=u:r:hvdcp:s0 tcontext=u:object_r:sysfs:s0 tclass=file permissive=0
06-10 18:33:07.695   858   858 W hvdcp_opti: type=1400 audit(0.0:170772): avc: denied { read } for name="charge_type" dev="sysfs" ino=39752 scontext=u:r:hvdcp:s0 tcontext=u:object_r:sysfs:s0 tclass=file permissive=0
06-10 18:33:07.695   858   858 W hvdcp_opti: type=1400 audit(0.0:170773): avc: denied { read } for name="die_health" dev="sysfs" ino=39786 scontext=u:r:hvdcp:s0 tcontext=u:object_r:sysfs:s0 tclass=file permissive=0
06-10 18:33:07.704  1413  1950 I WifiService: requestActivityInfo uid=1000
06-10 18:33:07.703   880  2169 D dubaid  : [HourlyRoutine.cpp] handleRequestOffset# timestamp=1718013600003, expire=1612296
06-10 18:33:07.704  1413  1950 I WifiService: reportActivityInfo uid=1000
06-10 18:33:07.704  1413  1950 I WifiService: getSupportedFeatures uid=1000
06-10 18:33:07.704  1413 15496 I BatteryService: normal charge status : 1
06-10 18:33:07.708  1413  1413 I WifiService: getWifiEnabledState uid=1000
06-10 18:33:07.708  1413  1413 D HwInnerWifiManagerImpl: SupplicantState = COMPLETED
06-10 18:33:07.708  1413  1413 D HwInnerWifiManagerImpl: isPhoneAP = false
06-10 18:33:07.708  2349  2349 D KeyguardUpdateMonitor: received broadcast android.intent.action.BATTERY_CHANGED
06-10 18:33:07.708  2349  2349 W KeyguardUpdateMonitor: ACTION_BATTERY_CHANGED AMP: 500000; Volt: 5000000
06-10 18:33:07.708  2349  2349 I KgBattery: (last-new)Status: 1 -> 1, chargeState=1 * branch=5
06-10 18:33:07.708  2349  2349 V KeyguardUpdateMonitor: RefreshBatteryInfo isBatteryLow: 81
06-10 18:33:07.708  2349  2349 W KeyguardUpdateMonitor: ChargingSpeed  Wattage: 2500000 ST: 5000000 --> 7500000
06-10 18:33:07.708  2349  2349 I KgBattery: BatteryInfo updated:  2lPc0
06-10 18:33:07.708  2349  2349 W AppHandler: sendMessage with obj100
06-10 18:33:07.708  1413  1413 I WifiService: getWifiEnabledState uid=1000
06-10 18:33:07.708  2349  2349 D KeyguardUpdateMonitor: handleBatteryUpdate
06-10 18:33:07.708  1413  1413 D HwInnerWifiManagerImpl: SupplicantState = COMPLETED
06-10 18:33:07.708  2349  2349 I ColorPickUitls: type = 2
06-10 18:33:07.708  1413  1413 D HwInnerWifiManagerImpl: isPhoneAP = false
06-10 18:33:07.708  2349  2349 V KeyguardUpdateMonitor: RefreshBatteryInfo isBatteryLow: 81
06-10 18:33:07.708  1413  1413 D WifiStateMachine: mBcastReceiver: PluggedType = 2 mIsScanCtrlPluggedin = true
06-10 18:33:07.709  1413  1413 D HwWifiService: mPluggedType =2
06-10 18:33:07.709  1413  1413 D WifiService: onReceive, action:android.intent.action.BATTERY_CHANGED
06-10 18:33:07.709  1413  1413 D WifiService: ACTION_BATTERY_CHANGED pluggedType: 2
06-10 18:33:07.709  2349  2349 I KeyguardUtils: fpPath=sys/class/hw_power/charger/charge_data/chargerType, value=0
06-10 18:33:07.710  2349  2349 W HwKgdBArea_BTY: updateBatteryInfo : false  true
06-10 18:33:07.710  2349  2349 W HwLockScreenPanel: refreshBatteryInfo: null
06-10 18:33:07.710  2349  2349 W HwKgdBArea_BTY: updateBatteryInfo : false  true
06-10 18:33:07.710  2349  2349 W FillLightViewManager: handleMessage 100
06-10 18:33:07.710  2349  2349 D FillLightViewManager: nothing to do 100
06-10 18:33:07.710  2349  2349 W HwLockScreenPanel: Handle message: 100
06-10 18:33:07.710 17424 17424 I Cloud[10.13.20.300]Sync.SyncObserverService: batteryStatus: 2
06-10 18:33:07.710  2349  2477 W KgBattery: getCharge info with type: text
06-10 18:33:07.711 17424 17424 I Cloud[10.13.20.300]Sync.SyncObserverService: doGetOptionsFromClone
06-10 18:33:07.711  2349  2349 I GlobalContext: Work is scheduled. com.android.systemui.battery.-$Lambda$lfi2AU3i1xDKGC7m-gvD3SF2XpQ@e3f5086
06-10 18:33:07.711 17424 17424 I Cloud[10.13.20.300]Sync.SyncObserverService: lastPowerConnectTime: 1717997616160, currentTime: 1718015587711
06-10 18:33:07.711  2577  2577 I MsgReceiver: intent action: android.intent.action.BATTERY_CHANGED
06-10 18:33:07.711  2349  2477 I KeyguardUtils: fpPath=sys/class/hw_power/charger/charge_data/chargerType, value=0
06-10 18:33:07.714  2577 17790 W libc    : Set property "debug.aps.current_battery" to "81"
06-10 18:33:07.714  2349  2349 I KeyguardUtils: fpPath=sys/class/hw_power/charger/charge_data/chargerType, value=0
06-10 18:33:07.715  1413  2602 I BatteryService: normal charge status : 1
06-10 18:33:07.719  2349  2349 I KeyguardUtils: fpPath=sys/class/hw_power/charger/charge_data/chargerType, value=0
06-10 18:33:07.720  1413  1413 I WifiService: getWifiEnabledState uid=1000
06-10 18:33:07.720  1413  1413 D HwInnerWifiManagerImpl: SupplicantState = COMPLETED
06-10 18:33:07.720  1413  1413 D HwInnerWifiManagerImpl: isPhoneAP = false
06-10 18:33:07.721  1413  1413 I WifiService: getWifiEnabledState uid=1000
06-10 18:33:07.721  1413  1413 D HwInnerWifiManagerImpl: SupplicantState = COMPLETED
06-10 18:33:07.721  1413  1413 D HwInnerWifiManagerImpl: isPhoneAP = false
06-10 18:33:07.721  1413  1413 D WifiStateMachine: mBcastReceiver: PluggedType = 2 mIsScanCtrlPluggedin = true
06-10 18:33:07.721  1413  1413 D HwWifiService: mPluggedType =2
06-10 18:33:07.721  1413  1413 D WifiService: onReceive, action:android.intent.action.BATTERY_CHANGED
06-10 18:33:07.721  1413  1413 D WifiService: ACTION_BATTERY_CHANGED pluggedType: 2
06-10 18:33:07.722  2577  2577 I MsgReceiver: intent action: android.intent.action.BATTERY_CHANGED
06-10 18:33:07.723  2349  2349 I KeyguardUtils: fpPath=sys/class/hw_power/charger/charge_data/chargerType, value=0
06-10 18:33:07.723 17424 17424 I Cloud[10.13.20.300]Sync.SyncObserverService: batteryStatus: 2
06-10 18:33:07.723 17424 17424 I Cloud[10.13.20.300]Sync.SyncObserverService: doGetOptionsFromClone
06-10 18:33:07.724 17424 17424 I Cloud[10.13.20.300]Sync.SyncObserverService: lastPowerConnectTime: 1717997616160, currentTime: 1718015587723
06-10 18:33:07.726  2349  2349 I KeyguardUtils: fpPath=sys/class/hw_power/charger/charge_data/chargerType, value=0
06-10 18:33:07.730  2349  2349 I KeyguardUtils: fpPath=sys/class/hw_power/charger/charge_data/chargerType, value=0
06-10 18:33:07.732  2349  2349 D KeyguardUpdateMonitor: received broadcast android.intent.action.BATTERY_CHANGED
06-10 18:33:07.732  3495  3799 I bt_btif bt interface: read_energy_info
06-10 18:33:07.732  2349  2349 W KeyguardUpdateMonitor: ACTION_BATTERY_CHANGED AMP: 500000; Volt: 5000000
06-10 18:33:07.732  2349  2349 I KgBattery: (last-new)Status: 1 -> 1, chargeState=1 * branch=5
06-10 18:33:07.733  2349  2349 I GlobalContext: Work is scheduled. com.android.systemui.battery.-$Lambda$lfi2AU3i1xDKGC7m-gvD3SF2XpQ@e3f5086
06-10 18:33:07.735  2349  2349 I KeyguardUtils: fpPath=sys/class/hw_power/charger/charge_data/chargerType, value=0
06-10 18:33:07.745  2349  2349 I chatty  : uid=10026(com.huawei.HwMultiScreenShot) com.android.systemui identical 3 lines
06-10 18:33:07.748  2349  2349 I KeyguardUtils: fpPath=sys/class/hw_power/charger/charge_data/chargerType, value=0
06-10 18:33:07.749  2349  2349 V KeyguardUpdateMonitor: RefreshBatteryInfo isBatteryLow: 81
06-10 18:33:07.749  2349  2349 W KeyguardUpdateMonitor: ChargingSpeed  Wattage: 2500000 ST: 5000000 --> 7500000
06-10 18:33:07.749  2349  2349 I KgBattery: BatteryInfo updated:  2lPc0
06-10 18:33:07.749  2349  2349 W AppHandler: sendMessage with obj100
06-10 18:33:07.749  2349  2349 D KeyguardUpdateMonitor: handleBatteryUpdate
06-10 18:33:07.751  1413  1950 E KernelCpuSpeedReader: Failed to read cpu-freq: /sys/devices/system/cpu/cpu0/cpufreq/stats/time_in_state (No such file or directory)
06-10 18:33:07.751  1413  1950 E KernelCpuSpeedReader: Failed to read cpu-freq: /sys/devices/system/cpu/cpu4/cpufreq/stats/time_in_state (No such file or directory)
06-10 18:33:07.753  2349  2349 W HwLockScreenPanel: refreshBatteryInfo: null
06-10 18:33:07.753  2349  2349 W HwKgdBArea_BTY: updateBatteryInfo : false  true
06-10 18:33:07.753  2349  2349 W FillLightViewManager: handleMessage 100
06-10 18:33:07.753  2349  2349 D FillLightViewManager: nothing to do 100
06-10 18:33:07.753  2349  2477 W KgBattery: getCharge info with type: text
06-10 18:33:07.753  2349  2349 W HwLockScreenPanel: Handle message: 100
06-10 18:33:07.754  2349  2477 I KeyguardUtils: fpPath=sys/class/hw_power/charger/charge_data/chargerType, value=0
06-10 18:33:07.764  1413  1936 E KernelCpuSpeedReader: Failed to read cpu-freq: /sys/devices/system/cpu/cpu0/cpufreq/stats/time_in_state (No such file or directory)
06-10 18:33:07.764  1413  1936 E KernelCpuSpeedReader: Failed to read cpu-freq: /sys/devices/system/cpu/cpu4/cpufreq/stats/time_in_state (No such file or directory)
06-10 18:33:07.855 17793 17793 E libc    : Access denied finding property "ro.hwfix.ro.process_list"
06-10 18:33:07.882 17793 17793 E libc    : Access denied finding property "ro.hwfix.ro.process_list"
06-10 18:33:07.955  1413  2199 E WificondControl: Noise: 0, Snr: -1, Chload: -1
06-10 18:33:07.956  1413  2199 E HwWifiStatStore: updateLinkSpeed  linkSpeed =72 lastSpdLev=2 index=2
06-10 18:33:07.957  1413  2201 D HwWifiCHRStateManager: handleMessage : 1001
06-10 18:33:07.957  1413  2201 D HwWifiCHRStateManager: handleUpdateChannel:2412
06-10 18:33:07.958  3473  3473 D wpa_supplicant: sta hidl pwrPercentBoostModesetInternal
06-10 18:33:07.962  1413  2199 D WifiScoreReport: Score = 100, wifiConnectivityManagerEnabled = false, lowScoreCount = 0
06-10 18:33:08.040  2349  2349 D StatusBarIconController: setIconVisibility icon is null or visibility not change visibility=false
06-10 18:33:08.042  2349  2349 I chatty  : uid=10026(com.huawei.HwMultiScreenShot) com.android.systemui identical 1 line
06-10 18:33:08.044  2349  2349 D StatusBarIconController: setIconVisibility icon is null or visibility not change visibility=false
06-10 18:33:08.139  1413  1413 I TrafficMonitor: update:rxPkts:207,txPkts:104,rxBytes:292644,txBytes:5283
06-10 18:33:08.140  1413  1413 I TrafficMonitor: no expired. level:5
06-10 18:33:08.140  1413  1413 I TrafficMonitor: gettimer:interval=2000
06-10 18:33:08.140  1413  1413 I TrafficMonitor: during_ms:2003,period_ms:2000
06-10 18:33:08.140  1413  1413 I TrafficMonitor: count:60,rx_sum:207,tx_sum:104,rxBytes:292644,during_ms:2003,rx_speed:146102.8457314029,tx_speed:2637.54368447329,rto:1.9903846153846154
06-10 18:33:08.896 17794 17794 E libc    : Access denied finding property "ro.hwfix.ro.process_list"
06-10 18:33:08.904  1413  2200 D HwWifiStatStore: handleMessage : 200
06-10 18:33:08.923 17794 17794 E libc    : Access denied finding property "ro.hwfix.ro.process_list"
06-10 18:33:09.043  2349  2349 D StatusBarIconController: setIconVisibility icon is null or visibility not change visibility=false
06-10 18:33:09.044  2349  2349 W ResourceType: No package identifier when getting value for resource number 0x00000000
06-10 18:33:09.044  2349  2349 E HwNotchUtils: setIconForView iconId is not found
06-10 18:33:09.045  2349  2349 D StatusBarIconController: setIconVisibility icon is null or visibility not change visibility=false
06-10 18:33:09.045  2349  2349 W ResourceType: No package identifier when getting value for resource number 0x00000000
06-10 18:33:09.045  2349  2349 E HwNotchUtils: setIconForView iconId is not found
06-10 18:33:09.046  2349  2349 D StatusBarIconController: setIconVisibility icon is null or visibility not change visibility=false
06-10 18:33:09.046  2349  2349 W ResourceType: No package identifier when getting value for resource number 0x00000000
06-10 18:33:09.046  2349  2349 E HwNotchUtils: setIconForView iconId is not found
06-10 18:33:09.937 17795 17795 E libc    : Access denied finding property "ro.hwfix.ro.process_list"
06-10 18:33:09.964 17795 17795 E libc    : Access denied finding property "ro.hwfix.ro.process_list"
06-10 18:33:10.047  2349  2349 D StatusBarIconController: setIconVisibility icon is null or visibility not change visibility=false
06-10 18:33:10.049  2349  2349 I chatty  : uid=10026(com.huawei.HwMultiScreenShot) com.android.systemui identical 1 line
06-10 18:33:10.051  2349  2349 D StatusBarIconController: setIconVisibility icon is null or visibility not change visibility=false
06-10 18:33:10.142  1413  1413 I TrafficMonitor: update:rxPkts:2,txPkts:0,rxBytes:706,txBytes:0
06-10 18:33:10.142  1413  1413 I TrafficMonitor: start expired. level:-1
06-10 18:33:10.142  1413  1413 I TrafficMonitor: gettimer:interval=2000
06-10 18:33:10.980 17796 17796 E libc    : Access denied finding property "ro.hwfix.ro.process_list"
06-10 18:33:11.006 17796 17796 E libc    : Access denied finding property "ro.hwfix.ro.process_list"
06-10 18:33:11.018  1413  2199 E WificondControl: Noise: 0, Snr: -1, Chload: -1
06-10 18:33:11.018  1413  2199 E HwWifiStatStore: updateLinkSpeed  linkSpeed =72 lastSpdLev=2 index=2
06-10 18:33:11.018  1413  2201 D HwWifiCHRStateManager: handleMessage : 1001
06-10 18:33:11.018  1413  2201 D HwWifiCHRStateManager: handleUpdateChannel:2412
06-10 18:33:11.019  3473  3473 D wpa_supplicant: sta hidl pwrPercentBoostModesetInternal
06-10 18:33:11.020  1413  2199 D WifiScoreReport: Score = 100, wifiConnectivityManagerEnabled = false, lowScoreCount = 0
06-10 18:33:11.049  2349  2349 D StatusBarIconController: setIconVisibility icon is null or visibility not change visibility=false
06-10 18:33:11.050  2349  2349 W ResourceType: No package identifier when getting value for resource number 0x00000000
06-10 18:33:11.051  2349  2349 E HwNotchUtils: setIconForView iconId is not found
06-10 18:33:11.051  2349  2349 D StatusBarIconController: setIconVisibility icon is null or visibility not change visibility=false
06-10 18:33:11.051  2349  2349 W ResourceType: No package identifier when getting value for resource number 0x00000000
06-10 18:33:11.051  2349  2349 E HwNotchUtils: setIconForView iconId is not found
06-10 18:33:11.051  2349  2349 D StatusBarIconController: setIconVisibility icon is null or visibility not change visibility=false
06-10 18:33:11.051  2349  2349 W ResourceType: No package identifier when getting value for resource number 0x00000000
06-10 18:33:11.052  2349  2349 E HwNotchUtils: setIconForView iconId is not found
06-10 18:33:11.399 17005 17017 I StagefrightMediaScannerEx: StagefrightMediaScanner destructor
06-10 18:33:11.401 17005 17017 I chatty  : uid=10016(com.android.providers.media) FinalizerDaemon identical 1 line
06-10 18:33:11.402 17005 17017 I StagefrightMediaScannerEx: StagefrightMediaScanner destructor
06-10 18:33:11.734   612 17797 W libc    : Set property "hw.wifi.dns_stat" to "805,157,9485,1,165888"
06-10 18:33:11.911  1413  2200 D HwWifiStatStore: handleMessage : 200
06-10 18:33:12.020 17798 17798 E libc    : Access denied finding property "ro.hwfix.ro.process_list"
06-10 18:33:12.045 17798 17798 E libc    : Access denied finding property "ro.hwfix.ro.process_list"
06-10 18:33:12.050  2349  2349 D StatusBarIconController: setIconVisibility icon is null or visibility not change visibility=false
06-10 18:33:12.050  2349  2349 I chatty  : uid=10026(com.huawei.HwMultiScreenShot) com.android.systemui identical 1 line
06-10 18:33:12.051  2349  2349 D StatusBarIconController: setIconVisibility icon is null or visibility not change visibility=false
06-10 18:33:12.107  1413  2257 D HwArpVerifier: performPollAndLog:
06-10 18:33:12.110  1413  2257 D hw_netstat: total/0/0
06-10 18:33:12.145  1413  1413 I TrafficMonitor: update:rxPkts:7,txPkts:0,rxBytes:2032,txBytes:0
06-10 18:33:12.145  1413  1413 I TrafficMonitor: start expired. level:-1
06-10 18:33:12.145  1413  1413 I TrafficMonitor: gettimer:interval=2000
06-10 18:33:12.792   750  1110 I qti_sensors_hal: [LightSensor]processReportInd: the skip  luxValue  ItemData[0]:460000,ItemData[1]:640b8e, lux:70.000000,cct:6556558.000000
06-10 18:33:12.992   750  1110 I qti_sensors_hal: [LightSensor]processReportInd: the skip  luxValue  ItemData[0]:530000,ItemData[1]:640af8, lux:83.000000,cct:6556408.000000
06-10 18:33:13.056  2349  2349 D StatusBarIconController: setIconVisibility icon is null or visibility not change visibility=false
06-10 18:33:13.057  2349  2349 W ResourceType: No package identifier when getting value for resource number 0x00000000
06-10 18:33:13.058  2349  2349 E HwNotchUtils: setIconForView iconId is not found
06-10 18:33:13.058  2349  2349 D StatusBarIconController: setIconVisibility icon is null or visibility not change visibility=false
06-10 18:33:13.058  2349  2349 W ResourceType: No package identifier when getting value for resource number 0x00000000
06-10 18:33:13.058 17799 17799 E libc    : Access denied finding property "ro.hwfix.ro.process_list"
06-10 18:33:13.059  2349  2349 E HwNotchUtils: setIconForView iconId is not found
06-10 18:33:13.059  2349  2349 D StatusBarIconController: setIconVisibility icon is null or visibility not change visibility=false
06-10 18:33:13.059  2349  2349 W ResourceType: No package identifier when getting value for resource number 0x00000000
06-10 18:33:13.059  2349  2349 E HwNotchUtils: setIconForView iconId is not found
06-10 18:33:13.086 17799 17799 E libc    : Access denied finding property "ro.hwfix.ro.process_list"
06-10 18:33:13.140  1413  1413 I TrafficMonitor: expired arrive. level:-1
06-10 18:33:13.141  1413  1413 I TrafficMonitor: during_ms:2003,period_ms:2000
06-10 18:33:13.141  1413  1413 I TrafficMonitor: count:62,rx_sum:7,tx_sum:0,rxBytes:2032,during_ms:2003,rx_speed:1014.4782825761357,tx_speed:0.0,rto:0.0
06-10 18:33:13.227  1413  1950 I WifiService: requestActivityInfo uid=1000
06-10 18:33:13.227  1413  1950 I WifiService: reportActivityInfo uid=1000
06-10 18:33:13.227  1413  1950 I WifiService: getSupportedFeatures uid=1000
06-10 18:33:13.231  2577  4077 I DownloadState: 10026 stop download, curr: 12221013, base: 10294367, delta: 1926646
06-10 18:33:13.231  2577  4077 I DownloadState: @@@@@@@@@@@@ uid :10026 download :false
06-10 18:33:13.231  2577  4077 I PGServer: report state:5 event type:2 pid:0 uid:10026 pkg:null to pid: 1413
06-10 18:33:13.262  3495  3799 I bt_btif bt interface: read_energy_info
06-10 18:33:13.290  1413  1950 E KernelCpuSpeedReader: Failed to read cpu-freq: /sys/devices/system/cpu/cpu0/cpufreq/stats/time_in_state (No such file or directory)
06-10 18:33:13.291  1413  1950 E KernelCpuSpeedReader: Failed to read cpu-freq: /sys/devices/system/cpu/cpu4/cpufreq/stats/time_in_state (No such file or directory)
06-10 18:33:14.059  2349  2349 D StatusBarIconController: setIconVisibility icon is null or visibility not change visibility=false
06-10 18:33:14.062  2349  2349 I chatty  : uid=10026(com.huawei.HwMultiScreenShot) com.android.systemui identical 1 line
06-10 18:33:14.062  2349  2349 D StatusBarIconController: setIconVisibility icon is null or visibility not change visibility=false
06-10 18:33:14.082  1413  2199 E WificondControl: Noise: 0, Snr: -1, Chload: -1
06-10 18:33:14.083  1413  2199 E HwWifiStatStore: updateLinkSpeed  linkSpeed =72 lastSpdLev=2 index=2
06-10 18:33:14.084  3473  3473 D wpa_supplicant: sta hidl pwrPercentBoostModesetInternal
06-10 18:33:14.084  1413  2201 D HwWifiCHRStateManager: handleMessage : 1001
06-10 18:33:14.084  1413  2201 D HwWifiCHRStateManager: handleUpdateChannel:2412
06-10 18:33:14.088  1413  2199 D WifiScoreReport: Score = 100, wifiConnectivityManagerEnabled = false, lowScoreCount = 0
06-10 18:33:14.100 17800 17800 E libc    : Access denied finding property "ro.hwfix.ro.process_list"
06-10 18:33:14.123 17800 17800 E libc    : Access denied finding property "ro.hwfix.ro.process_list"
06-10 18:33:14.148  1413  1413 I TrafficMonitor: update:rxPkts:6,txPkts:0,rxBytes:1960,txBytes:0
06-10 18:33:14.148  1413  1413 I TrafficMonitor: start expired. level:-1
06-10 18:33:14.149  1413  1413 I TrafficMonitor: gettimer:interval=2000
06-10 18:33:14.466  1413  2199 E WificondControl: Noise: 0, Snr: -1, Chload: -1
06-10 18:33:14.466  1413  2199 E HwWifiStatStore: updateLinkSpeed  linkSpeed =72 lastSpdLev=2 index=2
06-10 18:33:14.467  1413  2201 D HwWifiCHRStateManager: handleMessage : 1001
06-10 18:33:14.467  1413  2201 D HwWifiCHRStateManager: handleUpdateChannel:2412
06-10 18:33:14.468  3473  3473 D wpa_supplicant: sta hidl pwrPercentBoostModesetInternal
06-10 18:33:14.489  1413  1413 D WiFi_PRO: MSG_RETURN_AP_CURRY_RSSI rssi = -41
06-10 18:33:14.489  1413  1413 I QosMonitor: queryRtt: rtt_type = 3
06-10 18:33:14.491  1413  1413 I QosMonitor: postEventFromNative: msg=100,arg1=4,arg2=10
06-10 18:33:14.491  1413  1413 I QosMonitor: resetRtt: rtt_type = 3
06-10 18:33:14.492  1413  2262 D HwUidTcpMonitor: parseMobileUidTcpStatistics tcpStatLines.get(i).startsWith(WIFIPRO_TAG)
06-10 18:33:14.918  1413  2200 D HwWifiStatStore: handleMessage : 200
06-10 18:33:15.063  2349  2349 D StatusBarIconController: setIconVisibility icon is null or visibility not change visibility=false
06-10 18:33:15.064  2349  2349 W ResourceType: No package identifier when getting value for resource number 0x00000000
06-10 18:33:15.064  2349  2349 E HwNotchUtils: setIconForView iconId is not found
06-10 18:33:15.065  2349  2349 D StatusBarIconController: setIconVisibility icon is null or visibility not change visibility=false
06-10 18:33:15.065  2349  2349 W ResourceType: No package identifier when getting value for resource number 0x00000000
06-10 18:33:15.065  2349  2349 E HwNotchUtils: setIconForView iconId is not found
06-10 18:33:15.065  2349  2349 D StatusBarIconController: setIconVisibility icon is null or visibility not change visibility=false
06-10 18:33:15.065  2349  2349 W ResourceType: No package identifier when getting value for resource number 0x00000000
06-10 18:33:15.065  2349  2349 E HwNotchUtils: setIconForView iconId is not found
06-10 18:33:15.133 17802 17802 E libc    : Access denied finding property "ro.hwfix.ro.process_list"
06-10 18:33:15.161 17802 17802 E libc    : Access denied finding property "ro.hwfix.ro.process_list"
06-10 18:33:16.067  2349  2349 D StatusBarIconController: setIconVisibility icon is null or visibility not change visibility=false
06-10 18:33:16.069  2349  2349 I chatty  : uid=10026(com.huawei.HwMultiScreenShot) com.android.systemui identical 1 line
06-10 18:33:16.070  2349  2349 D StatusBarIconController: setIconVisibility icon is null or visibility not change visibility=false
06-10 18:33:16.151  1413  1413 I TrafficMonitor: update:rxPkts:5,txPkts:0,rxBytes:1606,txBytes:0
06-10 18:33:16.151  1413  1413 I TrafficMonitor: start expired. level:-1
06-10 18:33:16.152  1413  1413 I TrafficMonitor: gettimer:interval=2000
06-10 18:33:16.173 17805 17805 E libc    : Access denied finding property "ro.hwfix.ro.process_list"
06-10 18:33:16.200 17805 17805 E libc    : Access denied finding property "ro.hwfix.ro.process_list"
06-10 18:33:16.275   612 17806 W libc    : Set property "hw.wifi.dns_stat" to "806,158,9485,1,165888"
06-10 18:33:17.071  2349  2349 D StatusBarIconController: setIconVisibility icon is null or visibility not change visibility=false
06-10 18:33:17.072  2349  2349 W ResourceType: No package identifier when getting value for resource number 0x00000000
06-10 18:33:17.072  2349  2349 E HwNotchUtils: setIconForView iconId is not found
06-10 18:33:17.073  2349  2349 D StatusBarIconController: setIconVisibility icon is null or visibility not change visibility=false
06-10 18:33:17.073  2349  2349 W ResourceType: No package identifier when getting value for resource number 0x00000000
06-10 18:33:17.073  2349  2349 E HwNotchUtils: setIconForView iconId is not found
06-10 18:33:17.073  2349  2349 D StatusBarIconController: setIconVisibility icon is null or visibility not change visibility=false
06-10 18:33:17.074  2349  2349 W ResourceType: No package identifier when getting value for resource number 0x00000000
06-10 18:33:17.074  2349  2349 E HwNotchUtils: setIconForView iconId is not found
06-10 18:33:17.116  1413  2257 D HwArpVerifier: performPollAndLog:
06-10 18:33:17.119  1413  2257 D hw_netstat: total/0/0
06-10 18:33:17.140  1413  2199 E WificondControl: Noise: 0, Snr: -1, Chload: -1
06-10 18:33:17.140  1413  2199 E HwWifiStatStore: updateLinkSpeed  linkSpeed =72 lastSpdLev=2 index=2
06-10 18:33:17.141  1413  2201 D HwWifiCHRStateManager: handleMessage : 1001
06-10 18:33:17.141  1413  2201 D HwWifiCHRStateManager: handleUpdateChannel:2412
06-10 18:33:17.142  3473  3473 D wpa_supplicant: sta hidl pwrPercentBoostModesetInternal
06-10 18:33:17.144  1413  2199 D WifiScoreReport: Score = 100, wifiConnectivityManagerEnabled = false, lowScoreCount = 0
06-10 18:33:17.212 17807 17807 E libc    : Access denied finding property "ro.hwfix.ro.process_list"
06-10 18:33:17.239 17807 17807 E libc    : Access denied finding property "ro.hwfix.ro.process_list"
06-10 18:33:17.925  1413  2200 D HwWifiStatStore: handleMessage : 200
06-10 18:33:18.075  2349  2349 D StatusBarIconController: setIconVisibility icon is null or visibility not change visibility=false
06-10 18:33:18.077  2349  2349 I chatty  : uid=10026(com.huawei.HwMultiScreenShot) com.android.systemui identical 1 line
06-10 18:33:18.079  2349  2349 D StatusBarIconController: setIconVisibility icon is null or visibility not change visibility=false
06-10 18:33:18.154  1413  1413 I TrafficMonitor: update:rxPkts:5,txPkts:0,rxBytes:1616,txBytes:0
06-10 18:33:18.154  1413  1413 I TrafficMonitor: start expired. level:-1
06-10 18:33:18.154  1413  1413 I TrafficMonitor: gettimer:interval=2000
06-10 18:33:18.253 17808 17808 E libc    : Access denied finding property "ro.hwfix.ro.process_list"
06-10 18:33:18.281 17808 17808 E libc    : Access denied finding property "ro.hwfix.ro.process_list"
06-10 18:33:19.078  2349  2349 D StatusBarIconController: setIconVisibility icon is null or visibility not change visibility=false
06-10 18:33:19.079  2349  2349 W ResourceType: No package identifier when getting value for resource number 0x00000000
06-10 18:33:19.080  2349  2349 E HwNotchUtils: setIconForView iconId is not found
06-10 18:33:19.081  2349  2349 D StatusBarIconController: setIconVisibility icon is null or visibility not change visibility=false
06-10 18:33:19.081  2349  2349 W ResourceType: No package identifier when getting value for resource number 0x00000000
06-10 18:33:19.081  2349  2349 E HwNotchUtils: setIconForView iconId is not found
06-10 18:33:19.082  2349  2349 D StatusBarIconController: setIconVisibility icon is null or visibility not change visibility=false
06-10 18:33:19.082  2349  2349 W ResourceType: No package identifier when getting value for resource number 0x00000000
06-10 18:33:19.082  2349  2349 E HwNotchUtils: setIconForView iconId is not found
06-10 18:33:19.149  1413  1413 I TrafficMonitor: expired arrive. level:-1
06-10 18:33:19.149  1413  1413 I TrafficMonitor: during_ms:2002,period_ms:2000
06-10 18:33:19.149  1413  1413 I TrafficMonitor: count:65,rx_sum:5,tx_sum:0,rxBytes:1616,during_ms:2002,rx_speed:807.1928071928073,tx_speed:0.0,rto:0.0
06-10 18:33:19.294 17809 17809 E libc    : Access denied finding property "ro.hwfix.ro.process_list"
06-10 18:33:19.323 17809 17809 E libc    : Access denied finding property "ro.hwfix.ro.process_list"
06-10 18:33:20.082  2349  2349 D StatusBarIconController: setIconVisibility icon is null or visibility not change visibility=false
06-10 18:33:20.085  2349  2349 I chatty  : uid=10026(com.huawei.HwMultiScreenShot) com.android.systemui identical 1 line
06-10 18:33:20.086  2349  2349 D StatusBarIconController: setIconVisibility icon is null or visibility not change visibility=false
06-10 18:33:20.156  1413  1413 I TrafficMonitor: update:rxPkts:6,txPkts:0,rxBytes:1960,txBytes:0
06-10 18:33:20.156  1413  1413 I TrafficMonitor: start expired. level:-1
06-10 18:33:20.157  1413  1413 I TrafficMonitor: gettimer:interval=2000
06-10 18:33:20.196  1413  2199 E WificondControl: Noise: 0, Snr: -1, Chload: -1
06-10 18:33:20.196  1413  2199 E HwWifiStatStore: updateLinkSpeed  linkSpeed =72 lastSpdLev=2 index=2
06-10 18:33:20.197  1413  2201 D HwWifiCHRStateManager: handleMessage : 1001
06-10 18:33:20.197  1413  2201 D HwWifiCHRStateManager: handleUpdateChannel:2412
06-10 18:33:20.198  3473  3473 D wpa_supplicant: sta hidl pwrPercentBoostModesetInternal
06-10 18:33:20.200  1413  2199 D WifiScoreReport: Score = 100, wifiConnectivityManagerEnabled = false, lowScoreCount = 0
06-10 18:33:20.336 17810 17810 E libc    : Access denied finding property "ro.hwfix.ro.process_list"
06-10 18:33:20.363 17810 17810 E libc    : Access denied finding property "ro.hwfix.ro.process_list"
06-10 18:33:20.930   612 17811 W libc    : Set property "hw.wifi.dns_stat" to "807,159,9485,1,165888"
06-10 18:33:20.936  1413  2200 D HwWifiStatStore: handleMessage : 200
06-10 18:33:21.086  2349  2349 D StatusBarIconController: setIconVisibility icon is null or visibility not change visibility=false
06-10 18:33:21.087  2349  2349 W ResourceType: No package identifier when getting value for resource number 0x00000000
06-10 18:33:21.088  2349  2349 E HwNotchUtils: setIconForView iconId is not found
06-10 18:33:21.088  2349  2349 D StatusBarIconController: setIconVisibility icon is null or visibility not change visibility=false
06-10 18:33:21.088  2349  2349 W ResourceType: No package identifier when getting value for resource number 0x00000000
06-10 18:33:21.088  2349  2349 E HwNotchUtils: setIconForView iconId is not found
06-10 18:33:21.089  2349  2349 D StatusBarIconController: setIconVisibility icon is null or visibility not change visibility=false
06-10 18:33:21.089  2349  2349 W ResourceType: No package identifier when getting value for resource number 0x00000000
06-10 18:33:21.089  2349  2349 E HwNotchUtils: setIconForView iconId is not found
06-10 18:33:21.377 17812 17812 E libc    : Access denied finding property "ro.hwfix.ro.process_list"
06-10 18:33:21.403 17812 17812 E libc    : Access denied finding property "ro.hwfix.ro.process_list"
06-10 18:33:22.089  2349  2349 D StatusBarIconController: setIconVisibility icon is null or visibility not change visibility=false
06-10 18:33:22.092  2349  2349 I chatty  : uid=10026(com.huawei.HwMultiScreenShot) com.android.systemui identical 1 line
06-10 18:33:22.093  2349  2349 D StatusBarIconController: setIconVisibility icon is null or visibility not change visibility=false
06-10 18:33:22.124  1413  2257 D HwArpVerifier: performPollAndLog:
06-10 18:33:22.127  1413  2257 D hw_netstat: total/0/0
06-10 18:33:22.158  1413  1413 I TrafficMonitor: update:rxPkts:5,txPkts:0,rxBytes:1618,txBytes:0
06-10 18:33:22.159  1413  1413 I TrafficMonitor: start expired. level:-1
06-10 18:33:22.159  1413  1413 I TrafficMonitor: gettimer:interval=2000
06-10 18:33:22.417 17813 17813 E libc    : Access denied finding property "ro.hwfix.ro.process_list"
06-10 18:33:22.444 17813 17813 E libc    : Access denied finding property "ro.hwfix.ro.process_list"
06-10 18:33:22.473  1413  2199 E WificondControl: Noise: 0, Snr: -1, Chload: -1
06-10 18:33:22.473  1413  2199 E HwWifiStatStore: updateLinkSpeed  linkSpeed =72 lastSpdLev=2 index=2
06-10 18:33:22.474  1413  2201 D HwWifiCHRStateManager: handleMessage : 1001
06-10 18:33:22.474  1413  2201 D HwWifiCHRStateManager: handleUpdateChannel:2412
06-10 18:33:22.475  3473  3473 D wpa_supplicant: sta hidl pwrPercentBoostModesetInternal
06-10 18:33:22.492  1413  1413 D WiFi_PRO: MSG_RETURN_AP_CURRY_RSSI rssi = -43
06-10 18:33:22.492  1413  1413 I QosMonitor: queryRtt: rtt_type = 3
06-10 18:33:22.493  1413  1413 I QosMonitor: postEventFromNative: msg=100,arg1=4,arg2=10
06-10 18:33:22.494  1413  2262 D HwUidTcpMonitor: parseMobileUidTcpStatistics tcpStatLines.get(i).startsWith(WIFIPRO_TAG)
06-10 18:33:23.251  1413  2199 E WificondControl: Noise: 0, Snr: -1, Chload: -1
06-10 18:33:23.251  1413  2199 E HwWifiStatStore: updateLinkSpeed  linkSpeed =72 lastSpdLev=2 index=2
06-10 18:33:23.252  1413  2201 D HwWifiCHRStateManager: handleMessage : 1001
06-10 18:33:23.252  1413  2201 D HwWifiCHRStateManager: handleUpdateChannel:2412
06-10 18:33:23.253  3473  3473 D wpa_supplicant: sta hidl pwrPercentBoostModesetInternal
06-10 18:33:23.256  1413  2199 D WifiScoreReport: Score = 100, wifiConnectivityManagerEnabled = false, lowScoreCount = 0
06-10 18:33:23.458 17814 17814 E libc    : Access denied finding property "ro.hwfix.ro.process_list"
06-10 18:33:23.484 17814 17814 E libc    : Access denied finding property "ro.hwfix.ro.process_list"
06-10 18:33:23.943  1413  2200 D HwWifiStatStore: handleMessage : 200
06-10 18:33:24.163  1413  1413 I TrafficMonitor: update:rxPkts:7,txPkts:0,rxBytes:2302,txBytes:0
06-10 18:33:24.164  1413  1413 I TrafficMonitor: start expired. level:-1
06-10 18:33:24.164  1413  1413 I TrafficMonitor: gettimer:interval=2000
06-10 18:33:24.498 17816 17816 E libc    : Access denied finding property "ro.hwfix.ro.process_list"
06-10 18:33:24.525 17816 17816 E libc    : Access denied finding property "ro.hwfix.ro.process_list"
06-10 18:33:25.097  2349  2349 D StatusBarIconController: setIconVisibility icon is null or visibility not change visibility=false
06-10 18:33:25.097  2349  2349 W ResourceType: No package identifier when getting value for resource number 0x00000000
06-10 18:33:25.098  2349  2349 E HwNotchUtils: setIconForView iconId is not found
06-10 18:33:25.098  2349  2349 D StatusBarIconController: setIconVisibility icon is null or visibility not change visibility=false
06-10 18:33:25.098  2349  2349 W ResourceType: No package identifier when getting value for resource number 0x00000000
06-10 18:33:25.098  2349  2349 E HwNotchUtils: setIconForView iconId is not found
06-10 18:33:25.098  2349  2349 D StatusBarIconController: setIconVisibility icon is null or visibility not change visibility=false
06-10 18:33:25.098  2349  2349 W ResourceType: No package identifier when getting value for resource number 0x00000000
06-10 18:33:25.099  2349  2349 E HwNotchUtils: setIconForView iconId is not found
06-10 18:33:25.157  1413  1413 I TrafficMonitor: expired arrive. level:-1
06-10 18:33:25.157  1413  1413 I TrafficMonitor: during_ms:2004,period_ms:2000
06-10 18:33:25.157  1413  1413 I TrafficMonitor: count:68,rx_sum:7,tx_sum:0,rxBytes:2302,during_ms:2004,rx_speed:1148.7025948103792,tx_speed:0.0,rto:0.0
