06-10 18:32:33.383 17005 17005 D AutoCache: onReceive intent=Intent { act=android.intent.action.ACTION_POWER_CONNECTED flg=0x4000010 cmp=com.android.providers.media/com.huawei.media.autocachethumbnail.PowerStateReceiver (has extras) } action=android.intent.action.ACTION_POWER_CONNECTED
06-10 18:32:33.385 17005 17005 V AutoCache: registerBatteryBroadcastReceiver: sBatteryRegisterState is true, cxt is android.app.Application@a3385b9
06-10 18:32:33.393 17005 17005 V AutoCache: unRegisterBatteryBroadcastReceiver: sBatteryRegisterState is false, cxt is android.app.Application@a3385b9
06-10 18:32:33.396  5343  5343 I HwOUC   : [main-1]onReceive action=android.intent.action.ACTION_POWER_CONNECTED(PowerConnectedReceiver.java:27)
06-10 18:32:33.400  1413  1936 V BroadcastQueue: Finished with ordered broadcast BroadcastRecord{1eecf6e u-1 android.intent.action.ACTION_POWER_CONNECTED}
06-10 18:32:33.400  9696  9782 D AGC_Keys: build aes key end
06-10 18:32:33.401  9696  9696 I network-rc: fetch remote config success!
06-10 18:32:33.405  5343  5343 I HwOUC   : [main-1]onReceive action=android.intent.action.ACTION_POWER_DISCONNECTED(PowerConnectedReceiver.java:27)
06-10 18:32:33.405  5343  5343 I HwOUC   : [main-1]ThirdAppCheckedUtils isProgressDialogShow not show(ThirdAppCheckedUtils.java:248)
06-10 18:32:33.405  5343  5343 I HwOUC   : [main-1]no dialog is isShowing(HwOucUtilityEx.java:923)
06-10 18:32:33.406  5343  5343 I HwOUC   : [main-1]isHotaUpdate cursor is null,return false(GDPRUtils.java:530)
06-10 18:32:33.406  5343  5343 I HwOUC   : [main-1]onReceive nextInstallRemindTime is -1 or nextSwitchABSystemRemindTime is -1 not AllFirmwareVerifySuccess and not AllFirmwareInstallSuccessUnderAB, do noting(PowerConnectedReceiver.java:60)
06-10 18:32:33.414  1413  8379 V BroadcastQueue: Finished with ordered broadcast BroadcastRecord{e28f515 u-1 android.intent.action.ACTION_POWER_DISCONNECTED}
06-10 18:32:33.415   881   881 W iaware  : type=1400 audit(0.0:170749): avc: denied { write } for name="timerslack_ns" dev="proc" ino=7610596 scontext=u:r:hwpged:s0 tcontext=u:r:shell:s0 tclass=file permissive=0
06-10 18:32:33.415   881   881 W iaware  : type=1400 audit(0.0:170750): avc: denied { setsched } for scontext=u:r:hwpged:s0 tcontext=u:r:shell:s0 tclass=process permissive=0
06-10 18:32:33.419   881   915 W SchedPolicy: add_tid_to_cgroup failed to write '17478' (Permission denied); fd=6
06-10 18:32:33.419   881   915 E SchedPolicy: set_cpuset_policy failed err=-22, tid=17478, policy=1
06-10 18:32:33.440 17220 17220 D PowerStateReceiver: onReceive intent=Intent { act=android.intent.action.ACTION_POWER_CONNECTED flg=0x4000010 cmp=com.android.gallery3d/com.huawei.gallery.phonestatus.PowerStateReceiver (has extras) } action=android.intent.action.ACTION_POWER_CONNECTED
06-10 18:32:33.442 17220 17220 D PowerStateReceiver: battery = 79
06-10 18:32:33.443 17220 17220 D PowerStateReceiver: battery = 79
06-10 18:32:33.443 17220 17482 D Gallery_Common_GalleryUtils: gapdays:29
06-10 18:32:33.443 17220 17220 D PowerStateReceiver: battery current is 79
06-10 18:32:33.446 17220 17220 D CloudLocalSyncService: localSync = -1  cloudSync = -1
06-10 18:32:33.446 17220 17220 E RecycleClearService: startRecycleClearService   forceStart = true, sClearDone = false
06-10 18:32:33.450 17424 17483 I chatty  : uid=1001(radio) com.huawei.android.ds expire 10 lines
06-10 18:32:33.459 17005 17005 D AutoCache: onReceive intent=Intent { act=android.intent.action.ACTION_POWER_CONNECTED flg=0x4000010 cmp=com.android.providers.media/com.huawei.media.autocachethumbnail.PowerStateReceiver (has extras) } action=android.intent.action.ACTION_POWER_CONNECTED
06-10 18:32:33.465  1413  2315 W ActivityManager: Unable to start service Intent { act=com.huawei.android.powerkit.PowerKitService cmp=com.huawei.powergenie/com.huawei.android.powerkit.PowerKitService } U=0: not found
06-10 18:32:33.465 17220 17220 D Gallery_Merge_MergeClassifyDataService: request start ClassifyDataMergeService
06-10 18:32:33.466 17005 17005 V AutoCache: registerBatteryBroadcastReceiver: sBatteryRegisterState is true, cxt is android.app.Application@a3385b9
06-10 18:32:33.471 17220 17220 D RecycleClearService: --schedule-- [onStartCommand] start RecycleClearService.
06-10 18:32:33.472  5343  5343 I HwOUC   : [main-1]onReceive action=android.intent.action.ACTION_POWER_CONNECTED(PowerConnectedReceiver.java:27)
06-10 18:32:33.472 17220 17485 D PhoneState: charge is true
06-10 18:32:33.473 17220 17485 D PhoneState: battery level is 79
06-10 18:32:33.473 17005 17005 V AutoCache: unRegisterBatteryBroadcastReceiver: sBatteryRegisterState is false, cxt is android.app.Application@a3385b9
06-10 18:32:33.471   881   881 W iaware  : type=1400 audit(0.0:170751): avc: denied { write } for name="timerslack_ns" dev="proc" ino=7612479 scontext=u:r:hwpged:s0 tcontext=u:r:shell:s0 tclass=file permissive=0
06-10 18:32:33.474 17220 17220 D Gallery_Merge_MergeClassifyDataService: merge service started.
06-10 18:32:33.474 17220 17485 D PhoneState: screen on true
06-10 18:32:33.475 17220 17486 W Gallery_Merge_MergeClassifyDataService: classify data status : true, true
06-10 18:32:33.471   881   881 W iaware  : type=1400 audit(0.0:170752): avc: denied { setsched } for scontext=u:r:hwpged:s0 tcontext=u:r:shell:s0 tclass=process permissive=0
06-10 18:32:33.476 17220 17220 D RecycleClearService: --schedule-- RecycleClearService onDestroy
06-10 18:32:33.476   881   915 W SchedPolicy: add_tid_to_cgroup failed to write '17487' (Permission denied); fd=6
06-10 18:32:33.477   881   915 E SchedPolicy: set_cpuset_policy failed err=-22, tid=17487, policy=1
06-10 18:32:33.477  1413  1936 V BroadcastQueue: Finished with ordered broadcast BroadcastRecord{55af02a u-1 android.intent.action.ACTION_POWER_CONNECTED}
06-10 18:32:33.484 17220 17486 W Gallery_Merge_MergeClassifyDataService: classify data is downloading. should merge later
06-10 18:32:33.488 17220 17220 D Gallery_Merge_MergeClassifyDataService: merge service stopped.
06-10 18:32:33.514 16996 17419 I NK_Netdiag: RepTaskHandler ->NK_netdiag_0|netdiag.tools.NetDetectAndPolicy|50|the time count will reset!
06-10 18:32:33.518 17319 17458 I chatty  : uid=1001(radio) NetworkKit_Netw expire 4 lines
06-10 18:32:33.522 16996 17284 I FormalHASDK: HAImpl==> onEvent. TAG:_default_config_tag, TYPE:1, eventId:907112013
06-10 18:32:33.528 17424 17494 I chatty  : uid=1001(radio) main -->Network expire 3 lines
06-10 18:32:33.529   612 17503 D libc    : GetAddrInfoHandler addr: ::1
06-10 18:32:33.574   881   915 W SchedPolicy: add_tid_to_cgroup failed to write '17509' (Permission denied); fd=6
06-10 18:32:33.575   881   915 E SchedPolicy: set_cpuset_policy failed err=-22, tid=17509, policy=1
06-10 18:32:33.571   881   881 W iaware  : type=1400 audit(0.0:170753): avc: denied { write } for name="timerslack_ns" dev="proc" ino=7612487 scontext=u:r:hwpged:s0 tcontext=u:r:shell:s0 tclass=file permissive=0
06-10 18:32:33.571   881   881 W iaware  : type=1400 audit(0.0:170754): avc: denied { setsched } for scontext=u:r:hwpged:s0 tcontext=u:r:shell:s0 tclass=process permissive=0
06-10 18:32:33.598  1413  3112 I chatty  : uid=1000(system) Binder:1413_E expire 14 lines
06-10 18:32:33.599 16996 17464 D HwInnerWifiManagerImpl: SupplicantState = COMPLETED
06-10 18:32:33.599 16996 17464 D HwInnerWifiManagerImpl: isPhoneAP = false
06-10 18:32:33.603 16996 17464 D HwInnerWifiManagerImpl: SupplicantState = COMPLETED
06-10 18:32:33.603 16996 17464 D HwInnerWifiManagerImpl: isPhoneAP = false
06-10 18:32:33.610 16996 17464 D HwInnerWifiManagerImpl: SupplicantState = COMPLETED
06-10 18:32:33.610 16996 17464 D HwInnerWifiManagerImpl: isPhoneAP = false
06-10 18:32:33.626   881   915 W SchedPolicy: add_tid_to_cgroup failed to write '17512' (Permission denied); fd=6
06-10 18:32:33.626   881   915 E SchedPolicy: set_cpuset_policy failed err=-22, tid=17512, policy=1
06-10 18:32:33.621   881   881 W iaware  : type=1400 audit(0.0:170755): avc: denied { write } for name="timerslack_ns" dev="proc" ino=7611588 scontext=u:r:hwpged:s0 tcontext=u:r:shell:s0 tclass=file permissive=0
06-10 18:32:33.621   881   881 W iaware  : type=1400 audit(0.0:170756): avc: denied { setsched } for scontext=u:r:hwpged:s0 tcontext=u:r:shell:s0 tclass=process permissive=0
06-10 18:32:33.661 17424 17514 I chatty  : uid=1001(radio) pool-1-thread-2 expire 2 lines
06-10 18:32:33.661 17424 17513 I chatty  : uid=1001(radio) pool-1-thread-1 expire 1 line
06-10 18:32:33.673 16996 17284 I FormalHASDK: HAImpl==> onEvent. TAG:_default_config_tag, TYPE:0, eventId:120107
06-10 18:32:33.674 17424 17515 I chatty  : uid=1001(radio) NetworkKit_Netw expire 7 lines
06-10 18:32:33.687 17519 17519 E libc    : Access denied finding property "ro.hwfix.ro.process_list"
06-10 18:32:33.700 17519 17519 E libc    : Access denied finding property "ro.hwfix.ro.process_list"
06-10 18:32:33.701  9696  9696 I network-rc: network prefix config time: 86400
06-10 18:32:33.709 16996 17464 D HwInnerWifiManagerImpl: SupplicantState = COMPLETED
06-10 18:32:33.709 16996 17464 D HwInnerWifiManagerImpl: isPhoneAP = false
06-10 18:32:33.715 16996 17464 D HwInnerWifiManagerImpl: SupplicantState = COMPLETED
06-10 18:32:33.715 16996 17464 D HwInnerWifiManagerImpl: isPhoneAP = false
06-10 18:32:33.717 17319 17407 I chatty  : uid=1001(radio) main -->Network expire 5 lines
06-10 18:32:33.727  9406 17454 W fwkit_kims: [fwkit KIMSServiceController.java:1141] Can't find the specific package.
06-10 18:32:33.732 16996 17464 D HwInnerWifiManagerImpl: SupplicantState = COMPLETED
06-10 18:32:33.732 16996 17464 D HwInnerWifiManagerImpl: isPhoneAP = false
06-10 18:32:33.732  9696  9782 I fwkit_AbP: [fwkit AbsContentProvider.java:153] cp:com.huawei.hwid;call;content://com.huawei.hms.networkkit
06-10 18:32:33.733  1413  3112 D JobServiceContext: doCallback of : JobStatus{2f6060f #u0a89/200002 com.huawei.appmarket/.service.alarm.control.HiAppPowerConnectChangeService u=0 s=10089 TIME=none:-429ms READY} v:VERB_EXECUTING
06-10 18:32:33.735  9406  9428 I NetworkSdk_CountryCodeBean: [HMSCore NetworkLog.java:1] Binder:9406_3|network.grs.local.model.CountryCodeBean|18|get issue_country code from VENDOR_COUNTRY
06-10 18:32:33.735  9696  9782 I network-rc: site cn
06-10 18:32:33.735  9696  9782 W ResourcesUtils: resId == 0
06-10 18:32:33.736  9696  9782 D AGC_FixedDecrypt: init
06-10 18:32:33.737  9696  9782 D AGC_Keys: build aes key, iterationCount:5000
06-10 18:32:33.737 16996 17126 W HiApp.SafeJobServiceEngineImpl: AsyncTask #3{3571} dequeueWork work is invalid.
06-10 18:32:33.738  2577  2723 I DeviceMonitor: WKLOCK EVT:161 uid:10089 flags:1 pid:-2 tag:*job*/com.huawei.appmarket/.service.alarm.control.HiAppPowerConnectChangeService
06-10 18:32:33.739 17319 17319 I chatty  : uid=1001(radio) com.huawei.hidisk expire 2 lines
06-10 18:32:33.741 17424 17494 I chatty  : uid=1001(radio) main -->Network expire 1 line
06-10 18:32:33.741 17319 17407 I chatty  : uid=1001(radio) main -->Network expire 1 line
06-10 18:32:33.744 17319 17319 I chatty  : uid=1001(radio) com.huawei.hidisk expire 2 lines
06-10 18:32:33.745 17424 17494 I chatty  : uid=1001(radio) main -->Network expire 1 line
06-10 18:32:33.748 17424 17515 I chatty  : uid=1001(radio) NetworkKit_Netw expire 1 line
06-10 18:32:33.748 17319 17407 I chatty  : uid=1001(radio) main -->Network expire 1 line
06-10 18:32:33.750 17319 17527 I chatty  : uid=1001(radio) com.huawei.hidisk expire 1 line
06-10 18:32:33.751 17424 17515 I chatty  : uid=1001(radio) NetworkKit_Netw expire 1 line
06-10 18:32:33.751 17424 17494 I chatty  : uid=1001(radio) main -->Network expire 1 line
06-10 18:32:33.752 17319 17407 I chatty  : uid=1001(radio) main -->Network expire 1 line
06-10 18:32:33.753 17424 17494 I chatty  : uid=1001(radio) main -->Network expire 1 line
06-10 18:32:33.754 17424 17515 I chatty  : uid=1001(radio) NetworkKit_Netw expire 2 lines
06-10 18:32:33.756 17319 17407 I chatty  : uid=1001(radio) main -->Network expire 3 lines
06-10 18:32:33.757 17424 17515 I chatty  : uid=1001(radio) NetworkKit_Netw expire 2 lines
06-10 18:32:33.758 17319 17527 I chatty  : uid=1001(radio) com.huawei.hidisk expire 1 line
06-10 18:32:33.759 17424 17494 I chatty  : uid=1001(radio) main -->Network expire 1 line
06-10 18:32:33.759 17424 17517 I chatty  : uid=1001(radio) pool-1-thread-2 expire 2 lines
06-10 18:32:33.760 17319 17407 I chatty  : uid=1001(radio) main -->Network expire 1 line
06-10 18:32:33.761 17424 17517 I chatty  : uid=1001(radio) pool-1-thread-2 expire 1 line
06-10 18:32:33.761 17424 17494 I chatty  : uid=1001(radio) main -->Network expire 3 lines
06-10 18:32:33.766 17319 17418 I chatty  : uid=1001(radio) pool-2-thread-1 expire 2 lines
06-10 18:32:33.767 17424 17494 I chatty  : uid=1001(radio) main -->Network expire 1 line
06-10 18:32:33.768 17319 17319 I chatty  : uid=1001(radio) com.huawei.hidisk expire 2 lines
06-10 18:32:33.769 17424 17494 I chatty  : uid=1001(radio) main -->Network expire 2 lines
06-10 18:32:33.771 17319 17319 I chatty  : uid=1001(radio) com.huawei.hidisk expire 3 lines
06-10 18:32:33.773 17424 17494 I chatty  : uid=1001(radio) main -->Network expire 1 line
06-10 18:32:33.773 17319 17530 I chatty  : uid=1001(radio) NetworkKit_GRS_ expire 3 lines
06-10 18:32:33.776 17424 17494 I chatty  : uid=1001(radio) main -->Network expire 1 line
06-10 18:32:33.776 17319 17532 I chatty  : uid=1001(radio) NetworkKit_GRS_ expire 1 line
06-10 18:32:33.778 17319 17527 I HMSSDK_ReadApkFileUtil: verifyMDMSignatureV3 verify successful!
06-10 18:32:33.778 17424 17494 I NetworkKit_c: main -->NetworkKit_GRS_GrsClient-Init_0|null|com.huawei.hms.framework.network.grs.c$a|call|264|postList is:{*s*r*i*e*"*[*c*m*h*a*e*.*p*t*u*h*u*d*t*s*k*,*c*m*h*a*e*.*l*u*.*e*w*r*c*e*k*,*c*m*h*a*e*.*p*a*e*,*c*m*h*a*e*.*l*u*.*p*n*d*h*a*a*y*i*s*,*c*m*h*a*e*.*m*.*i*e*k*t*p*a*e*"*"*o*.*u*w*i*h*c*o*d*,*c*m*h*a*e*.*l*u*.*g*s*k*,*c*m*h*a*e*.*p*a*e*d*"*"*o*.*u*w*i*d*k*e*e*"*"*o*.*u*w*i*t*m*"*"*o*.*u*w*i*c*o*d*f*e*b*c*"*"*o*.*u*w*i*c*o*d*p*s*,*c*m*h*a*e*.*m*.*p*n*e*i*e*d*"*"*o*.*u*w*i*p*o*e*e*v*c*s*k*,*c*m*h*a*e*.*l*u*.*o*s*r*i*e*,*c*m*h*a*e*.*l*u*.*i*n*l*t*c*"*"*o*.*u*w*i*h*c*o*d*v*"*"*o*.*u*w*i*c*o*d*h*i*"*}
06-10 18:32:33.778 17424 17494 I NetworkKit_c: main -->NetworkKit_GRS_GrsClient-Init_0|null|com.huawei.hms.framework.network.grs.c$a|call|292|currentServices:{*s*r*i*e*"*[*c*m*h*a*e*.*p*t*u*h*u*d*t*s*k*,*c*m*h*a*e*.*l*u*.*e*w*r*c*e*k*,*c*m*h*a*e*.*p*a*e*,*c*m*h*a*e*.*l*u*.*p*n*d*h*a*a*y*i*s*,*c*m*h*a*e*.*m*.*i*e*k*t*p*a*e*"*"*o*.*u*w*i*h*c*o*d*,*c*m*h*a*e*.*l*u*.*g*s*k*,*c*m*h*a*e*.*p*a*e*d*"*"*o*.*u*w*i*d*k*e*e*"*"*o*.*u*w*i*t*m*"*"*o*.*u*w*i*c*o*d*f*e*b*c*"*"*o*.*u*w*i*c*o*d*p*s*,*c*m*h*a*e*.*m*.*p*n*e*i*e*d*"*"*o*.*u*w*i*p*o*e*e*v*c*s*k*,*c*m*h*a*e*.*l*u*.*o*s*r*i*e*,*c*m*h*a*e*.*l*u*.*i*n*l*t*c*"*"*o*.*u*w*i*h*c*o*d*v*"*"*o*.*u*w*i*c*o*d*h*i*"*}
06-10 18:32:33.779 17424 17494 I NetworkKit_c: main -->NetworkKit_GRS_GrsClient-Init_0|null|com.huawei.hms.framework.network.grs.c$a|call|384|Try to clear unUsed sp data.
06-10 18:32:33.779 17424 17494 I NetworkKit_PLSharedPreferences: main -->NetworkKit_GRS_GrsClient-Init_0|SourceFile|com.huawei.hms.framework.common.PLSharedPreferences|getAll|3|sp size 7
06-10 18:32:33.781 17319 17319 I Cloud[10.13.20.300]Sync.HiCloudApplication: cloud backup is open. disable BackupMainforSettingActivity
06-10 18:32:33.782  9696  9782 D AGC_Keys: build aes key end
06-10 18:32:33.782 17424 17494 I NetworkKit_a: main -->NetworkKit_GRS_GrsClient-Init_0|null|com.huawei.hms.framework.network.grs.e.a|b|101|Cache size is: 1
06-10 18:32:33.782  9696  9782 I network-rc: Bundle[{core_hquic_connection_options=PRIO, filemanager_protocol_policy={"filesize":{"h2":"4194304-2147483647","h3_pcc":"512000-4194304"}}, core_tls_zero_rtt=true, core_enable_httpdns=false, core_switch_ai=false, retCode=10060000, retDesc=fetch success!, core_configversion=1.0.0.316, core_config_period_time=86400, filemanager_pcc_switch=0, core_config_expired_time=172800}]
06-10 18:32:33.782  9696  9782 I network-rc: fetchRemoteConfig interval time: 86400, discrete: 900
06-10 18:32:33.783 17319 17319 I Cloud[10.13.20.300]Sync.HiCloudApplication: initReceiver
06-10 18:32:33.784  9406  9428 I NetworkSdk_CountryCodeBean: [HMSCore NetworkLog.java:1] Binder:9406_3|network.grs.local.model.CountryCodeBean|18|get issue_country code from VENDOR_COUNTRY
06-10 18:32:33.784 17424 17513 I NetworkKit_e: pool-1-thread-1|null|com.huawei.hms.framework.network.grs.h.e|a|39|isSpExpire true.
06-10 18:32:33.784 17424 17513 I NetworkKit_a: pool-1-thread-1|null|com.huawei.hms.framework.network.grs.a|a|20|GrsClientManager.getUrlsLocal: Get URL from GRS Server Cache
06-10 18:32:33.785  9696  9782 I network-rc: site cn
06-10 18:32:33.785  9696  9782 W ResourcesUtils: resId == 0
06-10 18:32:33.785  9696  9782 D AGC_FixedDecrypt: init
06-10 18:32:33.786  9696  9782 D AGC_Keys: build aes key, iterationCount:5000
06-10 18:32:33.790 17424 17513 W zygote64: Class com.huawei.hms.framework.network.grs.g.i.a failed lock verification and will run slower.
06-10 18:32:33.790 17424 17513 W zygote64: Common causes for lock verification issues are non-optimized dex code
06-10 18:32:33.790 17424 17513 W zygote64: and incorrect proguard optimizations.
06-10 18:32:33.791  1413  1936 W BroadcastQueue: Permission Denial: broadcasting Intent { act=android.net.conn.CONNECTIVITY_CHANGE flg=0x4000010 (has extras) } from null (pid=-1, uid=-1) requires com.huawei.cg.permission.SERVICE due to registered receiver BroadcastFilter{cb3a2e8 u0 ReceiverList{f89e40b 17319 com.huawei.hidisk/1001/u0 remote:827b7da}}
06-10 18:32:33.793 17424 17538 I NetworkKit_f: NetworkKit_GRS_RequestController-Task_1 -->NetworkKit_GRS_RequestController-Task_2|null|com.huawei.hms.framework.network.grs.g.f|call|10|Post call execute
06-10 18:32:33.793 17319 17319 I Cloud[10.13.20.300]Sync.ICBBroadcastManager: registerBroadcastReceiver
06-10 18:32:33.795 17424 17538 D NetworkSecurityConfig: Using Network Security Config from resource network_security_config debugBuild: false
06-10 18:32:33.798 17424 17517 I SecurityComp10200303: BksUtil: getFilesBksIS 
06-10 18:32:33.799 17424 17517 I SecurityComp10200303: SecureX509SingleInstance: get files bks
06-10 18:32:33.806 17319 17319 I Cloud[10.13.20.300]Base.GlobalRoutingServiceImpl: initGRSParams,country code is CN
06-10 18:32:33.806 17319 17527 I HMSSDK_HMSPackageManager: quit checkHmsIsSpoof state: SUCCESS
06-10 18:32:33.806 17319 17319 I Cloud[10.13.20.300]Base.GRSManager: routingInit exit, grs sdk has been initialized, no need to init
06-10 18:32:33.806 17319 17527 I HMSSDK_HMSPackageManager: quit asyncOnceCheckMDMState
06-10 18:32:33.813 16996 17284 I FormalHASDK: HAImpl==> onEvent. TAG:_default_config_tag, TYPE:0, eventId:1010600201
06-10 18:32:33.813 17319 17541 I Cloud[10.13.20.300]Sync.DnsKprUtil: init
06-10 18:32:33.813 17319 17319 I Cloud[10.13.20.300]Sync.HiCloudApplication: isAgreedHiCloudTerms: true,isHiCloudLogin =true
06-10 18:32:33.813 17319 17541 I NetworkKit_NetworkKit: pool-2-thread-4|null|com.huawei.hms.network.NetworkKit|init|35|init  Version:6.0.8.300  BuildTime:2022-11-14
06-10 18:32:33.813 17319 17422 I NetworkKit_NetworkKit: pool-2-thread-4 -->NetworkKit_NetworkKit_0|null|com.huawei.hms.network.NetworkKit$b|run|15|only call once, init success
06-10 18:32:33.817 17319 17319 I Cloud[10.13.20.300]Sync.HiCloudAllOMConfigManager: checkConfigUpdate
06-10 18:32:33.823 17319 17319 I Cloud[10.13.20.300]Sync.HiCloudAllOMConfigManager: clear download sp， config point: HiCloudSpaceBannerConfigV2
06-10 18:32:33.823 17319 17319 I Cloud[10.13.20.300]Sync.GeneralConfigSpUtil: clearDownloadSpValue, configPoint is: HiCloudSpaceBannerConfigV2
06-10 18:32:33.824 17319 17319 I Cloud[10.13.20.300]Sync.HiCloudAllOMConfigManager: clear download sp， config point: HiCloudPayBanners
06-10 18:32:33.825 17319 17319 I Cloud[10.13.20.300]Sync.GeneralConfigSpUtil: clearDownloadSpValue, configPoint is: HiCloudPayBanners
06-10 18:32:33.825 17319 17319 I Cloud[10.13.20.300]Sync.HiCloudApplication: initGlobalModuleSetting updateConfig.
06-10 18:32:33.827 17319 17319 I Cloud[10.13.20.300]Sync.HiCloudAllOMConfigManager: updateConfig start.
06-10 18:32:33.828  9696  9782 D AGC_Keys: build aes key end
06-10 18:32:33.828 17319 17319 I Cloud[10.13.20.300]Sync.HiCloudAllOMConfigManager: HiCloudAllOMConfigManager getConfigFromOM cmd:grays/functions
06-10 18:32:33.829  9696  9696 I network-rc: fetch remote config success!
06-10 18:32:33.833 17424 17528 I NetworkKit_TaskManager: NetworkKit_NetworkKit_0 -->NetworkKit_DNS_DNManager_0|null|com.huawei.hms.network.embedded.w2|<init>|28|DNS ThreadPool init!
06-10 18:32:33.833 17424 17528 I NetworkKit_DNResolverManager: NetworkKit_NetworkKit_0 -->NetworkKit_DNS_DNManager_0|null|com.huawei.hms.network.embedded.l2|a|45|enter Dns lazy update flow, domain: dnkeeper.hicloud.com, trigger type: dns_init, source: LocalDns
06-10 18:32:33.837 17424 17528 I NetworkKit_DNResolverManager: NetworkKit_NetworkKit_0 -->NetworkKit_DNS_DNManager_0|null|com.huawei.hms.network.embedded.l2|a|45|enter Dns lazy update flow, domain: nsp-hicloud-cloudbackupnorth9-p03-drcn.obs.dualstack.cn-north-9.myhuaweicloud.cn, trigger type: dns_init, source: LocalDns
06-10 18:32:33.838 17424 17528 I NetworkKit_DNResolverManager: NetworkKit_NetworkKit_0 -->NetworkKit_DNS_DNManager_0|null|com.huawei.hms.network.embedded.l2|a|45|enter Dns lazy update flow, domain: nsp-hicloud-cloudbackupnorth9-p11-drcn.obs.dualstack.cn-north-9.myhuaweicloud.cn, trigger type: dns_init, source: LocalDns
06-10 18:32:33.840   612 17546 W libc    : Set property "hw.wifi.dns_stat" to "784,147,9485,1,161392"
06-10 18:32:33.851 16996 17284 I FormalHASDK: HAImpl==> onEvent. TAG:_default_config_tag, TYPE:0, eventId:1380100101
06-10 18:32:33.852 16996 17284 I FormalHASDK: HAImpl==> onEvent. TAG:_default_config_tag, TYPE:0, eventId:1010901501
06-10 18:32:33.868 17319 17319 I Cloud[10.13.20.300]Sync.HiCloudJobManager: origin nextScheduleTime:49667801
06-10 18:32:33.869 17319 17319 I Cloud[10.13.20.300]Sync.HiCloudJobManager: getRandomHour:4863000
06-10 18:32:33.869 17319 17319 I Cloud[10.13.20.300]Sync.HiCloudJobManager: random nextScheduleTime:54530801
06-10 18:32:33.871 17319 17319 I Cloud[10.13.20.300]Sync.HiCloudJobManager: ret code is 1, schedule Time = 54530801
06-10 18:32:33.871 17319 17319 I Cloud[10.13.20.300]Sync.HiCloudJobManager: scheduleReportSwitchStatusJob origin nextScheduleTime:513705010
06-10 18:32:33.871 17319 17319 I Cloud[10.13.20.300]Sync.HiCloudJobManager: getRandomHour:1468000
06-10 18:32:33.872 17319 17319 I Cloud[10.13.20.300]Sync.HiCloudJobManager: scheduleReportSwitchStatusJob random nextScheduleTime:515173010
06-10 18:32:33.873 17319 17319 I Cloud[10.13.20.300]Sync.HiCloudJobManager: scheduleReportSwitchStatusJob ret code is 1, schedule Time = 515173010
06-10 18:32:33.879 16996 17284 I FormalHASDK: HAImpl==> onEvent. TAG:_default_config_tag, TYPE:1, eventId:907112047
06-10 18:32:33.879 17319 17319 I Cloud[10.13.20.300]Sync.StockActiveManager: isActiveCloudAuto: false
06-10 18:32:33.884 17319 17319 I Cloud[10.13.20.300]Sync.ServerControlManager: checkServerControlStatus
06-10 18:32:33.885 16996 17284 I FormalHASDK: HAImpl==> onEvent. TAG:_default_config_tag, TYPE:1, eventId:907112050
06-10 18:32:33.887 17319 17319 I Cloud[10.13.20.300]Sync.OperationUtil: procInstallHwCloudApk
06-10 18:32:33.893 17319 17319 I Cloud[10.13.20.300]Sync.HiCloudApplication: proportionRandomInt: 624181
06-10 18:32:33.900 16996 17555 W FormalHASDK: HAIP==> getSdkUUID is empty,UUID enable is false
06-10 18:32:33.904 17319 17550 I SecurityComp10200303: SecureX509TrustManager: loadBksCA
06-10 18:32:33.905 17319 17550 I SecurityComp10200303: BksUtil: getFilesBksIS 
06-10 18:32:33.906 17319 17550 I SecurityComp10200303: SecureX509TrustManager: get bks not from assets
06-10 18:32:33.933 16996 17284 D HwInnerWifiManagerImpl: SupplicantState = COMPLETED
06-10 18:32:33.933 16996 17284 D HwInnerWifiManagerImpl: isPhoneAP = false
06-10 18:32:33.933 17319 17319 I Cloud[10.13.20.300]Sync.HisyncAccountManager: hwid login
06-10 18:32:33.934 17319 17319 I Cloud[10.13.20.300]Sync.StockActiveManager: getProcessExit: false
06-10 18:32:33.934 17319 17319 I Cloud[10.13.20.300]Sync.StockActiveManager: cloud activated and no fail
06-10 18:32:33.935 17319 17319 I Cloud[10.13.20.300]Sync.StockActiveManager: notifyType: 0
06-10 18:32:33.938 17319 17319 I Cloud[10.13.20.300]Sync.StockActiveManager: getProcessExit: false
06-10 18:32:33.940 17319 17319 I Cloud[10.13.20.300]Sync.StockActiveManager: isActiveCloudAuto: false
06-10 18:32:33.940 17319 17319 I Cloud[10.13.20.300]Sync.StockActiveManager: not auto active
06-10 18:32:33.940 17319 17319 I Cloud[10.13.20.300]Sync.UserActiveRecommendManager: not satisfy reminder condition
06-10 18:32:33.940 17319 17319 I Cloud[10.13.20.300]Sync.HiCloudApplication: deviceUseInfoReport
06-10 18:32:33.943 17319 17319 I Cloud[10.13.20.300]Sync.HiCloudApplication: reportDeviceUseInfo
06-10 18:32:33.947 17319 17319 E Cloud[10.13.20.300]Sync.HiCloudApplication: init filebackup native service err : java.lang.reflect.InvocationTargetException
06-10 18:32:33.954 17319 17319 I Cloud[10.13.20.300]Album.CallbackHelper: init
06-10 18:32:33.955 17319 17562 E Cloud[10.13.20.300]Sync.CollectDeviceInfoManager: isSatisfyCollectLogic not satisfy over 3 days logic
06-10 18:32:33.955 17319 17319 I Cloud[10.13.20.300]Album.CallBackManager: init
06-10 18:32:33.955 17319 17563 E Cloud[10.13.20.300]Sync.ReportDeviceInfoManager: isSatisfyReportLogic not satisfy over 7 days logic
06-10 18:32:33.957 17319 17319 I Cloud[10.13.20.300]Sync.HiCloudApplication: initInMainProcess end
06-10 18:32:33.961  9696  9696 I network-rc: network prefix config time: 86400
06-10 18:32:33.961 17319 17566 I Cloud[10.13.20.300]Album.InitGalleryVersionCallable: init
06-10 18:32:33.965 17319 17565 I Cloud[10.13.20.300]Base.BaseCommonUtil: read local config str success
06-10 18:32:33.971 17089 17089 V AudioManager: playSoundEffect   effectType: 0
06-10 18:32:33.974  2577  2949 I ash     : view remove pid:17089 uid:1000
06-10 18:32:33.975  1413  2146 V WindowManager: removeIfPossible: Window{f4b5ffe u0 com.android.settings} callers=com.android.server.wm.WindowState.removeIfPossible:2027 com.android.server.wm.WindowManagerService.removeWindow:2098 com.android.server.wm.Session.remove:224 android.view.IWindowSession$Stub.onTransact:242 com.android.server.wm.Session.onTransact:165 
06-10 18:32:33.975 17319 17567 I Cloud[10.13.20.300]Album.AlbumUtil: begin isSupportRecycleBin
06-10 18:32:33.976 17319 17567 I Cloud[10.13.20.300]Album.AlbumUtil: gallery support recycle bin
06-10 18:32:33.977 17319 17567 I Cloud[10.13.20.300]Album.CloudAlbumSettings: Support CloudAlbumSdk: true, SupportRecycle: true
06-10 18:32:33.977 17319 17567 I Cloud[10.13.20.300]Album.AlbumUtil: begin isSupportDisableAndResume
06-10 18:32:33.977  1413  2146 I chatty  : uid=1000(system) Binder:1413_3 expire 1 line
06-10 18:32:33.978  1413  2146 V WindowManager: Not removing Window{f4b5ffe u0 com.android.settings EXITING} due to exit animation 
06-10 18:32:33.980  1413  2146 V HwPhoneWindowManager: updateSystemUiColorLw window=Window{990f77b u0 com.huawei.android.launcher/com.huawei.android.launcher.unihome.UniHomeLauncher},EmuiStyle=-1,StatusBarColor=0xfffcfcfc,NavigationBarColor=0x0, mLastIsEmuiLightStyle=-1, mForceNotchStatusBar=false
06-10 18:32:33.980 17319 17567 I Cloud[10.13.20.300]Base.BaseCommonUtil: Target provider's package name is: com.android.gallery3d
06-10 18:32:33.980 17319 17567 I Cloud[10.13.20.300]Base.BaseCommonUtil: isSystemApp: true
06-10 18:32:33.981 16996 17555 I FormalHASDK: TransportHandler==> use NetworkKitTransportHandler
06-10 18:32:33.982 17424 17424 E Cloud[10.13.20.300]Base.CreateFileUtil: com.huawei.libcore.io.ExternalStorageRandomAccessFileClassNotFoundException
06-10 18:32:33.982 16996 17555 I NK_NetworkKit: HASDK-OnReport-21|NetworkKit|45|init  Version:7.0.7.300  BuildTime:2024-04-17 cp:com.huawei.appmarket
06-10 18:32:33.986 16996 17188 I NK_NetworkKit: HASDK-OnReport-21 ->NK_NK_0|NetworkKit|13|init success
06-10 18:32:33.986 16996 17555 I FormalHASDK: TransportHandler==> initNetworkKitSync await true
06-10 18:32:33.987 16996 17555 I NK_PolicyService: HASDK-OnReport-21|httpclient.excutor.ProcessPolicyNetworkService|19|options = {"metric_policy":1}
06-10 18:32:33.987 17319 17319 I Cloud[10.13.20.300]Base.BaseCommonUtil: current device mScreenMode: 0
06-10 18:32:33.987 17319 17319 I Cloud[10.13.20.300]Sync.CloudBackupRouterImpl: cloud backup checked change, result = true
06-10 18:32:33.992 17319 17565 I Cloud[10.13.20.300]Sync.SyncRetryObserverManager: syncRetry start syncTypes form sp  :[browser, calendar]
06-10 18:32:33.995 17220 17238 W System.err: java.lang.IllegalStateException: Unknown URL: content://com.huawei.gallery.provider/is_support_disable
06-10 18:32:33.997 17319 17565 W Cloud[10.13.20.300]Sync.SyncRetryObserverManager: browsergetSyncStatus is 0 not retry
06-10 18:32:33.998 17319 17565 W Cloud[10.13.20.300]Sync.SyncRetryObserverManager: calendargetSyncStatus is 0 not retry
06-10 18:32:33.998 17220 17238 W System.err: 	at com.huawei.gallery.provider.GalleryProvider.query(GalleryProvider.java:527)
06-10 18:32:33.998 17220 17238 W System.err: 	at android.content.ContentProvider.query(ContentProvider.java:1057)
06-10 18:32:33.998 17220 17238 W System.err: 	at android.content.ContentProvider.query(ContentProvider.java:1149)
06-10 18:32:33.998 17220 17238 W System.err: 	at android.content.ContentProvider$Transport.query(ContentProvider.java:241)
06-10 18:32:33.998 17220 17238 W System.err: 	at android.content.ContentProviderNative.onTransact(ContentProviderNative.java:102)
06-10 18:32:33.998 17220 17238 W System.err: 	at android.os.Binder.execTransact(Binder.java:698)
06-10 18:32:33.998 17220 17238 E DatabaseUtils: Writing exception to parcel
06-10 18:32:33.998 17220 17238 E DatabaseUtils: java.lang.IllegalStateException: Unknown URL: content://com.huawei.gallery.provider/is_support_disable
06-10 18:32:33.998 17220 17238 E DatabaseUtils: 	at com.huawei.gallery.provider.GalleryProvider.query(GalleryProvider.java:527)
06-10 18:32:33.998 17220 17238 E DatabaseUtils: 	at android.content.ContentProvider.query(ContentProvider.java:1057)
06-10 18:32:33.998 17220 17238 E DatabaseUtils: 	at android.content.ContentProvider.query(ContentProvider.java:1149)
06-10 18:32:33.998 17220 17238 E DatabaseUtils: 	at android.content.ContentProvider$Transport.query(ContentProvider.java:241)
06-10 18:32:33.998 17220 17238 E DatabaseUtils: 	at android.content.ContentProviderNative.onTransact(ContentProviderNative.java:102)
06-10 18:32:33.998 17220 17238 E DatabaseUtils: 	at android.os.Binder.execTransact(Binder.java:698)
06-10 18:32:33.999 16996 17555 I NK_CountryCodeBean: HASDK-OnReport-21|network.grs.local.model.CountryCodeBean|18|get issue_country code from VENDOR_COUNTRY
06-10 18:32:33.999 17319 17567 E Cloud[10.13.20.300]Album.AlbumUtil: queryGallery Exception:java.lang.IllegalStateException: Unknown URL: content://com.huawei.gallery.provider/is_support_disable
06-10 18:32:33.999 17319 17567 I Cloud[10.13.20.300]Album.AlbumUtil: begin isSupportUploadLimit
06-10 18:32:34.000 17319 17567 I Cloud[10.13.20.300]Base.BaseCommonUtil: Target provider's package name is: com.android.gallery3d
06-10 18:32:34.000 17319 17567 I Cloud[10.13.20.300]Base.BaseCommonUtil: isSystemApp: true
06-10 18:32:34.001 16996 17555 I NK_OkReqTsk: HASDK-OnReport-21|embedded.g3|284|the request has used the okhttp! 
06-10 18:32:34.002 17220 17238 W System.err: java.lang.IllegalStateException: Unknown URL: content://com.huawei.gallery.provider/is_support_upload_limit
06-10 18:32:34.002 17220 17238 W System.err: 	at com.huawei.gallery.provider.GalleryProvider.query(GalleryProvider.java:527)
06-10 18:32:34.002 17220 17238 W System.err: 	at android.content.ContentProvider.query(ContentProvider.java:1057)
06-10 18:32:34.002 17220 17238 W System.err: 	at android.content.ContentProvider.query(ContentProvider.java:1149)
06-10 18:32:34.002 17220 17238 W System.err: 	at android.content.ContentProvider$Transport.query(ContentProvider.java:241)
06-10 18:32:34.002 17220 17238 W System.err: 	at android.content.ContentProviderNative.onTransact(ContentProviderNative.java:102)
06-10 18:32:34.002 17220 17238 W System.err: 	at android.os.Binder.execTransact(Binder.java:698)
06-10 18:32:34.003 17220 17238 E DatabaseUtils: Writing exception to parcel
06-10 18:32:34.003 17220 17238 E DatabaseUtils: java.lang.IllegalStateException: Unknown URL: content://com.huawei.gallery.provider/is_support_upload_limit
06-10 18:32:34.003 17220 17238 E DatabaseUtils: 	at com.huawei.gallery.provider.GalleryProvider.query(GalleryProvider.java:527)
06-10 18:32:34.003 17220 17238 E DatabaseUtils: 	at android.content.ContentProvider.query(ContentProvider.java:1057)
06-10 18:32:34.003 17220 17238 E DatabaseUtils: 	at android.content.ContentProvider.query(ContentProvider.java:1149)
06-10 18:32:34.003 17220 17238 E DatabaseUtils: 	at android.content.ContentProvider$Transport.query(ContentProvider.java:241)
06-10 18:32:34.003 17220 17238 E DatabaseUtils: 	at android.content.ContentProviderNative.onTransact(ContentProviderNative.java:102)
06-10 18:32:34.003 17220 17238 E DatabaseUtils: 	at android.os.Binder.execTransact(Binder.java:698)
06-10 18:32:34.003 17319 17567 E Cloud[10.13.20.300]Album.AlbumUtil: queryGallery Exception:java.lang.IllegalStateException: Unknown URL: content://com.huawei.gallery.provider/is_support_upload_limit
06-10 18:32:34.004 17319 17567 I Cloud[10.13.20.300]Album.AlbumUtil: begin isSupportPowerConserve
06-10 18:32:34.005 17319 17567 I Cloud[10.13.20.300]Base.BaseCommonUtil: Target provider's package name is: com.android.gallery3d
06-10 18:32:34.005 17319 17567 I Cloud[10.13.20.300]Base.BaseCommonUtil: isSystemApp: true
06-10 18:32:34.005  2615  2615 V InputMethodManager: Reporting focus gain, without startInput
06-10 18:32:34.008 17319 17319 I Cloud[10.13.20.300]Sync.CloudBackupManager: currentVersionCode = 101320300 lastVersionCode = 101320300, dsSpContainsValue: true
06-10 18:32:34.009 17319 17319 I Cloud[10.13.20.300]Base.BaseCommonUtil: current device mScreenMode: 0
06-10 18:32:34.009 17319 17319 I Cloud[10.13.20.300]Sync.CloudBackupJobManager: start cloud backup observer service.
06-10 18:32:34.009 17220 17238 V Gallery_cloud_GalleryPhotoShareFeatureProvider: content://com.huawei.gallery3d.photoshare.provider/is_support_cloudphoto
06-10 18:32:34.013 17319 17567 I Cloud[10.13.20.300]Album.AlbumUtil: GalleryDownloadLimit = 0
06-10 18:32:34.014 17424 17424 E Cloud[10.13.20.300]Files.KeyStoreEncryptAndDecrypt_disk: Decrypt source data is invalid.
06-10 18:32:34.021 17319 17567 I Cloud[10.13.20.300]Album.CloudAlbumSettings: support http 2.0
06-10 18:32:34.021 17319 17567 I Cloud[10.13.20.300]Album.AlbumUtil: begin isMobileSwitchOn
06-10 18:32:34.022 17319 17567 I Cloud[10.13.20.300]Base.BaseCommonUtil: Target provider's package name is: com.android.gallery3d
06-10 18:32:34.022 17319 17567 I Cloud[10.13.20.300]Base.BaseCommonUtil: isSystemApp: true
06-10 18:32:34.023 17220 17238 W System.err: java.lang.IllegalStateException: Unknown URL: content://com.huawei.gallery.provider/is_mobile_switch_on
06-10 18:32:34.023 17220 17238 W System.err: 	at com.huawei.gallery.provider.GalleryProvider.query(GalleryProvider.java:527)
06-10 18:32:34.023 17220 17238 W System.err: 	at android.content.ContentProvider.query(ContentProvider.java:1057)
06-10 18:32:34.023 17319 17319 I Cloud[10.13.20.300]Sync.CBAccess: restore task not exist.
06-10 18:32:34.023 17220 17238 W System.err: 	at android.content.ContentProvider.query(ContentProvider.java:1149)
06-10 18:32:34.023 17220 17238 W System.err: 	at android.content.ContentProvider$Transport.query(ContentProvider.java:241)
06-10 18:32:34.023 17220 17238 W System.err: 	at android.content.ContentProviderNative.onTransact(ContentProviderNative.java:102)
06-10 18:32:34.023 17220 17238 W System.err: 	at android.os.Binder.execTransact(Binder.java:698)
06-10 18:32:34.024 17220 17238 E DatabaseUtils: Writing exception to parcel
06-10 18:32:34.024 17220 17238 E DatabaseUtils: java.lang.IllegalStateException: Unknown URL: content://com.huawei.gallery.provider/is_mobile_switch_on
06-10 18:32:34.024 17220 17238 E DatabaseUtils: 	at com.huawei.gallery.provider.GalleryProvider.query(GalleryProvider.java:527)
06-10 18:32:34.024 17220 17238 E DatabaseUtils: 	at android.content.ContentProvider.query(ContentProvider.java:1057)
06-10 18:32:34.024 17220 17238 E DatabaseUtils: 	at android.content.ContentProvider.query(ContentProvider.java:1149)
06-10 18:32:34.024 17220 17238 E DatabaseUtils: 	at android.content.ContentProvider$Transport.query(ContentProvider.java:241)
06-10 18:32:34.024 17220 17238 E DatabaseUtils: 	at android.content.ContentProviderNative.onTransact(ContentProviderNative.java:102)
06-10 18:32:34.024 17220 17238 E DatabaseUtils: 	at android.os.Binder.execTransact(Binder.java:698)
06-10 18:32:34.024 17424 17424 I Cloud[10.13.20.300]Files.ConfigConstants: versionName --> 10.13.20.300
06-10 18:32:34.024 17319 17567 E Cloud[10.13.20.300]Album.AlbumUtil: queryGallery Exception:java.lang.IllegalStateException: Unknown URL: content://com.huawei.gallery.provider/is_mobile_switch_on
06-10 18:32:34.025 17319 17567 I Cloud[10.13.20.300]Album.CloudAlbumSettings: initMobileSwitch: false
06-10 18:32:34.025 17424 17424 I Cloud[10.13.20.300]Files.ConfigConstants: versionName --> 10.13.20.300
06-10 18:32:34.026 17319 17420 I Cloud[10.13.20.300]Sync.CloudBackupInitTransliteratTask: TransliteratUtil init
06-10 18:32:34.026 17319 17319 I Cloud[10.13.20.300]Sync.TransferedUtil: already transfer data
06-10 18:32:34.026 17319 17567 E Cloud[10.13.20.300]Base.BaseCommonUtil: providerInfo is null
06-10 18:32:34.026 17319 17567 W Cloud[10.13.20.300]Album.AlbumUtil: isSupportMemoryOptimize cursor is null
06-10 18:32:34.026 17319 17567 I Cloud[10.13.20.300]Album.CloudAlbumSettings: initSupportMemoryOptimize: false
06-10 18:32:34.026 17319 17567 I Cloud[10.13.20.300]Album.AlbumUtil: begin SupportSmartAlbum
06-10 18:32:34.027 16996 17284 I HslPackageManager: Get Hsl Package Manager.
06-10 18:32:34.027 16996 17284 I HslPackageManager: is Support Hsl false
06-10 18:32:34.027 17319 17567 I Cloud[10.13.20.300]Base.BaseCommonUtil: Target provider's package name is: com.android.gallery3d
06-10 18:32:34.027 17319 17567 I Cloud[10.13.20.300]Base.BaseCommonUtil: isSystemApp: true
06-10 18:32:34.027 17319 17420 I Cloud[10.13.20.300]Files.TransliteratUtil: init instance start
06-10 18:32:34.029 17220 17238 V Gallery_cloud_GalleryPhotoShareFeatureProvider: content://com.huawei.gallery3d.photoshare.provider/is_support_cloudphoto
06-10 18:32:34.031 17319 17567 I Cloud[10.13.20.300]Album.AlbumUtil: IsGallerySupportCloudClassify = false
06-10 18:32:34.033 17319 17567 I Cloud[10.13.20.300]Album.SnsReceiverManager: registerReceiver
06-10 18:32:34.034 17424 17424 I Cloud[10.13.20.300]Files.ConfigConstants: versionName --> 10.13.20.300
06-10 18:32:34.034 17424 17424 I Cloud[10.13.20.300]Files.ConfigConstants: versionName --> 10.13.20.300
06-10 18:32:34.035 17424 17424 I Cloud[10.13.20.300]Base.SystemUtil: getFieldByName,UserHandle{-3}
06-10 18:32:34.035 17424 17424 I Cloud[10.13.20.300]Base.SystemUtil: getFieldByName,user_setup_complete
06-10 18:32:34.035 17424 17424 I Cloud[10.13.20.300]Base.SystemUtil: getFieldByName,13
06-10 18:32:34.035 16996 17284 I NK_CronetEngineManager: RepTaskHandler|embedded.a2|97|the host of using quic is store-drcn.hispace.dbankcloud.com
06-10 18:32:34.036 17424 17424 I Cloud[10.13.20.300]Base.SystemUtil: getFieldByName,12
06-10 18:32:34.041 17424 17424 I Cloud[10.13.20.300]Base.SystemUtil: getFieldByName,36
06-10 18:32:34.042 17424 17424 I Cloud[10.13.20.300]Base.SystemUtil: getFieldByName,8
06-10 18:32:34.044 16996 17284 I NK_CronetEngineManager: RepTaskHandler|embedded.a2|666|QUIC options:{"QUIC":{"connection_options":"STMP,HW01,AKDU,SCC0","idle_connection_timeout_seconds":300,"quic_disable_tls_0rtt":false,"quic_version":"h3","max_server_configs_stored_in_properties":50},"traffic_class":0,"server_config_persist_delay":0,"tls13_session_timeout":1296000,"commit_file_delay":10,"quic_broken_mode":2}
06-10 18:32:34.047 16996 17284 I NK_CountryCodeBean: RepTaskHandler|network.grs.local.model.CountryCodeBean|18|get issue_country code from VENDOR_COUNTRY
06-10 18:32:34.047 17424 17424 I Cloud[10.13.20.300]Base.SystemUtil: getFieldByName,android.permission.GRANT_RUNTIME_PERMISSIONS
06-10 18:32:34.048 16996 17284 I NK_g2   : RepTaskHandler|embedded.g2|4|the request has used the cronet!
06-10 18:32:34.051 16996 17284 I NK_g2   : RepTaskHandler|embedded.g2|148|using cronet to request568
06-10 18:32:34.054 17424 17538 I SecurityComp10200303: jv4: createSocket s host port autoClose
06-10 18:32:34.054 17319 17532 I SecurityComp10200303: jv4: createSocket s host port autoClose
06-10 18:32:34.055 17319 17532 I SecurityComp10200303: jv4: set default protocols
06-10 18:32:34.055 17319 17532 I SecurityComp10200303: jv4: set default cipher suites
06-10 18:32:34.057 16996 17578 I NK_CountryCodeBean: NK_lookupPool_0 ->NK_lookupPool_1|network.grs.local.model.CountryCodeBean|18|get issue_country code from VENDOR_COUNTRY
06-10 18:32:34.057 16996 17576 I NK_DnsCallable: HASDK-OnReport-21 ->NK_lookupPool_0|embedded.i0|107|LocalDNS finish loop up
06-10 18:32:34.058 17424 17538 I SecurityComp10200303: jv4: set default protocols
06-10 18:32:34.058 17424 17424 I Cloud[10.13.20.300]Files.HiDiskCommonUtil: hwid login
06-10 18:32:34.058 17424 17538 I SecurityComp10200303: jv4: set default cipher suites
06-10 18:32:34.058 16996 17555 I NK_DNResolverManager: HASDK-OnReport-21|embedded.g0|38|metrics1-drcn.dt.dbankcloud.cn from server result is: {'A', exist, createTime=1718015554056, LocalDns, 0}
06-10 18:32:34.059 16996 17555 I NK_DNManager: HASDK-OnReport-21|embedded.t|89|metrics1-drcn.dt.dbankcloud.cn resolve source:LocalDns,result:{'A', exist, createTime=1718015554056, LocalDns, 0}
06-10 18:32:34.060 17424 17424 I Cloud[10.13.20.300]Files.HiDiskCommonUtil: hwid login
06-10 18:32:34.061  1413  1937 I chatty  : uid=1000(system) android.ui expire 1 line
06-10 18:32:34.062 17424 17424 I Cloud[10.13.20.300]Files.HiDiskCommonUtil: ienable=1
06-10 18:32:34.062  2349  3196 I CommandQueue: updateBarBgColor
06-10 18:32:34.062  2349  3196 D CommandQueue: CommandQueue, setBarBackgroundColor
06-10 18:32:34.062  2349  2349 D TintManager: statusBarIconTint=99000000,navigationBarIconTint=99ffffff
06-10 18:32:34.064 17089 17089 I BD.Reporter: com.huawei.bd.IBDService$Stub$Proxy@cf879ec
06-10 18:32:34.069 17424 17456 E MemoryLeakMonitorManager: MemoryLeakMonitor.jar is not exist!
06-10 18:32:34.071 17424 17424 E Minikin : Could not get cmap table size!
06-10 18:32:34.075 17424 17424 I SecurityComp10200300: ActivityProtect: handleMessage: < 28
06-10 18:32:34.081 17319 17550 W Cloud[10.13.20.300]Base.BaseCommonUtil: getOsBrand exception: java.lang.NoSuchMethodException: getOsBrand []
06-10 18:32:34.090 17424 17424 I Cloud[10.13.20.300]Sync.SyncObserverService: onCreate
06-10 18:32:34.099 17424 17424 W Cloud[10.13.20.300]Sync.HiSyncUtil: Not support sync ability: com.huawei.contacts.sync
06-10 18:32:34.112 17424 17424 I Cloud[10.13.20.300]Sync.HiSyncUtil: get switch to ds autocallloglistkey: false
06-10 18:32:34.113 17424 17424 I Cloud[10.13.20.300]Sync.HiSyncUtil: get switch to ds autophonemanagerkey: false
06-10 18:32:34.115 17424 17583 I Cloud[10.13.20.300]Sync.CBCKeyStoreAvailableTask: CBC KeyStore available
06-10 18:32:34.117 17424 17424 I Cloud[10.13.20.300]Sync.CloudBackupConditionsUtil: battery status charging: true, status: 2, chargePlug: 2
06-10 18:32:34.117 17424 17424 I Cloud[10.13.20.300]Sync.SyncObserverService: registerReceiver isCharging
06-10 18:32:34.129 17424 17424 I Cloud[10.13.20.300]Sync.SyncObserverService: registerObserverReceiver
06-10 18:32:34.130 17424 17424 I Cloud[10.13.20.300]Sync.CloudBackupConditionsUtil: backup interval millis = 675345130, lastSuccessTime: 1717340209000, lastFailedTime = 1717997616648, backupCycle: 7
06-10 18:32:34.131 17424 17424 I Cloud[10.13.20.300]Sync.CloudBackupConditionsUtil: nextBackupTime = 0, lastFailedTime = 1717997616648, lastSuccessTime: 1717340209000, retryInterval: 40
06-10 18:32:34.132 17424 17424 I Cloud[10.13.20.300]Sync.CloudBackupConditionsUtil: errorCode: 1006
06-10 18:32:34.132 17424 17424 I Cloud[10.13.20.300]Sync.CloudBackupConditionsUtil: nextBackupTime = 0, lastFailedTime = 1717997616648, lastSuccessTime: 1717340209000
06-10 18:32:34.133 17424 17424 I Cloud[10.13.20.300]Sync.CloudBackupConditionsUtil: getTargetBackupTime, isCycleSatisfy: true, isRetryIntervalSatisfy: true, isNextBackupTimeSatisfy: false, nextBackupTime: 0, targetBackupTime: 0
06-10 18:32:34.133 17424 17424 I Cloud[10.13.20.300]Sync.CloudBackupConditionsUtil: target backup time = 0, advancedDelayTime: -1718015554133
06-10 18:32:34.138 17424 17424 I Cloud[10.13.20.300]Sync.SyncObserverService: onStartCommand isAgreeTerms: true, delayTime seconds:120, cycleSeconds: 120
06-10 18:32:34.139 17424 17583 I Cloud[10.13.20.300]Sync.CBCKeyStoreAvailableTask: decrypt clientInit userId not empty
06-10 18:32:34.150 17424 17424 I Cloud[10.13.20.300]Sync.SyncObserverService: registerRestoreTimer delayTime: 600
06-10 18:32:34.152 17424 17424 I Cloud[10.13.20.300]Sync.SyncObserverService: Register package change listener dynamically.
06-10 18:32:34.154 17424 17424 I Cloud[10.13.20.300]Sync.HiSyncUtil: get switch to ds autorecordingkey: false
06-10 18:32:34.154 17424 17424 I Cloud[10.13.20.300]Sync.HiSyncUtil: get switch to ds autosmslistkey: false
06-10 18:32:34.157 17424 17424 I Cloud[10.13.20.300]Sync.SyncObserverService: onStartCommand action = null
06-10 18:32:34.157 17424 17424 I Cloud[10.13.20.300]Sync.SyncObserverService: onStartCommand action = null
06-10 18:32:34.164 17424 17424 I Cloud[10.13.20.300]Sync.SyncObserverService: onStartCommand action = com.huawei.hicloud.cloudbackup.observer.service
06-10 18:32:34.164 17424 17424 I Cloud[10.13.20.300]Sync.SyncObserverService: process net changed.
06-10 18:32:34.165 17424 17424 I Cloud[10.13.20.300]Sync.SyncObserverService: send restore message delayed.
06-10 18:32:34.167 17424 17424 I Cloud[10.13.20.300]Sync.HiSyncUtil: get switch to ds autosmslistkey: false
06-10 18:32:34.167 17424 17424 I Cloud[10.13.20.300]Sync.HiSyncUtil: get switch to ds autocallloglistkey: false
06-10 18:32:34.167 17424 17424 I Cloud[10.13.20.300]Sync.HiSyncUtil: get switch to ds autophonemanagerkey: false
06-10 18:32:34.167 17424 17424 I Cloud[10.13.20.300]Sync.HiSyncUtil: get switch to ds autorecordingkey: false
06-10 18:32:34.168 17424 17424 W Cloud[10.13.20.300]Sync.HiSyncUtil: Not support sync ability: com.huawei.contacts.sync
06-10 18:32:34.177 17319 17319 I Cloud[10.13.20.300]Finder.PhoneFinderManager: init
06-10 18:32:34.187  1413  2135 V WindowManager: Exit animation finished in Window{f4b5ffe u0 com.android.settings EXITING}: remove=true
06-10 18:32:34.191 17319 17319 I Cloud[10.13.20.300]Finder.LocateTrackModel.LocateTrackTask: PhoneFinder onAppStart task add
06-10 18:32:34.191 17319 17591 I Cloud[10.13.20.300]Finder.LocateTrackModel.LocateTrackTask: PhoneFinder onAppStart start task
06-10 18:32:34.193 17424 17424 I Cloud[10.13.20.300]Sync.SyncObserverService: batteryStatus: 2
06-10 18:32:34.194 17424 17424 I Cloud[10.13.20.300]Sync.SyncObserverService: doGetOptionsFromClone
06-10 18:32:34.194  1413  2135 V WindowManager: postWindowRemoveCleanupLocked: Window{f4b5ffe u0 com.android.settings}
06-10 18:32:34.195  1413  2135 V WindowManager: Removing Window{f4b5ffe u0 com.android.settings} from WindowToken{2f97e0a android.os.BinderProxy@8e0afb9}
06-10 18:32:34.198 17424 17424 I Cloud[10.13.20.300]Sync.SyncObserverService: lastPowerConnectTime: 1717997616160, currentTime: 1718015554198
06-10 18:32:34.203 17424 17424 I Cloud[10.13.20.300]Sync.SyncRetryUtil: Cancel sync retry alarm, module action is: com.huawei.android.intent.action.CONTACT_SYNC_TASK_RETRY
06-10 18:32:34.205 17424 17538 I SecurityComp10200303: SecureX509TrustManager: checkServerTrusted begin ,server ca chain size is : 2 ,auth type is : ECDHE_ECDSA
06-10 18:32:34.206 17319 17532 I SecurityComp10200303: SecureX509TrustManager: checkServerTrusted begin ,server ca chain size is : 2 ,auth type is : ECDHE_ECDSA
06-10 18:32:34.206 16996 17555 I SecurityComp10200303: SSLFNew: createSocket
06-10 18:32:34.206 16996 17555 I SecurityComp10200303: SSLFNew: set default protocols
06-10 18:32:34.206 16996 17555 I SecurityComp10200303: SSLFNew: set default cipher
06-10 18:32:34.206 17319 17532 I SecurityComp10200303: SecureX509TrustManager: check server i : 0
06-10 18:32:34.208 17319 17341 I Cloud[10.13.20.300]Sync.SyncRetryUtil: reset retry times, module action is: com.huawei.android.intent.action.CONTACT_SYNC_TASK_RETRY
06-10 18:32:34.210 17319 17532 I SecurityComp10200303: SecureX509TrustManager: client root ca size is : 1
06-10 18:32:34.210 17319 17594 I Cloud[10.13.20.300]Finder.AntiTheftInf: isAntiTheftSupported  = true
06-10 18:32:34.210 17424 17538 I SecurityComp10200303: SecureX509TrustManager: check server i : 0
06-10 18:32:34.214 17319 17550 I SecurityComp10200303: iv4: createSocket s host port autoClose
06-10 18:32:34.214  2564 12310 D HwAntiTheftService_jni: enter native_read, type is 2
06-10 18:32:34.215 17319 17550 I SecurityComp10200303: iv4: set default protocols
06-10 18:32:34.215 17319 17550 I SecurityComp10200303: iv4: set default cipher suites
06-10 18:32:34.215   741   741 D huawei_antiTheft: huawei_antiTheft_manager_init enter
06-10 18:32:34.216   751   751 E vendor.huawei.hardware.teecdaemon@1.0-service: initConnect: get fd = 3
06-10 18:32:34.216   741   741 D huawei_antiTheft: TEEC_InitializeContext end
06-10 18:32:34.216   741   741 D huawei_antiTheft: LOAD QC_HUAWEI_ANTITHEFT_TA_PATH
