06-10 17:00:27.325  1413  8373 I chatty  : uid=1000(system) Binder:1413_18 expire 16 lines
06-10 17:00:27.505  5401  5401 V ActivityThread: Finishing stop of ActivityRecord{3680869 token=android.os.BinderProxy@f9587c3 {com.netease.mc.huawei/com.mojang.minecraftpe.MainActivity}}
06-10 17:00:27.516  2349  2349 V KeyguardViewMediator: updateInputRestrictedLocked 1 isInputApp = false, inputRestricted = true
06-10 17:00:27.517  1413  2214 I chatty  : uid=1000(system) WifiP2pService expire 11 lines
06-10 17:00:27.534  1413  2199 I chatty  : uid=1000(system) WifiStateMachin expire 2 lines
06-10 17:00:27.537  5401  5401 V ActivityThread: Handle window ActivityRecord{3680869 token=android.os.BinderProxy@f9587c3 {com.netease.mc.huawei/com.mojang.minecraftpe.MainActivity}} visibility: false
06-10 17:00:27.577  2349  2349 V KeyguardStatusView: refresh statusview showing:true
06-10 17:00:27.581  2349  2349 V KeyguardDisplayManager: show
06-10 17:00:27.591  2564 12310 D AntiBruteForceProcessor: RemainingAuthenticateNum = 5
06-10 17:00:27.652  1413  2366 I chatty  : uid=1000(system) Binder:1413_5 expire 7 lines
06-10 17:00:27.667  2577  2723 E KernelCpuSpeedReader: Failed to read cpu-freq: /sys/devices/system/cpu/cpu0/cpufreq/stats/time_in_state (No such file or directory)
06-10 17:00:27.667  2577  2723 E KernelCpuSpeedReader: Failed to read cpu-freq: /sys/devices/system/cpu/cpu4/cpufreq/stats/time_in_state (No such file or directory)
06-10 17:00:27.693  1413  1937 I chatty  : uid=1000(system) android.ui expire 3 lines
06-10 17:00:27.713  1413  1980 I chatty  : uid=1000(system) android.io expire 2 lines
06-10 17:00:27.715  1413  2135 I chatty  : uid=1000(system) android.anim expire 9 lines
06-10 17:00:27.726  1413  1447 I chatty  : uid=1000(system) Binder:1413_2 expire 10 lines
06-10 17:00:27.758  1413  2146 I chatty  : uid=1000(system) Binder:1413_3 expire 22 lines
06-10 17:00:27.766  2564  2729 I DeepNoDisturbP: handleStateChanged reason=2
06-10 17:00:27.766  2564  2729 I DeepNoDisturbSM: setScreenState isScreenOn=false
06-10 17:00:27.766  2564  2564 I DeepNoDisturbSM: IdleState processMessage msg.what=EVENT_SCREEN_OFF
06-10 17:00:27.766  2564  2564 I DeepNoDisturbSM: IdleState: default msg.what=11
06-10 17:00:27.943  2349  2349 V ActivityThread: systemui config :{1.0 ?mcc?mnc [zh_CN_#Hans] ldltr sw360dp w360dp h692dp 320dpi nrml long port finger -keyb/v/h -nav/h appBounds=Rect(0, 0 - 720, 1440) nonFullScreen=0 suim:1 s.79} mConfiguration:{1.0 ?mcc?mnc [zh_CN_#Hans] ldltr sw360dp w720dp h332dp 320dpi nrml long land finger -keyb/v/h -nav/h appBounds=Rect(0, 0 - 1441, 720) nonFullScreen=0 suim:1 s.78} compat:null called by android.app.ActivityThread$H.handleMessage:2157 
06-10 17:00:27.944  2349  2349 V ActivityThread: systemui diff:1152
06-10 17:00:27.944  2349  2349 V ActivityThread: systemui pendingconfig:{1.0 ?mcc?mnc [zh_CN_#Hans] ldltr sw360dp w360dp h692dp 320dpi nrml long port finger -keyb/v/h -nav/h appBounds=Rect(0, 0 - 720, 1440) nonFullScreen=0 suim:1 s.79}
06-10 17:00:27.955  1413 16955 I chatty  : uid=1000(system) Binder:1413_1E expire 17 lines
06-10 17:00:28.189  1413  3369 I chatty  : uid=1000(system) HwDeviceUsageCo expire 1 line
06-10 17:00:28.339  1413  2315 I chatty  : uid=1000(system) Binder:1413_4 expire 8 lines
06-10 17:00:30.052  1413  2467 I chatty  : uid=1000(system) watchdog expire 3 lines
06-10 17:00:32.219  1413  1936 I chatty  : uid=1000(system) ActivityManager expire 8 lines
06-10 17:00:33.342  2577  2723 E KernelCpuSpeedReader: Failed to read cpu-freq: /sys/devices/system/cpu/cpu0/cpufreq/stats/time_in_state (No such file or directory)
06-10 17:00:33.342  2577  2723 E KernelCpuSpeedReader: Failed to read cpu-freq: /sys/devices/system/cpu/cpu4/cpufreq/stats/time_in_state (No such file or directory)
06-10 17:01:01.340  1413  4416 I chatty  : uid=1000(system) Binder:1413_F expire 16 lines
06-10 17:01:24.705  1413  2193 I chatty  : uid=1000(system) NetdConnector expire 4 lines
06-10 17:01:24.711  1413  1979 I chatty  : uid=1000(system) android.fg expire 2 lines
06-10 17:01:33.267  2577  2723 E KernelCpuSpeedReader: Failed to read cpu-freq: /sys/devices/system/cpu/cpu0/cpufreq/stats/time_in_state (No such file or directory)
06-10 17:01:33.268  2577  2723 E KernelCpuSpeedReader: Failed to read cpu-freq: /sys/devices/system/cpu/cpu4/cpufreq/stats/time_in_state (No such file or directory)
06-10 17:01:52.689  1413  2186 I chatty  : uid=1000(system) InputReader expire 9 lines
06-10 17:01:52.714  1413  2188 I chatty  : uid=1000(system) StorageManagerS expire 1 line
06-10 17:01:52.715   595   598 I vold    : TrimTask running tasks: 0
06-10 17:01:52.716  1413  2190 I chatty  : uid=1000(system) VoldConnector expire 1 line
06-10 17:01:52.718  2577  2723 E KernelCpuSpeedReader: Failed to read cpu-freq: /sys/devices/system/cpu/cpu0/cpufreq/stats/time_in_state (No such file or directory)
06-10 17:01:52.718  2577  2723 E KernelCpuSpeedReader: Failed to read cpu-freq: /sys/devices/system/cpu/cpu4/cpufreq/stats/time_in_state (No such file or directory)
06-10 17:01:52.725  1413  1413 I chatty  : uid=1000 system_server expire 11 lines
06-10 17:01:52.728  1413  1998 I chatty  : uid=1000(system) PowerManagerSer expire 6 lines
06-10 17:01:52.756  1413 16955 I chatty  : uid=1000(system) Binder:1413_1E expire 14 lines
06-10 17:01:52.783  2564  2729 I DeepNoDisturbP: handleStateChanged reason=2
06-10 17:01:52.783  2564  2729 I DeepNoDisturbSM: setScreenState isScreenOn=true
06-10 17:01:52.783  2564  2564 I DeepNoDisturbSM: IdleState processMessage msg.what=EVENT_SCREEN_ON
06-10 17:01:52.786  2564  2564 I DeepNoDisturbSM: isWifiConnected = true
06-10 17:01:52.797  2564  2564 I DeepNoDisturbSM: isNetworkTypeSuitDeepNoDisturbMode networkType = 0
06-10 17:01:52.797  2564  2564 I DeepNoDisturbSM: isCorrectState=true mIsCallOn=false mGameStatus=1 defaultDataSubId=0 default4GSlotId=0 mIsDefaultDataOn=false mIsScreenOn=true deepNoDisturbModeProp=true isDeepNoDisturbSwitchOn=false isGameDndSwitchOn=true isNetworkTypeSuitDeepNoDisturbMode=false isAirplaneModeOn()=true
06-10 17:01:52.797  2564  2564 I DeepNoDisturbSM: isNeedEnterDeepNoDisturbMode false
06-10 17:01:52.797  2564  2564 D HwGameAssistantService: ScreenOnReceiver
06-10 17:01:52.797  2564  2564 D HwGameAssistantService: startService, pkgName = com.netease.mc.huawei, direction = 2
06-10 17:01:52.798  2564  2564 W ContextImpl: Calling a method in the system process without a qualified user: android.app.ContextImpl.startService:1708 android.content.ContextWrapper.startService:657 com.huawei.systemserver.gameassist.HwGameAssistantService.startService:99 com.huawei.systemserver.gameassist.HwGameAssistantService.-wrap0:0 com.huawei.systemserver.gameassist.HwGameAssistantService$ScreenOnReceiver.onReceive:87 
06-10 17:01:53.098 25679 25679 V ActivityThread: Skipping new config:{1.0 ?mcc?mnc [zh_CN_#Hans] ldltr sw360dp w360dp h692dp 320dpi nrml long port finger -keyb/v/h -nav/h appBounds=Rect(0, 0 - 720, 1440) nonFullScreen=0 suim:1 s.79}, config:{1.0 ?mcc?mnc [zh_CN_#Hans] ldltr sw360dp w360dp h692dp 320dpi nrml long port finger -keyb/v/h -nav/h appBounds=Rect(0, 0 - 720, 1440) nonFullScreen=0 suim:1 s.77} for app:com.huawei.appmarket
06-10 17:01:53.098 25679 25679 V ActivityThread: Skipping new config:{1.0 ?mcc?mnc [zh_CN_#Hans] ldltr sw360dp w360dp h692dp 320dpi nrml long port finger -keyb/v/h -nav/h appBounds=Rect(0, 0 - 720, 1440) nonFullScreen=0 suim:1 s.79}, config:{1.0 ?mcc?mnc [zh_CN_#Hans] ldltr sw360dp w720dp h332dp 320dpi nrml long land finger -keyb/v/h -nav/h appBounds=Rect(0, 0 - 1441, 720) nonFullScreen=0 suim:1 s.78} for app:com.huawei.appmarket
06-10 17:01:53.098 25679 25679 V ActivityThread: Skipping new config:{1.0 ?mcc?mnc [zh_CN_#Hans] ldltr sw360dp w360dp h692dp 320dpi nrml long port finger -keyb/v/h -nav/h appBounds=Rect(0, 0 - 720, 1440) nonFullScreen=0 suim:1 s.79}, config:{1.0 ?mcc?mnc [zh_CN_#Hans] ldltr sw360dp w360dp h692dp 320dpi nrml long port finger -keyb/v/h -nav/h appBounds=Rect(0, 0 - 720, 1440) nonFullScreen=0 suim:1 s.79} for app:com.huawei.appmarket
06-10 17:01:53.149  5777  5777 V ActivityThread: Skipping new config:{1.0 ?mcc?mnc [zh_CN_#Hans] ldltr sw360dp w360dp h692dp 320dpi nrml long port finger -keyb/v/h -nav/h appBounds=Rect(0, 0 - 720, 1440) nonFullScreen=0 suim:1 s.79}, config:{1.0 ?mcc?mnc [zh_CN_#Hans] ldltr sw360dp w360dp h692dp 320dpi nrml long port finger -keyb/v/h -nav/h appBounds=Rect(0, 0 - 720, 1440) nonFullScreen=0 suim:1 s.77} for app:com.huawei.appmarket
06-10 17:01:53.149  5777  5777 V ActivityThread: Skipping new config:{1.0 ?mcc?mnc [zh_CN_#Hans] ldltr sw360dp w360dp h692dp 320dpi nrml long port finger -keyb/v/h -nav/h appBounds=Rect(0, 0 - 720, 1440) nonFullScreen=0 suim:1 s.79}, config:{1.0 ?mcc?mnc [zh_CN_#Hans] ldltr sw360dp w720dp h332dp 320dpi nrml long land finger -keyb/v/h -nav/h appBounds=Rect(0, 0 - 1441, 720) nonFullScreen=0 suim:1 s.78} for app:com.huawei.appmarket
06-10 17:01:53.149  5777  5777 V ActivityThread: Skipping new config:{1.0 ?mcc?mnc [zh_CN_#Hans] ldltr sw360dp w360dp h692dp 320dpi nrml long port finger -keyb/v/h -nav/h appBounds=Rect(0, 0 - 720, 1440) nonFullScreen=0 suim:1 s.79}, config:{1.0 ?mcc?mnc [zh_CN_#Hans] ldltr sw360dp w360dp h692dp 320dpi nrml long port finger -keyb/v/h -nav/h appBounds=Rect(0, 0 - 720, 1440) nonFullScreen=0 suim:1 s.79} for app:com.huawei.appmarket
06-10 17:01:54.271  1413  1447 I chatty  : uid=1000(system) Binder:1413_2 expire 19 lines
06-10 17:01:54.446  1413  2614 I chatty  : uid=1000(system) Binder:1413_C expire 50 lines
06-10 17:01:54.469  1413  8370 I chatty  : uid=1000(system) Binder:1413_17 expire 12 lines
06-10 17:01:54.483  1413  4416 I chatty  : uid=1000(system) Binder:1413_F expire 37 lines
06-10 17:01:54.491  1413  1937 I chatty  : uid=1000(system) android.ui expire 22 lines
06-10 17:01:54.497  2349  2349 V KeyguardDisplayManager: hide
06-10 17:01:54.506  2349  2349 V KeyguardViewMediator: updateInputRestrictedLocked 1 isInputApp = false, inputRestricted = false
06-10 17:01:54.508  2349  2349 V ActivityThread: systemui config :{1.0 ?mcc?mnc [zh_CN_#Hans] ldltr sw360dp w720dp h332dp 320dpi nrml long land finger -keyb/v/h -nav/h appBounds=Rect(0, 0 - 1441, 720) nonFullScreen=0 suim:1 s.80} mConfiguration:{1.0 ?mcc?mnc [zh_CN_#Hans] ldltr sw360dp w360dp h692dp 320dpi nrml long port finger -keyb/v/h -nav/h appBounds=Rect(0, 0 - 720, 1440) nonFullScreen=0 suim:1 s.79} compat:null called by android.app.ActivityThread$H.handleMessage:2157 
06-10 17:01:54.508  2349  2349 V ActivityThread: systemui diff:1152
06-10 17:01:54.508  2349  2349 V ActivityThread: systemui pendingconfig:{1.0 ?mcc?mnc [zh_CN_#Hans] ldltr sw360dp w720dp h332dp 320dpi nrml long land finger -keyb/v/h -nav/h appBounds=Rect(0, 0 - 1441, 720) nonFullScreen=0 suim:1 s.80}
06-10 17:01:54.534  1413  2601 I chatty  : uid=1000(system) Binder:1413_A expire 15 lines
06-10 17:01:54.563  1413 16955 I chatty  : uid=1000(system) Binder:1413_1E expire 15 lines
06-10 17:01:54.582  1413  1447 I chatty  : uid=1000(system) Binder:1413_2 expire 40 lines
06-10 17:01:54.583  1413  1985 I chatty  : uid=1000(system) HwGameAssistant expire 1 line
06-10 17:01:54.585  1413  1932 I chatty  : uid=1000(system) HwActivityManag expire 3 lines
06-10 17:01:54.600  1413  1936 I chatty  : uid=1000(system) ActivityManager expire 3 lines
06-10 17:01:54.622  1413  2559 I chatty  : uid=1000(system) Binder:1413_7 expire 2 lines
06-10 17:01:54.628  2349 19727 I CommandQueue: updateBarBgColor
06-10 17:01:54.628  2349 19727 D CommandQueue: CommandQueue, setBarBackgroundColor
06-10 17:01:54.659  1413  2135 I chatty  : uid=1000(system) android.anim expire 8 lines
06-10 17:01:54.662  1413  1413 I chatty  : uid=1000 system_server expire 6 lines
06-10 17:01:54.662  1413  2214 I chatty  : uid=1000(system) WifiP2pService expire 5 lines
06-10 17:02:00.060  1413  2467 I chatty  : uid=1000(system) watchdog expire 2 lines
06-10 17:02:40.798  5401  5401 E ActivityThread: Failed to find provider info for com.huawei.hiaction.provider.HiActionManagerProvider
06-10 17:02:43.347  1413  2614 I chatty  : uid=1000(system) Binder:1413_C expire 9 lines
06-10 17:02:43.863  1413  4416 I chatty  : uid=1000(system) Binder:1413_F expire 28 lines
06-10 17:02:48.178  5401  5401 E ActivityThread: Failed to find provider info for com.huawei.hiaction.provider.HiActionManagerProvider
06-10 17:02:50.055  5401  5401 E ActivityThread: Failed to find provider info for com.huawei.hiaction.provider.HiActionManagerProvider
06-10 17:02:51.184  1413  2614 I chatty  : uid=1000(system) Binder:1413_C expire 18 lines
06-10 17:02:51.263  5401  5401 E ActivityThread: Failed to find provider info for com.huawei.hiaction.provider.HiActionManagerProvider
06-10 17:02:52.153  5401  5401 E ActivityThread: Failed to find provider info for com.huawei.hiaction.provider.HiActionManagerProvider
06-10 17:02:52.622  1413 16955 I chatty  : uid=1000(system) Binder:1413_1E expire 18 lines
06-10 17:02:52.954  1413  1413 I chatty  : uid=1000 system_server expire 9 lines
06-10 17:02:55.680  5401  5401 E ActivityThread: Failed to find provider info for com.huawei.hiaction.provider.HiActionManagerProvider
06-10 17:02:57.663  5401  5401 I chatty  : uid=10294(com.netease.mc.huawei) identical 3 lines
06-10 17:02:57.939  5401  5401 E ActivityThread: Failed to find provider info for com.huawei.hiaction.provider.HiActionManagerProvider
06-10 17:02:58.518  5401  5401 E ActivityThread: Failed to find provider info for com.huawei.hiaction.provider.HiActionManagerProvider
06-10 17:03:00.062  1413  2467 I chatty  : uid=1000(system) watchdog expire 2 lines
06-10 17:03:00.067  1413  2559 I chatty  : uid=1000(system) Binder:1413_7 expire 4 lines
06-10 17:03:01.342  1413  1447 I chatty  : uid=1000(system) Binder:1413_2 expire 10 lines
06-10 17:03:01.865  1413  4416 I chatty  : uid=1000(system) Binder:1413_F expire 27 lines
06-10 17:03:05.697  5401  8776 W HwApsManager: HwApsManagerService, registerCallback, start !
06-10 17:03:13.205  1413  1950 I chatty  : uid=1000(system) batterystats-wo expire 2 lines
06-10 17:03:14.660  1413  2185 I chatty  : uid=1000(system) InputDispatcher expire 2 lines
06-10 17:03:18.683  1413  1937 I chatty  : uid=1000(system) android.ui expire 48 lines
06-10 17:03:21.346  1413  2193 I chatty  : uid=1000(system) NetdConnector expire 6 lines
06-10 17:03:21.348  1413  1979 I chatty  : uid=1000(system) android.fg expire 3 lines
06-10 17:03:25.402  2349  2363 I CommandQueue: updateBarBgColor
06-10 17:03:25.402  2349  2363 D CommandQueue: CommandQueue, setBarBackgroundColor
06-10 17:03:25.405  2349  2363 I CommandQueue: updateBarBgColor
06-10 17:03:25.405  2349  2363 D CommandQueue: CommandQueue, setBarBackgroundColor
06-10 17:03:25.606  1413  2217 I chatty  : uid=1000(system) ConnectivitySer expire 11 lines
06-10 17:03:25.618  1413  1447 I chatty  : uid=1000(system) Binder:1413_2 expire 1 line
06-10 17:03:30.654  2349  2349 V ActivityThread: systemui config :{1.0 ?mcc?mnc [zh_CN_#Hans] ldltr sw360dp w360dp h692dp 320dpi nrml long port finger -keyb/v/h -nav/h appBounds=Rect(0, 0 - 720, 1440) nonFullScreen=0 suim:1 s.81} mConfiguration:{1.0 ?mcc?mnc [zh_CN_#Hans] ldltr sw360dp w720dp h332dp 320dpi nrml long land finger -keyb/v/h -nav/h appBounds=Rect(0, 0 - 1441, 720) nonFullScreen=0 suim:1 s.80} compat:null called by android.app.ActivityThread$H.handleMessage:2157 
06-10 17:03:30.654  2349  2349 V ActivityThread: systemui diff:1152
06-10 17:03:30.654  2349  2349 V ActivityThread: systemui pendingconfig:{1.0 ?mcc?mnc [zh_CN_#Hans] ldltr sw360dp w360dp h692dp 320dpi nrml long port finger -keyb/v/h -nav/h appBounds=Rect(0, 0 - 720, 1440) nonFullScreen=0 suim:1 s.81}
06-10 17:03:30.681  1413  2614 I chatty  : uid=1000(system) Binder:1413_C expire 17 lines
06-10 17:03:30.733  1413  1980 I chatty  : uid=1000(system) android.io expire 1 line
06-10 17:03:30.756  1413  7782 I chatty  : uid=1000(system) Binder:1413_16 expire 2 lines
06-10 17:03:30.786  1413 16955 I chatty  : uid=1000(system) Binder:1413_1E expire 24 lines
06-10 17:03:30.809  1413  2366 I chatty  : uid=1000(system) Binder:1413_5 expire 2 lines
06-10 17:03:31.136  1413  2135 I chatty  : uid=1000(system) android.anim expire 7 lines
06-10 17:03:32.831  2349  2912 I CommandQueue: updateBarBgColor
06-10 17:03:32.831  2349  2912 D CommandQueue: CommandQueue, setBarBackgroundColor
06-10 17:03:33.348  2577  2723 E KernelCpuSpeedReader: Failed to read cpu-freq: /sys/devices/system/cpu/cpu0/cpufreq/stats/time_in_state (No such file or directory)
06-10 17:03:33.349  2577  2723 E KernelCpuSpeedReader: Failed to read cpu-freq: /sys/devices/system/cpu/cpu4/cpufreq/stats/time_in_state (No such file or directory)
06-10 17:03:33.359  2577  2723 E KernelCpuSpeedReader: Failed to read cpu-freq: /sys/devices/system/cpu/cpu0/cpufreq/stats/time_in_state (No such file or directory)
06-10 17:03:33.359  2577  2723 E KernelCpuSpeedReader: Failed to read cpu-freq: /sys/devices/system/cpu/cpu4/cpufreq/stats/time_in_state (No such file or directory)
06-10 17:03:34.903   881   915 E SchedPolicy: set_timerslack_ns write failed: No such process
06-10 17:03:43.630  1413  2267 I chatty  : uid=1000(system) StatisticsCHRMs expire 4 lines
06-10 17:03:47.612  1413  2141 I chatty  : uid=1000(system) UEventObserver expire 8 lines
06-10 17:03:47.642  1413  2366 I chatty  : uid=1000(system) Binder:1413_5 expire 9 lines
06-10 17:03:47.648  1413  1936 I chatty  : uid=1000(system) ActivityManager expire 4 lines
06-10 17:03:47.694  1413  1413 I chatty  : uid=1000 system_server expire 10 lines
06-10 17:03:47.699  1413  1950 I chatty  : uid=1000(system) batterystats-wo expire 4 lines
06-10 17:03:52.226  1413  7782 I chatty  : uid=1000(system) Binder:1413_16 expire 12 lines
06-10 17:03:52.715  2577  2723 E KernelCpuSpeedReader: Failed to read cpu-freq: /sys/devices/system/cpu/cpu0/cpufreq/stats/time_in_state (No such file or directory)
06-10 17:03:52.716  2577  2723 E KernelCpuSpeedReader: Failed to read cpu-freq: /sys/devices/system/cpu/cpu4/cpufreq/stats/time_in_state (No such file or directory)
06-10 17:04:00.064  1413  2467 I chatty  : uid=1000(system) watchdog expire 6 lines
06-10 17:04:00.081  1413 16955 I chatty  : uid=1000(system) Binder:1413_1E expire 10 lines
06-10 17:04:11.453  1413  4686 I chatty  : uid=1000(system) Binder:1413_10 expire 9 lines
06-10 17:04:27.432  1413  1447 I chatty  : uid=1000(system) Binder:1413_2 expire 42 lines
06-10 17:04:47.708  1413  2916 I chatty  : uid=1000(system) Binder:1413_D expire 28 lines
06-10 17:05:33.415  2577  2723 E KernelCpuSpeedReader: Failed to read cpu-freq: /sys/devices/system/cpu/cpu0/cpufreq/stats/time_in_state (No such file or directory)
06-10 17:05:33.416  2577  2723 E KernelCpuSpeedReader: Failed to read cpu-freq: /sys/devices/system/cpu/cpu4/cpufreq/stats/time_in_state (No such file or directory)
06-10 17:05:33.424  2577  2723 E KernelCpuSpeedReader: Failed to read cpu-freq: /sys/devices/system/cpu/cpu0/cpufreq/stats/time_in_state (No such file or directory)
06-10 17:05:33.424  2577  2723 E KernelCpuSpeedReader: Failed to read cpu-freq: /sys/devices/system/cpu/cpu4/cpufreq/stats/time_in_state (No such file or directory)
06-10 17:05:36.921  1413  2916 I chatty  : uid=1000(system) Binder:1413_D expire 1 line
06-10 17:05:37.416  1413  1447 I chatty  : uid=1000(system) Binder:1413_2 expire 12 lines
06-10 17:05:37.787  1413  7782 I chatty  : uid=1000(system) Binder:1413_16 expire 13 lines
06-10 17:05:47.778  1413  1413 I chatty  : uid=1000 system_server expire 10 lines
06-10 17:05:52.756  2577  2723 E KernelCpuSpeedReader: Failed to read cpu-freq: /sys/devices/system/cpu/cpu0/cpufreq/stats/time_in_state (No such file or directory)
06-10 17:05:52.756  2577  2723 E KernelCpuSpeedReader: Failed to read cpu-freq: /sys/devices/system/cpu/cpu4/cpufreq/stats/time_in_state (No such file or directory)
06-10 17:05:52.907  1413  1447 I chatty  : uid=1000(system) Binder:1413_2 expire 10 lines
06-10 17:05:55.292  1413 16955 I chatty  : uid=1000(system) Binder:1413_1E expire 14 lines
06-10 17:05:57.645  1413  2193 I chatty  : uid=1000(system) NetdConnector expire 8 lines
06-10 17:05:57.649  1413  1979 I chatty  : uid=1000(system) android.fg expire 1 line
06-10 17:05:57.655  1413  2195 I chatty  : uid=1000(system) NetworkStats expire 5 lines
06-10 17:06:05.699  5401  8776 W HwApsManager: HwApsManagerService, registerCallback, start !
06-10 17:06:05.699  1413  1447 I chatty  : uid=1000(system) Binder:1413_2 expire 11 lines
06-10 17:06:57.717  1413  7782 I chatty  : uid=1000(system) Binder:1413_16 expire 4 lines
06-10 17:07:00.071  1413  1447 I chatty  : uid=1000(system) Binder:1413_2 expire 16 lines
06-10 17:07:00.074  1413  2467 I chatty  : uid=1000(system) watchdog expire 2 lines
06-10 17:07:00.990  1413 16955 I chatty  : uid=1000(system) Binder:1413_1E expire 17 lines
06-10 17:07:31.729  1413  2193 I chatty  : uid=1000(system) NetdConnector expire 6 lines
06-10 17:07:31.732  1413  1979 I chatty  : uid=1000(system) android.fg expire 3 lines
06-10 17:07:32.119  2349  2349 V ActivityThread: systemui config :{1.0 ?mcc?mnc [zh_CN_#Hans] ldltr sw360dp w720dp h332dp 320dpi nrml long land finger -keyb/v/h -nav/h appBounds=Rect(0, 0 - 1441, 720) nonFullScreen=0 suim:1 s.82} mConfiguration:{1.0 ?mcc?mnc [zh_CN_#Hans] ldltr sw360dp w360dp h692dp 320dpi nrml long port finger -keyb/v/h -nav/h appBounds=Rect(0, 0 - 720, 1440) nonFullScreen=0 suim:1 s.81} compat:null called by android.app.ActivityThread$H.handleMessage:2157 
06-10 17:07:32.120  2349  2349 V ActivityThread: systemui diff:1152
06-10 17:07:32.120  2349  2349 V ActivityThread: systemui pendingconfig:{1.0 ?mcc?mnc [zh_CN_#Hans] ldltr sw360dp w720dp h332dp 320dpi nrml long land finger -keyb/v/h -nav/h appBounds=Rect(0, 0 - 1441, 720) nonFullScreen=0 suim:1 s.82}
06-10 17:07:32.210  1413  1447 I chatty  : uid=1000(system) Binder:1413_2 expire 5 lines
06-10 17:07:32.239  1413  1980 I chatty  : uid=1000(system) android.io expire 1 line
06-10 17:07:32.250  1413 15496 I chatty  : uid=1000(system) Binder:1413_1D expire 19 lines
06-10 17:07:32.303  1413  2575 I chatty  : uid=1000(system) Binder:1413_9 expire 3 lines
06-10 17:07:32.359  1413  4691 I chatty  : uid=1000(system) Binder:1413_11 expire 5 lines
06-10 17:07:32.473  1413  2562 I chatty  : uid=1000(system) Binder:1413_8 expire 12 lines
06-10 17:07:32.756  1413  2135 I chatty  : uid=1000(system) android.anim expire 7 lines
06-10 17:07:33.473  2577  2723 E KernelCpuSpeedReader: Failed to read cpu-freq: /sys/devices/system/cpu/cpu0/cpufreq/stats/time_in_state (No such file or directory)
06-10 17:07:33.473  2577  2723 E KernelCpuSpeedReader: Failed to read cpu-freq: /sys/devices/system/cpu/cpu4/cpufreq/stats/time_in_state (No such file or directory)
06-10 17:07:33.483  2577  2723 E KernelCpuSpeedReader: Failed to read cpu-freq: /sys/devices/system/cpu/cpu0/cpufreq/stats/time_in_state (No such file or directory)
06-10 17:07:33.483  2577  2723 E KernelCpuSpeedReader: Failed to read cpu-freq: /sys/devices/system/cpu/cpu4/cpufreq/stats/time_in_state (No such file or directory)
06-10 17:07:35.977  2349 19727 I CommandQueue: updateBarBgColor
06-10 17:07:35.977  2349 19727 D CommandQueue: CommandQueue, setBarBackgroundColor
06-10 17:07:36.506  1413  2217 I chatty  : uid=1000(system) ConnectivitySer expire 10 lines
06-10 17:07:36.518  1413 15496 I chatty  : uid=1000(system) Binder:1413_1D expire 4 lines
06-10 17:07:36.520  1413  2562 I chatty  : uid=1000(system) Binder:1413_8 expire 3 lines
06-10 17:07:36.527  1413  4691 I chatty  : uid=1000(system) Binder:1413_11 expire 4 lines
06-10 17:07:52.797  2577  2723 E KernelCpuSpeedReader: Failed to read cpu-freq: /sys/devices/system/cpu/cpu0/cpufreq/stats/time_in_state (No such file or directory)
06-10 17:07:52.797  2577  2723 E KernelCpuSpeedReader: Failed to read cpu-freq: /sys/devices/system/cpu/cpu4/cpufreq/stats/time_in_state (No such file or directory)
06-10 17:07:57.778  1413  1413 I chatty  : uid=1000 system_server expire 20 lines
06-10 17:08:00.076  1413  2467 I chatty  : uid=1000(system) watchdog expire 2 lines
06-10 17:08:33.858  1413 19732 I chatty  : uid=1000(system) Binder:1413_20 expire 3 lines
06-10 17:08:36.309  1413  9300 I chatty  : uid=1000 system_server expire 21 lines
06-10 17:08:36.312  1413  2248 I chatty  : uid=1000(system) iaware.clean expire 17 lines
06-10 17:08:36.503  1413  1937 I chatty  : uid=1000(system) android.ui expire 1 line
06-10 17:08:36.522  1413  4416 I chatty  : uid=1000(system) Binder:1413_F expire 1 line
06-10 17:08:36.534  1413  2614 I chatty  : uid=1000(system) Binder:1413_C expire 5 lines
06-10 17:08:36.539  1413  1447 I chatty  : uid=1000(system) Binder:1413_2 expire 7 lines
06-10 17:08:36.545  1413  3112 I chatty  : uid=1000(system) Binder:1413_E expire 2 lines
06-10 17:08:36.549  1413  2315 I chatty  : uid=1000(system) Binder:1413_4 expire 2 lines
06-10 17:08:36.555  1413  8373 I chatty  : uid=1000(system) Binder:1413_18 expire 2 lines
06-10 17:08:36.559  1413  2575 I chatty  : uid=1000(system) Binder:1413_9 expire 3 lines
06-10 17:08:36.561  1413  7249 I chatty  : uid=1000(system) Binder:1413_15 expire 2 lines
06-10 17:08:36.563  1413  8370 I chatty  : uid=1000(system) Binder:1413_17 expire 4 lines
06-10 17:08:36.566  1413  2602 I chatty  : uid=1000(system) Binder:1413_B expire 2 lines
06-10 17:08:36.567  1413  6374 I chatty  : uid=1000(system) Binder:1413_13 expire 1 line
06-10 17:08:36.568  1413  8379 I chatty  : uid=1000(system) Binder:1413_19 expire 1 line
06-10 17:08:36.570  1413  2146 I chatty  : uid=1000(system) Binder:1413_3 expire 1 line
06-10 17:08:36.571  1413  2916 I chatty  : uid=1000(system) Binder:1413_D expire 2 lines
06-10 17:08:36.573  1413  4697 I chatty  : uid=1000(system) Binder:1413_12 expire 1 line
06-10 17:08:36.574  1413  2559 I chatty  : uid=1000(system) Binder:1413_7 expire 1 line
06-10 17:08:36.574  1413  1446 I chatty  : uid=1000(system) Binder:1413_1 expire 1 line
06-10 17:08:36.575  1413 19726 I chatty  : uid=1000(system) Binder:1413_1F expire 1 line
06-10 17:08:36.576  1413 10956 I chatty  : uid=1000(system) Binder:1413_1B expire 2 lines
06-10 17:08:36.578  1413  2366 I chatty  : uid=1000(system) Binder:1413_5 expire 1 line
06-10 17:08:36.578  1413  6886 I chatty  : uid=1000(system) Binder:1413_14 expire 3 lines
06-10 17:08:36.583  1413  7782 I chatty  : uid=1000(system) Binder:1413_16 expire 1 line
06-10 17:08:36.587  1413 13890 I chatty  : uid=1000(system) Binder:1413_1C expire 1 line
06-10 17:08:36.592  1413  1981 I chatty  : uid=1000(system) android.display expire 1 line
06-10 17:08:36.607  1413  1950 I chatty  : uid=1000(system) batterystats-wo expire 3 lines
06-10 17:08:36.617  1413  2601 I chatty  : uid=1000(system) Binder:1413_A expire 1 line
06-10 17:08:36.622  1413 10949 I chatty  : uid=1000(system) Binder:1413_1A expire 1 line
06-10 17:08:36.622  1413  2614 I chatty  : uid=1000(system) Binder:1413_C expire 1 line
06-10 17:08:36.623  1413 15496 I chatty  : uid=1000(system) Binder:1413_1D expire 1 line
06-10 17:08:36.624  1413  2146 I chatty  : uid=1000(system) Binder:1413_3 expire 1 line
06-10 17:08:36.626  1413  4686 I chatty  : uid=1000(system) Binder:1413_10 expire 3 lines
06-10 17:08:36.626  1413  2916 I chatty  : uid=1000(system) Binder:1413_D expire 1 line
06-10 17:08:36.627  1413  4697 I chatty  : uid=1000(system) Binder:1413_12 expire 3 lines
06-10 17:08:36.628  1413  2559 I chatty  : uid=1000(system) Binder:1413_7 expire 2 lines
06-10 17:08:36.629  1413  1446 I chatty  : uid=1000(system) Binder:1413_1 expire 2 lines
06-10 17:08:36.630  1413 19726 I chatty  : uid=1000(system) Binder:1413_1F expire 6 lines
06-10 17:08:36.630  1413  2375 I chatty  : uid=1000(system) Binder:1413_6 expire 1 line
06-10 17:08:36.631  1413 10956 I chatty  : uid=1000(system) Binder:1413_1B expire 2 lines
06-10 17:08:36.632  1413  2366 I chatty  : uid=1000(system) Binder:1413_5 expire 1 line
06-10 17:08:36.634  1413  4416 I chatty  : uid=1000(system) Binder:1413_F expire 1 line
06-10 17:08:36.635  1413 16955 I chatty  : uid=1000(system) Binder:1413_1E expire 1 line
06-10 17:08:36.637  1413  2562 I chatty  : uid=1000(system) Binder:1413_8 expire 1 line
06-10 17:08:36.638  1413  8373 I chatty  : uid=1000(system) Binder:1413_18 expire 5 lines
06-10 17:08:36.640  1413  2248 I chatty  : uid=1000(system) iaware.clean expire 28 lines
06-10 17:08:36.641  1413  6374 I chatty  : uid=1000(system) Binder:1413_13 expire 13 lines
06-10 17:08:36.642  1413  8379 I chatty  : uid=1000(system) Binder:1413_19 expire 3 lines
06-10 17:08:36.729  1413  1937 I chatty  : uid=1000(system) android.ui expire 1 line
06-10 17:08:36.818  1413  1413 I chatty  : uid=1000 system_server expire 26 lines
06-10 17:08:36.868  1413  2575 I chatty  : uid=1000(system) Binder:1413_9 expire 2 lines
06-10 17:08:36.919  9316  9316 D ActivityThread: Attach thread to application
06-10 17:08:36.920  9308  9308 D ActivityThread: Attach thread to application
06-10 17:08:37.389  9308  9308 W ContextImpl: Calling a method in the system process without a qualified user: android.app.ContextImpl.sendBroadcast:1131 android.content.ContextWrapper.sendBroadcast:442 com.huawei.lbs.HwLBSService.onCreate:51 android.app.ActivityThread.handleCreateService:3956 android.app.ActivityThread.-wrap5:0 
06-10 17:08:37.447  1413  9300 I chatty  : uid=1000 system_server expire 7 lines
06-10 17:08:37.601  1413  2217 I chatty  : uid=1000(system) ConnectivitySer expire 14 lines
06-10 17:08:37.605  1413  2602 I chatty  : uid=1000(system) Binder:1413_B expire 1 line
06-10 17:08:37.610  1413  1981 I chatty  : uid=1000(system) android.display expire 2 lines
06-10 17:08:37.845  1413  1447 I chatty  : uid=1000(system) Binder:1413_2 expire 2 lines
06-10 17:08:37.924  1413  2217 I chatty  : uid=1000(system) ConnectivitySer expire 8 lines
06-10 17:08:37.931  1413  1447 I chatty  : uid=1000(system) Binder:1413_2 expire 1 line
06-10 17:08:37.932  1413  2217 I chatty  : uid=1000(system) ConnectivitySer expire 6 lines
06-10 17:08:37.936  1413  4697 I chatty  : uid=1000(system) Binder:1413_12 expire 2 lines
06-10 17:08:37.951  1413  1413 I chatty  : uid=1000 system_server expire 7 lines
06-10 17:08:37.967  9406  9406 D ActivityThread: Attach thread to application
06-10 17:08:38.031  1413  8373 I chatty  : uid=1000(system) Binder:1413_18 expire 2 lines
06-10 17:08:38.114  9434  9434 D ActivityThread: Attach thread to application
06-10 17:08:38.458  1413  1936 I chatty  : uid=1000(system) ActivityManager expire 2 lines
06-10 17:08:38.990  1413  2146 I chatty  : uid=1000(system) Binder:1413_3 expire 2 lines
06-10 17:08:39.155  9316  9455 W PackageParser: Unknown element under <manifest>: queries at /data/app/com.huawei.search-TcEfJz_iGNBwSb1O8DYNIQ==/base.apk Binary XML file line #225
06-10 17:08:39.155  9316  9455 W PackageParser: Unknown element under <manifest>: meta-data at /data/app/com.huawei.search-TcEfJz_iGNBwSb1O8DYNIQ==/base.apk Binary XML file line #279
06-10 17:08:39.203  1413  1447 I chatty  : uid=1000(system) Binder:1413_2 expire 1 line
06-10 17:08:39.204  1413  2217 I chatty  : uid=1000(system) ConnectivitySer expire 7 lines
06-10 17:08:39.217  1413  2916 I chatty  : uid=1000(system) Binder:1413_D expire 1 line
06-10 17:08:39.308  9483  9483 D ActivityThread: Attach thread to application
06-10 17:08:39.345  1413  8373 I chatty  : uid=1000(system) Binder:1413_18 expire 2 lines
06-10 17:08:39.373  1413  7249 I chatty  : uid=1000(system) Binder:1413_15 expire 3 lines
06-10 17:08:39.394  1413  2146 I chatty  : uid=1000(system) Binder:1413_3 expire 4 lines
06-10 17:08:39.396  1413  4697 I chatty  : uid=1000(system) Binder:1413_12 expire 1 line
06-10 17:08:39.397  1413  2916 I chatty  : uid=1000(system) Binder:1413_D expire 11 lines
06-10 17:08:39.434  9592  9592 D ActivityThread: Attach thread to application
06-10 17:08:39.661  9406  9614 W PackageParser: Unknown element under <manifest>: queries at /data/user_de/0/com.huawei.hwid/files/framework/earlyinstall/com.huawei.hms.runtimekit/61300301/com.huawei.hms.runtimekit.apk Binary XML file line #13
06-10 17:08:39.689  9406  9614 I chatty  : uid=10057 com.huawei.hwid.core identical 2 lines
06-10 17:08:39.706  9406  9614 W PackageParser: Unknown element under <manifest>: queries at /data/user_de/0/com.huawei.hwid/files/framework/earlyinstall/com.huawei.hms.runtimekit/61300301/com.huawei.hms.runtimekit.apk Binary XML file line #13
06-10 17:08:39.910  9406  9614 W PackageParser: Unknown element under <manifest>: queries at /data/user_de/0/com.huawei.hwid/files/framework/earlyinstall/com.huawei.hms.account/61200306/com.huawei.hms.account.apk Binary XML file line #77
06-10 17:08:40.016  9406  9614 W PackageParser: No actions in intent filter at /data/user_de/0/com.huawei.hwid/files/framework/earlyinstall/com.huawei.hms.account/61200306/com.huawei.hms.account.apk Binary XML file line #1522
06-10 17:08:40.022  9406  9614 W PackageParser: No actions in intent filter at /data/user_de/0/com.huawei.hwid/files/framework/earlyinstall/com.huawei.hms.account/61200306/com.huawei.hms.account.apk Binary XML file line #1673
06-10 17:08:40.023  9406  9614 W PackageParser: No actions in intent filter at /data/user_de/0/com.huawei.hwid/files/framework/earlyinstall/com.huawei.hms.account/61200306/com.huawei.hms.account.apk Binary XML file line #1687
06-10 17:08:40.075  9406  9614 W PackageParser: No actions in intent filter at /data/user_de/0/com.huawei.hwid/files/framework/earlyinstall/com.huawei.hms.account/61200306/com.huawei.hms.account.apk Binary XML file line #3188
06-10 17:08:40.251  9406  9614 W PackageParser: Unknown element under <manifest>: queries at /data/user_de/0/com.huawei.hwid/files/framework/earlyinstall/com.huawei.hms.account/61200306/com.huawei.hms.account.apk Binary XML file line #77
06-10 17:08:40.312  9406  9614 W PackageParser: No actions in intent filter at /data/user_de/0/com.huawei.hwid/files/framework/earlyinstall/com.huawei.hms.account/61200306/com.huawei.hms.account.apk Binary XML file line #1522
06-10 17:08:40.319  9406  9614 W PackageParser: No actions in intent filter at /data/user_de/0/com.huawei.hwid/files/framework/earlyinstall/com.huawei.hms.account/61200306/com.huawei.hms.account.apk Binary XML file line #1673
06-10 17:08:40.319  9406  9614 W PackageParser: No actions in intent filter at /data/user_de/0/com.huawei.hwid/files/framework/earlyinstall/com.huawei.hms.account/61200306/com.huawei.hms.account.apk Binary XML file line #1687
06-10 17:08:40.366  9406  9614 W PackageParser: No actions in intent filter at /data/user_de/0/com.huawei.hwid/files/framework/earlyinstall/com.huawei.hms.account/61200306/com.huawei.hms.account.apk Binary XML file line #3188
06-10 17:08:40.396  9406  9614 W PackageParser: Unknown element under <manifest>: queries at /data/user_de/0/com.huawei.hwid/files/framework/earlyinstall/com.huawei.hms.account/61200306/com.huawei.hms.account.apk Binary XML file line #77
06-10 17:08:40.447  9406  9614 W PackageParser: No actions in intent filter at /data/user_de/0/com.huawei.hwid/files/framework/earlyinstall/com.huawei.hms.account/61200306/com.huawei.hms.account.apk Binary XML file line #1522
06-10 17:08:40.451  9406  9614 W PackageParser: No actions in intent filter at /data/user_de/0/com.huawei.hwid/files/framework/earlyinstall/com.huawei.hms.account/61200306/com.huawei.hms.account.apk Binary XML file line #1673
06-10 17:08:40.452  9406  9614 W PackageParser: No actions in intent filter at /data/user_de/0/com.huawei.hwid/files/framework/earlyinstall/com.huawei.hms.account/61200306/com.huawei.hms.account.apk Binary XML file line #1687
06-10 17:08:40.492  9406  9614 W PackageParser: No actions in intent filter at /data/user_de/0/com.huawei.hwid/files/framework/earlyinstall/com.huawei.hms.account/61200306/com.huawei.hms.account.apk Binary XML file line #3188
06-10 17:08:40.811  9406  9614 W PackageParser: Unknown element under <manifest>: queries at /data/user_de/0/com.huawei.hwid/files/framework/earlyinstall/com.huawei.hms.runtimekit/61300301/com.huawei.hms.runtimekit.apk Binary XML file line #13
06-10 17:08:40.839  9406  9614 W PackageParser: Unknown element under <manifest>: queries at /data/user_de/0/com.huawei.hwid/files/framework/earlyinstall/com.huawei.hms.runtimekit/61300301/com.huawei.hms.runtimekit.apk Binary XML file line #13
06-10 17:08:40.875  9406  9614 W PackageParser: Unknown element under <manifest>: queries at /data/user_de/0/com.huawei.hwid/files/framework/earlyinstall/com.huawei.hms.account/61200306/com.huawei.hms.account.apk Binary XML file line #77
06-10 17:08:40.910  9406  9614 W PackageParser: No actions in intent filter at /data/user_de/0/com.huawei.hwid/files/framework/earlyinstall/com.huawei.hms.account/61200306/com.huawei.hms.account.apk Binary XML file line #1522
06-10 17:08:40.914  9406  9614 W PackageParser: No actions in intent filter at /data/user_de/0/com.huawei.hwid/files/framework/earlyinstall/com.huawei.hms.account/61200306/com.huawei.hms.account.apk Binary XML file line #1673
06-10 17:08:40.914  9406  9614 W PackageParser: No actions in intent filter at /data/user_de/0/com.huawei.hwid/files/framework/earlyinstall/com.huawei.hms.account/61200306/com.huawei.hms.account.apk Binary XML file line #1687
06-10 17:08:40.937  9406  9614 W PackageParser: No actions in intent filter at /data/user_de/0/com.huawei.hwid/files/framework/earlyinstall/com.huawei.hms.account/61200306/com.huawei.hms.account.apk Binary XML file line #3188
06-10 17:08:40.982  9406  9614 W PackageParser: Unknown element under <manifest>: queries at /data/user_de/0/com.huawei.hwid/files/framework/earlyinstall/com.huawei.hms.account/61200306/com.huawei.hms.account.apk Binary XML file line #77
06-10 17:08:41.008  9406  9614 W PackageParser: No actions in intent filter at /data/user_de/0/com.huawei.hwid/files/framework/earlyinstall/com.huawei.hms.account/61200306/com.huawei.hms.account.apk Binary XML file line #1522
06-10 17:08:41.011  9406  9614 W PackageParser: No actions in intent filter at /data/user_de/0/com.huawei.hwid/files/framework/earlyinstall/com.huawei.hms.account/61200306/com.huawei.hms.account.apk Binary XML file line #1673
06-10 17:08:41.012  9406  9614 W PackageParser: No actions in intent filter at /data/user_de/0/com.huawei.hwid/files/framework/earlyinstall/com.huawei.hms.account/61200306/com.huawei.hms.account.apk Binary XML file line #1687
06-10 17:08:41.036  9406  9614 W PackageParser: No actions in intent filter at /data/user_de/0/com.huawei.hwid/files/framework/earlyinstall/com.huawei.hms.account/61200306/com.huawei.hms.account.apk Binary XML file line #3188
06-10 17:08:41.058  9406  9614 W PackageParser: Unknown element under <manifest>: queries at /data/user_de/0/com.huawei.hwid/files/framework/earlyinstall/com.huawei.hms.account/61200306/com.huawei.hms.account.apk Binary XML file line #77
06-10 17:08:41.083  9406  9614 W PackageParser: No actions in intent filter at /data/user_de/0/com.huawei.hwid/files/framework/earlyinstall/com.huawei.hms.account/61200306/com.huawei.hms.account.apk Binary XML file line #1522
06-10 17:08:41.086  9406  9614 W PackageParser: No actions in intent filter at /data/user_de/0/com.huawei.hwid/files/framework/earlyinstall/com.huawei.hms.account/61200306/com.huawei.hms.account.apk Binary XML file line #1673
06-10 17:08:41.086  9406  9614 W PackageParser: No actions in intent filter at /data/user_de/0/com.huawei.hwid/files/framework/earlyinstall/com.huawei.hms.account/61200306/com.huawei.hms.account.apk Binary XML file line #1687
06-10 17:08:41.107  9406  9614 W PackageParser: No actions in intent filter at /data/user_de/0/com.huawei.hwid/files/framework/earlyinstall/com.huawei.hms.account/61200306/com.huawei.hms.account.apk Binary XML file line #3188
06-10 17:08:41.471  9696  9696 D ActivityThread: Attach thread to application
06-10 17:08:41.625  1413  2474 I chatty  : uid=1000(system) LocationThread expire 2 lines
06-10 17:08:41.707  9733  9733 D ActivityThread: Attach thread to application
06-10 17:08:41.763   595   598 D VoldCmdListener: volume mkdirs /storage/emulated/0/Android/media/com.huawei.hwid/
06-10 17:08:41.767  1413  2190 I chatty  : uid=1000(system) VoldConnector expire 1 line
06-10 17:08:41.866  9406  9585 W PackageParser: Unknown element under <manifest>: queries at /data/user_de/0/com.huawei.hwid/files/kits/com.huawei.hms.drmkitclient/100017301/com.huawei.hms.drmkitclient.apk Binary XML file line #33
06-10 17:08:42.085  1413  9300 I chatty  : uid=1000 system_server expire 3 lines
06-10 17:08:42.098  1413  2248 I chatty  : uid=1000(system) iaware.clean expire 4 lines
06-10 17:08:42.238  1413  8373 I chatty  : uid=1000(system) Binder:1413_18 expire 1 line
06-10 17:08:42.238  1413  7249 I chatty  : uid=1000(system) Binder:1413_15 expire 1 line
06-10 17:08:42.238  1413  2217 I chatty  : uid=1000(system) ConnectivitySer expire 28 lines
06-10 17:08:42.293  1413  1413 I chatty  : uid=1000 system_server expire 10 lines
06-10 17:08:42.441  9406  9585 W PackageParser: Unknown element under <manifest>: queries at /data/user_de/0/com.huawei.hwid/files/kits/com.huawei.hms.sns/61200301/com.huawei.hms.sns.apk Binary XML file line #30
06-10 17:08:42.445  1413 19726 I chatty  : uid=1000(system) Binder:1413_1F expire 15 lines
06-10 17:08:42.477  1413  2614 I chatty  : uid=1000(system) Binder:1413_C expire 16 lines
06-10 17:08:42.517  9816  9816 D ActivityThread: Attach thread to application
06-10 17:08:42.569  9828  9828 D ActivityThread: Attach thread to application
06-10 17:08:42.672  9434  9542 W PackageParser: No actions in intent filter at /system/app/HMS/HMS.apk Binary XML file line #0
06-10 17:08:42.802  9434  9542 I chatty  : uid=10057 com.huawei.hwid.persistent identical 4 lines
06-10 17:08:42.803  9434  9542 W PackageParser: No actions in intent filter at /system/app/HMS/HMS.apk Binary XML file line #0
06-10 17:08:43.016  9406  9585 W PackageParser: Unknown element under <manifest>: queries at /data/user_de/0/com.huawei.hwid/files/kits/com.huawei.hms.maps.provider.huawei/61102301/com.huawei.hms.maps.provider.huawei.apk Binary XML file line #14
06-10 17:08:43.240  9406  9585 W PackageParser: Unknown element under <manifest>: queries at /data/user_de/0/com.huawei.hwid/files/kits/com.huawei.hms.apptouch.iap/10400302/com.huawei.hms.apptouch.iap.apk Binary XML file line #27
06-10 17:08:43.260  9406  9585 W PackageParser: No actions in intent filter at /data/user_de/0/com.huawei.hwid/files/kits/com.huawei.hms.apptouch.iap/10400302/com.huawei.hms.apptouch.iap.apk Binary XML file line #284
06-10 17:08:43.721  9406  9585 W PackageParser: Ignoring duplicate uses-permissions/uses-permissions-sdk-m: android.permission.ACCESS_NETWORK_STATE in package: com.huawei.hms.wireless at: Binary XML file line #13
06-10 17:08:43.809  9406  9585 W PackageParser: Unknown element under <manifest>: queries at /data/user_de/0/com.huawei.hwid/files/kits/com.huawei.hms.game/61300300/com.huawei.hms.game.apk Binary XML file line #41
06-10 17:08:43.969  9406  9585 W PackageParser: Unknown element under <manifest>: queries at /data/user_de/0/com.huawei.hwid/files/kits/com.huawei.hms.hbm/10207302/com.huawei.hms.hbm.apk Binary XML file line #38
06-10 17:08:44.095  9406  9585 W PackageParser: Unknown element under <manifest>: queries at /data/user_de/0/com.huawei.hwid/files/kits/com.huawei.hms.realname/50001311/com.huawei.hms.realname.apk Binary XML file line #32
06-10 17:08:44.315  1413  1936 I chatty  : uid=1000(system) ActivityManager expire 4 lines
06-10 17:08:44.801 10008 10008 D ActivityThread: Attach thread to application
06-10 17:08:44.856  9406  9585 W PackageParser: Unknown element under <manifest>: queries at /data/user_de/0/com.huawei.hwid/files/kits/com.huawei.hms.paymentservice/61400300/com.huawei.hms.paymentservice.apk Binary XML file line #17
06-10 17:08:45.183  9406  9585 W PackageParser: Unknown element under <manifest>: queries at /data/user_de/0/com.huawei.hwid/files/kits/com.huawei.hms.qoes/102010303/com.huawei.hms.qoes.apk Binary XML file line #15
06-10 17:08:45.235  9828 10024 W PackageParser: Unknown element under <manifest>: queries at /data/user_de/0/com.huawei.android.hsf/modules/external/huawei_module_networkkit/70001303/com.huawei.hms.networkkit-70001303.apk Binary XML file line #14
06-10 17:08:45.758  9816  9910 W PackageParser: Unknown element under <manifest>: queries at /data/app/com.huawei.search-TcEfJz_iGNBwSb1O8DYNIQ==/base.apk Binary XML file line #225
06-10 17:08:45.759  9816  9910 W PackageParser: Unknown element under <manifest>: meta-data at /data/app/com.huawei.search-TcEfJz_iGNBwSb1O8DYNIQ==/base.apk Binary XML file line #279
06-10 17:08:45.989  9406  9585 W PackageParser: Unknown element under <manifest>: queries at /data/user_de/0/com.huawei.hwid/files/kits/com.huawei.hms.runtimekit/61300301/com.huawei.hms.runtimekit.apk Binary XML file line #13
06-10 17:08:46.129  9406  9585 W PackageParser: Unknown element under <manifest>: queries at /data/user_de/0/com.huawei.hwid/files/kits/com.huawei.hms.kitstore/61300301/com.huawei.hms.kitstore.apk Binary XML file line #15
06-10 17:08:46.195  9406  9585 W PackageParser: Unknown element under <manifest>: queries at /data/user_de/0/com.huawei.hwid/files/kits/com.huawei.hms.account/61200306/com.huawei.hms.account.apk Binary XML file line #77
06-10 17:08:46.266  9406  9585 W PackageParser: No actions in intent filter at /data/user_de/0/com.huawei.hwid/files/kits/com.huawei.hms.account/61200306/com.huawei.hms.account.apk Binary XML file line #1522
06-10 17:08:46.271  9406  9585 W PackageParser: No actions in intent filter at /data/user_de/0/com.huawei.hwid/files/kits/com.huawei.hms.account/61200306/com.huawei.hms.account.apk Binary XML file line #1673
06-10 17:08:46.272  9406  9585 W PackageParser: No actions in intent filter at /data/user_de/0/com.huawei.hwid/files/kits/com.huawei.hms.account/61200306/com.huawei.hms.account.apk Binary XML file line #1687
06-10 17:08:46.345  9406  9585 W PackageParser: No actions in intent filter at /data/user_de/0/com.huawei.hwid/files/kits/com.huawei.hms.account/61200306/com.huawei.hms.account.apk Binary XML file line #3188
06-10 17:08:46.664  9406  9585 W PackageParser: Unknown element under <manifest>: queries at /data/user_de/0/com.huawei.hwid/files/kits/com.huawei.hms.iap/61604301/com.huawei.hms.iap.apk Binary XML file line #60
06-10 17:08:46.856  1413 16955 I chatty  : uid=1000(system) Binder:1413_1E expire 14 lines
06-10 17:08:50.474 10290 10290 D ActivityThread: Attach thread to application
06-10 17:08:50.949  1413  2916 I chatty  : uid=1000(system) Binder:1413_D expire 17 lines
06-10 17:08:51.251  9406  9533 W PackageParser: Ignoring duplicate uses-permissions/uses-permissions-sdk-m: android.permission.REAL_GET_TASKS in package: com.huawei.hwid at: Binary XML file line #92
06-10 17:08:51.255  9406  9533 W PackageParser: Unknown element under <manifest>: queries at /data/app/com.huawei.hwid-5jWZlPns8CvPNaFyqIMKDQ==/base.apk Binary XML file line #214
06-10 17:08:53.596  1413  6374 I chatty  : uid=1000(system) Binder:1413_13 expire 2 lines
06-10 17:08:59.076 10416 10416 D ActivityThread: Attach thread to application
06-10 17:09:00.002  1413  1413 I chatty  : uid=1000 system_server expire 2 lines
06-10 17:09:00.082  1413  2467 I chatty  : uid=1000(system) watchdog expire 1 line
06-10 17:09:00.140  1413  2366 I chatty  : uid=1000(system) Binder:1413_5 expire 17 lines
06-10 17:09:02.702 10458 10458 D ActivityThread: Attach thread to application
06-10 17:09:03.365  1413  2916 I chatty  : uid=1000(system) Binder:1413_D expire 36 lines
06-10 17:09:04.134  1413  2193 I chatty  : uid=1000(system) NetdConnector expire 56 lines
06-10 17:09:05.119  1413  2366 I chatty  : uid=1000(system) Binder:1413_5 expire 15 lines
06-10 17:09:05.286  1413 19726 I chatty  : uid=1000(system) Binder:1413_1F expire 19 lines
06-10 17:09:05.709  5401  8776 W HwApsManager: HwApsManagerService, registerCallback, start !
06-10 17:09:06.844  1413  2141 I chatty  : uid=1000(system) UEventObserver expire 4 lines
06-10 17:09:06.854  1413  2916 I chatty  : uid=1000(system) Binder:1413_D expire 2 lines
06-10 17:09:06.882  1413  1413 I chatty  : uid=1000 system_server expire 17 lines
06-10 17:09:06.903  1413  1936 I chatty  : uid=1000(system) ActivityManager expire 7 lines
06-10 17:09:06.978  1413 10949 I chatty  : uid=1000(system) Binder:1413_1A expire 2 lines
06-10 17:09:07.184  1413  1950 I chatty  : uid=1000(system) batterystats-wo expire 2 lines
06-10 17:09:07.792  1413  2158 I chatty  : uid=1000(system) AlarmManager expire 2 lines
06-10 17:09:08.128 10577 10577 D ActivityThread: Attach thread to application
06-10 17:09:10.386  1413  9300 I chatty  : uid=1000 system_server expire 5 lines
06-10 17:09:10.391  1413  2248 I chatty  : uid=1000(system) iaware.clean expire 7 lines
06-10 17:09:10.438  1413  7249 I chatty  : uid=1000(system) Binder:1413_15 expire 14 lines
06-10 17:09:10.439  1413  6886 I chatty  : uid=1000(system) Binder:1413_14 expire 1 line
06-10 17:09:10.439  1413  4686 I chatty  : uid=1000(system) Binder:1413_10 expire 17 lines
06-10 17:09:10.440  1413  2217 I chatty  : uid=1000(system) ConnectivitySer expire 56 lines
06-10 17:09:11.006 10611 10611 D ActivityThread: Attach thread to application
06-10 17:09:11.522 10635 10635 D ActivityThread: Attach thread to application
06-10 17:09:11.569  1413  4697 I chatty  : uid=1000(system) Binder:1413_12 expire 9 lines
06-10 17:09:11.871 10635 10635 W ViewRootImpl[Toast]: EGLdebug relayoutWindow Surface isSurface(name=null)  (appName =abc.def.ghi) ( mSurfaceControllerIsValid =false) (mNativeObject  =0)/@0x37dc475,viewVisibility is0
06-10 17:09:11.933 10635 10635 W ViewRootImpl[Toast]: EGLdebug relayoutWindow Surface isSurface(name=null)  (appName =abc.def.ghi) ( mSurfaceControllerIsValid =true) (mNativeObject  =755e442000)/@0x37dc475,relayoutResult is7
