06-10 17:09:12.512 10611 10690 W PackageParser: Unknown element under <manifest>: queries at /data/app/com.huawei.search-TcEfJz_iGNBwSb1O8DYNIQ==/base.apk Binary XML file line #225
06-10 17:09:12.513 10611 10690 W PackageParser: Unknown element under <manifest>: meta-data at /data/app/com.huawei.search-TcEfJz_iGNBwSb1O8DYNIQ==/base.apk Binary XML file line #279
06-10 17:09:13.845  1413  2135 I chatty  : uid=1000(system) android.anim expire 3 lines
06-10 17:09:14.363 10779 10779 D ActivityThread: Attach thread to application
06-10 17:09:15.666 10779 10843 W PackageParser: Unknown element under <manifest>: queries at /data/app/com.huawei.search-TcEfJz_iGNBwSb1O8DYNIQ==/base.apk Binary XML file line #225
06-10 17:09:15.667 10779 10843 W PackageParser: Unknown element under <manifest>: meta-data at /data/app/com.huawei.search-TcEfJz_iGNBwSb1O8DYNIQ==/base.apk Binary XML file line #279
06-10 17:09:18.865  5401  5401 E ActivityThread: Failed to find provider info for com.huawei.hiaction.provider.HiActionManagerProvider
06-10 17:09:19.462  5401  5401 E ActivityThread: Failed to find provider info for com.huawei.hiaction.provider.HiActionManagerProvider
06-10 17:09:25.793  5401  5401 E ActivityThread: Failed to find provider info for com.huawei.hiaction.provider.HiActionManagerProvider
06-10 17:09:25.983  1413  7249 I chatty  : uid=1000(system) Binder:1413_15 expire 13 lines
06-10 17:09:27.088 10920 10920 D ActivityThread: Attach thread to application
06-10 17:09:27.138  1413 19726 I chatty  : uid=1000(system) Binder:1413_1F expire 9 lines
06-10 17:09:27.440  1413  1937 I chatty  : uid=1000(system) android.ui expire 16 lines
06-10 17:09:27.641  1413  1413 I chatty  : uid=1000 system_server expire 11 lines
06-10 17:09:29.557  1413  2248 I chatty  : uid=1000(system) iaware.clean expire 1 line
06-10 17:09:29.638  1413  2575 I chatty  : uid=1000(system) Binder:1413_9 expire 7 lines
06-10 17:09:30.102  1413  2467 I chatty  : uid=1000(system) watchdog expire 3 lines
06-10 17:09:30.582  1413  8373 I chatty  : uid=1000(system) Binder:1413_18 expire 18 lines
06-10 17:09:31.604  1413  2185 I chatty  : uid=1000(system) InputDispatcher expire 2 lines
06-10 17:09:33.578  2577  2723 E KernelCpuSpeedReader: Failed to read cpu-freq: /sys/devices/system/cpu/cpu0/cpufreq/stats/time_in_state (No such file or directory)
06-10 17:09:33.579  2577  2723 E KernelCpuSpeedReader: Failed to read cpu-freq: /sys/devices/system/cpu/cpu4/cpufreq/stats/time_in_state (No such file or directory)
06-10 17:09:33.589  2577  2723 E KernelCpuSpeedReader: Failed to read cpu-freq: /sys/devices/system/cpu/cpu0/cpufreq/stats/time_in_state (No such file or directory)
06-10 17:09:33.589  2577  2723 E KernelCpuSpeedReader: Failed to read cpu-freq: /sys/devices/system/cpu/cpu4/cpufreq/stats/time_in_state (No such file or directory)
06-10 17:09:36.630  1413  2474 I chatty  : uid=1000(system) LocationThread expire 2 lines
06-10 17:09:36.842  9733  9733 W ContextImpl: Calling a method in the system process without a qualified user: android.app.ContextImpl.sendBroadcast:1131 android.content.ContextWrapper.sendBroadcast:442 com.huawei.lbs.HwLBSService.onCreate:51 android.app.ActivityThread.handleCreateService:3956 android.app.ActivityThread.-wrap5:0 
06-10 17:09:48.454  2349 13799 I CommandQueue: updateBarBgColor
06-10 17:09:48.454  2349 13799 D CommandQueue: CommandQueue, setBarBackgroundColor
06-10 17:09:48.460  1413  8373 I chatty  : uid=1000(system) Binder:1413_18 expire 48 lines
06-10 17:09:48.469  2349 13799 I CommandQueue: updateBarBgColor
06-10 17:09:48.469  2349 13799 D CommandQueue: CommandQueue, setBarBackgroundColor
06-10 17:09:48.488  1413  2146 I chatty  : uid=1000(system) Binder:1413_3 expire 10 lines
06-10 17:09:48.731  1413  2217 I chatty  : uid=1000(system) ConnectivitySer expire 19 lines
06-10 17:09:48.929 10990 10990 D ActivityThread: Attach thread to application
06-10 17:09:49.412  1413  1936 I chatty  : uid=1000(system) ActivityManager expire 1 line
06-10 17:09:52.834  2577  2723 E KernelCpuSpeedReader: Failed to read cpu-freq: /sys/devices/system/cpu/cpu0/cpufreq/stats/time_in_state (No such file or directory)
06-10 17:09:52.834  2577  2723 E KernelCpuSpeedReader: Failed to read cpu-freq: /sys/devices/system/cpu/cpu4/cpufreq/stats/time_in_state (No such file or directory)
06-10 17:09:53.999  2349  2349 V ActivityThread: systemui config :{1.0 ?mcc?mnc [zh_CN_#Hans] ldltr sw360dp w360dp h692dp 320dpi nrml long port finger -keyb/v/h -nav/h appBounds=Rect(0, 0 - 720, 1440) nonFullScreen=0 suim:1 s.83} mConfiguration:{1.0 ?mcc?mnc [zh_CN_#Hans] ldltr sw360dp w720dp h332dp 320dpi nrml long land finger -keyb/v/h -nav/h appBounds=Rect(0, 0 - 1441, 720) nonFullScreen=0 suim:1 s.82} compat:null called by android.app.ActivityThread$H.handleMessage:2157 
06-10 17:09:53.999  2349  2349 V ActivityThread: systemui diff:1152
06-10 17:09:53.999  2349  2349 V ActivityThread: systemui pendingconfig:{1.0 ?mcc?mnc [zh_CN_#Hans] ldltr sw360dp w360dp h692dp 320dpi nrml long port finger -keyb/v/h -nav/h appBounds=Rect(0, 0 - 720, 1440) nonFullScreen=0 suim:1 s.83}
06-10 17:09:54.180  1413  1980 I chatty  : uid=1000(system) android.io expire 1 line
06-10 17:09:54.265  1413  4416 I chatty  : uid=1000(system) Binder:1413_F expire 16 lines
06-10 17:09:54.316  1413 10956 I chatty  : uid=1000(system) Binder:1413_1B expire 6 lines
06-10 17:09:54.620 11048 11048 D ActivityThread: Attach thread to application
06-10 17:09:54.665  1413  3112 I chatty  : uid=1000(system) Binder:1413_E expire 4 lines
06-10 17:09:54.685  1413  2135 I chatty  : uid=1000(system) android.anim expire 7 lines
06-10 17:09:56.266  2349 13799 I CommandQueue: updateBarBgColor
06-10 17:09:56.266  2349 13799 D CommandQueue: CommandQueue, setBarBackgroundColor
06-10 17:10:29.430  1413 19732 I chatty  : uid=1000(system) Binder:1413_20 expire 21 lines
06-10 17:10:45.848 11172 11172 D ActivityThread: Attach thread to application
06-10 17:10:51.317  1413  2193 I chatty  : uid=1000(system) NetdConnector expire 2 lines
06-10 17:10:51.320  1413  1979 I chatty  : uid=1000(system) android.fg expire 3 lines
06-10 17:11:00.002  1413  1413 I chatty  : uid=1000 system_server expire 2 lines
06-10 17:11:00.077  1413  2366 I chatty  : uid=1000(system) Binder:1413_5 expire 2 lines
06-10 17:11:00.121  1413  2467 I chatty  : uid=1000(system) watchdog expire 1 line
06-10 17:11:07.018  1413  1413 I chatty  : uid=1000 system_server expire 2 lines
06-10 17:11:09.249  1413  3112 I chatty  : uid=1000(system) Binder:1413_E expire 1 line
06-10 17:11:14.376  1413  2146 I chatty  : uid=1000(system) Binder:1413_3 expire 1 line
06-10 17:11:14.385  1413  1413 I chatty  : uid=1000 system_server expire 11 lines
06-10 17:11:14.493  1413  2141 I chatty  : uid=1000(system) UEventObserver expire 8 lines
06-10 17:11:14.569  1413  1936 I chatty  : uid=1000(system) ActivityManager expire 4 lines
06-10 17:11:14.731  1413  1950 I chatty  : uid=1000(system) batterystats-wo expire 7 lines
06-10 17:11:18.943  1413  8373 I chatty  : uid=1000(system) Binder:1413_18 expire 2 lines
06-10 17:11:30.122  1413  2467 I chatty  : uid=1000(system) watchdog expire 6 lines
06-10 17:11:33.662  2577  2723 E KernelCpuSpeedReader: Failed to read cpu-freq: /sys/devices/system/cpu/cpu0/cpufreq/stats/time_in_state (No such file or directory)
06-10 17:11:33.663  2577  2723 E KernelCpuSpeedReader: Failed to read cpu-freq: /sys/devices/system/cpu/cpu4/cpufreq/stats/time_in_state (No such file or directory)
06-10 17:11:33.671  2577  2723 E KernelCpuSpeedReader: Failed to read cpu-freq: /sys/devices/system/cpu/cpu0/cpufreq/stats/time_in_state (No such file or directory)
06-10 17:11:33.671  2577  2723 E KernelCpuSpeedReader: Failed to read cpu-freq: /sys/devices/system/cpu/cpu4/cpufreq/stats/time_in_state (No such file or directory)
06-10 17:11:52.870  2577  2723 E KernelCpuSpeedReader: Failed to read cpu-freq: /sys/devices/system/cpu/cpu0/cpufreq/stats/time_in_state (No such file or directory)
06-10 17:11:52.871  2577  2723 E KernelCpuSpeedReader: Failed to read cpu-freq: /sys/devices/system/cpu/cpu4/cpufreq/stats/time_in_state (No such file or directory)
06-10 17:11:56.350  1413  2193 I chatty  : uid=1000(system) NetdConnector expire 14 lines
06-10 17:11:56.353  1413  1979 I chatty  : uid=1000(system) android.fg expire 4 lines
06-10 17:12:00.086  1413  2146 I chatty  : uid=1000(system) Binder:1413_3 expire 1 line
06-10 17:12:01.587  1413 10956 I chatty  : uid=1000(system) Binder:1413_1B expire 58 lines
06-10 17:12:02.147  1413  2366 I chatty  : uid=1000(system) Binder:1413_5 expire 21 lines
06-10 17:12:10.100  1413  2217 I chatty  : uid=1000(system) ConnectivitySer expire 9 lines
06-10 17:12:22.916  1413  2195 I chatty  : uid=1000(system) NetworkStats expire 5 lines
06-10 17:12:26.137  1413  1447 I chatty  : uid=1000(system) Binder:1413_2 expire 13 lines
06-10 17:13:05.709  5401  8776 W HwApsManager: HwApsManagerService, registerCallback, start !
06-10 17:13:05.710  1413  1447 I chatty  : uid=1000(system) Binder:1413_2 expire 24 lines
06-10 17:13:11.937  1413  4686 I chatty  : uid=1000(system) Binder:1413_10 expire 38 lines
06-10 17:13:22.047  1413  1413 I chatty  : uid=1000 system_server expire 8 lines
06-10 17:13:33.727  2577  2723 E KernelCpuSpeedReader: Failed to read cpu-freq: /sys/devices/system/cpu/cpu0/cpufreq/stats/time_in_state (No such file or directory)
06-10 17:13:33.728  2577  2723 E KernelCpuSpeedReader: Failed to read cpu-freq: /sys/devices/system/cpu/cpu4/cpufreq/stats/time_in_state (No such file or directory)
06-10 17:13:33.737  2577  2723 E KernelCpuSpeedReader: Failed to read cpu-freq: /sys/devices/system/cpu/cpu0/cpufreq/stats/time_in_state (No such file or directory)
06-10 17:13:33.738  2577  2723 E KernelCpuSpeedReader: Failed to read cpu-freq: /sys/devices/system/cpu/cpu4/cpufreq/stats/time_in_state (No such file or directory)
06-10 17:13:38.350  1413  4686 I chatty  : uid=1000(system) Binder:1413_10 expire 6 lines
06-10 17:13:38.479 11495 11495 D ActivityThread: Attach thread to application
06-10 17:13:41.404  1413  1447 I chatty  : uid=1000(system) Binder:1413_2 expire 13 lines
06-10 17:13:50.677  1413 10956 I chatty  : uid=1000(system) Binder:1413_1B expire 2 lines
06-10 17:13:52.918  2577  2723 E KernelCpuSpeedReader: Failed to read cpu-freq: /sys/devices/system/cpu/cpu0/cpufreq/stats/time_in_state (No such file or directory)
06-10 17:13:52.919  2577  2723 E KernelCpuSpeedReader: Failed to read cpu-freq: /sys/devices/system/cpu/cpu4/cpufreq/stats/time_in_state (No such file or directory)
06-10 17:14:03.546  1413  4416 I chatty  : uid=1000(system) Binder:1413_F expire 8 lines
06-10 17:14:27.518  1413  4686 I chatty  : uid=1000(system) Binder:1413_10 expire 77 lines
06-10 17:14:28.732  1413  2217 I chatty  : uid=1000(system) ConnectivitySer expire 3 lines
06-10 17:14:28.783  1413  1950 I chatty  : uid=1000(system) batterystats-wo expire 3 lines
06-10 17:14:29.277  1413  1413 I chatty  : uid=1000 system_server expire 9 lines
06-10 17:14:30.132  1413  2467 I chatty  : uid=1000(system) watchdog expire 4 lines
06-10 17:14:31.192  1413  7249 I chatty  : uid=1000(system) Binder:1413_15 expire 40 lines
06-10 17:15:07.308  2349  2349 V ActivityThread: systemui config :{1.0 ?mcc?mnc [zh_CN_#Hans] ldltr sw360dp w720dp h332dp 320dpi nrml long land finger -keyb/v/h -nav/h appBounds=Rect(0, 0 - 1441, 720) nonFullScreen=0 suim:1 s.84} mConfiguration:{1.0 ?mcc?mnc [zh_CN_#Hans] ldltr sw360dp w360dp h692dp 320dpi nrml long port finger -keyb/v/h -nav/h appBounds=Rect(0, 0 - 720, 1440) nonFullScreen=0 suim:1 s.83} compat:null called by android.app.ActivityThread$H.handleMessage:2157 
06-10 17:15:07.308  2349  2349 V ActivityThread: systemui diff:1152
06-10 17:15:07.309  2349  2349 V ActivityThread: systemui pendingconfig:{1.0 ?mcc?mnc [zh_CN_#Hans] ldltr sw360dp w720dp h332dp 320dpi nrml long land finger -keyb/v/h -nav/h appBounds=Rect(0, 0 - 1441, 720) nonFullScreen=0 suim:1 s.84}
06-10 17:15:07.337  1413  4686 I chatty  : uid=1000(system) Binder:1413_10 expire 34 lines
06-10 17:15:07.364  1413  1937 I chatty  : uid=1000(system) android.ui expire 11 lines
06-10 17:15:07.393  1413  1980 I chatty  : uid=1000(system) android.io expire 1 line
06-10 17:15:07.486  1413  8373 I chatty  : uid=1000(system) Binder:1413_18 expire 25 lines
06-10 17:15:07.504  1413 19732 I chatty  : uid=1000(system) Binder:1413_20 expire 4 lines
06-10 17:15:07.571  2349 29202 I CommandQueue: updateBarBgColor
06-10 17:15:07.571  2349 29202 D CommandQueue: CommandQueue, setBarBackgroundColor
06-10 17:15:07.810  1413  2135 I chatty  : uid=1000(system) android.anim expire 7 lines
06-10 17:15:07.876  1413  2366 I chatty  : uid=1000(system) Binder:1413_5 expire 11 lines
06-10 17:15:33.793  2577  2723 E KernelCpuSpeedReader: Failed to read cpu-freq: /sys/devices/system/cpu/cpu0/cpufreq/stats/time_in_state (No such file or directory)
06-10 17:15:33.793  2577  2723 E KernelCpuSpeedReader: Failed to read cpu-freq: /sys/devices/system/cpu/cpu4/cpufreq/stats/time_in_state (No such file or directory)
06-10 17:15:33.827  2577  2723 E KernelCpuSpeedReader: Failed to read cpu-freq: /sys/devices/system/cpu/cpu0/cpufreq/stats/time_in_state (No such file or directory)
06-10 17:15:33.828  2577  2723 E KernelCpuSpeedReader: Failed to read cpu-freq: /sys/devices/system/cpu/cpu4/cpufreq/stats/time_in_state (No such file or directory)
06-10 17:15:52.958  2577  2723 E KernelCpuSpeedReader: Failed to read cpu-freq: /sys/devices/system/cpu/cpu0/cpufreq/stats/time_in_state (No such file or directory)
06-10 17:15:52.959  2577  2723 E KernelCpuSpeedReader: Failed to read cpu-freq: /sys/devices/system/cpu/cpu4/cpufreq/stats/time_in_state (No such file or directory)
06-10 17:15:55.336  1413  2193 I chatty  : uid=1000(system) NetdConnector expire 6 lines
06-10 17:15:55.341  1413  1979 I chatty  : uid=1000(system) android.fg expire 3 lines
06-10 17:16:11.236  1413  1937 I chatty  : uid=1000(system) android.ui expire 16 lines
06-10 17:16:14.302  1413  1413 I chatty  : uid=1000 system_server expire 10 lines
06-10 17:16:15.512  1413  4416 I chatty  : uid=1000(system) Binder:1413_F expire 7 lines
06-10 17:16:15.631  1413  2185 I chatty  : uid=1000(system) InputDispatcher expire 2 lines
06-10 17:16:22.212  1413  4686 I chatty  : uid=1000(system) Binder:1413_10 expire 26 lines
06-10 17:16:27.770  2349  3245 I CommandQueue: updateBarBgColor
06-10 17:16:27.770  2349  3245 D CommandQueue: CommandQueue, setBarBackgroundColor
06-10 17:16:27.777  2349  3245 I CommandQueue: updateBarBgColor
06-10 17:16:27.777  2349  3245 D CommandQueue: CommandQueue, setBarBackgroundColor
06-10 17:16:27.895  1413 19732 I chatty  : uid=1000(system) Binder:1413_20 expire 42 lines
06-10 17:16:27.896  1413  2217 I chatty  : uid=1000(system) ConnectivitySer expire 19 lines
06-10 17:16:30.137  1413  2467 I chatty  : uid=1000(system) watchdog expire 3 lines
06-10 17:16:33.030  2349  2349 V ActivityThread: systemui config :{1.0 ?mcc?mnc [zh_CN_#Hans] ldltr sw360dp w360dp h692dp 320dpi nrml long port finger -keyb/v/h -nav/h appBounds=Rect(0, 0 - 720, 1440) nonFullScreen=0 suim:1 s.85} mConfiguration:{1.0 ?mcc?mnc [zh_CN_#Hans] ldltr sw360dp w720dp h332dp 320dpi nrml long land finger -keyb/v/h -nav/h appBounds=Rect(0, 0 - 1441, 720) nonFullScreen=0 suim:1 s.84} compat:null called by android.app.ActivityThread$H.handleMessage:2157 
06-10 17:16:33.030  2349  2349 V ActivityThread: systemui diff:1152
06-10 17:16:33.030  2349  2349 V ActivityThread: systemui pendingconfig:{1.0 ?mcc?mnc [zh_CN_#Hans] ldltr sw360dp w360dp h692dp 320dpi nrml long port finger -keyb/v/h -nav/h appBounds=Rect(0, 0 - 720, 1440) nonFullScreen=0 suim:1 s.85}
06-10 17:16:33.065  1413  1980 I chatty  : uid=1000(system) android.io expire 1 line
06-10 17:16:33.111  1413  3112 I chatty  : uid=1000(system) Binder:1413_E expire 16 lines
06-10 17:16:33.328  1413  2141 I chatty  : uid=1000(system) UEventObserver expire 4 lines
06-10 17:16:33.348  1413  1936 I chatty  : uid=1000(system) ActivityManager expire 2 lines
06-10 17:16:33.403  1413  1950 I chatty  : uid=1000(system) batterystats-wo expire 5 lines
06-10 17:16:33.445  1413  2135 I chatty  : uid=1000(system) android.anim expire 7 lines
06-10 17:16:35.379  2349  3245 I CommandQueue: updateBarBgColor
06-10 17:16:35.379  2349  3245 D CommandQueue: CommandQueue, setBarBackgroundColor
06-10 17:17:00.075  1413  4686 I chatty  : uid=1000(system) Binder:1413_10 expire 10 lines
06-10 17:17:03.752 11932 11932 D ActivityThread: Attach thread to application
06-10 17:17:05.711  5401  8776 W HwApsManager: HwApsManagerService, registerCallback, start !
06-10 17:17:05.711  1413  1447 I chatty  : uid=1000(system) Binder:1413_2 expire 30 lines
06-10 17:17:08.466  1413  2217 I chatty  : uid=1000(system) ConnectivitySer expire 1 line
06-10 17:17:08.497  1413 19732 I chatty  : uid=1000(system) Binder:1413_20 expire 3 lines
06-10 17:17:09.000  1413  1413 I chatty  : uid=1000 system_server expire 3 lines
06-10 17:17:19.474  1413 10949 I chatty  : uid=1000(system) Binder:1413_1A expire 31 lines
06-10 17:17:33.895  2577  2723 E KernelCpuSpeedReader: Failed to read cpu-freq: /sys/devices/system/cpu/cpu0/cpufreq/stats/time_in_state (No such file or directory)
06-10 17:17:33.896  2577  2723 E KernelCpuSpeedReader: Failed to read cpu-freq: /sys/devices/system/cpu/cpu4/cpufreq/stats/time_in_state (No such file or directory)
06-10 17:17:33.907  2577  2723 E KernelCpuSpeedReader: Failed to read cpu-freq: /sys/devices/system/cpu/cpu0/cpufreq/stats/time_in_state (No such file or directory)
06-10 17:17:33.908  2577  2723 E KernelCpuSpeedReader: Failed to read cpu-freq: /sys/devices/system/cpu/cpu4/cpufreq/stats/time_in_state (No such file or directory)
06-10 17:17:34.767  1413 10949 I chatty  : uid=1000(system) Binder:1413_1A expire 15 lines
06-10 17:17:43.203  1413  1447 I chatty  : uid=1000(system) Binder:1413_2 expire 38 lines
06-10 17:17:53.006  2577  2723 E KernelCpuSpeedReader: Failed to read cpu-freq: /sys/devices/system/cpu/cpu0/cpufreq/stats/time_in_state (No such file or directory)
06-10 17:17:53.006  2577  2723 E KernelCpuSpeedReader: Failed to read cpu-freq: /sys/devices/system/cpu/cpu4/cpufreq/stats/time_in_state (No such file or directory)
06-10 17:17:54.707  1413  4686 I chatty  : uid=1000(system) Binder:1413_10 expire 57 lines
06-10 17:18:00.002  1413  1413 I chatty  : uid=1000 system_server expire 12 lines
06-10 17:18:00.144  1413  2467 I chatty  : uid=1000(system) watchdog expire 4 lines
06-10 17:18:14.668  1413  2195 I chatty  : uid=1000(system) NetworkStats expire 7 lines
06-10 17:18:14.727  1413  2193 I chatty  : uid=1000(system) NetdConnector expire 12 lines
06-10 17:18:15.047  1413 19732 I chatty  : uid=1000(system) Binder:1413_20 expire 21 lines
06-10 17:18:33.976  2349  2349 V ActivityThread: systemui config :{1.0 ?mcc?mnc [zh_CN_#Hans] ldltr sw360dp w720dp h332dp 320dpi nrml long land finger -keyb/v/h -nav/h appBounds=Rect(0, 0 - 1441, 720) nonFullScreen=0 suim:1 s.86} mConfiguration:{1.0 ?mcc?mnc [zh_CN_#Hans] ldltr sw360dp w360dp h692dp 320dpi nrml long port finger -keyb/v/h -nav/h appBounds=Rect(0, 0 - 720, 1440) nonFullScreen=0 suim:1 s.85} compat:null called by android.app.ActivityThread$H.handleMessage:2157 
06-10 17:18:33.976  2349  2349 V ActivityThread: systemui diff:1152
06-10 17:18:33.976  2349  2349 V ActivityThread: systemui pendingconfig:{1.0 ?mcc?mnc [zh_CN_#Hans] ldltr sw360dp w720dp h332dp 320dpi nrml long land finger -keyb/v/h -nav/h appBounds=Rect(0, 0 - 1441, 720) nonFullScreen=0 suim:1 s.86}
06-10 17:18:34.023  1413  4686 I chatty  : uid=1000(system) Binder:1413_10 expire 2 lines
06-10 17:18:34.040  1413  4416 I chatty  : uid=1000(system) Binder:1413_F expire 1 line
06-10 17:18:34.053  1413  1980 I chatty  : uid=1000(system) android.io expire 1 line
06-10 17:18:34.098  1413 19726 I chatty  : uid=1000(system) Binder:1413_1F expire 24 lines
06-10 17:18:34.135  1413  6886 I chatty  : uid=1000(system) Binder:1413_14 expire 14 lines
06-10 17:18:34.331  2349  2912 I CommandQueue: updateBarBgColor
06-10 17:18:34.331  2349  2912 D CommandQueue: CommandQueue, setBarBackgroundColor
06-10 17:18:34.465  1413 10949 I chatty  : uid=1000(system) Binder:1413_1A expire 11 lines
06-10 17:18:34.477  1413  2217 I chatty  : uid=1000(system) ConnectivitySer expire 2 lines
06-10 17:18:34.481  1413  2135 I chatty  : uid=1000(system) android.anim expire 7 lines
06-10 17:18:34.486  1413 10956 I chatty  : uid=1000(system) Binder:1413_1B expire 2 lines
06-10 17:19:00.003  1413  1413 I chatty  : uid=1000 system_server expire 8 lines
06-10 17:19:14.744  1413  1937 I chatty  : uid=1000(system) android.ui expire 12 lines
06-10 17:19:33.959  2577  2723 E KernelCpuSpeedReader: Failed to read cpu-freq: /sys/devices/system/cpu/cpu0/cpufreq/stats/time_in_state (No such file or directory)
06-10 17:19:33.959  2577  2723 E KernelCpuSpeedReader: Failed to read cpu-freq: /sys/devices/system/cpu/cpu4/cpufreq/stats/time_in_state (No such file or directory)
06-10 17:19:33.968  2577  2723 E KernelCpuSpeedReader: Failed to read cpu-freq: /sys/devices/system/cpu/cpu0/cpufreq/stats/time_in_state (No such file or directory)
06-10 17:19:33.968  2577  2723 E KernelCpuSpeedReader: Failed to read cpu-freq: /sys/devices/system/cpu/cpu4/cpufreq/stats/time_in_state (No such file or directory)
06-10 17:19:44.697  1413  2141 I chatty  : uid=1000(system) UEventObserver expire 4 lines
06-10 17:19:44.728  1413 19726 I chatty  : uid=1000(system) Binder:1413_1F expire 2 lines
06-10 17:19:44.734  1413  1936 I chatty  : uid=1000(system) ActivityManager expire 2 lines
06-10 17:19:44.771  1413  1950 I chatty  : uid=1000(system) batterystats-wo expire 2 lines
06-10 17:19:45.933  1413  1979 I chatty  : uid=1000(system) android.fg expire 3 lines
06-10 17:19:52.445  1413  1937 I chatty  : uid=1000(system) android.ui expire 12 lines
06-10 17:19:53.045  2577  2723 E KernelCpuSpeedReader: Failed to read cpu-freq: /sys/devices/system/cpu/cpu0/cpufreq/stats/time_in_state (No such file or directory)
06-10 17:19:53.045  2577  2723 E KernelCpuSpeedReader: Failed to read cpu-freq: /sys/devices/system/cpu/cpu4/cpufreq/stats/time_in_state (No such file or directory)
06-10 17:20:00.002  1413  1413 I chatty  : uid=1000 system_server expire 18 lines
06-10 17:20:00.077  1413  6886 I chatty  : uid=1000(system) Binder:1413_14 expire 3 lines
06-10 17:20:00.149  1413  2467 I chatty  : uid=1000(system) watchdog expire 5 lines
06-10 17:20:14.338  1413 10956 I chatty  : uid=1000(system) Binder:1413_1B expire 10 lines
06-10 17:20:21.944  1413  2185 I chatty  : uid=1000(system) InputDispatcher expire 18 lines
06-10 17:20:22.075  1413  4686 I chatty  : uid=1000(system) Binder:1413_10 expire 15 lines
06-10 17:20:22.531  1413  2227 I chatty  : uid=1000(system) AudioService expire 20 lines
06-10 17:20:27.273  1413  1928 I chatty  : uid=1000(system) android.bg expire 1 line
06-10 17:20:32.766  5401  5401 E ActivityThread: Failed to find provider info for com.huawei.hiaction.provider.HiActionManagerProvider
06-10 17:20:39.549  5401  5401 E ActivityThread: Failed to find provider info for com.huawei.hiaction.provider.HiActionManagerProvider
06-10 17:20:42.848  1413  1937 I chatty  : uid=1000(system) android.ui expire 16 lines
06-10 17:20:43.546  1413  2185 I chatty  : uid=1000(system) InputDispatcher expire 10 lines
06-10 17:20:43.734  1413  1413 I chatty  : uid=1000 system_server expire 15 lines
06-10 17:20:44.249  1413  2227 I chatty  : uid=1000(system) AudioService expire 26 lines
06-10 17:20:44.800  1413 19726 I chatty  : uid=1000(system) Binder:1413_1F expire 8 lines
06-10 17:20:46.696  1413 10949 I chatty  : uid=1000(system) Binder:1413_1A expire 13 lines
06-10 17:20:51.698  1413  2135 I chatty  : uid=1000(system) android.anim expire 1 line
06-10 17:21:05.712  5401  8776 W HwApsManager: HwApsManagerService, registerCallback, start !
06-10 17:21:05.713  1413  4686 I chatty  : uid=1000(system) Binder:1413_10 expire 7 lines
06-10 17:21:18.594  5401  5401 E ActivityThread: Failed to find provider info for com.huawei.hiaction.provider.HiActionManagerProvider
06-10 17:21:18.952  1413  1413 I chatty  : uid=1000 system_server expire 6 lines
06-10 17:21:34.025  2577  2723 E KernelCpuSpeedReader: Failed to read cpu-freq: /sys/devices/system/cpu/cpu0/cpufreq/stats/time_in_state (No such file or directory)
06-10 17:21:34.025  2577  2723 E KernelCpuSpeedReader: Failed to read cpu-freq: /sys/devices/system/cpu/cpu4/cpufreq/stats/time_in_state (No such file or directory)
06-10 17:21:34.033  2577  2723 E KernelCpuSpeedReader: Failed to read cpu-freq: /sys/devices/system/cpu/cpu0/cpufreq/stats/time_in_state (No such file or directory)
06-10 17:21:34.033  2577  2723 E KernelCpuSpeedReader: Failed to read cpu-freq: /sys/devices/system/cpu/cpu4/cpufreq/stats/time_in_state (No such file or directory)
06-10 17:21:44.681  1413  1937 I chatty  : uid=1000(system) android.ui expire 20 lines
06-10 17:21:52.265  1413  2141 I chatty  : uid=1000(system) UEventObserver expire 4 lines
06-10 17:21:52.296  1413  1936 I chatty  : uid=1000(system) ActivityManager expire 2 lines
06-10 17:21:52.334  1413  1950 I chatty  : uid=1000(system) batterystats-wo expire 2 lines
06-10 17:21:53.080  2577  2723 E KernelCpuSpeedReader: Failed to read cpu-freq: /sys/devices/system/cpu/cpu0/cpufreq/stats/time_in_state (No such file or directory)
06-10 17:21:53.080  2577  2723 E KernelCpuSpeedReader: Failed to read cpu-freq: /sys/devices/system/cpu/cpu4/cpufreq/stats/time_in_state (No such file or directory)
06-10 17:22:00.075  1413 10956 I chatty  : uid=1000(system) Binder:1413_1B expire 1 line
06-10 17:22:01.836  1413  1937 I chatty  : uid=1000(system) android.ui expire 20 lines
06-10 17:22:10.164  5401  5401 E ActivityThread: Failed to find provider info for com.huawei.hiaction.provider.HiActionManagerProvider
06-10 17:22:16.534  1413  4686 I chatty  : uid=1000(system) Binder:1413_10 expire 39 lines
06-10 17:22:30.155  1413  2467 I chatty  : uid=1000(system) watchdog expire 5 lines
06-10 17:22:33.618  5401  5401 E ActivityThread: Failed to find provider info for com.huawei.hiaction.provider.HiActionManagerProvider
06-10 17:22:52.359  1413 19726 I chatty  : uid=1000(system) Binder:1413_1F expire 11 lines
06-10 17:22:52.369  1413  1413 I chatty  : uid=1000 system_server expire 10 lines
06-10 17:23:20.402  1413 10956 I chatty  : uid=1000(system) Binder:1413_1B expire 10 lines
06-10 17:23:22.267  1413  2227 I chatty  : uid=1000(system) AudioService expire 10 lines
06-10 17:23:24.334  1413  6886 I chatty  : uid=1000(system) Binder:1413_14 expire 28 lines
06-10 17:23:24.345  1413  2135 I chatty  : uid=1000(system) android.anim expire 1 line
06-10 17:23:34.076  2577  2723 E KernelCpuSpeedReader: Failed to read cpu-freq: /sys/devices/system/cpu/cpu0/cpufreq/stats/time_in_state (No such file or directory)
06-10 17:23:34.076  2577  2723 E KernelCpuSpeedReader: Failed to read cpu-freq: /sys/devices/system/cpu/cpu4/cpufreq/stats/time_in_state (No such file or directory)
06-10 17:23:34.086  2577  2723 E KernelCpuSpeedReader: Failed to read cpu-freq: /sys/devices/system/cpu/cpu0/cpufreq/stats/time_in_state (No such file or directory)
06-10 17:23:34.086  2577  2723 E KernelCpuSpeedReader: Failed to read cpu-freq: /sys/devices/system/cpu/cpu4/cpufreq/stats/time_in_state (No such file or directory)
06-10 17:23:52.426  1413 10949 I chatty  : uid=1000(system) Binder:1413_1A expire 25 lines
06-10 17:23:53.114  2577  2723 E KernelCpuSpeedReader: Failed to read cpu-freq: /sys/devices/system/cpu/cpu0/cpufreq/stats/time_in_state (No such file or directory)
06-10 17:23:53.114  2577  2723 E KernelCpuSpeedReader: Failed to read cpu-freq: /sys/devices/system/cpu/cpu4/cpufreq/stats/time_in_state (No such file or directory)
06-10 17:24:10.464  1413 19726 I chatty  : uid=1000(system) Binder:1413_1F expire 3 lines
06-10 17:24:16.938  5401  5401 E ActivityThread: Failed to find provider info for com.huawei.hiaction.provider.HiActionManagerProvider
06-10 17:24:16.944  1413 10949 I chatty  : uid=1000(system) Binder:1413_1A expire 6 lines
06-10 17:24:19.116  1413  6886 I chatty  : uid=1000(system) Binder:1413_14 expire 7 lines
06-10 17:24:20.189  1413  1413 I chatty  : uid=1000 system_server expire 2 lines
06-10 17:24:20.568  1413  2185 I chatty  : uid=1000(system) InputDispatcher expire 2 lines
06-10 17:24:34.600  1413  2193 I chatty  : uid=1000(system) NetdConnector expire 6 lines
06-10 17:24:34.603  1413  1979 I chatty  : uid=1000(system) android.fg expire 3 lines
06-10 17:24:37.199  1413  1937 I chatty  : uid=1000(system) android.ui expire 120 lines
06-10 17:24:44.983  1413  4686 I chatty  : uid=1000(system) Binder:1413_10 expire 29 lines
06-10 17:24:49.226  5401  5401 E ActivityThread: Failed to find provider info for com.huawei.hiaction.provider.HiActionManagerProvider
06-10 17:24:51.446  1413  1937 I chatty  : uid=1000(system) android.ui expire 16 lines
06-10 17:24:52.062  5401  5401 E ActivityThread: Failed to find provider info for com.huawei.hiaction.provider.HiActionManagerProvider
06-10 17:24:52.492  1413  1413 I chatty  : uid=1000 system_server expire 11 lines
06-10 17:24:52.796  5401  5401 E ActivityThread: Failed to find provider info for com.huawei.hiaction.provider.HiActionManagerProvider
06-10 17:24:53.021  5401  5401 E ActivityThread: Failed to find provider info for com.huawei.hiaction.provider.HiActionManagerProvider
06-10 17:24:59.385  1413  6886 I chatty  : uid=1000(system) Binder:1413_14 expire 37 lines
06-10 17:25:00.161  1413  2467 I chatty  : uid=1000(system) watchdog expire 2 lines
06-10 17:25:01.854  5401  5401 E ActivityThread: Failed to find provider info for com.huawei.hiaction.provider.HiActionManagerProvider
06-10 17:25:03.575  1413  2141 I chatty  : uid=1000(system) UEventObserver expire 4 lines
06-10 17:25:03.583  1413  4686 I chatty  : uid=1000(system) Binder:1413_10 expire 7 lines
06-10 17:25:03.595  1413  1936 I chatty  : uid=1000(system) ActivityManager expire 2 lines
06-10 17:25:03.638  1413  1950 I chatty  : uid=1000(system) batterystats-wo expire 2 lines
06-10 17:25:05.714  5401  8776 W HwApsManager: HwApsManagerService, registerCallback, start !
06-10 17:25:23.270  1413 10949 I chatty  : uid=1000(system) Binder:1413_1A expire 10 lines
06-10 17:25:24.300  1413  1937 I chatty  : uid=1000(system) android.ui expire 24 lines
06-10 17:25:25.007  1413  2227 I chatty  : uid=1000(system) AudioService expire 16 lines
06-10 17:25:26.884  1413  2135 I chatty  : uid=1000(system) android.anim expire 1 line
06-10 17:25:27.332  1413 10956 I chatty  : uid=1000(system) Binder:1413_1B expire 12 lines
06-10 17:25:34.129  2577  2723 E KernelCpuSpeedReader: Failed to read cpu-freq: /sys/devices/system/cpu/cpu0/cpufreq/stats/time_in_state (No such file or directory)
06-10 17:25:34.130  2577  2723 E KernelCpuSpeedReader: Failed to read cpu-freq: /sys/devices/system/cpu/cpu4/cpufreq/stats/time_in_state (No such file or directory)
06-10 17:25:34.137  2577  2723 E KernelCpuSpeedReader: Failed to read cpu-freq: /sys/devices/system/cpu/cpu0/cpufreq/stats/time_in_state (No such file or directory)
06-10 17:25:34.138  2577  2723 E KernelCpuSpeedReader: Failed to read cpu-freq: /sys/devices/system/cpu/cpu4/cpufreq/stats/time_in_state (No such file or directory)
06-10 17:25:34.628  1413 19726 I chatty  : uid=1000(system) Binder:1413_1F expire 1 line
06-10 17:25:36.580  1413  6886 I chatty  : uid=1000(system) Binder:1413_14 expire 4 lines
06-10 17:25:37.171  1413  1413 I chatty  : uid=1000 system_server expire 10 lines
06-10 17:25:37.295  1413  2135 I chatty  : uid=1000(system) android.anim expire 12 lines
06-10 17:25:37.337  1413  2227 I chatty  : uid=1000(system) AudioService expire 4 lines
06-10 17:25:37.661  1413 19726 I chatty  : uid=1000(system) Binder:1413_1F expire 10 lines
06-10 17:25:53.150  2577  2723 E KernelCpuSpeedReader: Failed to read cpu-freq: /sys/devices/system/cpu/cpu0/cpufreq/stats/time_in_state (No such file or directory)
06-10 17:25:53.150  2577  2723 E KernelCpuSpeedReader: Failed to read cpu-freq: /sys/devices/system/cpu/cpu4/cpufreq/stats/time_in_state (No such file or directory)
06-10 17:25:58.822  5401  5401 E ActivityThread: Failed to find provider info for com.huawei.hiaction.provider.HiActionManagerProvider
06-10 17:26:00.070  1413 10956 I chatty  : uid=1000(system) Binder:1413_1B expire 12 lines
06-10 17:26:00.163  1413  2467 I chatty  : uid=1000(system) watchdog expire 1 line
06-10 17:26:03.680  1413 10949 I chatty  : uid=1000(system) Binder:1413_1A expire 9 lines
06-10 17:26:03.817  5401  5401 E ActivityThread: Failed to find provider info for com.huawei.hiaction.provider.HiActionManagerProvider
06-10 17:26:08.009  1413  2185 I chatty  : uid=1000(system) InputDispatcher expire 2 lines
06-10 17:26:21.775  1413  1937 I chatty  : uid=1000(system) android.ui expire 24 lines
06-10 17:26:27.119  1413  1932 I chatty  : uid=1000(system) HwActivityManag expire 9 lines
06-10 17:26:27.137  2577  2723 E KernelCpuSpeedReader: Failed to read cpu-freq: /sys/devices/system/cpu/cpu0/cpufreq/stats/time_in_state (No such file or directory)
06-10 17:26:27.137  2577  2723 E KernelCpuSpeedReader: Failed to read cpu-freq: /sys/devices/system/cpu/cpu4/cpufreq/stats/time_in_state (No such file or directory)
06-10 17:26:27.153  1413  2141 I chatty  : uid=1000(system) UEventObserver expire 2 lines
06-10 17:26:27.159  1413  6886 I chatty  : uid=1000(system) Binder:1413_14 expire 11 lines
06-10 17:26:27.161  1413 10956 I chatty  : uid=1000(system) Binder:1413_1B expire 5 lines
06-10 17:26:27.287  1413  1985 I chatty  : uid=1000(system) HwGameAssistant expire 4 lines
06-10 17:26:27.296  2349  3245 I CommandQueue: updateBarBgColor
06-10 17:26:27.296  2349  3245 D CommandQueue: CommandQueue, setBarBackgroundColor
06-10 17:26:27.301  2564 12310 D DeepNoDisturbSM: onGameStatusChanged packageName = com.android.systemui, event = 2
06-10 17:26:27.301  2564  2642 D HwGameAssistantService: onGameStatusChanged packageName = com.android.systemui, event = 2
06-10 17:26:27.301  2564  2642 D HwGameAssistantService: startService, pkgName = com.android.systemui, direction = 0
06-10 17:26:27.301  2564  2564 I DeepNoDisturbSM: IdleState processMessage msg.what=EVENT_GAME_MOVE_BACKGROUND
06-10 17:26:27.301  2564  2564 I DeepNoDisturbSM: IdleState: default msg.what=2
06-10 17:26:27.315  2564  2642 W ContextImpl: Calling a method in the system process without a qualified user: android.app.ContextImpl.startService:1708 android.content.ContextWrapper.startService:657 com.huawei.systemserver.gameassist.HwGameAssistantService.startService:99 com.huawei.systemserver.gameassist.HwGameAssistantService.-wrap0:0 com.huawei.systemserver.gameassist.HwGameAssistantService$HwGameObserver.onGameStatusChanged:77 
06-10 17:26:27.316  1413 19726 I chatty  : uid=1000(system) Binder:1413_1F expire 30 lines
06-10 17:26:27.967  1413  2485 I chatty  : uid=1000(system) MultiTaskManage expire 2 lines
06-10 17:26:27.984  2577  2723 E KernelCpuSpeedReader: Failed to read cpu-freq: /sys/devices/system/cpu/cpu0/cpufreq/stats/time_in_state (No such file or directory)
06-10 17:26:27.984  2577  2723 E KernelCpuSpeedReader: Failed to read cpu-freq: /sys/devices/system/cpu/cpu4/cpufreq/stats/time_in_state (No such file or directory)
06-10 17:26:28.128  1413  4686 I chatty  : uid=1000(system) Binder:1413_10 expire 3 lines
06-10 17:26:28.150  1413  1980 I chatty  : uid=1000(system) android.io expire 1 line
06-10 17:26:28.160  1413  2135 I chatty  : uid=1000(system) android.anim expire 2 lines
06-10 17:26:28.162  1413  2601 I chatty  : uid=1000(system) Binder:1413_A expire 1 line
06-10 17:26:28.167  1413  2575 I chatty  : uid=1000(system) Binder:1413_9 expire 18 lines
06-10 17:26:28.169  1413 12559 I chatty  : uid=1000 system_server expire 14 lines
06-10 17:26:28.193  1413  1936 I chatty  : uid=1000(system) ActivityManager expire 9 lines
06-10 17:26:28.205  1413  2135 I chatty  : uid=1000(system) android.anim expire 14 lines
06-10 17:26:28.209  1413  1413 I chatty  : uid=1000 system_server expire 5 lines
06-10 17:26:28.225  2349  2349 V ActivityThread: systemui config :{1.0 ?mcc?mnc [zh_CN_#Hans] ldltr sw360dp w360dp h692dp 320dpi nrml long port finger -keyb/v/h -nav/h appBounds=Rect(0, 0 - 720, 1440) nonFullScreen=0 suim:1 s.87} mConfiguration:{1.0 ?mcc?mnc [zh_CN_#Hans] ldltr sw360dp w720dp h332dp 320dpi nrml long land finger -keyb/v/h -nav/h appBounds=Rect(0, 0 - 1441, 720) nonFullScreen=0 suim:1 s.86} compat:null called by android.app.ActivityThread$H.handleMessage:2157 
06-10 17:26:28.225  2349  2349 V ActivityThread: systemui diff:1152
06-10 17:26:28.225  2349  2349 V ActivityThread: systemui pendingconfig:{1.0 ?mcc?mnc [zh_CN_#Hans] ldltr sw360dp w360dp h692dp 320dpi nrml long port finger -keyb/v/h -nav/h appBounds=Rect(0, 0 - 720, 1440) nonFullScreen=0 suim:1 s.87}
06-10 17:26:28.251  2564  2564 I HwCoreAppHelperService: LocalReceiver receives:android.intent.action.PACKAGE_RESTARTED,pkg:com.netease.mc.huawei,uid:10294
06-10 17:26:28.257  1413  8373 I chatty  : uid=1000(system) Binder:1413_18 expire 10 lines
06-10 17:26:28.276  1413  2485 I chatty  : uid=1000(system) MultiTaskManage expire 2 lines
06-10 17:26:28.278  1413  1937 I chatty  : uid=1000(system) android.ui expire 1 line
06-10 17:26:28.287  1413  1928 I chatty  : uid=1000(system) android.bg expire 2 lines
06-10 17:26:28.305  1413  4697 I chatty  : uid=1000(system) Binder:1413_12 expire 1 line
06-10 17:26:28.305  2508  3120 I HwNetworkPolicyManager: getHwUidPolicy uid = 10059 policy = 0
06-10 17:26:28.332  1413  1985 I chatty  : uid=1000(system) HwGameAssistant expire 1 line
06-10 17:26:28.333  1413  1932 I chatty  : uid=1000(system) HwActivityManag expire 3 lines
06-10 17:26:28.351  1413  4686 I chatty  : uid=1000(system) Binder:1413_10 expire 12 lines
06-10 17:26:28.406  1413 19726 I chatty  : uid=1000(system) Binder:1413_1F expire 10 lines
06-10 17:26:28.420  2349 29202 I CommandQueue: updateBarBgColor
06-10 17:26:28.421  2349 29202 D CommandQueue: CommandQueue, setBarBackgroundColor
06-10 17:26:28.515  1413  7249 I chatty  : uid=1000(system) Binder:1413_15 expire 12 lines
06-10 17:26:28.543  1413 19732 I chatty  : uid=1000(system) Binder:1413_20 expire 1 line
06-10 17:26:28.543  1413  2217 I chatty  : uid=1000(system) ConnectivitySer expire 1 line
06-10 17:26:28.547  1413  1981 I chatty  : uid=1000(system) android.display expire 1 line
06-10 17:26:28.570 12567 12567 D ActivityThread: Attach thread to application
06-10 17:26:28.576  1413  2366 I chatty  : uid=1000(system) Binder:1413_5 expire 10 lines
06-10 17:26:28.618  1413  7249 I chatty  : uid=1000(system) Binder:1413_15 expire 12 lines
06-10 17:26:28.640  1413  2366 I chatty  : uid=1000(system) Binder:1413_5 expire 5 lines
06-10 17:26:28.675  1413  1413 I chatty  : uid=1000 system_server expire 2 lines
06-10 17:26:28.684  1413  2366 I chatty  : uid=1000(system) Binder:1413_5 expire 4 lines
06-10 17:26:28.699  1413  2135 I chatty  : uid=1000(system) android.anim expire 5 lines
06-10 17:26:28.732  1413  7249 I chatty  : uid=1000(system) Binder:1413_15 expire 2 lines
06-10 17:26:28.733  1413  2366 I chatty  : uid=1000(system) Binder:1413_5 expire 2 lines
06-10 17:26:28.845  1413  2135 I chatty  : uid=1000(system) android.anim expire 5 lines
06-10 17:26:28.899  1413  2366 I chatty  : uid=1000(system) Binder:1413_5 expire 4 lines
06-10 17:26:28.943 12596 12596 D ActivityThread: Attach thread to application
06-10 17:26:29.011  1413  2186 I chatty  : uid=1000(system) InputReader expire 1 line
06-10 17:26:29.078  1413  7249 I chatty  : uid=1000(system) Binder:1413_15 expire 16 lines
06-10 17:26:29.209  1413  2186 I chatty  : uid=1000(system) InputReader expire 1 line
06-10 17:26:29.211  1413  1998 I chatty  : uid=1000(system) PowerManagerSer expire 16 lines
06-10 17:26:29.236  1413  1936 I chatty  : uid=1000(system) ActivityManager expire 11 lines
06-10 17:26:29.237  1413 19726 I chatty  : uid=1000(system) Binder:1413_1F expire 11 lines
06-10 17:26:29.240  1413  2191 I chatty  : uid=1000(system) CryptdConnector expire 1 line
06-10 17:26:29.251  1413 10949 I chatty  : uid=1000(system) Binder:1413_1A expire 11 lines
06-10 17:26:29.445  1413  2575 I chatty  : uid=1000(system) Binder:1413_9 expire 13 lines
06-10 17:26:29.473  1413  1413 I chatty  : uid=1000 system_server expire 15 lines
06-10 17:26:29.474  1413  1981 I chatty  : uid=1000(system) android.display expire 1 line
06-10 17:26:29.484  2615  2615 V ActivityThread: Finishing stop of ActivityRecord{c03c196 token=android.os.BinderProxy@34a39c8 {com.huawei.android.launcher/com.huawei.android.launcher.unihome.UniHomeLauncher}}
06-10 17:26:29.490  1413 13890 I chatty  : uid=1000(system) Binder:1413_1C expire 3 lines
06-10 17:26:29.493  1413  2366 I chatty  : uid=1000(system) Binder:1413_5 expire 18 lines
06-10 17:26:29.753  1413  2141 I chatty  : uid=1000(system) UEventObserver expire 4 lines
06-10 17:26:29.837  1413  2199 I chatty  : uid=1000(system) WifiStateMachin expire 1 line
06-10 17:26:29.854  2577  2723 E KernelCpuSpeedReader: Failed to read cpu-freq: /sys/devices/system/cpu/cpu0/cpufreq/stats/time_in_state (No such file or directory)
06-10 17:26:29.855  2577  2723 E KernelCpuSpeedReader: Failed to read cpu-freq: /sys/devices/system/cpu/cpu4/cpufreq/stats/time_in_state (No such file or directory)
06-10 17:26:29.873  1413  2214 I chatty  : uid=1000(system) WifiP2pService expire 6 lines
06-10 17:26:29.935  1413  1937 I chatty  : uid=1000(system) android.ui expire 1 line
06-10 17:26:29.941  2564  2729 I DeepNoDisturbP: handleStateChanged reason=2
06-10 17:26:29.941  2564  2729 I DeepNoDisturbSM: setScreenState isScreenOn=false
06-10 17:26:29.941  2564  2564 I DeepNoDisturbSM: IdleState processMessage msg.what=EVENT_SCREEN_OFF
06-10 17:26:29.941  2564  2564 I DeepNoDisturbSM: IdleState: default msg.what=11
06-10 17:26:30.063  2349  2349 V KeyguardViewMediator: updateInputRestrictedLocked 1 isInputApp = false, inputRestricted = true
06-10 17:26:30.094  2615  2615 V ActivityThread: Handle window ActivityRecord{c03c196 token=android.os.BinderProxy@34a39c8 {com.huawei.android.launcher/com.huawei.android.launcher.unihome.UniHomeLauncher}} visibility: false
06-10 17:26:30.100  2349  2349 V KeyguardStatusView: refresh statusview showing:true
06-10 17:26:30.103  2349  2349 V KeyguardDisplayManager: show
06-10 17:26:30.113  2564  2642 D AntiBruteForceProcessor: RemainingAuthenticateNum = 5
06-10 17:26:30.164  1413  2467 I chatty  : uid=1000(system) watchdog expire 10 lines
06-10 17:26:30.291  1413  2135 I chatty  : uid=1000(system) android.anim expire 1 line
06-10 17:26:30.311  1413  3369 I chatty  : uid=1000(system) HwDeviceUsageCo expire 1 line
06-10 17:26:31.640 12655 12655 D ActivityThread: Attach thread to application
06-10 17:26:34.766 12713 12713 D ActivityThread: Attach thread to application
06-10 17:26:45.346  1413  2193 I chatty  : uid=1000(system) NetdConnector expire 6 lines
06-10 17:26:45.353  1413  1979 I chatty  : uid=1000(system) android.fg expire 3 lines
06-10 17:27:34.199  2577  2723 E KernelCpuSpeedReader: Failed to read cpu-freq: /sys/devices/system/cpu/cpu0/cpufreq/stats/time_in_state (No such file or directory)
06-10 17:27:34.200  2577  2723 E KernelCpuSpeedReader: Failed to read cpu-freq: /sys/devices/system/cpu/cpu4/cpufreq/stats/time_in_state (No such file or directory)
06-10 17:27:45.421  1413  7249 I chatty  : uid=1000(system) Binder:1413_15 expire 12 lines
06-10 17:27:45.439  1413  1413 I chatty  : uid=1000 system_server expire 12 lines
06-10 17:27:53.195  2577  2723 E KernelCpuSpeedReader: Failed to read cpu-freq: /sys/devices/system/cpu/cpu0/cpufreq/stats/time_in_state (No such file or directory)
06-10 17:27:53.196  2577  2723 E KernelCpuSpeedReader: Failed to read cpu-freq: /sys/devices/system/cpu/cpu4/cpufreq/stats/time_in_state (No such file or directory)
06-10 17:28:25.602  1413  2146 I chatty  : uid=1000(system) Binder:1413_3 expire 21 lines
06-10 17:28:25.621  1413  2366 I chatty  : uid=1000(system) Binder:1413_5 expire 13 lines
06-10 17:28:25.732  1413 10949 I chatty  : uid=1000(system) Binder:1413_1A expire 10 lines
06-10 17:29:28.013  1413 19726 I chatty  : uid=1000(system) Binder:1413_1F expire 11 lines
06-10 17:29:34.274  2577  2723 E KernelCpuSpeedReader: Failed to read cpu-freq: /sys/devices/system/cpu/cpu0/cpufreq/stats/time_in_state (No such file or directory)
06-10 17:29:34.275  2577  2723 E KernelCpuSpeedReader: Failed to read cpu-freq: /sys/devices/system/cpu/cpu4/cpufreq/stats/time_in_state (No such file or directory)
06-10 17:29:45.590  1413  1413 I chatty  : uid=1000 system_server expire 6 lines
06-10 17:29:55.105  1413  7249 I chatty  : uid=1000(system) Binder:1413_15 expire 6 lines
06-10 17:30:00.101  1413  1936 I chatty  : uid=1000(system) ActivityManager expire 14 lines
06-10 17:31:11.931  1413  2146 I chatty  : uid=1000(system) Binder:1413_3 expire 10 lines
06-10 17:31:11.953  1413  1413 I chatty  : uid=1000 system_server expire 18 lines
06-10 17:31:18.945  1413 13890 I chatty  : uid=1000(system) Binder:1413_1C expire 17 lines
06-10 17:31:29.892  1413  1928 I chatty  : uid=1000(system) android.bg expire 2 lines
06-10 17:31:29.963  1413  2193 I chatty  : uid=1000(system) NetdConnector expire 8 lines
06-10 17:31:30.000  1413  2196 I chatty  : uid=1000(system) NetworkPolicy expire 1 line
06-10 17:31:30.065  2577  6849 E KernelCpuSpeedReader: Failed to read cpu-freq: /sys/devices/system/cpu/cpu0/cpufreq/stats/time_in_state (No such file or directory)
06-10 17:31:30.065  2577  6849 E KernelCpuSpeedReader: Failed to read cpu-freq: /sys/devices/system/cpu/cpu4/cpufreq/stats/time_in_state (No such file or directory)
06-10 17:31:30.193  1413  2467 I chatty  : uid=1000(system) watchdog expire 11 lines
06-10 17:31:31.585  1413  7249 I chatty  : uid=1000(system) Binder:1413_15 expire 23 lines
06-10 17:32:19.020  1413 19726 I chatty  : uid=1000(system) Binder:1413_1F expire 20 lines
06-10 17:32:33.896  1413 10949 I chatty  : uid=1000(system) Binder:1413_1A expire 5 lines
06-10 17:33:13.287  1413  1950 I chatty  : uid=1000(system) batterystats-wo expire 2 lines
06-10 17:33:25.544  1413  2575 I chatty  : uid=1000(system) Binder:1413_9 expire 13 lines
06-10 17:33:25.569  1413  1979 I chatty  : uid=1000(system) android.fg expire 3 lines
06-10 17:33:34.386  2577  2723 E KernelCpuSpeedReader: Failed to read cpu-freq: /sys/devices/system/cpu/cpu0/cpufreq/stats/time_in_state (No such file or directory)
06-10 17:33:34.386  2577  2723 E KernelCpuSpeedReader: Failed to read cpu-freq: /sys/devices/system/cpu/cpu4/cpufreq/stats/time_in_state (No such file or directory)
06-10 17:33:36.054  1413 19726 I chatty  : uid=1000(system) Binder:1413_1F expire 12 lines
06-10 17:33:36.063  1413  1413 I chatty  : uid=1000 system_server expire 20 lines
06-10 17:33:36.205  1413 13890 I chatty  : uid=1000(system) Binder:1413_1C expire 21 lines
06-10 17:33:41.034  1413  1936 I chatty  : uid=1000(system) ActivityManager expire 8 lines
06-10 17:33:43.734  1413  2267 I chatty  : uid=1000(system) StatisticsCHRMs expire 4 lines
06-10 17:35:34.459  2577  2723 E KernelCpuSpeedReader: Failed to read cpu-freq: /sys/devices/system/cpu/cpu0/cpufreq/stats/time_in_state (No such file or directory)
06-10 17:35:34.459  2577  2723 E KernelCpuSpeedReader: Failed to read cpu-freq: /sys/devices/system/cpu/cpu4/cpufreq/stats/time_in_state (No such file or directory)
06-10 17:35:40.944  1413  7249 I chatty  : uid=1000(system) Binder:1413_15 expire 1 line
06-10 17:35:42.226  1413  2366 I chatty  : uid=1000(system) Binder:1413_5 expire 7 lines
06-10 17:36:43.638  1413 13890 I chatty  : uid=1000(system) Binder:1413_1C expire 23 lines
06-10 17:36:56.151  1413  2366 I chatty  : uid=1000(system) Binder:1413_5 expire 5 lines
06-10 17:36:56.205  1413  1413 I chatty  : uid=1000 system_server expire 10 lines
06-10 17:36:56.270  1413  1928 I chatty  : uid=1000(system) android.bg expire 6 lines
06-10 17:36:56.307 13086 13086 D ActivityThread: Attach thread to application
06-10 17:36:56.330  1413  2193 I chatty  : uid=1000(system) NetdConnector expire 10 lines
06-10 17:36:57.147  1413 13890 I chatty  : uid=1000(system) Binder:1413_1C expire 16 lines
06-10 17:36:57.147  1413  2217 I chatty  : uid=1000(system) ConnectivitySer expire 21 lines
06-10 17:36:57.316 13086 13137 W PackageParser: Unknown element under <manifest>: queries at /data/user_de/0/com.huawei.android.hsf/modules/external/huawei_module_networkkit/70001303/com.huawei.hms.networkkit-70001303.apk Binary XML file line #14
06-10 17:36:57.317  1413  2575 I chatty  : uid=1000(system) Binder:1413_9 expire 15 lines
06-10 17:37:00.228  1413  2467 I chatty  : uid=1000(system) watchdog expire 8 lines
06-10 17:37:00.901  1413  1936 I chatty  : uid=1000(system) ActivityManager expire 10 lines
06-10 17:37:01.416  1413  2196 I chatty  : uid=1000(system) NetworkPolicy expire 1 line
06-10 17:37:18.527  1413  1979 I chatty  : uid=1000(system) android.fg expire 7 lines
06-10 17:37:34.527  2577  2723 E KernelCpuSpeedReader: Failed to read cpu-freq: /sys/devices/system/cpu/cpu0/cpufreq/stats/time_in_state (No such file or directory)
06-10 17:37:34.528  2577  2723 E KernelCpuSpeedReader: Failed to read cpu-freq: /sys/devices/system/cpu/cpu4/cpufreq/stats/time_in_state (No such file or directory)
06-10 17:37:34.613  1413  2575 I chatty  : uid=1000(system) Binder:1413_9 expire 3 lines
06-10 17:37:34.646  1413 19732 I chatty  : uid=1000(system) Binder:1413_20 expire 14 lines
06-10 17:37:34.646  1413  2217 I chatty  : uid=1000(system) ConnectivitySer expire 3 lines
06-10 17:37:34.646  1413  2602 I chatty  : uid=1000(system) Binder:1413_B expire 23 lines
06-10 17:37:35.153  1413  1413 I chatty  : uid=1000 system_server expire 11 lines
06-10 17:39:34.639  2577  2723 E KernelCpuSpeedReader: Failed to read cpu-freq: /sys/devices/system/cpu/cpu0/cpufreq/stats/time_in_state (No such file or directory)
