06-10 17:39:34.640  2577  2723 E KernelCpuSpeedReader: Failed to read cpu-freq: /sys/devices/system/cpu/cpu4/cpufreq/stats/time_in_state (No such file or directory)
06-10 17:39:44.259  1413 13890 I chatty  : uid=1000(system) Binder:1413_1C expire 18 lines
06-10 17:39:44.276  1413  1413 I chatty  : uid=1000 system_server expire 10 lines
06-10 17:39:51.883  1413 19732 I chatty  : uid=1000(system) Binder:1413_20 expire 11 lines
06-10 17:39:51.916  1413  2602 I chatty  : uid=1000(system) Binder:1413_B expire 1 line
06-10 17:39:56.858  1413  1936 I chatty  : uid=1000(system) ActivityManager expire 5 lines
06-10 17:40:26.206  1413  2193 I chatty  : uid=1000(system) NetdConnector expire 6 lines
06-10 17:40:54.985  1413  2559 I chatty  : uid=1000(system) Binder:1413_7 expire 21 lines
06-10 17:40:59.848  1413  1936 I chatty  : uid=1000(system) ActivityManager expire 2 lines
06-10 17:41:00.258  1413  2467 I chatty  : uid=1000(system) watchdog expire 3 lines
06-10 17:41:18.961  1413  1413 I chatty  : uid=1000 system_server expire 14 lines
06-10 17:41:34.708  2577  2723 E KernelCpuSpeedReader: Failed to read cpu-freq: /sys/devices/system/cpu/cpu0/cpufreq/stats/time_in_state (No such file or directory)
06-10 17:41:34.709  2577  2723 E KernelCpuSpeedReader: Failed to read cpu-freq: /sys/devices/system/cpu/cpu4/cpufreq/stats/time_in_state (No such file or directory)
06-10 17:41:57.965  1413 19726 I chatty  : uid=1000(system) Binder:1413_1F expire 5 lines
06-10 17:41:57.977  1413 13890 I chatty  : uid=1000(system) Binder:1413_1C expire 4 lines
06-10 17:41:58.085  1413  4691 I chatty  : uid=1000(system) Binder:1413_11 expire 40 lines
06-10 17:42:00.196  1413  2186 I chatty  : uid=1000(system) InputReader expire 9 lines
06-10 17:42:00.222  1413  1998 I chatty  : uid=1000(system) PowerManagerSer expire 10 lines
06-10 17:42:00.240  1413  2188 I chatty  : uid=1000(system) StorageManagerS expire 1 line
06-10 17:42:00.242   595   598 I vold    : TrimTask running tasks: 0
06-10 17:42:00.243  1413  2190 I chatty  : uid=1000(system) VoldConnector expire 1 line
06-10 17:42:00.244  1413 19732 I chatty  : uid=1000(system) Binder:1413_20 expire 44 lines
06-10 17:42:00.245  2577  2723 E KernelCpuSpeedReader: Failed to read cpu-freq: /sys/devices/system/cpu/cpu0/cpufreq/stats/time_in_state (No such file or directory)
06-10 17:42:00.245  2577  2723 E KernelCpuSpeedReader: Failed to read cpu-freq: /sys/devices/system/cpu/cpu4/cpufreq/stats/time_in_state (No such file or directory)
06-10 17:42:00.258  1413  2214 I chatty  : uid=1000(system) WifiP2pService expire 10 lines
06-10 17:42:00.292  2564  2729 I DeepNoDisturbP: handleStateChanged reason=2
06-10 17:42:00.292  2564  2729 I DeepNoDisturbSM: setScreenState isScreenOn=true
06-10 17:42:00.292  2564  2564 I DeepNoDisturbSM: IdleState processMessage msg.what=EVENT_SCREEN_ON
06-10 17:42:00.295  2564  2564 I DeepNoDisturbSM: isWifiConnected = true
06-10 17:42:00.297  1413  1928 I chatty  : uid=1000(system) android.bg expire 2 lines
06-10 17:42:00.300  2564  2564 I DeepNoDisturbSM: isNetworkTypeSuitDeepNoDisturbMode networkType = 0
06-10 17:42:00.300  2564  2564 I DeepNoDisturbSM: isCorrectState=true mIsCallOn=false mGameStatus=0 defaultDataSubId=0 default4GSlotId=0 mIsDefaultDataOn=false mIsScreenOn=true deepNoDisturbModeProp=true isDeepNoDisturbSwitchOn=false isGameDndSwitchOn=true isNetworkTypeSuitDeepNoDisturbMode=false isAirplaneModeOn()=true
06-10 17:42:00.300  2564  2564 I DeepNoDisturbSM: isNeedEnterDeepNoDisturbMode false
06-10 17:42:00.301  2564  2564 D HwGameAssistantService: ScreenOnReceiver
06-10 17:42:00.315  1413  2199 I chatty  : uid=1000(system) WifiStateMachin expire 1 line
06-10 17:42:00.342  1413  2135 I chatty  : uid=1000(system) android.anim expire 23 lines
06-10 17:42:00.344  1413  1413 I chatty  : uid=1000 system_server expire 8 lines
06-10 17:42:00.353  1413  2193 I chatty  : uid=1000(system) NetdConnector expire 6 lines
06-10 17:42:00.355  1413  1981 I chatty  : uid=1000(system) android.display expire 2 lines
06-10 17:42:00.359  1413  1979 I chatty  : uid=1000(system) android.fg expire 1 line
06-10 17:42:00.437  1413  2212 I chatty  : uid=1000(system) WifiScanningSer expire 2 lines
06-10 17:42:00.530  1413  1937 I chatty  : uid=1000(system) android.ui expire 1 line
06-10 17:42:01.147  1413  2601 I chatty  : uid=1000(system) Binder:1413_A expire 6 lines
06-10 17:42:01.148  1413  1985 I chatty  : uid=1000(system) HwGameAssistant expire 1 line
06-10 17:42:01.148  1413  1932 I chatty  : uid=1000(system) HwActivityManag expire 9 lines
06-10 17:42:01.200  2349  2349 V KeyguardDisplayManager: hide
06-10 17:42:01.206  2349  2349 V KeyguardViewMediator: updateInputRestrictedLocked 1 isInputApp = false, inputRestricted = false
06-10 17:42:01.208  1413  2375 I chatty  : uid=1000(system) Binder:1413_6 expire 1 line
06-10 17:42:03.544  1413 13442 I chatty  : uid=1000 system_server expire 1 line
06-10 17:42:03.576 13443 13443 D ActivityThread: Attach thread to application
06-10 17:42:03.622  2349  2349 V ActivityThread: systemui config :{1.0 ?mcc?mnc [zh_CN_#Hans] ldltr sw360dp w720dp h332dp 320dpi nrml long land finger -keyb/v/h -nav/h appBounds=Rect(0, 0 - 1441, 720) nonFullScreen=0 suim:1 s.88} mConfiguration:{1.0 ?mcc?mnc [zh_CN_#Hans] ldltr sw360dp w360dp h692dp 320dpi nrml long port finger -keyb/v/h -nav/h appBounds=Rect(0, 0 - 720, 1440) nonFullScreen=0 suim:1 s.87} compat:null called by android.app.ActivityThread$H.handleMessage:2157 
06-10 17:42:03.622  2349  2349 V ActivityThread: systemui diff:1152
06-10 17:42:03.622  2349  2349 V ActivityThread: systemui pendingconfig:{1.0 ?mcc?mnc [zh_CN_#Hans] ldltr sw360dp w720dp h332dp 320dpi nrml long land finger -keyb/v/h -nav/h appBounds=Rect(0, 0 - 1441, 720) nonFullScreen=0 suim:1 s.88}
06-10 17:42:03.693  2577  2723 E KernelCpuSpeedReader: Failed to read cpu-freq: /sys/devices/system/cpu/cpu0/cpufreq/stats/time_in_state (No such file or directory)
06-10 17:42:03.693  2577  2723 E KernelCpuSpeedReader: Failed to read cpu-freq: /sys/devices/system/cpu/cpu4/cpufreq/stats/time_in_state (No such file or directory)
06-10 17:42:03.708  1413  1980 I chatty  : uid=1000(system) android.io expire 1 line
06-10 17:42:03.709  1413  2602 I chatty  : uid=1000(system) Binder:1413_B expire 5 lines
06-10 17:42:03.732  2508  3120 I HwNetworkPolicyManager: getHwUidPolicy uid = 10314 policy = 0
06-10 17:42:03.755  1413  2916 I chatty  : uid=1000(system) Binder:1413_D expire 4 lines
06-10 17:42:03.770  1413  3112 I chatty  : uid=1000(system) Binder:1413_E expire 35 lines
06-10 17:42:03.884  1413  2916 I chatty  : uid=1000(system) Binder:1413_D expire 28 lines
06-10 17:42:04.002  1413  1447 I chatty  : uid=1000(system) Binder:1413_2 expire 32 lines
06-10 17:42:04.063  1413  2602 I chatty  : uid=1000(system) Binder:1413_B expire 6 lines
06-10 17:42:04.071 13443 13443 W PackageParser: Unknown element under <manifest>: queries at /data/user/0/com.maxgames.stickwar3/app_mod/plugin/mod.apk Binary XML file line #11
06-10 17:42:04.240 13443 13443 V ActivityThread: Config is null for app:com.maxgames.stickwar3
06-10 17:42:04.253 13443 13443 V ActivityThread: callActivityOnCreate
06-10 17:42:04.339 13443 13443 D ActivityThread: add activity client record, r= ActivityRecord{9015301 token=android.os.BinderProxy@3b156ff {com.maxgames.stickwar3/com.unity3d.player.UnityPlayerActivity}} token= android.os.BinderProxy@3b156ff
06-10 17:42:04.366  1413  1985 I chatty  : uid=1000(system) HwGameAssistant expire 1 line
06-10 17:42:04.367  1413  1932 I chatty  : uid=1000(system) HwActivityManag expire 3 lines
06-10 17:42:04.390  2349  8956 I CommandQueue: updateBarBgColor
06-10 17:42:04.390  2349  8956 D CommandQueue: CommandQueue, setBarBackgroundColor
06-10 17:42:04.392  1413  1413 I chatty  : uid=1000 system_server expire 4 lines
06-10 17:42:04.499  1413  2135 I chatty  : uid=1000(system) android.anim expire 19 lines
06-10 17:42:04.538  1413  1981 I chatty  : uid=1000(system) android.display expire 1 line
06-10 17:42:05.033   595   598 D VoldCmdListener: volume mkdirs /storage/emulated/0/Android/obb/com.maxgames.stickwar3/
06-10 17:42:05.035  1413  2190 I chatty  : uid=1000(system) VoldConnector expire 1 line
06-10 17:42:06.381 13443 13507 E SchedPolicy: set_timerslack_ns write failed: Operation not permitted
06-10 17:42:06.401 13443 13507 I chatty  : uid=10314(com.maxgames.stickwar3) identical 14 lines
06-10 17:42:06.402 13443 13507 E SchedPolicy: set_timerslack_ns write failed: Operation not permitted
06-10 17:42:17.841  1413  1937 I chatty  : uid=1000(system) android.ui expire 40 lines
06-10 17:42:19.788 13729 13729 D ActivityThread: Attach thread to application
06-10 17:42:20.500  1413  3112 I chatty  : uid=1000(system) Binder:1413_E expire 3 lines
06-10 17:42:20.588  1413  1447 I chatty  : uid=1000(system) Binder:1413_2 expire 12 lines
06-10 17:42:20.719  1413  3112 I chatty  : uid=1000(system) Binder:1413_E expire 15 lines
06-10 17:42:20.726  1413  2602 I chatty  : uid=1000(system) Binder:1413_B expire 34 lines
06-10 17:42:20.778 13786 13786 D ActivityThread: Attach thread to application
06-10 17:42:22.102 13821 13821 D ActivityThread: Attach thread to application
06-10 17:42:22.507 13821 13821 W ViewRootImpl[Toast]: EGLdebug relayoutWindow Surface isSurface(name=null)  (appName =com.huawei.HwMultiScreenShot) ( mSurfaceControllerIsValid =false) (mNativeObject  =0)/@0x37dc475,viewVisibility is0
06-10 17:42:22.539 13821 13821 W ViewRootImpl[Toast]: EGLdebug relayoutWindow Surface isSurface(name=null)  (appName =com.huawei.HwMultiScreenShot) ( mSurfaceControllerIsValid =true) (mNativeObject  =755e47e000)/@0x37dc475,relayoutResult is7
06-10 17:42:24.448  1413  1413 I chatty  : uid=1000 system_server expire 11 lines
06-10 17:42:24.531  1413  2135 I chatty  : uid=1000(system) android.anim expire 7 lines
06-10 17:42:25.538  1413  2227 I chatty  : uid=1000(system) AudioService expire 1 line
06-10 17:42:30.168  1413  1998 I chatty  : uid=1000(system) PowerManagerSer expire 2 lines
06-10 17:42:30.264  1413  2467 I chatty  : uid=1000(system) watchdog expire 7 lines
06-10 17:42:34.508  1413  2916 I chatty  : uid=1000(system) Binder:1413_D expire 11 lines
06-10 17:43:18.487  2349  2363 I CommandQueue: updateBarBgColor
06-10 17:43:18.487  2349  2363 D CommandQueue: CommandQueue, setBarBackgroundColor
06-10 17:43:18.831  1413  1413 I chatty  : uid=1000 system_server expire 19 lines
06-10 17:43:20.228  1413  2916 I chatty  : uid=1000(system) Binder:1413_D expire 2 lines
06-10 17:43:20.691  1413  6886 I chatty  : uid=1000(system) Binder:1413_14 expire 2 lines
06-10 17:43:20.692  2349  2371 I CommandQueue: updateBarBgColor
06-10 17:43:20.692  2349  2371 D CommandQueue: CommandQueue, setBarBackgroundColor
06-10 17:43:25.602  1413  1447 I chatty  : uid=1000(system) Binder:1413_2 expire 12 lines
06-10 17:43:26.800  1413  2602 I chatty  : uid=1000(system) Binder:1413_B expire 11 lines
06-10 17:43:34.778  2577  2723 E KernelCpuSpeedReader: Failed to read cpu-freq: /sys/devices/system/cpu/cpu0/cpufreq/stats/time_in_state (No such file or directory)
06-10 17:43:34.779  2577  2723 E KernelCpuSpeedReader: Failed to read cpu-freq: /sys/devices/system/cpu/cpu4/cpufreq/stats/time_in_state (No such file or directory)
06-10 17:43:34.790  2577  2723 E KernelCpuSpeedReader: Failed to read cpu-freq: /sys/devices/system/cpu/cpu0/cpufreq/stats/time_in_state (No such file or directory)
06-10 17:43:34.791  2577  2723 E KernelCpuSpeedReader: Failed to read cpu-freq: /sys/devices/system/cpu/cpu4/cpufreq/stats/time_in_state (No such file or directory)
06-10 17:43:43.320 13443 13443 E ActivityThread: Failed to find provider info for com.huawei.hiaction.provider.HiActionManagerProvider
06-10 17:43:46.516 13443 13443 I chatty  : uid=10314(com.maxgames.stickwar3) identical 1 line
06-10 17:43:52.598 13443 13443 E ActivityThread: Failed to find provider info for com.huawei.hiaction.provider.HiActionManagerProvider
06-10 17:44:00.243  2577  2723 E KernelCpuSpeedReader: Failed to read cpu-freq: /sys/devices/system/cpu/cpu0/cpufreq/stats/time_in_state (No such file or directory)
06-10 17:44:00.244  2577  2723 E KernelCpuSpeedReader: Failed to read cpu-freq: /sys/devices/system/cpu/cpu4/cpufreq/stats/time_in_state (No such file or directory)
06-10 17:45:17.882  1413  2141 I chatty  : uid=1000(system) UEventObserver expire 4 lines
06-10 17:45:17.917  1413  1936 I chatty  : uid=1000(system) ActivityManager expire 2 lines
06-10 17:45:17.969  1413  1950 I chatty  : uid=1000(system) batterystats-wo expire 6 lines
06-10 17:45:31.700  1413  1447 I chatty  : uid=1000(system) Binder:1413_2 expire 16 lines
06-10 17:45:34.871  2577  2723 E KernelCpuSpeedReader: Failed to read cpu-freq: /sys/devices/system/cpu/cpu0/cpufreq/stats/time_in_state (No such file or directory)
06-10 17:45:34.871  2577  2723 E KernelCpuSpeedReader: Failed to read cpu-freq: /sys/devices/system/cpu/cpu4/cpufreq/stats/time_in_state (No such file or directory)
06-10 17:45:34.882  2577  2723 E KernelCpuSpeedReader: Failed to read cpu-freq: /sys/devices/system/cpu/cpu0/cpufreq/stats/time_in_state (No such file or directory)
06-10 17:45:34.882  2577  2723 E KernelCpuSpeedReader: Failed to read cpu-freq: /sys/devices/system/cpu/cpu4/cpufreq/stats/time_in_state (No such file or directory)
06-10 17:46:00.002  1413  1413 I chatty  : uid=1000 system_server expire 17 lines
06-10 17:46:00.275  1413  2467 I chatty  : uid=1000(system) watchdog expire 10 lines
06-10 17:46:00.289  2577  2723 E KernelCpuSpeedReader: Failed to read cpu-freq: /sys/devices/system/cpu/cpu0/cpufreq/stats/time_in_state (No such file or directory)
06-10 17:46:00.290  2577  2723 E KernelCpuSpeedReader: Failed to read cpu-freq: /sys/devices/system/cpu/cpu4/cpufreq/stats/time_in_state (No such file or directory)
06-10 17:46:11.232  1413  2602 I chatty  : uid=1000(system) Binder:1413_B expire 10 lines
06-10 17:46:17.981  1413  2916 I chatty  : uid=1000(system) Binder:1413_D expire 14 lines
06-10 17:46:58.504  1413  2193 I chatty  : uid=1000(system) NetdConnector expire 12 lines
06-10 17:46:58.508  1413  1979 I chatty  : uid=1000(system) android.fg expire 3 lines
06-10 17:47:18.026  1413  6886 I chatty  : uid=1000(system) Binder:1413_14 expire 10 lines
06-10 17:47:18.987  1413  2195 I chatty  : uid=1000(system) NetworkStats expire 7 lines
06-10 17:47:25.515  1413  2141 I chatty  : uid=1000(system) UEventObserver expire 10 lines
06-10 17:47:25.539  1413  1936 I chatty  : uid=1000(system) ActivityManager expire 2 lines
06-10 17:47:34.935  2577  2723 E KernelCpuSpeedReader: Failed to read cpu-freq: /sys/devices/system/cpu/cpu0/cpufreq/stats/time_in_state (No such file or directory)
06-10 17:47:34.936  2577  2723 E KernelCpuSpeedReader: Failed to read cpu-freq: /sys/devices/system/cpu/cpu4/cpufreq/stats/time_in_state (No such file or directory)
06-10 17:47:34.945  2577  2723 E KernelCpuSpeedReader: Failed to read cpu-freq: /sys/devices/system/cpu/cpu0/cpufreq/stats/time_in_state (No such file or directory)
06-10 17:47:34.945  2577  2723 E KernelCpuSpeedReader: Failed to read cpu-freq: /sys/devices/system/cpu/cpu4/cpufreq/stats/time_in_state (No such file or directory)
06-10 17:47:40.771  1413  2602 I chatty  : uid=1000(system) Binder:1413_B expire 11 lines
06-10 17:47:40.899  1413  2135 I chatty  : uid=1000(system) android.anim expire 8 lines
06-10 17:47:42.449  2349 19727 I CommandQueue: updateBarBgColor
06-10 17:47:42.450  2349 19727 D CommandQueue: CommandQueue, setBarBackgroundColor
06-10 17:47:43.352  1413  1413 I chatty  : uid=1000 system_server expire 15 lines
06-10 17:47:58.931 13443 13507 E SchedPolicy: set_timerslack_ns write failed: Operation not permitted
06-10 17:48:00.334  2577  2723 E KernelCpuSpeedReader: Failed to read cpu-freq: /sys/devices/system/cpu/cpu0/cpufreq/stats/time_in_state (No such file or directory)
06-10 17:48:00.334  2577  2723 E KernelCpuSpeedReader: Failed to read cpu-freq: /sys/devices/system/cpu/cpu4/cpufreq/stats/time_in_state (No such file or directory)
06-10 17:48:28.399 13443 13507 E SchedPolicy: set_timerslack_ns write failed: Operation not permitted
06-10 17:48:28.569 13443 13507 I chatty  : uid=10314(com.maxgames.stickwar3) identical 18 lines
06-10 17:48:28.570 13443 13507 E SchedPolicy: set_timerslack_ns write failed: Operation not permitted
06-10 17:48:30.367 13443 13507 E SchedPolicy: set_timerslack_ns write failed: Operation not permitted
06-10 17:48:31.996 13443 13507 E SchedPolicy: set_timerslack_ns write failed: Operation not permitted
06-10 17:48:53.116 13443 13507 E SchedPolicy: set_timerslack_ns write failed: Operation not permitted
06-10 17:48:53.369 13443 13507 E SchedPolicy: set_timerslack_ns write failed: Operation not permitted
06-10 17:48:56.553  1413  2916 I chatty  : uid=1000(system) Binder:1413_D expire 4 lines
06-10 17:49:34.995  2577  2723 E KernelCpuSpeedReader: Failed to read cpu-freq: /sys/devices/system/cpu/cpu0/cpufreq/stats/time_in_state (No such file or directory)
06-10 17:49:34.996  2577  2723 E KernelCpuSpeedReader: Failed to read cpu-freq: /sys/devices/system/cpu/cpu4/cpufreq/stats/time_in_state (No such file or directory)
06-10 17:49:35.008  2577  2723 E KernelCpuSpeedReader: Failed to read cpu-freq: /sys/devices/system/cpu/cpu0/cpufreq/stats/time_in_state (No such file or directory)
06-10 17:49:35.008  2577  2723 E KernelCpuSpeedReader: Failed to read cpu-freq: /sys/devices/system/cpu/cpu4/cpufreq/stats/time_in_state (No such file or directory)
06-10 17:49:41.383 13443 13443 E ActivityThread: Failed to find provider info for com.huawei.hiaction.provider.HiActionManagerProvider
06-10 17:49:43.889 13443 13443 I chatty  : uid=10314(com.maxgames.stickwar3) identical 3 lines
06-10 17:49:53.262 13443 13443 E ActivityThread: Failed to find provider info for com.huawei.hiaction.provider.HiActionManagerProvider
06-10 17:50:00.002  1413  1413 I chatty  : uid=1000 system_server expire 10 lines
06-10 17:50:00.108  1413  1447 I chatty  : uid=1000(system) Binder:1413_2 expire 4 lines
06-10 17:50:00.379  2577  2723 E KernelCpuSpeedReader: Failed to read cpu-freq: /sys/devices/system/cpu/cpu0/cpufreq/stats/time_in_state (No such file or directory)
06-10 17:50:00.380  2577  2723 E KernelCpuSpeedReader: Failed to read cpu-freq: /sys/devices/system/cpu/cpu4/cpufreq/stats/time_in_state (No such file or directory)
06-10 17:50:13.964 13443 13443 E ActivityThread: Failed to find provider info for com.huawei.hiaction.provider.HiActionManagerProvider
06-10 17:50:15.591  1413 14727 I chatty  : uid=1000 system_server expire 4 lines
06-10 17:50:15.596  1413  2248 I chatty  : uid=1000(system) iaware.clean expire 4 lines
06-10 17:50:15.661  1413  6886 I chatty  : uid=1000(system) Binder:1413_14 expire 4 lines
06-10 17:50:15.661  1413  2559 I chatty  : uid=1000(system) Binder:1413_7 expire 1 line
06-10 17:50:15.662  1413  2217 I chatty  : uid=1000(system) ConnectivitySer expire 28 lines
06-10 17:50:15.685  1413  7249 I chatty  : uid=1000(system) Binder:1413_15 expire 4 lines
06-10 17:50:15.691  1413  1981 I chatty  : uid=1000(system) android.display expire 1 line
06-10 17:50:16.071 14728 14728 D ActivityThread: Attach thread to application
06-10 17:50:17.480 14728 14787 W PackageParser: Unknown element under <manifest>: queries at /data/app/com.huawei.search-TcEfJz_iGNBwSb1O8DYNIQ==/base.apk Binary XML file line #225
06-10 17:50:17.480 14728 14787 W PackageParser: Unknown element under <manifest>: meta-data at /data/app/com.huawei.search-TcEfJz_iGNBwSb1O8DYNIQ==/base.apk Binary XML file line #279
06-10 17:50:26.109  1413  1413 I chatty  : uid=1000 system_server expire 10 lines
06-10 17:50:36.879  1413  2141 I chatty  : uid=1000(system) UEventObserver expire 8 lines
06-10 17:50:36.889  1413  6886 I chatty  : uid=1000(system) Binder:1413_14 expire 10 lines
06-10 17:50:36.896  1413  1936 I chatty  : uid=1000(system) ActivityManager expire 4 lines
06-10 17:50:36.932  1413  1950 I chatty  : uid=1000(system) batterystats-wo expire 4 lines
06-10 17:51:00.095  1413  1447 I chatty  : uid=1000(system) Binder:1413_2 expire 11 lines
06-10 17:51:00.162 13443 13443 E ActivityThread: Failed to find provider info for com.huawei.hiaction.provider.HiActionManagerProvider
06-10 17:51:00.291  1413  2467 I chatty  : uid=1000(system) watchdog expire 8 lines
06-10 17:51:00.832 13443 13443 E ActivityThread: Failed to find provider info for com.huawei.hiaction.provider.HiActionManagerProvider
06-10 17:51:12.877 13443 13443 E ActivityThread: Failed to find provider info for com.huawei.hiaction.provider.HiActionManagerProvider
06-10 17:51:23.620 13443 13443 E ActivityThread: Failed to find provider info for com.huawei.hiaction.provider.HiActionManagerProvider
06-10 17:51:30.059  1413  1413 I chatty  : uid=1000 system_server expire 14 lines
06-10 17:51:35.077  2577  2723 E KernelCpuSpeedReader: Failed to read cpu-freq: /sys/devices/system/cpu/cpu0/cpufreq/stats/time_in_state (No such file or directory)
06-10 17:51:35.077  2577  2723 E KernelCpuSpeedReader: Failed to read cpu-freq: /sys/devices/system/cpu/cpu4/cpufreq/stats/time_in_state (No such file or directory)
06-10 17:51:35.086  2577  2723 E KernelCpuSpeedReader: Failed to read cpu-freq: /sys/devices/system/cpu/cpu0/cpufreq/stats/time_in_state (No such file or directory)
06-10 17:51:35.086  2577  2723 E KernelCpuSpeedReader: Failed to read cpu-freq: /sys/devices/system/cpu/cpu4/cpufreq/stats/time_in_state (No such file or directory)
06-10 17:51:39.277 13443 13443 E ActivityThread: Failed to find provider info for com.huawei.hiaction.provider.HiActionManagerProvider
06-10 17:52:00.419  2577  2723 E KernelCpuSpeedReader: Failed to read cpu-freq: /sys/devices/system/cpu/cpu0/cpufreq/stats/time_in_state (No such file or directory)
06-10 17:52:00.419  2577  2723 E KernelCpuSpeedReader: Failed to read cpu-freq: /sys/devices/system/cpu/cpu4/cpufreq/stats/time_in_state (No such file or directory)
06-10 17:52:02.487 13443 13507 E SchedPolicy: set_timerslack_ns write failed: Operation not permitted
06-10 17:52:02.490 13443 13507 E SchedPolicy: set_timerslack_ns write failed: Operation not permitted
06-10 17:52:11.373 13443 13443 E ActivityThread: Failed to find provider info for com.huawei.hiaction.provider.HiActionManagerProvider
06-10 17:52:31.974  1413  7249 I chatty  : uid=1000(system) Binder:1413_15 expire 11 lines
06-10 17:52:44.408  1413  2559 I chatty  : uid=1000(system) Binder:1413_7 expire 20 lines
06-10 17:53:35.153  2577  2723 E KernelCpuSpeedReader: Failed to read cpu-freq: /sys/devices/system/cpu/cpu0/cpufreq/stats/time_in_state (No such file or directory)
06-10 17:53:35.153  2577  2723 E KernelCpuSpeedReader: Failed to read cpu-freq: /sys/devices/system/cpu/cpu4/cpufreq/stats/time_in_state (No such file or directory)
06-10 17:53:35.168  2577  2723 E KernelCpuSpeedReader: Failed to read cpu-freq: /sys/devices/system/cpu/cpu0/cpufreq/stats/time_in_state (No such file or directory)
06-10 17:53:35.168  2577  2723 E KernelCpuSpeedReader: Failed to read cpu-freq: /sys/devices/system/cpu/cpu4/cpufreq/stats/time_in_state (No such file or directory)
06-10 17:53:36.661  1413  1447 I chatty  : uid=1000(system) Binder:1413_2 expire 28 lines
06-10 17:53:36.669   881   915 E SchedPolicy: set_timerslack_ns write failed: No such process
06-10 17:53:38.272  1413  1413 I chatty  : uid=1000 system_server expire 6 lines
06-10 17:53:50.311 13443 13507 E SchedPolicy: set_timerslack_ns write failed: Operation not permitted
06-10 17:53:50.485  1413  2559 I chatty  : uid=1000(system) Binder:1413_7 expire 3 lines
06-10 17:53:50.578 13443 13507 E SchedPolicy: set_timerslack_ns write failed: Operation not permitted
06-10 17:54:00.105  1413  7249 I chatty  : uid=1000(system) Binder:1413_15 expire 24 lines
06-10 17:54:00.460  2577  2723 E KernelCpuSpeedReader: Failed to read cpu-freq: /sys/devices/system/cpu/cpu0/cpufreq/stats/time_in_state (No such file or directory)
06-10 17:54:00.461  2577  2723 E KernelCpuSpeedReader: Failed to read cpu-freq: /sys/devices/system/cpu/cpu4/cpufreq/stats/time_in_state (No such file or directory)
06-10 17:54:40.795  1413  6886 I chatty  : uid=1000(system) Binder:1413_14 expire 11 lines
06-10 17:54:42.527  1413  2559 I chatty  : uid=1000(system) Binder:1413_7 expire 4 lines
06-10 17:54:42.588  1413  1413 I chatty  : uid=1000 system_server expire 10 lines
06-10 17:54:44.928 13443 13507 E SchedPolicy: set_timerslack_ns write failed: Operation not permitted
06-10 17:54:45.176 13443 13507 E SchedPolicy: set_timerslack_ns write failed: Operation not permitted
06-10 17:54:45.196  1413  1447 I chatty  : uid=1000(system) Binder:1413_2 expire 3 lines
06-10 17:54:45.240  1413  7249 I chatty  : uid=1000(system) Binder:1413_15 expire 11 lines
06-10 17:54:51.877  1413  2141 I chatty  : uid=1000(system) UEventObserver expire 4 lines
06-10 17:54:51.897  1413  1936 I chatty  : uid=1000(system) ActivityManager expire 2 lines
06-10 17:54:51.945  1413  1950 I chatty  : uid=1000(system) batterystats-wo expire 2 lines
06-10 17:55:00.303  1413  2467 I chatty  : uid=1000(system) watchdog expire 2 lines
06-10 17:55:05.290 13443 13443 E ActivityThread: Failed to find provider info for com.huawei.hiaction.provider.HiActionManagerProvider
06-10 17:55:13.987  1413 15203 I chatty  : uid=1000 system_server expire 2 lines
06-10 17:55:13.989  1413  2248 I chatty  : uid=1000(system) iaware.clean expire 2 lines
06-10 17:55:14.060  1413  2614 I chatty  : uid=1000(system) Binder:1413_C expire 1 line
06-10 17:55:14.061  1413  6886 I chatty  : uid=1000(system) Binder:1413_14 expire 12 lines
06-10 17:55:14.061  1413  2217 I chatty  : uid=1000(system) ConnectivitySer expire 56 lines
06-10 17:55:14.189  1413  1413 I chatty  : uid=1000 system_server expire 6 lines
06-10 17:55:14.410 15205 15205 D ActivityThread: Attach thread to application
06-10 17:55:14.679  1413  8373 I chatty  : uid=1000(system) Binder:1413_18 expire 17 lines
06-10 17:55:15.544 15205 15260 W PackageParser: Unknown element under <manifest>: queries at /data/app/com.huawei.search-TcEfJz_iGNBwSb1O8DYNIQ==/base.apk Binary XML file line #225
06-10 17:55:15.545 15205 15260 W PackageParser: Unknown element under <manifest>: meta-data at /data/app/com.huawei.search-TcEfJz_iGNBwSb1O8DYNIQ==/base.apk Binary XML file line #279
06-10 17:55:21.053  1413  1446 I chatty  : uid=1000(system) Binder:1413_1 expire 12 lines
06-10 17:55:21.402 15365 15365 D ActivityThread: Attach thread to application
06-10 17:55:21.668  1413  8379 I chatty  : uid=1000(system) Binder:1413_19 expire 13 lines
06-10 17:55:22.504 15365 15427 W PackageParser: Unknown element under <manifest>: queries at /data/app/com.huawei.search-TcEfJz_iGNBwSb1O8DYNIQ==/base.apk Binary XML file line #225
06-10 17:55:22.505 15365 15427 W PackageParser: Unknown element under <manifest>: meta-data at /data/app/com.huawei.search-TcEfJz_iGNBwSb1O8DYNIQ==/base.apk Binary XML file line #279
06-10 17:55:35.242  2577  2723 E KernelCpuSpeedReader: Failed to read cpu-freq: /sys/devices/system/cpu/cpu0/cpufreq/stats/time_in_state (No such file or directory)
06-10 17:55:35.243  2577  2723 E KernelCpuSpeedReader: Failed to read cpu-freq: /sys/devices/system/cpu/cpu4/cpufreq/stats/time_in_state (No such file or directory)
06-10 17:55:35.255  2577  2723 E KernelCpuSpeedReader: Failed to read cpu-freq: /sys/devices/system/cpu/cpu0/cpufreq/stats/time_in_state (No such file or directory)
06-10 17:55:35.255  2577  2723 E KernelCpuSpeedReader: Failed to read cpu-freq: /sys/devices/system/cpu/cpu4/cpufreq/stats/time_in_state (No such file or directory)
06-10 17:55:48.407  1413  7249 I chatty  : uid=1000(system) Binder:1413_15 expire 13 lines
06-10 17:55:51.244  1413  8379 I chatty  : uid=1000(system) Binder:1413_19 expire 21 lines
06-10 17:55:51.257  1413  1446 I chatty  : uid=1000(system) Binder:1413_1 expire 11 lines
06-10 17:55:51.970  1413  1413 I chatty  : uid=1000 system_server expire 14 lines
06-10 17:56:00.305  1413  2467 I chatty  : uid=1000(system) watchdog expire 5 lines
06-10 17:56:00.500  2577  2723 E KernelCpuSpeedReader: Failed to read cpu-freq: /sys/devices/system/cpu/cpu0/cpufreq/stats/time_in_state (No such file or directory)
06-10 17:56:00.500  2577  2723 E KernelCpuSpeedReader: Failed to read cpu-freq: /sys/devices/system/cpu/cpu4/cpufreq/stats/time_in_state (No such file or directory)
06-10 17:56:01.020   881   915 E SchedPolicy: set_timerslack_ns write failed: No such process
06-10 17:56:02.173  1413  6886 I chatty  : uid=1000(system) Binder:1413_14 expire 12 lines
06-10 17:56:02.305  1413  8373 I chatty  : uid=1000(system) Binder:1413_18 expire 13 lines
06-10 17:56:59.350  1413  2141 I chatty  : uid=1000(system) UEventObserver expire 12 lines
06-10 17:56:59.368  1413  1936 I chatty  : uid=1000(system) ActivityManager expire 3 lines
06-10 17:56:59.402  1413  1950 I chatty  : uid=1000(system) batterystats-wo expire 2 lines
06-10 17:57:09.268 13443 13507 E SchedPolicy: set_timerslack_ns write failed: Operation not permitted
06-10 17:57:09.287 13443 13507 E SchedPolicy: set_timerslack_ns write failed: Operation not permitted
06-10 17:57:35.333  2577  2723 E KernelCpuSpeedReader: Failed to read cpu-freq: /sys/devices/system/cpu/cpu0/cpufreq/stats/time_in_state (No such file or directory)
06-10 17:57:35.333  2577  2723 E KernelCpuSpeedReader: Failed to read cpu-freq: /sys/devices/system/cpu/cpu4/cpufreq/stats/time_in_state (No such file or directory)
06-10 17:57:35.342  2577  2723 E KernelCpuSpeedReader: Failed to read cpu-freq: /sys/devices/system/cpu/cpu0/cpufreq/stats/time_in_state (No such file or directory)
06-10 17:57:35.343  2577  2723 E KernelCpuSpeedReader: Failed to read cpu-freq: /sys/devices/system/cpu/cpu4/cpufreq/stats/time_in_state (No such file or directory)
06-10 17:57:55.901  1413  8379 I chatty  : uid=1000(system) Binder:1413_19 expire 1 line
06-10 17:57:55.913  1413  1413 I chatty  : uid=1000 system_server expire 11 lines
06-10 17:58:00.539  2577  2723 E KernelCpuSpeedReader: Failed to read cpu-freq: /sys/devices/system/cpu/cpu0/cpufreq/stats/time_in_state (No such file or directory)
06-10 17:58:00.539  2577  2723 E KernelCpuSpeedReader: Failed to read cpu-freq: /sys/devices/system/cpu/cpu4/cpufreq/stats/time_in_state (No such file or directory)
06-10 17:58:15.050 13443 13507 E SchedPolicy: set_timerslack_ns write failed: Operation not permitted
06-10 17:58:15.084 13443 13507 E SchedPolicy: set_timerslack_ns write failed: Operation not permitted
06-10 17:58:21.718  1413  6886 I chatty  : uid=1000(system) Binder:1413_14 expire 18 lines
06-10 17:58:21.748  1413  1932 I chatty  : uid=1000(system) HwActivityManag expire 21 lines
06-10 17:58:21.785  2577  2723 E KernelCpuSpeedReader: Failed to read cpu-freq: /sys/devices/system/cpu/cpu0/cpufreq/stats/time_in_state (No such file or directory)
06-10 17:58:21.785  2577  2723 E KernelCpuSpeedReader: Failed to read cpu-freq: /sys/devices/system/cpu/cpu4/cpufreq/stats/time_in_state (No such file or directory)
06-10 17:58:21.842  1413  1985 I chatty  : uid=1000(system) HwGameAssistant expire 3 lines
06-10 17:58:21.857  2349  2371 I CommandQueue: updateBarBgColor
06-10 17:58:21.857  2349  2371 D CommandQueue: CommandQueue, setBarBackgroundColor
06-10 17:58:21.993  1413  2135 I chatty  : uid=1000(system) android.anim expire 24 lines
06-10 17:58:22.486  2349  2363 I CommandQueue: updateBarBgColor
06-10 17:58:22.487  2349  2363 D CommandQueue: CommandQueue, setBarBackgroundColor
06-10 17:58:22.494  2577  2723 E KernelCpuSpeedReader: Failed to read cpu-freq: /sys/devices/system/cpu/cpu0/cpufreq/stats/time_in_state (No such file or directory)
06-10 17:58:22.495  2577  2723 E KernelCpuSpeedReader: Failed to read cpu-freq: /sys/devices/system/cpu/cpu4/cpufreq/stats/time_in_state (No such file or directory)
06-10 17:58:22.521  1413  1446 I chatty  : uid=1000(system) Binder:1413_1 expire 17 lines
06-10 17:58:22.554  1413  7249 I chatty  : uid=1000(system) Binder:1413_15 expire 8 lines
06-10 17:58:22.625  1413  1447 I chatty  : uid=1000(system) Binder:1413_2 expire 1 line
06-10 17:58:22.810 13443 13443 W ViewRootImpl[UnityPlayerActivity]: hasFocus:false, stopped:true, isAmbientModefalse, pausedForTransitionfalse
06-10 17:58:22.810 13443 13443 W ViewRootImpl[UnityPlayerActivity]: Dropping event due to no window focus: MotionEvent { action=ACTION_MOVE, actionButton=0, id[0]=0, x[0]=1339.0, y[0]=602.0, toolType[0]=TOOL_TYPE_FINGER, buttonState=0, metaState=0, flags=0x2, edgeFlags=0x0, pointerCount=1, historySize=11, eventTime=219310838, downTime=219310711, deviceId=5, source=0x1002 }
06-10 17:58:22.810 13443 13443 W ViewRootImpl[UnityPlayerActivity]: hasFocus:false, stopped:true, isAmbientModefalse, pausedForTransitionfalse
06-10 17:58:22.811 13443 13443 W ViewRootImpl[UnityPlayerActivity]: Cancelling event due to no window focus: MotionEvent { action=ACTION_CANCEL, actionButton=0, id[0]=0, x[0]=1339.0, y[0]=602.0, toolType[0]=TOOL_TYPE_FINGER, buttonState=0, metaState=0, flags=0x2, edgeFlags=0x0, pointerCount=1, historySize=0, eventTime=219310846, downTime=219310711, deviceId=5, source=0x1002 }
06-10 17:58:22.811 13443 13443 W ViewRootImpl[UnityPlayerActivity]: hasFocus:false, stopped:true, isAmbientModefalse, pausedForTransitionfalse
06-10 17:58:22.811 13443 13443 W ViewRootImpl[UnityPlayerActivity]: Cancelling event due to no window focus: MotionEvent { action=ACTION_CANCEL, actionButton=0, id[0]=0, x[0]=1339.0, y[0]=602.0, toolType[0]=TOOL_TYPE_FINGER, buttonState=0, metaState=0, flags=0x2, edgeFlags=0x0, pointerCount=1, historySize=0, eventTime=219310846, downTime=219310711, deviceId=5, source=0x1002 }
06-10 17:58:22.811 13443 13443 W ViewRootImpl[UnityPlayerActivity]: hasFocus:false, stopped:true, isAmbientModefalse, pausedForTransitionfalse
06-10 17:58:22.811 13443 13443 W ViewRootImpl[UnityPlayerActivity]: Cancelling event due to no window focus: MotionEvent { action=ACTION_CANCEL, actionButton=0, id[0]=0, x[0]=1339.0, y[0]=602.0, toolType[0]=TOOL_TYPE_FINGER, buttonState=0, metaState=0, flags=0x2, edgeFlags=0x0, pointerCount=1, historySize=0, eventTime=219310846, downTime=219310711, deviceId=5, source=0x1002 }
06-10 17:58:22.925  1413  8373 I chatty  : uid=1000(system) Binder:1413_18 expire 2 lines
06-10 17:58:22.938  1413  1413 I chatty  : uid=1000 system_server expire 10 lines
06-10 17:58:22.974  1413  1981 I chatty  : uid=1000(system) android.display expire 2 lines
06-10 17:58:24.176  2577  2723 E KernelCpuSpeedReader: Failed to read cpu-freq: /sys/devices/system/cpu/cpu0/cpufreq/stats/time_in_state (No such file or directory)
06-10 17:58:24.176  2577  2723 E KernelCpuSpeedReader: Failed to read cpu-freq: /sys/devices/system/cpu/cpu4/cpufreq/stats/time_in_state (No such file or directory)
06-10 17:58:24.194  1413  2141 I chatty  : uid=1000(system) UEventObserver expire 4 lines
06-10 17:58:24.253  1413  6886 I chatty  : uid=1000(system) Binder:1413_14 expire 3 lines
06-10 17:58:24.259  2349  2363 I CommandQueue: updateBarBgColor
06-10 17:58:24.259  2349  2363 D CommandQueue: CommandQueue, setBarBackgroundColor
06-10 17:58:24.335  1413  1446 I chatty  : uid=1000(system) Binder:1413_1 expire 7 lines
06-10 17:58:24.352  1413  2135 I chatty  : uid=1000(system) android.anim expire 25 lines
06-10 17:58:24.470  1413  7249 I chatty  : uid=1000(system) Binder:1413_15 expire 17 lines
06-10 17:58:25.193  1413  8373 I chatty  : uid=1000(system) Binder:1413_18 expire 22 lines
06-10 17:58:25.212  1413  1932 I chatty  : uid=1000(system) HwActivityManag expire 6 lines
06-10 17:58:25.219  2577  2723 E KernelCpuSpeedReader: Failed to read cpu-freq: /sys/devices/system/cpu/cpu0/cpufreq/stats/time_in_state (No such file or directory)
06-10 17:58:25.220  2577  2723 E KernelCpuSpeedReader: Failed to read cpu-freq: /sys/devices/system/cpu/cpu4/cpufreq/stats/time_in_state (No such file or directory)
06-10 17:58:25.232  1413  2485 I chatty  : uid=1000(system) MultiTaskManage expire 2 lines
06-10 17:58:25.291 13729 13729 V ActivityThread: systemui config :{1.0 ?mcc?mnc [zh_CN_#Hans] ldltr sw360dp w360dp h692dp 320dpi nrml long port finger -keyb/v/h -nav/h appBounds=Rect(0, 0 - 720, 1440) nonFullScreen=0 suim:1 s.89} mConfiguration:{1.0 ?mcc?mnc [zh_CN_#Hans] ldltr sw360dp w720dp h332dp 320dpi nrml long land finger -keyb/v/h -nav/h appBounds=Rect(0, 0 - 1441, 720) nonFullScreen=0 suim:1 s.88} compat:null called by android.app.ActivityThread$H.handleMessage:2157 
06-10 17:58:25.292 13729 13729 V ActivityThread: systemui diff:1152
06-10 17:58:25.292 13729 13729 V ActivityThread: systemui pendingconfig:{1.0 ?mcc?mnc [zh_CN_#Hans] ldltr sw360dp w360dp h692dp 320dpi nrml long port finger -keyb/v/h -nav/h appBounds=Rect(0, 0 - 720, 1440) nonFullScreen=0 suim:1 s.89}
06-10 17:58:25.395  1413  1980 I chatty  : uid=1000(system) android.io expire 1 line
06-10 17:58:25.407  1413  2375 I chatty  : uid=1000(system) Binder:1413_6 expire 3 lines
06-10 17:58:25.409  1413 16103 I chatty  : uid=1000 system_server expire 8 lines
06-10 17:58:25.436  1413  1936 I chatty  : uid=1000(system) ActivityManager expire 14 lines
06-10 17:58:25.475  2349  2349 V ActivityThread: systemui config :{1.0 ?mcc?mnc [zh_CN_#Hans] ldltr sw360dp w360dp h692dp 320dpi nrml long port finger -keyb/v/h -nav/h appBounds=Rect(0, 0 - 720, 1440) nonFullScreen=0 suim:1 s.89} mConfiguration:{1.0 ?mcc?mnc [zh_CN_#Hans] ldltr sw360dp w720dp h332dp 320dpi nrml long land finger -keyb/v/h -nav/h appBounds=Rect(0, 0 - 1441, 720) nonFullScreen=0 suim:1 s.88} compat:null called by android.app.ActivityThread$H.handleMessage:2157 
06-10 17:58:25.475  2349  2349 V ActivityThread: systemui diff:1152
06-10 17:58:25.475  2349  2349 V ActivityThread: systemui pendingconfig:{1.0 ?mcc?mnc [zh_CN_#Hans] ldltr sw360dp w360dp h692dp 320dpi nrml long port finger -keyb/v/h -nav/h appBounds=Rect(0, 0 - 720, 1440) nonFullScreen=0 suim:1 s.89}
06-10 17:58:25.516  1413  1937 I chatty  : uid=1000(system) android.ui expire 1 line
06-10 17:58:25.523  1413  1413 I chatty  : uid=1000 system_server expire 8 lines
06-10 17:58:25.528  1413  2146 I chatty  : uid=1000(system) Binder:1413_3 expire 1 line
06-10 17:58:25.530  2564  2564 I HwCoreAppHelperService: LocalReceiver receives:android.intent.action.PACKAGE_RESTARTED,pkg:com.maxgames.stickwar3,uid:10314
06-10 17:58:25.538  1413  2562 I chatty  : uid=1000(system) Binder:1413_8 expire 6 lines
06-10 17:58:25.539  1413  1928 I chatty  : uid=1000(system) android.bg expire 1 line
06-10 17:58:25.546  1413  2315 I chatty  : uid=1000(system) Binder:1413_4 expire 27 lines
06-10 17:58:25.546  1413  1985 I chatty  : uid=1000(system) HwGameAssistant expire 1 line
06-10 17:58:25.560  2508  3120 I HwNetworkPolicyManager: getHwUidPolicy uid = 10059 policy = 0
06-10 17:58:25.591  1413  2614 I chatty  : uid=1000(system) Binder:1413_C expire 19 lines
06-10 17:58:25.605  1413  7782 I chatty  : uid=1000(system) Binder:1413_16 expire 18 lines
06-10 17:58:25.636  2349  2363 I CommandQueue: updateBarBgColor
06-10 17:58:25.636  2349  2363 D CommandQueue: CommandQueue, setBarBackgroundColor
06-10 17:58:25.833  1413 10949 I chatty  : uid=1000(system) Binder:1413_1A expire 6 lines
06-10 17:58:25.844 16116 16116 D ActivityThread: Attach thread to application
06-10 17:58:26.055  1413  2315 I chatty  : uid=1000(system) Binder:1413_4 expire 5 lines
06-10 17:58:26.065  1413  2135 I chatty  : uid=1000(system) android.anim expire 8 lines
06-10 17:58:26.089  1413  2614 I chatty  : uid=1000(system) Binder:1413_C expire 3 lines
06-10 17:58:26.111  1413  7782 I chatty  : uid=1000(system) Binder:1413_16 expire 1 line
06-10 17:58:26.866  1413  2186 I chatty  : uid=1000(system) InputReader expire 2 lines
06-10 17:58:27.042  1413  1998 I chatty  : uid=1000(system) PowerManagerSer expire 16 lines
06-10 17:58:27.043  1413  6886 I chatty  : uid=1000(system) Binder:1413_14 expire 2 lines
06-10 17:58:27.089  1413  1936 I chatty  : uid=1000(system) ActivityManager expire 11 lines
06-10 17:58:27.109  1413  1981 I chatty  : uid=1000(system) android.display expire 2 lines
06-10 17:58:27.296  1413 19726 I chatty  : uid=1000(system) Binder:1413_1F expire 15 lines
06-10 17:58:27.314  2615  2615 V ActivityThread: Finishing stop of ActivityRecord{c03c196 token=android.os.BinderProxy@34a39c8 {com.huawei.android.launcher/com.huawei.android.launcher.unihome.UniHomeLauncher}}
06-10 17:58:27.317  1413  1446 I chatty  : uid=1000(system) Binder:1413_1 expire 4 lines
06-10 17:58:27.317  1413  7249 I chatty  : uid=1000(system) Binder:1413_15 expire 10 lines
06-10 17:58:27.321  1413  1413 I chatty  : uid=1000 system_server expire 15 lines
06-10 17:58:27.336  1413  3112 I chatty  : uid=1000(system) Binder:1413_E expire 4 lines
06-10 17:58:27.412  1413  2191 I chatty  : uid=1000(system) CryptdConnector expire 1 line
06-10 17:58:27.572  2349  2349 V KeyguardViewMediator: updateInputRestrictedLocked 1 isInputApp = false, inputRestricted = true
06-10 17:58:27.579  1413  2141 I chatty  : uid=1000(system) UEventObserver expire 4 lines
06-10 17:58:27.588  1413  8379 I chatty  : uid=1000(system) Binder:1413_19 expire 9 lines
06-10 17:58:27.596  1413  2199 I chatty  : uid=1000(system) WifiStateMachin expire 1 line
06-10 17:58:27.610  2615  2615 V ActivityThread: Handle window ActivityRecord{c03c196 token=android.os.BinderProxy@34a39c8 {com.huawei.android.launcher/com.huawei.android.launcher.unihome.UniHomeLauncher}} visibility: false
06-10 17:58:27.613  1413  2214 I chatty  : uid=1000(system) WifiP2pService expire 6 lines
06-10 17:58:27.619  2349  2349 V KeyguardStatusView: refresh statusview showing:true
06-10 17:58:27.623  2349  2349 V KeyguardDisplayManager: show
06-10 17:58:27.642  2564  2642 D AntiBruteForceProcessor: RemainingAuthenticateNum = 5
06-10 17:58:27.704  2577  2723 E KernelCpuSpeedReader: Failed to read cpu-freq: /sys/devices/system/cpu/cpu0/cpufreq/stats/time_in_state (No such file or directory)
06-10 17:58:27.704  2577  2723 E KernelCpuSpeedReader: Failed to read cpu-freq: /sys/devices/system/cpu/cpu4/cpufreq/stats/time_in_state (No such file or directory)
06-10 17:58:27.745  2564  2729 I DeepNoDisturbP: handleStateChanged reason=2
06-10 17:58:27.745  2564  2729 I DeepNoDisturbSM: setScreenState isScreenOn=false
06-10 17:58:27.746  2564  2564 I DeepNoDisturbSM: IdleState processMessage msg.what=EVENT_SCREEN_OFF
06-10 17:58:27.746  2564  2564 I DeepNoDisturbSM: IdleState: default msg.what=11
06-10 17:58:27.755  1413  1937 I chatty  : uid=1000(system) android.ui expire 1 line
06-10 17:58:27.819  1413  3369 I chatty  : uid=1000(system) HwDeviceUsageCo expire 1 line
06-10 17:58:30.313  1413  2467 I chatty  : uid=1000(system) watchdog expire 10 lines
06-10 17:59:32.440  1413  1928 I chatty  : uid=1000(system) android.bg expire 4 lines
06-10 17:59:32.569  1413  2559 I chatty  : uid=1000(system) Binder:1413_7 expire 7 lines
06-10 17:59:35.398  2577  2723 E KernelCpuSpeedReader: Failed to read cpu-freq: /sys/devices/system/cpu/cpu0/cpufreq/stats/time_in_state (No such file or directory)
06-10 17:59:35.399  2577  2723 E KernelCpuSpeedReader: Failed to read cpu-freq: /sys/devices/system/cpu/cpu4/cpufreq/stats/time_in_state (No such file or directory)
06-10 17:59:48.501  1413  2193 I chatty  : uid=1000(system) NetdConnector expire 10 lines
06-10 17:59:48.507  1413  1979 I chatty  : uid=1000(system) android.fg expire 5 lines
06-10 18:00:00.582  2577  2723 E KernelCpuSpeedReader: Failed to read cpu-freq: /sys/devices/system/cpu/cpu0/cpufreq/stats/time_in_state (No such file or directory)
06-10 18:00:00.583  2577  2723 E KernelCpuSpeedReader: Failed to read cpu-freq: /sys/devices/system/cpu/cpu4/cpufreq/stats/time_in_state (No such file or directory)
06-10 18:00:05.354  1413  1413 I chatty  : uid=1000 system_server expire 12 lines
06-10 18:01:09.044  1413 19726 I chatty  : uid=1000(system) Binder:1413_1F expire 1 line
06-10 18:01:10.311  1413  7249 I chatty  : uid=1000(system) Binder:1413_15 expire 9 lines
06-10 18:01:35.491  2577  2723 E KernelCpuSpeedReader: Failed to read cpu-freq: /sys/devices/system/cpu/cpu0/cpufreq/stats/time_in_state (No such file or directory)
06-10 18:01:35.491  2577  2723 E KernelCpuSpeedReader: Failed to read cpu-freq: /sys/devices/system/cpu/cpu4/cpufreq/stats/time_in_state (No such file or directory)
06-10 18:02:15.255  1413  1413 I chatty  : uid=1000 system_server expire 14 lines
06-10 18:02:20.271  1413  1936 I chatty  : uid=1000(system) ActivityManager expire 13 lines
06-10 18:03:13.287  1413  1950 I chatty  : uid=1000(system) batterystats-wo expire 2 lines
06-10 18:03:27.854  2577 18393 E KernelCpuSpeedReader: Failed to read cpu-freq: /sys/devices/system/cpu/cpu0/cpufreq/stats/time_in_state (No such file or directory)
06-10 18:03:27.854  2577 18393 E KernelCpuSpeedReader: Failed to read cpu-freq: /sys/devices/system/cpu/cpu4/cpufreq/stats/time_in_state (No such file or directory)
06-10 18:03:27.925  1413  2193 I chatty  : uid=1000(system) NetdConnector expire 2 lines
06-10 18:03:27.943  1413  2196 I chatty  : uid=1000(system) NetworkPolicy expire 1 line
06-10 18:03:30.345  1413  2467 I chatty  : uid=1000(system) watchdog expire 5 lines
06-10 18:03:43.943  1413  2267 I chatty  : uid=1000(system) StatisticsCHRMs expire 4 lines
06-10 18:04:18.496  1413  1413 I chatty  : uid=1000 system_server expire 12 lines
06-10 18:05:30.878  1413  1446 I chatty  : uid=1000(system) Binder:1413_1 expire 8 lines
06-10 18:05:35.588  2577  2723 E KernelCpuSpeedReader: Failed to read cpu-freq: /sys/devices/system/cpu/cpu0/cpufreq/stats/time_in_state (No such file or directory)
06-10 18:05:35.589  2577  2723 E KernelCpuSpeedReader: Failed to read cpu-freq: /sys/devices/system/cpu/cpu4/cpufreq/stats/time_in_state (No such file or directory)
06-10 18:05:35.820  1413  1936 I chatty  : uid=1000(system) ActivityManager expire 12 lines
06-10 18:06:00.365  1413  2467 I chatty  : uid=1000(system) watchdog expire 12 lines
06-10 18:06:18.616  1413  2559 I chatty  : uid=1000(system) Binder:1413_7 expire 6 lines
06-10 18:06:18.630  1413  1413 I chatty  : uid=1000 system_server expire 17 lines
06-10 18:06:32.782  1413  3112 I chatty  : uid=1000(system) Binder:1413_E expire 3 lines
06-10 18:06:32.810  1413  2193 I chatty  : uid=1000(system) NetdConnector expire 12 lines
06-10 18:06:32.813  1413  1979 I chatty  : uid=1000(system) android.fg expire 11 lines
06-10 18:06:32.886  1413  8379 I chatty  : uid=1000(system) Binder:1413_19 expire 11 lines
06-10 18:07:35.684  2577  2723 E KernelCpuSpeedReader: Failed to read cpu-freq: /sys/devices/system/cpu/cpu0/cpufreq/stats/time_in_state (No such file or directory)
06-10 18:07:35.685  2577  2723 E KernelCpuSpeedReader: Failed to read cpu-freq: /sys/devices/system/cpu/cpu4/cpufreq/stats/time_in_state (No such file or directory)
06-10 18:08:27.758  1413  1928 I chatty  : uid=1000(system) android.bg expire 5 lines
06-10 18:08:32.962  1413  2196 I chatty  : uid=1000(system) NetworkPolicy expire 1 line
06-10 18:09:35.779  2577  2723 E KernelCpuSpeedReader: Failed to read cpu-freq: /sys/devices/system/cpu/cpu0/cpufreq/stats/time_in_state (No such file or directory)
06-10 18:09:35.780  2577  2723 E KernelCpuSpeedReader: Failed to read cpu-freq: /sys/devices/system/cpu/cpu4/cpufreq/stats/time_in_state (No such file or directory)
06-10 18:09:46.487  1413  7249 I chatty  : uid=1000(system) Binder:1413_15 expire 7 lines
06-10 18:09:46.504  1413  1413 I chatty  : uid=1000 system_server expire 12 lines
06-10 18:09:57.942  1413  1936 I chatty  : uid=1000(system) ActivityManager expire 10 lines
06-10 18:10:02.956  1413  2193 I chatty  : uid=1000(system) NetdConnector expire 10 lines
06-10 18:11:35.863  2577  2723 E KernelCpuSpeedReader: Failed to read cpu-freq: /sys/devices/system/cpu/cpu0/cpufreq/stats/time_in_state (No such file or directory)
06-10 18:11:35.864  2577  2723 E KernelCpuSpeedReader: Failed to read cpu-freq: /sys/devices/system/cpu/cpu4/cpufreq/stats/time_in_state (No such file or directory)
06-10 18:12:00.402  1413  2467 I chatty  : uid=1000(system) watchdog expire 4 lines
06-10 18:12:04.612  1413  1413 I chatty  : uid=1000 system_server expire 12 lines
06-10 18:13:10.674  1413  8379 I chatty  : uid=1000(system) Binder:1413_19 expire 2 lines
06-10 18:13:33.145  1413  2193 I chatty  : uid=1000(system) NetdConnector expire 2 lines
06-10 18:13:33.149  1413  1979 I chatty  : uid=1000(system) android.fg expire 1 line
06-10 18:13:35.934  2577  2723 E KernelCpuSpeedReader: Failed to read cpu-freq: /sys/devices/system/cpu/cpu0/cpufreq/stats/time_in_state (No such file or directory)
06-10 18:13:35.935  2577  2723 E KernelCpuSpeedReader: Failed to read cpu-freq: /sys/devices/system/cpu/cpu4/cpufreq/stats/time_in_state (No such file or directory)
06-10 18:13:38.089  1413  1936 I chatty  : uid=1000(system) ActivityManager expire 12 lines
06-10 18:13:49.880  1413  2193 I chatty  : uid=1000(system) NetdConnector expire 22 lines
06-10 18:13:49.886  1413  1979 I chatty  : uid=1000(system) android.fg expire 6 lines
06-10 18:14:00.415  1413  2467 I chatty  : uid=1000(system) watchdog expire 12 lines
06-10 18:14:16.691  1413  1413 I chatty  : uid=1000 system_server expire 10 lines
06-10 18:14:16.746  1413  8379 I chatty  : uid=1000(system) Binder:1413_19 expire 13 lines
06-10 18:14:16.756  1413  1446 I chatty  : uid=1000(system) Binder:1413_1 expire 1 line
06-10 18:15:22.988  1413  7249 I chatty  : uid=1000(system) Binder:1413_15 expire 6 lines
06-10 18:15:23.017  1413  3112 I chatty  : uid=1000(system) Binder:1413_E expire 9 lines
06-10 18:15:36.018  2577  2723 E KernelCpuSpeedReader: Failed to read cpu-freq: /sys/devices/system/cpu/cpu0/cpufreq/stats/time_in_state (No such file or directory)
06-10 18:15:36.019  2577  2723 E KernelCpuSpeedReader: Failed to read cpu-freq: /sys/devices/system/cpu/cpu4/cpufreq/stats/time_in_state (No such file or directory)
06-10 18:16:29.228  1413  1413 I chatty  : uid=1000 system_server expire 10 lines
06-10 18:16:29.291  1413  2559 I chatty  : uid=1000(system) Binder:1413_7 expire 1 line
06-10 18:17:24.934  1413  2217 I chatty  : uid=1000(system) ConnectivitySer expire 19 lines
