06-10 16:40:35.553  3883  3883 W ContextImpl: Calling a method in the system process without a qualified user: android.app.ContextImpl.bindService:1788 android.content.ContextWrapper.bindService:691 com.huawei.hwid.api.common.a.e:217 com.huawei.hwid.api.common.a.d:204 com.huawei.hwid.api.common.a.b:32 
06-10 16:40:35.599  1413  3793 I chatty  : uid=1000(system) NetworkMonitorN expire 2 lines
06-10 16:40:35.603  1413  2217 I chatty  : uid=1000(system) ConnectivitySer expire 127 lines
06-10 16:40:35.824  1413  3112 I chatty  : uid=1000(system) Binder:1413_E expire 20 lines
06-10 16:40:35.955  3921  3921 D ActivityThread: Attach thread to application
06-10 16:40:35.957  2594  2594 I Telephony-PstnPhoneCapabilitiesNotifier: handleVideoCapabilitesChanged. Video capability - false
06-10 16:40:36.688  1413  1413 I chatty  : uid=1000 system_server expire 13 lines
06-10 16:40:37.131  1413 10956 I chatty  : uid=1000(system) Binder:1413_1B expire 10 lines
06-10 16:40:37.183  2508  2508 W ContextImpl: Calling a method in the system process without a qualified user: android.app.ContextImpl.startService:1708 android.content.ContextWrapper.startService:657 com.huawei.systemmanager.rainbow.client.background.service.CloudBroadcastHandlerService$1.onReceive:69 android.app.LoadedApk$ReceiverDispatcher$Args.lambda$-android_app_LoadedApk$ReceiverDispatcher$Args_59936:1459 android.app.-$Lambda$aS31cHIhRx41653CMnd4gZqshIQ.$m$7:4 
06-10 16:40:37.211  2508  2508 W ContextImpl: Calling a method in the system process without a qualified user: android.app.ContextImpl.startService:1708 android.content.ContextWrapper.startService:657 com.huawei.systemmanager.service.InitValueService$ConnectivityBroadcastReceiver.onReceive:96 android.app.LoadedApk$ReceiverDispatcher$Args.lambda$-android_app_LoadedApk$ReceiverDispatcher$Args_59936:1459 android.app.-$Lambda$aS31cHIhRx41653CMnd4gZqshIQ.$m$7:4 
06-10 16:40:37.554  1413  2366 I chatty  : uid=1000(system) Binder:1413_5 expire 12 lines
06-10 16:40:37.562  2349  2363 I CommandQueue: updateBarBgColor
06-10 16:40:37.562  2349  2363 D CommandQueue: CommandQueue, setBarBackgroundColor
06-10 16:40:37.893  4032  4032 D ActivityThread: Attach thread to application
06-10 16:40:37.930  4045  4045 D ActivityThread: Attach thread to application
06-10 16:40:38.087  6055  6084 W ContextImpl: Calling a method in the system process without a qualified user: android.app.ContextImpl.sendBroadcast:1110 android.content.ContextWrapper.sendBroadcast:437 com.huawei.android.pushagent.utils.d.gb:761 com.huawei.android.pushagent.utils.d.gw:749 com.huawei.android.pushagent.model.c.b.tr:456 
06-10 16:40:38.213  3883  3883 W ContextImpl: Calling a method in the system process without a qualified user: android.app.ContextImpl.startService:1708 android.content.ContextWrapper.startService:657 com.huawei.trustcircle.tcis.TCUpdateService.startTCService:88 com.huawei.trustcircle.tcis.TCUpdateService.access$000:17 com.huawei.trustcircle.tcis.TCUpdateService$1.onResponse:59 
06-10 16:40:39.318  1413  8373 I chatty  : uid=1000(system) Binder:1413_18 expire 21 lines
06-10 16:40:39.368  1413  1446 I chatty  : uid=1000(system) Binder:1413_1 expire 12 lines
06-10 16:40:39.446  6055  6084 W ContextImpl: Calling a method in the system process without a qualified user: android.app.ContextImpl.sendBroadcast:1110 android.content.ContextWrapper.sendBroadcast:437 com.huawei.android.pushagent.model.channel.entity.a.c.qq:472 com.huawei.android.pushagent.model.channel.entity.a.c.qc:438 com.huawei.android.pushagent.model.channel.entity.a.qt:50 
06-10 16:40:39.822  4254  4254 D ActivityThread: Attach thread to application
06-10 16:40:40.022  4254  4283 E ActivityThread: Failed to find provider info for com.android.email.provider
06-10 16:40:44.314  2349  8956 I CommandQueue: updateBarBgColor
06-10 16:40:44.314  2349  8956 D CommandQueue: CommandQueue, setBarBackgroundColor
06-10 16:40:46.148  3883  3883 W ContextImpl: Calling a method in the system process without a qualified user: android.app.ContextImpl.stopService:1720 android.content.ContextWrapper.stopService:667 com.huawei.trustcircle.TCSessionManager.onFinished:144 com.huawei.trustcircle.TCSessionLogin.finish:359 com.huawei.trustcircle.TCSessionLogin.onError:330 
06-10 16:40:52.351  2508  4443 W ContextImpl: Calling a method in the system process without a qualified user: android.app.ContextImpl.sendBroadcast:1110 android.content.ContextWrapper.sendBroadcast:437 tmsdkobf.qk.a:37 tmsdkobf.qq$4$2$1.a:125 tmsdkobf.qk$1.a:175 
06-10 16:40:52.357  1413  2366 I chatty  : uid=1000(system) Binder:1413_5 expire 30 lines
06-10 16:40:52.483  1413  4697 I chatty  : uid=1000(system) Binder:1413_12 expire 13 lines
06-10 16:40:52.582  4456  4456 D ActivityThread: Attach thread to application
06-10 16:41:15.455  1413  2195 I chatty  : uid=1000(system) NetworkStats expire 27 lines
06-10 16:41:15.499  1413  2193 I chatty  : uid=1000(system) NetdConnector expire 42 lines
06-10 16:41:15.779  1413  2559 I chatty  : uid=1000(system) Binder:1413_7 expire 1 line
06-10 16:41:15.998  1413  2315 I chatty  : uid=1000(system) Binder:1413_4 expire 22 lines
06-10 16:41:16.350  1413  2601 I chatty  : uid=1000(system) Binder:1413_A expire 16 lines
06-10 16:41:16.733  1413  1985 I chatty  : uid=1000(system) HwGameAssistant expire 7 lines
06-10 16:41:16.734  1413  1932 I chatty  : uid=1000(system) HwActivityManag expire 27 lines
06-10 16:41:17.990  1413  2217 I chatty  : uid=1000(system) ConnectivitySer expire 11 lines
06-10 16:41:18.970  1413  1413 I chatty  : uid=1000 system_server expire 14 lines
06-10 16:41:22.376  1413  3112 I chatty  : uid=1000(system) Binder:1413_E expire 30 lines
06-10 16:41:23.619  1413  1979 I chatty  : uid=1000(system) android.fg expire 26 lines
06-10 16:41:24.299  1413  2602 I chatty  : uid=1000(system) Binder:1413_B expire 11 lines
06-10 16:41:27.199  4821  4821 D ActivityThread: Attach thread to application
06-10 16:41:27.457  1413  2315 I chatty  : uid=1000(system) Binder:1413_4 expire 35 lines
06-10 16:41:27.485  1413  2193 I chatty  : uid=1000(system) NetdConnector expire 168 lines
06-10 16:41:27.491  1413  2195 I chatty  : uid=1000(system) NetworkStats expire 105 lines
06-10 16:41:27.619  1413  1936 I chatty  : uid=1000(system) ActivityManager expire 1 line
06-10 16:41:27.999  1413 10956 I chatty  : uid=1000(system) Binder:1413_1B expire 44 lines
06-10 16:41:29.054  4866  4866 D ActivityThread: Attach thread to application
06-10 16:41:29.073  4871  4871 D ActivityThread: Attach thread to application
06-10 16:41:29.197  1413  8373 I chatty  : uid=1000(system) Binder:1413_18 expire 52 lines
06-10 16:41:29.199  1413  2217 I chatty  : uid=1000(system) ConnectivitySer expire 16 lines
06-10 16:41:32.292  1413  2601 I chatty  : uid=1000(system) Binder:1413_A expire 16 lines
06-10 16:41:33.437  1413  2135 I chatty  : uid=1000(system) android.anim expire 21 lines
06-10 16:41:33.562  1413 10949 I chatty  : uid=1000(system) Binder:1413_1A expire 28 lines
06-10 16:42:34.599  1413  2158 I chatty  : uid=1000(system) AlarmManager expire 2 lines
06-10 16:42:37.654  1413  4686 I chatty  : uid=1000(system) Binder:1413_10 expire 9 lines
06-10 16:42:42.338  1413  4697 I chatty  : uid=1000(system) Binder:1413_12 expire 31 lines
06-10 16:42:43.424  1413  7782 I chatty  : uid=1000(system) Binder:1413_16 expire 5 lines
06-10 16:42:49.090  1413  4691 I chatty  : uid=1000(system) Binder:1413_11 expire 22 lines
06-10 16:42:52.043  1413  8379 I chatty  : uid=1000(system) Binder:1413_19 expire 27 lines
06-10 16:43:32.609  2577  2723 I chatty  : uid=1000(system) core expire 11 lines
06-10 16:44:02.142  1413  1937 I chatty  : uid=1000(system) android.ui expire 3 lines
06-10 16:44:02.157  2349  3245 I CommandQueue: updateBarBgColor
06-10 16:44:02.157  2349  3245 D CommandQueue: CommandQueue, setBarBackgroundColor
06-10 16:44:02.553  1413  8379 I chatty  : uid=1000(system) Binder:1413_19 expire 13 lines
06-10 16:44:02.598  1413  2485 I chatty  : uid=1000(system) MultiTaskManage expire 2 lines
06-10 16:44:02.649  1413 10949 I chatty  : uid=1000(system) Binder:1413_1A expire 1 line
06-10 16:44:02.677  1413  5349 I chatty  : uid=1000 system_server expire 29 lines
06-10 16:44:02.708  2508  3120 I HwNetworkPolicyManager: getHwUidPolicy uid = 10059 policy = 0
06-10 16:44:02.764  1413 10956 I chatty  : uid=1000(system) Binder:1413_1B expire 1 line
06-10 16:44:02.768  1413  1943 I chatty  : uid=1000(system) ThirdAppHandler expire 3 lines
06-10 16:44:02.770  1413  4697 I chatty  : uid=1000(system) Binder:1413_12 expire 1 line
06-10 16:44:02.771  1413  1985 I chatty  : uid=1000(system) HwGameAssistant expire 6 lines
06-10 16:44:02.771  1413  1932 I chatty  : uid=1000(system) HwActivityManag expire 15 lines
06-10 16:44:02.773  1413  1936 I chatty  : uid=1000(system) ActivityManager expire 31 lines
06-10 16:44:02.777  1413  1928 I chatty  : uid=1000(system) android.bg expire 1 line
06-10 16:44:02.777  1413  3112 I chatty  : uid=1000(system) Binder:1413_E expire 3 lines
06-10 16:44:02.789  1413  4691 I chatty  : uid=1000(system) Binder:1413_11 expire 1 line
06-10 16:44:02.793  1413  2562 I chatty  : uid=1000(system) Binder:1413_8 expire 20 lines
06-10 16:44:02.795  1413  2217 I chatty  : uid=1000(system) ConnectivitySer expire 21 lines
06-10 16:44:02.812  1413  1413 I chatty  : uid=1000 system_server expire 18 lines
06-10 16:44:02.813  1413  2135 I chatty  : uid=1000(system) android.anim expire 32 lines
06-10 16:44:02.825  2564  2564 I HwCoreAppHelperService: LocalReceiver receives:android.intent.action.PACKAGE_RESTARTED,pkg:com.ss.android.ugc.aweme,uid:10291
06-10 16:44:02.864  1413  2602 I chatty  : uid=1000(system) Binder:1413_B expire 7 lines
06-10 16:44:02.896  2349  2912 I CommandQueue: updateBarBgColor
06-10 16:44:02.896  2349  2912 D CommandQueue: CommandQueue, setBarBackgroundColor
06-10 16:44:02.979  5362  5362 D ActivityThread: Attach thread to application
06-10 16:44:03.249  1413  8373 I chatty  : uid=1000(system) Binder:1413_18 expire 47 lines
06-10 16:44:03.250  1413  2559 I chatty  : uid=1000(system) Binder:1413_7 expire 20 lines
06-10 16:44:03.263  1413  1981 I chatty  : uid=1000(system) android.display expire 5 lines
06-10 16:44:04.383  1413  4686 I chatty  : uid=1000(system) Binder:1413_10 expire 19 lines
06-10 16:44:04.473  1413  5404 I chatty  : uid=1000 system_server expire 1 line
06-10 16:44:04.507  5401  5401 D ActivityThread: Attach thread to application
06-10 16:44:04.592  2508  3120 I HwNetworkPolicyManager: getHwUidPolicy uid = 10294 policy = 0
06-10 16:44:04.847  5401  5401 V ActivityThread: Skipping new config:{1.0 ?mcc?mnc [zh_CN_#Hans] ldltr sw360dp w360dp h692dp 320dpi nrml long port finger -keyb/v/h -nav/h appBounds=Rect(0, 0 - 720, 1440) nonFullScreen=0 suim:1 s.75}, config:{1.0 ?mcc?mnc [zh_CN_#Hans] ldltr sw360dp w360dp h692dp 320dpi nrml long port finger -keyb/v/h -nav/h appBounds=Rect(0, 0 - 720, 1440) nonFullScreen=0 suim:1 s.75} for app:com.netease.mc.huawei
06-10 16:44:04.860  5401  5401 V ActivityThread: callActivityOnCreate
06-10 16:44:05.256  5401  5401 D ActivityThread: add activity client record, r= ActivityRecord{91789c5 token=android.os.BinderProxy@c35eb37 {com.netease.mc.huawei/com.netease.ntunisdk.external.protocol.ProtocolLauncher}} token= android.os.BinderProxy@c35eb37
06-10 16:44:05.293  1413  2366 I chatty  : uid=1000(system) Binder:1413_5 expire 42 lines
06-10 16:44:05.317  1413  2575 I chatty  : uid=1000(system) Binder:1413_9 expire 6 lines
06-10 16:44:05.318  2349  2912 I CommandQueue: updateBarBgColor
06-10 16:44:05.318  2349  2912 D CommandQueue: CommandQueue, setBarBackgroundColor
06-10 16:44:05.345  2564  2891 D HwGameAssistantService: onGameStatusChanged packageName = com.netease.mc.huawei, event = 1
06-10 16:44:05.345  2564 12310 D DeepNoDisturbSM: onGameStatusChanged packageName = com.netease.mc.huawei, event = 1
06-10 16:44:05.345  2564  2891 D HwGameAssistantService: startService, pkgName = com.netease.mc.huawei, direction = 1
06-10 16:44:05.345  2564  2564 I DeepNoDisturbSM: IdleState processMessage msg.what=EVENT_GAME_MOVE_FRONT
06-10 16:44:05.350  2564  2564 I DeepNoDisturbSM: isWifiConnected = true
06-10 16:44:05.354  2564  2891 W ContextImpl: Calling a method in the system process without a qualified user: android.app.ContextImpl.startService:1708 android.content.ContextWrapper.startService:657 com.huawei.systemserver.gameassist.HwGameAssistantService.startService:99 com.huawei.systemserver.gameassist.HwGameAssistantService.-wrap0:0 com.huawei.systemserver.gameassist.HwGameAssistantService$HwGameObserver.onGameStatusChanged:77 
06-10 16:44:05.361  2564  2564 I DeepNoDisturbSM: isNetworkTypeSuitDeepNoDisturbMode networkType = 0
06-10 16:44:05.361  2564  2564 I DeepNoDisturbSM: isCorrectState=true mIsCallOn=false mGameStatus=1 defaultDataSubId=0 default4GSlotId=0 mIsDefaultDataOn=false mIsScreenOn=true deepNoDisturbModeProp=true isDeepNoDisturbSwitchOn=false isGameDndSwitchOn=true isNetworkTypeSuitDeepNoDisturbMode=false isAirplaneModeOn()=true
06-10 16:44:05.361  2564  2564 I DeepNoDisturbSM: isNeedEnterDeepNoDisturbMode false
06-10 16:44:05.549  5401  5401 V ActivityThread: Skipping new config:{1.0 ?mcc?mnc [zh_CN_#Hans] ldltr sw360dp w360dp h692dp 320dpi nrml long port finger -keyb/v/h -nav/h appBounds=Rect(0, 0 - 720, 1440) nonFullScreen=0 suim:1 s.75}, config:{1.0 ?mcc?mnc [zh_CN_#Hans] ldltr sw360dp w360dp h692dp 320dpi nrml long port finger -keyb/v/h -nav/h appBounds=Rect(0, 0 - 720, 1440) nonFullScreen=0 suim:1 s.75} for app:com.netease.mc.huawei
06-10 16:44:05.554  5401  5401 V ActivityThread: callActivityOnCreate
06-10 16:44:05.588   595   598 D VoldCmdListener: volume mkdirs /storage/emulated/0/Android/obb/com.netease.mc.huawei/
06-10 16:44:05.590  1413  2190 I chatty  : uid=1000(system) VoldConnector expire 1 line
06-10 16:44:06.862  1413  2601 I chatty  : uid=1000(system) Binder:1413_A expire 25 lines
06-10 16:44:06.898  2349  2912 I CommandQueue: updateBarBgColor
06-10 16:44:06.899  2349  2912 D CommandQueue: CommandQueue, setBarBackgroundColor
06-10 16:44:06.900  5519  5519 D ActivityThread: Attach thread to application
06-10 16:44:07.231  5401  5401 D ActivityThread: add activity client record, r= ActivityRecord{3680869 token=android.os.BinderProxy@f9587c3 {com.netease.mc.huawei/com.mojang.minecraftpe.MainActivity}} token= android.os.BinderProxy@f9587c3
06-10 16:44:07.457  5401  5569 W HwApsManager: HwApsManagerService, registerCallback, start !
06-10 16:44:12.450  5640  5640 D ActivityThread: Attach thread to application
06-10 16:44:13.445  1413  2916 I chatty  : uid=1000(system) Binder:1413_D expire 31 lines
06-10 16:44:13.836  5401  5401 D ActivityThread: Remove activity client record, r= ActivityRecord{91789c5 token=android.os.BinderProxy@c35eb37 {com.netease.mc.huawei/com.netease.ntunisdk.external.protocol.ProtocolLauncher}} token= android.os.BinderProxy@c35eb37
06-10 16:44:14.138  5777  5777 D ActivityThread: Attach thread to application
06-10 16:44:14.222  1413 19726 I chatty  : uid=1000(system) Binder:1413_1F expire 10 lines
06-10 16:44:15.528  5401  5774 W PackageParser: Ignoring duplicate uses-permissions/uses-permissions-sdk-m: android.permission.INTERNET in package: com.netease.mc.huawei at: Binary XML file line #20
06-10 16:44:15.529  5401  5774 W PackageParser: Ignoring duplicate uses-permissions/uses-permissions-sdk-m: android.permission.ACCESS_NETWORK_STATE in package: com.netease.mc.huawei at: Binary XML file line #22
06-10 16:44:15.543  5401  5774 W PackageParser: Unknown element under <manifest>: queries at /data/app/com.netease.mc.huawei-N-YOjcBi8IuNJK9DdNMR4A==/base.apk Binary XML file line #278
06-10 16:44:15.544  5401  5774 W PackageParser: Unknown element under <manifest>: meta-data at /data/app/com.netease.mc.huawei-N-YOjcBi8IuNJK9DdNMR4A==/base.apk Binary XML file line #300
06-10 16:44:15.544  5401  5774 W PackageParser: Ignoring duplicate uses-permissions/uses-permissions-sdk-m: com.netease.mc.huawei.permission.ngpush in package: com.netease.mc.huawei at: Binary XML file line #305
06-10 16:44:15.765  2349  3245 I CommandQueue: updateBarBgColor
06-10 16:44:15.765  2349  3245 D CommandQueue: CommandQueue, setBarBackgroundColor
06-10 16:44:16.341  2349  3245 I CommandQueue: updateBarBgColor
06-10 16:44:16.342  2349  3245 D CommandQueue: CommandQueue, setBarBackgroundColor
06-10 16:44:20.382 25679 25699 E ActivityThread: Failed to find provider info for com.huawei.android.gameassistant.provider
06-10 16:44:21.371 25679 25679 E ActivityThread: Failed to find provider info for com.huawei.android.gameassistant.provider
06-10 16:44:29.960  1413  2467 I chatty  : uid=1000(system) watchdog expire 4 lines
06-10 16:44:49.023  1413  2186 I chatty  : uid=1000(system) InputReader expire 2 lines
06-10 16:44:49.128  1413  1998 I chatty  : uid=1000(system) PowerManagerSer expire 16 lines
06-10 16:44:49.186  1413  2191 I chatty  : uid=1000(system) CryptdConnector expire 1 line
06-10 16:44:49.447  1413  8370 I chatty  : uid=1000(system) Binder:1413_17 expire 19 lines
06-10 16:44:49.502  1413  4686 I chatty  : uid=1000(system) Binder:1413_10 expire 22 lines
06-10 16:44:49.650  5401  5401 V ActivityThread: Finishing stop of ActivityRecord{3680869 token=android.os.BinderProxy@f9587c3 {com.netease.mc.huawei/com.mojang.minecraftpe.MainActivity}}
06-10 16:44:49.656  1413  2916 I chatty  : uid=1000(system) Binder:1413_D expire 15 lines
06-10 16:44:49.710  2349  2349 V KeyguardViewMediator: updateInputRestrictedLocked 1 isInputApp = false, inputRestricted = true
06-10 16:44:49.782  1413  2214 I chatty  : uid=1000(system) WifiP2pService expire 6 lines
06-10 16:44:49.788  2349  2349 V KeyguardStatusView: refresh statusview showing:true
06-10 16:44:49.792  2349  2349 V KeyguardDisplayManager: show
06-10 16:44:49.798  1413  2199 I chatty  : uid=1000(system) WifiStateMachin expire 1 line
06-10 16:44:49.820  2564  2891 D AntiBruteForceProcessor: RemainingAuthenticateNum = 5
06-10 16:44:49.869  5401  5401 V ActivityThread: Handle window ActivityRecord{3680869 token=android.os.BinderProxy@f9587c3 {com.netease.mc.huawei/com.mojang.minecraftpe.MainActivity}} visibility: false
06-10 16:44:49.904  2564  2729 I DeepNoDisturbP: handleStateChanged reason=2
06-10 16:44:49.904  2564  2729 I DeepNoDisturbSM: setScreenState isScreenOn=false
06-10 16:44:49.904  2564  2564 I DeepNoDisturbSM: IdleState processMessage msg.what=EVENT_SCREEN_OFF
06-10 16:44:49.904  2564  2564 I DeepNoDisturbSM: IdleState: default msg.what=11
06-10 16:44:50.075  1413  3369 I chatty  : uid=1000(system) HwDeviceUsageCo expire 1 line
06-10 16:44:50.156  1413  8373 I chatty  : uid=1000(system) Binder:1413_18 expire 26 lines
06-10 16:44:50.343  6018  6018 D ActivityThread: Attach thread to application
06-10 16:44:53.855  1413  2366 I chatty  : uid=1000(system) Binder:1413_5 expire 12 lines
06-10 16:44:59.579  1413  2559 I chatty  : uid=1000(system) Binder:1413_7 expire 11 lines
06-10 16:44:59.598  1413  1413 I chatty  : uid=1000 system_server expire 17 lines
06-10 16:45:00.760  1413  1936 I chatty  : uid=1000(system) ActivityManager expire 11 lines
06-10 16:45:31.929  1413  2193 I chatty  : uid=1000(system) NetdConnector expire 6 lines
06-10 16:45:31.933  1413  1979 I chatty  : uid=1000(system) android.fg expire 3 lines
06-10 16:45:32.668  2577  2723 I chatty  : uid=1000(system) core expire 10 lines
06-10 16:46:06.950  1413  1447 I chatty  : uid=1000(system) Binder:1413_2 expire 21 lines
06-10 16:46:17.339  1413  2186 I chatty  : uid=1000(system) InputReader expire 9 lines
06-10 16:46:17.350  1413  1998 I chatty  : uid=1000(system) PowerManagerSer expire 10 lines
06-10 16:46:17.366  1413  2559 I chatty  : uid=1000(system) Binder:1413_7 expire 23 lines
06-10 16:46:17.370  1413  4686 I chatty  : uid=1000(system) Binder:1413_10 expire 15 lines
06-10 16:46:17.372  1413  2188 I chatty  : uid=1000(system) StorageManagerS expire 1 line
06-10 16:46:17.374   595   598 I vold    : TrimTask running tasks: 0
06-10 16:46:17.376  1413  2190 I chatty  : uid=1000(system) VoldConnector expire 1 line
06-10 16:46:17.391  1413  2135 I chatty  : uid=1000(system) android.anim expire 21 lines
06-10 16:46:17.403  1413  2214 I chatty  : uid=1000(system) WifiP2pService expire 10 lines
06-10 16:46:17.406  1413  1981 I chatty  : uid=1000(system) android.display expire 2 lines
06-10 16:46:17.423  1413  2199 I chatty  : uid=1000(system) WifiStateMachin expire 1 line
06-10 16:46:17.539  2564  2729 I DeepNoDisturbP: handleStateChanged reason=2
06-10 16:46:17.539  2564  2729 I DeepNoDisturbSM: setScreenState isScreenOn=true
06-10 16:46:17.540  2564  2564 I DeepNoDisturbSM: IdleState processMessage msg.what=EVENT_SCREEN_ON
06-10 16:46:17.542  2564  2564 I DeepNoDisturbSM: isWifiConnected = true
06-10 16:46:17.566  2564  2564 I DeepNoDisturbSM: isNetworkTypeSuitDeepNoDisturbMode networkType = 0
06-10 16:46:17.566  2564  2564 I DeepNoDisturbSM: isCorrectState=true mIsCallOn=false mGameStatus=1 defaultDataSubId=0 default4GSlotId=0 mIsDefaultDataOn=false mIsScreenOn=true deepNoDisturbModeProp=true isDeepNoDisturbSwitchOn=false isGameDndSwitchOn=true isNetworkTypeSuitDeepNoDisturbMode=false isAirplaneModeOn()=true
06-10 16:46:17.566  2564  2564 I DeepNoDisturbSM: isNeedEnterDeepNoDisturbMode false
06-10 16:46:17.567  2564  2564 D HwGameAssistantService: ScreenOnReceiver
06-10 16:46:17.567  2564  2564 D HwGameAssistantService: startService, pkgName = com.netease.mc.huawei, direction = 2
06-10 16:46:17.615  2564  2564 W ContextImpl: Calling a method in the system process without a qualified user: android.app.ContextImpl.startService:1708 android.content.ContextWrapper.startService:657 com.huawei.systemserver.gameassist.HwGameAssistantService.startService:99 com.huawei.systemserver.gameassist.HwGameAssistantService.-wrap0:0 com.huawei.systemserver.gameassist.HwGameAssistantService$ScreenOnReceiver.onReceive:87 
06-10 16:46:17.616  1413  2614 I chatty  : uid=1000(system) Binder:1413_C expire 18 lines
06-10 16:46:17.637  1413  1937 I chatty  : uid=1000(system) android.ui expire 1 line
06-10 16:46:18.595  1413  1932 I chatty  : uid=1000(system) HwActivityManag expire 6 lines
06-10 16:46:18.606  1413  8370 I chatty  : uid=1000(system) Binder:1413_17 expire 14 lines
06-10 16:46:18.672  2349  2349 V KeyguardDisplayManager: hide
06-10 16:46:18.680  2349  2349 V KeyguardViewMediator: updateInputRestrictedLocked 1 isInputApp = false, inputRestricted = false
06-10 16:46:18.757  1413  2366 I chatty  : uid=1000(system) Binder:1413_5 expire 5 lines
06-10 16:46:18.764  1413  1447 I chatty  : uid=1000(system) Binder:1413_2 expire 2 lines
06-10 16:46:18.829  1413  1985 I chatty  : uid=1000(system) HwGameAssistant expire 1 line
06-10 16:46:18.961  1413  1413 I chatty  : uid=1000 system_server expire 15 lines
06-10 16:46:24.201  6236  6236 D ActivityThread: Attach thread to application
06-10 16:46:25.521  6236  6298 W PackageParser: Unknown element under <manifest>: queries at /data/user_de/0/com.huawei.android.hsf/modules/external/huawei_module_networkkit/70001303/com.huawei.hms.networkkit-70001303.apk Binary XML file line #14
06-10 16:46:25.876  6322  6322 D ActivityThread: Attach thread to application
06-10 16:46:26.442  1413  2601 I chatty  : uid=1000(system) Binder:1413_A expire 38 lines
06-10 16:46:28.476  1413  2916 I chatty  : uid=1000(system) Binder:1413_D expire 10 lines
06-10 16:46:28.648  1413  2217 I chatty  : uid=1000(system) ConnectivitySer expire 24 lines
06-10 16:46:29.974  1413  2467 I chatty  : uid=1000(system) watchdog expire 9 lines
06-10 16:47:00.155  1413  2575 I chatty  : uid=1000(system) Binder:1413_9 expire 17 lines
06-10 16:47:08.882  1413  7782 I chatty  : uid=1000(system) Binder:1413_16 expire 11 lines
06-10 16:47:19.144  1413  2195 I chatty  : uid=1000(system) NetworkStats expire 12 lines
06-10 16:47:19.210  1413  2193 I chatty  : uid=1000(system) NetdConnector expire 20 lines
06-10 16:47:37.416  6796  6796 D ActivityThread: Attach thread to application
06-10 16:47:37.556  1413  4697 I chatty  : uid=1000(system) Binder:1413_12 expire 18 lines
06-10 16:47:38.066  1413  2217 I chatty  : uid=1000(system) ConnectivitySer expire 18 lines
06-10 16:47:38.138  1413  8373 I chatty  : uid=1000(system) Binder:1413_18 expire 7 lines
06-10 16:47:38.152  1413  1950 I chatty  : uid=1000(system) batterystats-wo expire 17 lines
06-10 16:47:39.969  1413 19726 I chatty  : uid=1000(system) Binder:1413_1F expire 24 lines
06-10 16:47:40.412  6852  6852 D ActivityThread: Attach thread to application
06-10 16:47:40.501  1413  7782 I chatty  : uid=1000(system) Binder:1413_16 expire 12 lines
06-10 16:47:46.840  5401  6590 W HwApsManager: HwApsManagerService, registerCallback, start !
06-10 16:48:17.374  2577  2723 I chatty  : uid=1000(system) core expire 10 lines
06-10 16:48:22.076  1413  2602 I chatty  : uid=1000(system) Binder:1413_B expire 19 lines
06-10 16:48:41.353  7058  7058 D ActivityThread: Attach thread to application
06-10 16:48:45.247  1413  1979 I chatty  : uid=1000(system) android.fg expire 8 lines
06-10 16:48:55.456  1413  6374 I chatty  : uid=1000(system) Binder:1413_13 expire 3 lines
06-10 16:49:00.066  1413  2602 I chatty  : uid=1000(system) Binder:1413_B expire 13 lines
06-10 16:49:00.174  1413 19726 I chatty  : uid=1000(system) Binder:1413_1F expire 15 lines
06-10 16:49:02.307  1413  2193 I chatty  : uid=1000(system) NetdConnector expire 16 lines
06-10 16:49:02.313  1413  2195 I chatty  : uid=1000(system) NetworkStats expire 10 lines
06-10 16:49:06.220  1413  2601 I chatty  : uid=1000(system) Binder:1413_A expire 17 lines
06-10 16:49:06.332  1413  2217 I chatty  : uid=1000(system) ConnectivitySer expire 18 lines
06-10 16:49:06.775  1413 16955 I chatty  : uid=1000(system) Binder:1413_1E expire 13 lines
06-10 16:49:06.882  1413  1413 I chatty  : uid=1000 system_server expire 10 lines
06-10 16:49:13.324  7167  7167 D ActivityThread: Attach thread to application
06-10 16:49:31.290  1413  7782 I chatty  : uid=1000(system) Binder:1413_16 expire 1 line
06-10 16:49:46.106  1413  2614 I chatty  : uid=1000(system) Binder:1413_C expire 47 lines
06-10 16:49:48.868  7258  7258 D ActivityThread: Attach thread to application
06-10 16:49:57.971  1413  2141 I chatty  : uid=1000(system) UEventObserver expire 12 lines
06-10 16:49:58.106  1413  1936 I chatty  : uid=1000(system) ActivityManager expire 6 lines
06-10 16:49:59.226  1413  2575 I chatty  : uid=1000(system) Binder:1413_9 expire 15 lines
06-10 16:50:00.086  1413  2602 I chatty  : uid=1000(system) Binder:1413_B expire 15 lines
06-10 16:50:11.272  1413  2217 I chatty  : uid=1000(system) ConnectivitySer expire 18 lines
06-10 16:50:11.311  1413 16955 I chatty  : uid=1000(system) Binder:1413_1E expire 23 lines
06-10 16:50:22.366  1413  2601 I chatty  : uid=1000(system) Binder:1413_A expire 11 lines
06-10 16:50:22.448  7381  7381 D ActivityThread: Attach thread to application
06-10 16:50:39.589  1413  2575 I chatty  : uid=1000(system) Binder:1413_9 expire 18 lines
06-10 16:50:40.524  1413  1950 I chatty  : uid=1000(system) batterystats-wo expire 11 lines
06-10 16:50:46.033  7539  7539 D ActivityThread: Attach thread to application
06-10 16:50:53.813  1413  2217 I chatty  : uid=1000(system) ConnectivitySer expire 18 lines
06-10 16:50:53.852  1413  2614 I chatty  : uid=1000(system) Binder:1413_C expire 14 lines
06-10 16:50:54.354  1413  1413 I chatty  : uid=1000 system_server expire 15 lines
06-10 16:51:00.016  1413  2467 I chatty  : uid=1000(system) watchdog expire 5 lines
06-10 16:51:01.104  7588  7588 D ActivityThread: Attach thread to application
06-10 16:51:15.344  1413  8370 I chatty  : uid=1000(system) Binder:1413_17 expire 22 lines
06-10 16:51:15.408  7658  7658 D ActivityThread: Attach thread to application
06-10 16:51:16.613  1413  2601 I chatty  : uid=1000(system) Binder:1413_A expire 26 lines
06-10 16:51:21.801  1413  2217 I chatty  : uid=1000(system) ConnectivitySer expire 9 lines
06-10 16:51:21.837  1413  1950 I chatty  : uid=1000(system) batterystats-wo expire 5 lines
06-10 16:51:32.905  2577  2723 I chatty  : uid=1000(system) core expire 11 lines
06-10 16:51:46.841  5401  6590 W HwApsManager: HwApsManagerService, registerCallback, start !
06-10 16:51:48.043  1413  2602 I chatty  : uid=1000(system) Binder:1413_B expire 18 lines
06-10 16:51:48.107  7742  7742 D ActivityThread: Attach thread to application
06-10 16:51:48.214  1413  1447 I chatty  : uid=1000(system) Binder:1413_2 expire 12 lines
06-10 16:51:55.756  1413  2193 I chatty  : uid=1000(system) NetdConnector expire 24 lines
06-10 16:51:55.764  1413  2195 I chatty  : uid=1000(system) NetworkStats expire 15 lines
06-10 16:52:05.612  1413  2614 I chatty  : uid=1000(system) Binder:1413_C expire 3 lines
06-10 16:52:26.746  1413  2559 I chatty  : uid=1000(system) Binder:1413_7 expire 2 lines
06-10 16:52:42.973  1413  2575 I chatty  : uid=1000(system) Binder:1413_9 expire 44 lines
06-10 16:52:56.103  1413 19726 I chatty  : uid=1000(system) Binder:1413_1F expire 12 lines
06-10 16:52:58.502  1413  7782 I chatty  : uid=1000(system) Binder:1413_16 expire 10 lines
06-10 16:53:00.002  1413  1413 I chatty  : uid=1000 system_server expire 21 lines
06-10 16:53:16.900  1413  8370 I chatty  : uid=1000(system) Binder:1413_17 expire 23 lines
06-10 16:53:17.266  1413  2217 I chatty  : uid=1000(system) ConnectivitySer expire 1 line
06-10 16:53:17.313  1413  1950 I chatty  : uid=1000(system) batterystats-wo expire 5 lines
06-10 16:53:18.611  1413  2562 I chatty  : uid=1000(system) Binder:1413_8 expire 16 lines
06-10 16:53:25.039  1413  1979 I chatty  : uid=1000(system) android.fg expire 1 line
06-10 16:53:26.360  1413  2601 I chatty  : uid=1000(system) Binder:1413_A expire 5 lines
06-10 16:53:29.580  1413  2227 I chatty  : uid=1000(system) AudioService expire 16 lines
06-10 16:53:30.026  1413  2467 I chatty  : uid=1000(system) watchdog expire 6 lines
06-10 16:53:33.814  1413  2135 I chatty  : uid=1000(system) android.anim expire 7 lines
06-10 16:54:00.072  1413  1446 I chatty  : uid=1000(system) Binder:1413_1 expire 8 lines
06-10 16:54:13.218  1413  2141 I chatty  : uid=1000(system) UEventObserver expire 4 lines
06-10 16:54:13.252  1413  2916 I chatty  : uid=1000(system) Binder:1413_D expire 1 line
06-10 16:54:13.273  1413  1936 I chatty  : uid=1000(system) ActivityManager expire 2 lines
06-10 16:54:48.131  1413  7249 I chatty  : uid=1000(system) Binder:1413_15 expire 2 lines
06-10 16:54:48.343  1413  6886 I chatty  : uid=1000(system) Binder:1413_14 expire 1 line
06-10 16:54:50.506  1413  6374 I chatty  : uid=1000(system) Binder:1413_13 expire 16 lines
06-10 16:54:52.304  1413 10949 I chatty  : uid=1000(system) Binder:1413_1A expire 13 lines
06-10 16:55:05.149  1413 19732 I chatty  : uid=1000(system) Binder:1413_20 expire 4 lines
06-10 16:55:33.012  2577  2723 I chatty  : uid=1000(system) core expire 4 lines
06-10 16:55:38.683  1413 10949 I chatty  : uid=1000(system) Binder:1413_1A expire 9 lines
06-10 16:55:42.279  1413  2146 I chatty  : uid=1000(system) Binder:1413_3 expire 9 lines
06-10 16:55:46.341  1413  8370 I chatty  : uid=1000(system) Binder:1413_17 expire 17 lines
06-10 16:55:46.842  5401  6590 W HwApsManager: HwApsManagerService, registerCallback, start !
06-10 16:56:00.873  1413  2602 I chatty  : uid=1000(system) Binder:1413_B expire 11 lines
06-10 16:56:02.470  1413 19732 I chatty  : uid=1000(system) Binder:1413_20 expire 19 lines
06-10 16:56:13.396  1413  1413 I chatty  : uid=1000 system_server expire 10 lines
06-10 16:56:17.593  2577  2723 E KernelCpuSpeedReader: Failed to read cpu-freq: /sys/devices/system/cpu/cpu4/cpufreq/stats/time_in_state (No such file or directory)
06-10 16:56:20.820  1413  2141 I chatty  : uid=1000(system) UEventObserver expire 4 lines
06-10 16:56:20.852  1413  2146 I chatty  : uid=1000(system) Binder:1413_3 expire 16 lines
06-10 16:56:20.864  1413  2602 I chatty  : uid=1000(system) Binder:1413_B expire 7 lines
06-10 16:56:20.867  1413  1936 I chatty  : uid=1000(system) ActivityManager expire 2 lines
06-10 16:56:20.919  1413  1950 I chatty  : uid=1000(system) batterystats-wo expire 2 lines
06-10 16:56:23.381  1413 10949 I chatty  : uid=1000(system) Binder:1413_1A expire 24 lines
06-10 16:56:30.038  1413  2467 I chatty  : uid=1000(system) watchdog expire 3 lines
06-10 16:56:30.910  1413  6374 I chatty  : uid=1000(system) Binder:1413_13 expire 6 lines
06-10 16:56:32.399  1413  8370 I chatty  : uid=1000(system) Binder:1413_17 expire 25 lines
06-10 16:57:04.014  1413  1446 I chatty  : uid=1000(system) Binder:1413_1 expire 18 lines
06-10 16:57:20.926  1413  2614 I chatty  : uid=1000(system) Binder:1413_C expire 7 lines
06-10 16:57:21.283  1413  8379 I chatty  : uid=1000(system) Binder:1413_19 expire 12 lines
06-10 16:57:21.525  2349  2349 V ActivityThread: systemui config :{1.0 ?mcc?mnc [zh_CN_#Hans] ldltr sw360dp w720dp h332dp 320dpi nrml long land finger -keyb/v/h -nav/h appBounds=Rect(0, 0 - 1441, 720) nonFullScreen=0 suim:1 s.76} mConfiguration:{1.0 ?mcc?mnc [zh_CN_#Hans] ldltr sw360dp w360dp h692dp 320dpi nrml long port finger -keyb/v/h -nav/h appBounds=Rect(0, 0 - 720, 1440) nonFullScreen=0 suim:1 s.75} compat:null called by android.app.ActivityThread$H.handleMessage:2157 
06-10 16:57:21.525  2349  2349 V ActivityThread: systemui diff:1152
06-10 16:57:21.525  2349  2349 V ActivityThread: systemui pendingconfig:{1.0 ?mcc?mnc [zh_CN_#Hans] ldltr sw360dp w720dp h332dp 320dpi nrml long land finger -keyb/v/h -nav/h appBounds=Rect(0, 0 - 1441, 720) nonFullScreen=0 suim:1 s.76}
06-10 16:57:21.716  1413  1980 I chatty  : uid=1000(system) android.io expire 1 line
06-10 16:57:21.809  1413  4691 I chatty  : uid=1000(system) Binder:1413_11 expire 3 lines
06-10 16:57:21.821  1413  2366 I chatty  : uid=1000(system) Binder:1413_5 expire 14 lines
06-10 16:57:21.878  1413  8370 I chatty  : uid=1000(system) Binder:1413_17 expire 12 lines
06-10 16:57:21.918  1413  1937 I chatty  : uid=1000(system) android.ui expire 38 lines
06-10 16:57:22.245  1413  2135 I chatty  : uid=1000(system) android.anim expire 7 lines
06-10 16:57:24.255  2349 19727 I CommandQueue: updateBarBgColor
06-10 16:57:24.255  2349 19727 D CommandQueue: CommandQueue, setBarBackgroundColor
06-10 16:57:24.256  1413  1413 I chatty  : uid=1000 system_server expire 2 lines
06-10 16:57:25.261  1413  2217 I chatty  : uid=1000(system) ConnectivitySer expire 2 lines
06-10 16:57:25.265  1413  1446 I chatty  : uid=1000(system) Binder:1413_1 expire 19 lines
06-10 16:57:33.080  2577  2723 E KernelCpuSpeedReader: Failed to read cpu-freq: /sys/devices/system/cpu/cpu0/cpufreq/stats/time_in_state (No such file or directory)
06-10 16:57:33.081  2577  2723 E KernelCpuSpeedReader: Failed to read cpu-freq: /sys/devices/system/cpu/cpu4/cpufreq/stats/time_in_state (No such file or directory)
06-10 16:57:33.102  2577  2723 E KernelCpuSpeedReader: Failed to read cpu-freq: /sys/devices/system/cpu/cpu0/cpufreq/stats/time_in_state (No such file or directory)
06-10 16:57:33.103  2577  2723 E KernelCpuSpeedReader: Failed to read cpu-freq: /sys/devices/system/cpu/cpu4/cpufreq/stats/time_in_state (No such file or directory)
06-10 16:57:58.893  1413  8370 I chatty  : uid=1000(system) Binder:1413_17 expire 17 lines
06-10 16:58:00.002  1413  1413 I chatty  : uid=1000 system_server expire 10 lines
06-10 16:58:00.042  1413  2467 I chatty  : uid=1000(system) watchdog expire 2 lines
06-10 16:58:11.963  5401  5401 E ActivityThread: Failed to find provider info for com.huawei.hiaction.provider.HiActionManagerProvider
06-10 16:58:12.014  1413  4691 I chatty  : uid=1000(system) Binder:1413_11 expire 24 lines
06-10 16:58:17.643  2577  2723 E KernelCpuSpeedReader: Failed to read cpu-freq: /sys/devices/system/cpu/cpu0/cpufreq/stats/time_in_state (No such file or directory)
06-10 16:58:17.644  2577  2723 E KernelCpuSpeedReader: Failed to read cpu-freq: /sys/devices/system/cpu/cpu4/cpufreq/stats/time_in_state (No such file or directory)
06-10 16:58:21.474  1413  2186 I chatty  : uid=1000(system) InputReader expire 11 lines
06-10 16:58:21.585  1413  8379 I chatty  : uid=1000(system) Binder:1413_19 expire 3 lines
06-10 16:58:21.588  1413  1998 I chatty  : uid=1000(system) PowerManagerSer expire 19 lines
06-10 16:58:21.661  1413  1936 I chatty  : uid=1000(system) ActivityManager expire 5 lines
06-10 16:58:21.670  1413  2191 I chatty  : uid=1000(system) CryptdConnector expire 1 line
06-10 16:58:21.830  1413  1981 I chatty  : uid=1000(system) android.display expire 4 lines
06-10 16:58:21.913  1413  2375 I chatty  : uid=1000(system) Binder:1413_6 expire 4 lines
06-10 16:58:21.933  1413  1446 I chatty  : uid=1000(system) Binder:1413_1 expire 8 lines
06-10 16:58:22.133  2349  2349 V KeyguardViewMediator: updateInputRestrictedLocked 1 isInputApp = false, inputRestricted = true
06-10 16:58:22.139  5401  5401 V ActivityThread: Finishing stop of ActivityRecord{3680869 token=android.os.BinderProxy@f9587c3 {com.netease.mc.huawei/com.mojang.minecraftpe.MainActivity}}
06-10 16:58:22.189  1413  2199 I chatty  : uid=1000(system) WifiStateMachin expire 2 lines
06-10 16:58:22.200  1413  2214 I chatty  : uid=1000(system) WifiP2pService expire 11 lines
06-10 16:58:22.241  2564  2729 I DeepNoDisturbP: handleStateChanged reason=2
06-10 16:58:22.241  2564  2729 I DeepNoDisturbSM: setScreenState isScreenOn=false
06-10 16:58:22.243  2564  2564 I DeepNoDisturbSM: IdleState processMessage msg.what=EVENT_SCREEN_OFF
06-10 16:58:22.243  2564  2564 I DeepNoDisturbSM: IdleState: default msg.what=11
06-10 16:58:22.248  2349  2349 V KeyguardStatusView: refresh statusview showing:true
06-10 16:58:22.253  2349  2349 V KeyguardDisplayManager: show
06-10 16:58:22.265  2564  2891 D AntiBruteForceProcessor: RemainingAuthenticateNum = 5
06-10 16:58:22.276  1413  4691 I chatty  : uid=1000(system) Binder:1413_11 expire 28 lines
06-10 16:58:22.320  1413  1937 I chatty  : uid=1000(system) android.ui expire 2 lines
06-10 16:58:22.325  2577  2723 E KernelCpuSpeedReader: Failed to read cpu-freq: /sys/devices/system/cpu/cpu0/cpufreq/stats/time_in_state (No such file or directory)
06-10 16:58:22.325  5401  5401 V ActivityThread: Handle window ActivityRecord{3680869 token=android.os.BinderProxy@f9587c3 {com.netease.mc.huawei/com.mojang.minecraftpe.MainActivity}} visibility: false
06-10 16:58:22.326  2577  2723 E KernelCpuSpeedReader: Failed to read cpu-freq: /sys/devices/system/cpu/cpu4/cpufreq/stats/time_in_state (No such file or directory)
06-10 16:58:22.353  1413  1413 I chatty  : uid=1000 system_server expire 12 lines
06-10 16:58:22.377  1413  4686 I chatty  : uid=1000(system) Binder:1413_10 expire 13 lines
06-10 16:58:22.419  1413  2366 I chatty  : uid=1000(system) Binder:1413_5 expire 12 lines
06-10 16:58:22.439  1413  1980 I chatty  : uid=1000(system) android.io expire 1 line
06-10 16:58:22.450  1413  2135 I chatty  : uid=1000(system) android.anim expire 6 lines
06-10 16:58:22.502  1413 10956 I chatty  : uid=1000(system) Binder:1413_1B expire 6 lines
06-10 16:58:22.569  2349  2349 V ActivityThread: systemui config :{1.0 ?mcc?mnc [zh_CN_#Hans] ldltr sw360dp w360dp h692dp 320dpi nrml long port finger -keyb/v/h -nav/h appBounds=Rect(0, 0 - 720, 1440) nonFullScreen=0 suim:1 s.77} mConfiguration:{1.0 ?mcc?mnc [zh_CN_#Hans] ldltr sw360dp w720dp h332dp 320dpi nrml long land finger -keyb/v/h -nav/h appBounds=Rect(0, 0 - 1441, 720) nonFullScreen=0 suim:1 s.76} compat:null called by android.app.ActivityThread$H.handleMessage:2157 
06-10 16:58:22.569  2349  2349 V ActivityThread: systemui diff:1152
06-10 16:58:22.569  2349  2349 V ActivityThread: systemui pendingconfig:{1.0 ?mcc?mnc [zh_CN_#Hans] ldltr sw360dp w360dp h692dp 320dpi nrml long port finger -keyb/v/h -nav/h appBounds=Rect(0, 0 - 720, 1440) nonFullScreen=0 suim:1 s.77}
06-10 16:58:22.694  1413  8370 I chatty  : uid=1000(system) Binder:1413_17 expire 13 lines
06-10 16:58:23.064  1413  3369 I chatty  : uid=1000(system) HwDeviceUsageCo expire 1 line
06-10 16:58:33.341  1413  2188 I chatty  : uid=1000(system) StorageManagerS expire 1 line
06-10 16:58:33.343   595   598 I vold    : TrimTask running tasks: 0
06-10 16:58:33.344  2577  2723 E KernelCpuSpeedReader: Failed to read cpu-freq: /sys/devices/system/cpu/cpu0/cpufreq/stats/time_in_state (No such file or directory)
06-10 16:58:33.344  1413  2190 I chatty  : uid=1000(system) VoldConnector expire 1 line
06-10 16:58:33.344  2577  2723 E KernelCpuSpeedReader: Failed to read cpu-freq: /sys/devices/system/cpu/cpu4/cpufreq/stats/time_in_state (No such file or directory)
06-10 16:58:33.352  1413  1998 I chatty  : uid=1000(system) PowerManagerSer expire 8 lines
06-10 16:58:33.370  1413  4691 I chatty  : uid=1000(system) Binder:1413_11 expire 2 lines
06-10 16:58:33.390  1413  8373 I chatty  : uid=1000(system) Binder:1413_18 expire 5 lines
06-10 16:58:33.412  2564  2729 I DeepNoDisturbP: handleStateChanged reason=2
06-10 16:58:33.412  2564  2729 I DeepNoDisturbSM: setScreenState isScreenOn=true
06-10 16:58:33.412  2564  2564 I DeepNoDisturbSM: IdleState processMessage msg.what=EVENT_SCREEN_ON
06-10 16:58:33.419  2564  2564 I DeepNoDisturbSM: isWifiConnected = true
06-10 16:58:33.437  2564  2564 I DeepNoDisturbSM: isNetworkTypeSuitDeepNoDisturbMode networkType = 0
06-10 16:58:33.437  2564  2564 I DeepNoDisturbSM: isCorrectState=true mIsCallOn=false mGameStatus=1 defaultDataSubId=0 default4GSlotId=0 mIsDefaultDataOn=false mIsScreenOn=true deepNoDisturbModeProp=true isDeepNoDisturbSwitchOn=false isGameDndSwitchOn=true isNetworkTypeSuitDeepNoDisturbMode=false isAirplaneModeOn()=true
06-10 16:58:33.437  2564  2564 I DeepNoDisturbSM: isNeedEnterDeepNoDisturbMode false
06-10 16:58:33.437  2564  2564 D HwGameAssistantService: ScreenOnReceiver
06-10 16:58:33.437  2564  2564 D HwGameAssistantService: startService, pkgName = com.netease.mc.huawei, direction = 2
06-10 16:58:33.440  2564  2564 W ContextImpl: Calling a method in the system process without a qualified user: android.app.ContextImpl.startService:1708 android.content.ContextWrapper.startService:657 com.huawei.systemserver.gameassist.HwGameAssistantService.startService:99 com.huawei.systemserver.gameassist.HwGameAssistantService.-wrap0:0 com.huawei.systemserver.gameassist.HwGameAssistantService$ScreenOnReceiver.onReceive:87 
06-10 16:58:33.480  1413  1413 I chatty  : uid=1000 system_server expire 1 line
06-10 16:58:33.575  1413 10949 I chatty  : uid=1000(system) Binder:1413_1A expire 2 lines
06-10 16:58:33.579  1413  4686 I chatty  : uid=1000(system) Binder:1413_10 expire 4 lines
06-10 16:58:34.098  1413  2366 I chatty  : uid=1000(system) Binder:1413_5 expire 14 lines
06-10 16:58:34.205  1413  8370 I chatty  : uid=1000(system) Binder:1413_17 expire 12 lines
06-10 16:58:34.223  1413  1937 I chatty  : uid=1000(system) android.ui expire 53 lines
06-10 16:58:34.227  1413  2135 I chatty  : uid=1000(system) android.anim expire 16 lines
06-10 16:58:34.229  1413  1980 I chatty  : uid=1000(system) android.io expire 1 line
06-10 16:58:34.232  2349  2349 V KeyguardDisplayManager: hide
06-10 16:58:34.241  2349  2349 V KeyguardViewMediator: updateInputRestrictedLocked 1 isInputApp = false, inputRestricted = false
06-10 16:58:34.245  1413 19732 I chatty  : uid=1000(system) Binder:1413_20 expire 17 lines
06-10 16:58:34.262  1413  6374 I chatty  : uid=1000(system) Binder:1413_13 expire 29 lines
06-10 16:58:34.273  1413  1936 I chatty  : uid=1000(system) ActivityManager expire 3 lines
06-10 16:58:34.281  1413  1447 I chatty  : uid=1000(system) Binder:1413_2 expire 18 lines
06-10 16:58:34.472  1413  1932 I chatty  : uid=1000(system) HwActivityManag expire 3 lines
06-10 16:58:34.472  1413  1985 I chatty  : uid=1000(system) HwGameAssistant expire 1 line
06-10 16:58:34.480  2349 13799 I CommandQueue: updateBarBgColor
06-10 16:58:34.481  2349 13799 D CommandQueue: CommandQueue, setBarBackgroundColor
06-10 16:58:34.506  1413  1413 I chatty  : uid=1000 system_server expire 4 lines
06-10 16:58:34.506  1413  2214 I chatty  : uid=1000(system) WifiP2pService expire 5 lines
06-10 16:58:34.529  1413  2375 I chatty  : uid=1000(system) Binder:1413_6 expire 10 lines
06-10 16:58:34.536  2349  2349 V ActivityThread: systemui config :{1.0 ?mcc?mnc [zh_CN_#Hans] ldltr sw360dp w720dp h332dp 320dpi nrml long land finger -keyb/v/h -nav/h appBounds=Rect(0, 0 - 1441, 720) nonFullScreen=0 suim:1 s.78} mConfiguration:{1.0 ?mcc?mnc [zh_CN_#Hans] ldltr sw360dp w360dp h692dp 320dpi nrml long port finger -keyb/v/h -nav/h appBounds=Rect(0, 0 - 720, 1440) nonFullScreen=0 suim:1 s.77} compat:null called by android.app.ActivityThread$H.handleMessage:2157 
06-10 16:58:34.536  2349  2349 V ActivityThread: systemui diff:1152
06-10 16:58:34.536  2349  2349 V ActivityThread: systemui pendingconfig:{1.0 ?mcc?mnc [zh_CN_#Hans] ldltr sw360dp w720dp h332dp 320dpi nrml long land finger -keyb/v/h -nav/h appBounds=Rect(0, 0 - 1441, 720) nonFullScreen=0 suim:1 s.78}
06-10 16:58:35.095  1413  2146 I chatty  : uid=1000(system) Binder:1413_3 expire 17 lines
06-10 16:58:35.157  1413  8373 I chatty  : uid=1000(system) Binder:1413_18 expire 1 line
06-10 16:58:35.258  1413  2315 I chatty  : uid=1000(system) Binder:1413_4 expire 41 lines
06-10 16:58:59.529  1413  2601 I chatty  : uid=1000(system) Binder:1413_A expire 34 lines
06-10 16:58:59.862  1413  1937 I chatty  : uid=1000(system) android.ui expire 76 lines
06-10 16:59:00.003  1413  1413 I chatty  : uid=1000 system_server expire 8 lines
06-10 16:59:00.046  1413  2467 I chatty  : uid=1000(system) watchdog expire 2 lines
06-10 16:59:00.070  1413  2315 I chatty  : uid=1000(system) Binder:1413_4 expire 25 lines
06-10 16:59:09.291  1413  2146 I chatty  : uid=1000(system) Binder:1413_3 expire 17 lines
06-10 16:59:20.767  1413  8373 I chatty  : uid=1000(system) Binder:1413_18 expire 11 lines
06-10 16:59:26.617  1413  8370 I chatty  : uid=1000(system) Binder:1413_17 expire 16 lines
06-10 16:59:26.876  1413  2135 I chatty  : uid=1000(system) android.anim expire 2 lines
06-10 16:59:32.236  1413  2141 I chatty  : uid=1000(system) UEventObserver expire 4 lines
06-10 16:59:32.268  1413  1936 I chatty  : uid=1000(system) ActivityManager expire 2 lines
06-10 16:59:32.315  1413  1950 I chatty  : uid=1000(system) batterystats-wo expire 2 lines
06-10 16:59:33.187  2577  2723 E KernelCpuSpeedReader: Failed to read cpu-freq: /sys/devices/system/cpu/cpu0/cpufreq/stats/time_in_state (No such file or directory)
06-10 16:59:33.187  2577  2723 E KernelCpuSpeedReader: Failed to read cpu-freq: /sys/devices/system/cpu/cpu4/cpufreq/stats/time_in_state (No such file or directory)
06-10 16:59:33.200  2577  2723 E KernelCpuSpeedReader: Failed to read cpu-freq: /sys/devices/system/cpu/cpu0/cpufreq/stats/time_in_state (No such file or directory)
06-10 16:59:33.200  2577  2723 E KernelCpuSpeedReader: Failed to read cpu-freq: /sys/devices/system/cpu/cpu4/cpufreq/stats/time_in_state (No such file or directory)
06-10 16:59:33.780  1413  1937 I chatty  : uid=1000(system) android.ui expire 42 lines
06-10 16:59:35.505  1413  2601 I chatty  : uid=1000(system) Binder:1413_A expire 36 lines
06-10 16:59:40.178  1413  1937 I chatty  : uid=1000(system) android.ui expire 38 lines
06-10 16:59:40.584  1413  8373 I chatty  : uid=1000(system) Binder:1413_18 expire 26 lines
06-10 16:59:40.589  1413  8370 I chatty  : uid=1000(system) Binder:1413_17 expire 13 lines
06-10 16:59:40.695  1413  2146 I chatty  : uid=1000(system) Binder:1413_3 expire 18 lines
06-10 16:59:40.716  1413  1413 I chatty  : uid=1000 system_server expire 6 lines
06-10 16:59:45.922  5401  8588 W HwApsManager: HwApsManagerService, registerCallback, start !
06-10 16:59:50.583  1413  2135 I chatty  : uid=1000(system) android.anim expire 2 lines
06-10 16:59:53.008  1413  2315 I chatty  : uid=1000(system) Binder:1413_4 expire 7 lines
06-10 17:00:00.048  1413  2467 I chatty  : uid=1000(system) watchdog expire 1 line
06-10 17:00:00.333  2577  9297 E KernelCpuSpeedReader: Failed to read cpu-freq: /sys/devices/system/cpu/cpu0/cpufreq/stats/time_in_state (No such file or directory)
06-10 17:00:00.334  2577  9297 E KernelCpuSpeedReader: Failed to read cpu-freq: /sys/devices/system/cpu/cpu4/cpufreq/stats/time_in_state (No such file or directory)
06-10 17:00:00.343  2577  9297 E KernelCpuSpeedReader: Failed to read cpu-freq: /sys/devices/system/cpu/cpu0/cpufreq/stats/time_in_state (No such file or directory)
06-10 17:00:00.343  2577  9297 E KernelCpuSpeedReader: Failed to read cpu-freq: /sys/devices/system/cpu/cpu4/cpufreq/stats/time_in_state (No such file or directory)
06-10 17:00:03.208  1413  6374 I chatty  : uid=1000(system) Binder:1413_13 expire 33 lines
06-10 17:00:05.858  1413  1937 I chatty  : uid=1000(system) android.ui expire 48 lines
06-10 17:00:12.074  5401  5401 E ActivityThread: Failed to find provider info for com.huawei.hiaction.provider.HiActionManagerProvider
06-10 17:00:12.130  1413  2146 I chatty  : uid=1000(system) Binder:1413_3 expire 9 lines
06-10 17:00:15.202  1413  1928 I chatty  : uid=1000(system) android.bg expire 1 line
06-10 17:00:20.168  1413  8373 I chatty  : uid=1000(system) Binder:1413_18 expire 7 lines
06-10 17:00:26.855  1413  2186 I chatty  : uid=1000(system) InputReader expire 2 lines
06-10 17:00:26.979  1413  1998 I chatty  : uid=1000(system) PowerManagerSer expire 11 lines
06-10 17:00:27.001  1413  1936 I chatty  : uid=1000(system) ActivityManager expire 1 line
06-10 17:00:27.003  1413  2191 I chatty  : uid=1000(system) CryptdConnector expire 1 line
06-10 17:00:27.191  1413  1981 I chatty  : uid=1000(system) android.display expire 4 lines
06-10 17:00:27.219  1413  8370 I chatty  : uid=1000(system) Binder:1413_17 expire 1 line
06-10 17:00:27.220  1413  1998 I chatty  : uid=1000(system) PowerManagerSer expire 10 lines
06-10 17:00:27.231  1413  1413 I chatty  : uid=1000 system_server expire 14 lines
06-10 17:00:27.232  1413  2601 I chatty  : uid=1000(system) Binder:1413_A expire 13 lines
06-10 17:00:27.252  1413  6374 I chatty  : uid=1000(system) Binder:1413_13 expire 2 lines
