06-10 18:32:37.465 17220 17642 D Gallery_MediaSync: total count already synced:1, total: 1
06-10 18:32:37.465 17220 17642 D CloudLocalSyncService: --schedule-- stop local sync
06-10 18:32:37.465 17220 17642 D CloudLocalSyncService: localSync = 1  cloudSync = -1
06-10 18:32:37.465 17220 17642 D CloudLocalSyncService: --schedule-- start child service
06-10 18:32:37.468 17220 17642 D Gallery_Search: start search service delay
06-10 18:32:37.468 17220 17642 E RecycleClearService: startRecycleClearService   forceStart = false, sClearDone = false
06-10 18:32:37.472 17220 17220 D Gallery_Geo: --schedule-- [onStartCommand] start reverse geo code.
06-10 18:32:37.472 17220 17661 D Gallery_Geo: start resolve 
06-10 18:32:37.475 17220 17220 D RecycleClearService: --schedule-- [onStartCommand] start RecycleClearService.
06-10 18:32:37.475 17220 17662 D PhoneState: charge is true
06-10 18:32:37.475 17220 17662 D PhoneState: battery level is 79
06-10 18:32:37.476 17220 17220 D Gallery_CalcMd5: --schedule-- [onStartCommand] start CalcMd5Service.
06-10 18:32:37.477 17220 17220 D Gallery_CalcMd5: empty action
06-10 18:32:37.478 17220 17662 D PhoneState: screen on true
06-10 18:32:37.481 17220 17220 D RecycleClearService: --schedule-- RecycleClearService onDestroy
06-10 18:32:37.482 17220 17661 D Gallery_Geo: total 0 should process.
06-10 18:32:37.483 17220 17661 D Gallery_Geo: resolve local address
06-10 18:32:37.484 17220 17663 D Gallery_CalcMd5: MSG_SCAN_ALL size is 0
06-10 18:32:37.487 17220 17661 D Gallery_Geo: total 0 should process.
06-10 18:32:37.487 17220 17661 D Gallery_Geo: --schedule-- work done, stop GeoService
06-10 18:32:37.487 17220 17220 D Gallery_CalcMd5: --schedule-- CalcMd5Service onDestroy
06-10 18:32:37.488 17220 17661 D Gallery_Geo: resolve address cost: 16
06-10 18:32:37.488 17220 17661 D Gallery_Geo: done resolve 
06-10 18:32:37.488 17220 17220 D Gallery_Geo: --schedule-- GeoService onDestroy
06-10 18:32:37.508 17645 17645 I MultiDex: VM with version 2.1.0 has multidex support
06-10 18:32:37.508 17645 17645 I MultiDex: install
06-10 18:32:37.508 17645 17645 I MultiDex: VM has multidex support, MultiDex support library is disabled.
06-10 18:32:37.543 17645 17645 I OSGI_NCAM_CustomConfigurationUtil: Initialize mHwDeliverInfoClass.
06-10 18:32:37.569 17645 17645 I CameraManagerGlobal: Connecting to camera service
06-10 18:32:37.577 17645 17645 I CameraManagerGlobal: single back camera, do not need hide aux camera, device number: 0
06-10 18:32:37.578 17645 17645 I CameraManagerGlobal: single back camera, do not need hide aux camera, device number: 1
06-10 18:32:37.578 17645 17645 I CameraManagerGlobal: single back camera, do not need hide aux camera, device number: 2
06-10 18:32:37.578 17645 17645 I CameraManagerGlobal: package name: com.huawei.camera
06-10 18:32:37.578 17645 17657 I CameraManagerGlobal: package name: com.huawei.camera
06-10 18:32:37.587 17645 17645 I ServiceHostGlobalSession: construct global session
06-10 18:32:37.587 17645 17645 I ServiceHostGlobalSession: get servicehost characteristics, camera id: 0
06-10 18:32:37.587 17645 17645 I HwServiceHost: Checking servicehost.
06-10 18:32:37.588 17645 17645 I HwServiceHost: Connected to service!
06-10 18:32:37.589 17645 17645 I HwServiceHost: Connecting to camera servicehost.
06-10 18:32:37.593 17645 17645 V ImageProcessManager: link servicehost ok.
06-10 18:32:37.594   879 18547 I CImageProcessService: queryCapability(), camera: 0.
06-10 18:32:37.594   879 18547 I HwName2Tag: configVendorTag(53) enter.
06-10 18:32:37.594   879 18547 I HwCameraStaticCapbility: getPlatformType().
06-10 18:32:37.594   879 18547 I HwCameraStaticCapbility: getPlatformType(), platform: msm8937.
06-10 18:32:37.595   879 18547 I CImageProcessService: queryCapability(), supported color effect modes.
06-10 18:32:37.595   879 18547 I CImageProcessService: queryCapability(), supported color effect level range.
06-10 18:32:37.595   879 18547 I CImageProcessService: queryCapability(), preview and capture beauty supported.
06-10 18:32:37.595   879 18547 I CImageProcessService: queryCapability(), video beauty supported.
06-10 18:32:37.595   879 18547 I CImageProcessService: queryCapability(), supported beauty level range.
06-10 18:32:37.595   879 18547 I CImageProcessService: queryCapability(), nice food mode supported.
06-10 18:32:37.595   879 18547 I CImageProcessService: queryCapability(), HDR capture number.
06-10 18:32:37.595   879 18547 I CImageProcessService: queryCapability(), HDR exposure values.
06-10 18:32:37.595   879 18547 I HwCameraStaticCapbility: getSensorFacingMap().
06-10 18:32:37.596   879 18547 I HwCameraStaticCapbility: getCameraCapbilityFromBinder numCameras = 3
06-10 18:32:37.597   879 18547 I HwCameraStaticCapbility: getCameraCapbilityFromBinder:get camera[0] capbility sucess
06-10 18:32:37.598   879 18547 I HwCameraStaticCapbility: getCameraCapbilityFromBinder:get camera[1] capbility sucess
06-10 18:32:37.598   879 18547 I HwCameraStaticCapbility: getCameraCapbilityFromBinder:get camera[2] capbility sucess
06-10 18:32:37.598   879 18547 I HwCameraStaticCapbility: getCameraCapbilityFromBinder(), facing info, back: 2, front: 1, external: 0.
06-10 18:32:37.598   879 18547 I CImageProcessService: queryCapability(), facing back number: 2.
06-10 18:32:37.599   879 18547 I CImageProcessService: getBokehAlgoVendorType(): entry count: 1
06-10 18:32:37.599   879 18547 I CImageProcessService: getBokehAlgoVendorType(): data size: 1
06-10 18:32:37.599   879 18547 I CImageProcessService: queryCapability(), aperture mode supported.
06-10 18:32:37.599   879 18547 I CImageProcessService: getBokehAlgoVendorType(): entry count: 1
06-10 18:32:37.599   879 18547 I CImageProcessService: getBokehAlgoVendorType(): data size: 1
06-10 18:32:37.599   879 18547 I CImageProcessService: queryCapability(), apertureValues = 0,1,2,3,4,5,6,7,8,9,10,11,12,13,14,15,16
06-10 18:32:37.599   879 18547 I CImageProcessService: queryCapability(), supported aperture values.
06-10 18:32:37.599   879 18547 I CImageProcessService: queryCapability(), video aperture not supported.
06-10 18:32:37.599   879 18547 I CImageProcessService: queryCapability(), matched preview size for aperture.
06-10 18:32:37.599   879 18547 I CImageProcessService: queryCapability(), matched capture size for aperture.
06-10 18:32:37.599   879 18547 I CImageProcessService: queryCapability(492), supported scene mode count: 16.
06-10 18:32:37.599   879 18547 I CImageProcessService: queryCapability(499), supported scene mode: 4.
06-10 18:32:37.599   879 18547 I CImageProcessService: queryCapability(499), supported scene mode: 9.
06-10 18:32:37.599   879 18547 I CImageProcessService: queryCapability(499), supported scene mode: 8.
06-10 18:32:37.599   879 18547 I CImageProcessService: queryCapability(499), supported scene mode: 10.
06-10 18:32:37.599   879 18547 I CImageProcessService: queryCapability(499), supported scene mode: 5.
06-10 18:32:37.599   879 18547 I CImageProcessService: queryCapability(499), supported scene mode: 3.
06-10 18:32:37.599   879 18547 I CImageProcessService: queryCapability(499), supported scene mode: 13.
06-10 18:32:37.599   879 18547 I CImageProcessService: queryCapability(499), supported scene mode: 11.
06-10 18:32:37.599   879 18547 I CImageProcessService: queryCapability(499), supported scene mode: 15.
06-10 18:32:37.599   879 18547 I CImageProcessService: queryCapability(499), supported scene mode: 12.
06-10 18:32:37.599   879 18547 I CImageProcessService: queryCapability(499), supported scene mode: 14.
06-10 18:32:37.599   879 18547 I CImageProcessService: queryCapability(499), supported scene mode: 6.
06-10 18:32:37.599   879 18547 I CImageProcessService: queryCapability(499), supported scene mode: 7.
06-10 18:32:37.599   879 18547 I CImageProcessService: queryCapability(499), supported scene mode: 2.
06-10 18:32:37.599   879 18547 I CImageProcessService: queryCapability(499), supported scene mode: 1.
06-10 18:32:37.599   879 18547 I CImageProcessService: queryCapability(499), supported scene mode: 18.
06-10 18:32:37.599   879 18547 I CImageProcessService: queryCapability(), AI SceneDetection SmartSuggest supported.
06-10 18:32:37.599   879 18547 W HwName2Tag: vendorTagFromName: Unknown tag com.huawei.device.capabilities.cosplayPhotoSupported, ignoring
06-10 18:32:37.599   879 18547 W HwName2Tag: vendorTagFromName: Unknown tag com.huawei.device.capabilities.cosplayVideoSupported, ignoring
06-10 18:32:37.599   879 18547 W HwName2Tag: vendorTagFromName: Unknown tag com.huawei.device.capabilities.backgroundPhotoSupported, ignoring
06-10 18:32:37.599   879 18547 W HwName2Tag: vendorTagFromName: Unknown tag com.huawei.device.capabilities.backgroundVideoSupported, ignoring
06-10 18:32:37.602 17645 17645 I ServiceHostGlobalSession: get servicehost characteristics, camera id: 1
06-10 18:32:37.602 17645 17645 I HwServiceHost: Checking servicehost.
06-10 18:32:37.602 17645 17645 I HwServiceHost: Connected to service!
06-10 18:32:37.603   879 18547 I CImageProcessService: queryCapability(), camera: 1.
06-10 18:32:37.603   879 18547 I HwName2Tag: configVendorTag(53) enter.
06-10 18:32:37.604   879 18547 I HwCameraStaticCapbility: getPlatformType().
06-10 18:32:37.604   879 18547 I HwCameraStaticCapbility: getPlatformType(), platform: msm8937.
06-10 18:32:37.604   879 18547 I CImageProcessService: queryCapability(), supported color effect modes.
06-10 18:32:37.604   879 18547 I CImageProcessService: queryCapability(), supported color effect level range.
06-10 18:32:37.604   879 18547 I CImageProcessService: queryCapability(), preview and capture beauty supported.
06-10 18:32:37.604   879 18547 I CImageProcessService: queryCapability(), video beauty supported.
06-10 18:32:37.604   879 18547 I CImageProcessService: queryCapability(), supported beauty level range.
06-10 18:32:37.604   879 18547 I CImageProcessService: queryCapability(), front gesture mode supported.
06-10 18:32:37.604   879 18547 I CImageProcessService: queryCapability(492), supported scene mode count: 16.
06-10 18:32:37.604   879 18547 I CImageProcessService: queryCapability(499), supported scene mode: 4.
06-10 18:32:37.604   879 18547 I CImageProcessService: queryCapability(499), supported scene mode: 9.
06-10 18:32:37.604   879 18547 I CImageProcessService: queryCapability(499), supported scene mode: 8.
06-10 18:32:37.604   879 18547 I CImageProcessService: queryCapability(499), supported scene mode: 10.
06-10 18:32:37.604   879 18547 I CImageProcessService: queryCapability(499), supported scene mode: 5.
06-10 18:32:37.604   879 18547 I CImageProcessService: queryCapability(499), supported scene mode: 3.
06-10 18:32:37.604   879 18547 I CImageProcessService: queryCapability(499), supported scene mode: 13.
06-10 18:32:37.604   879 18547 I CImageProcessService: queryCapability(499), supported scene mode: 11.
06-10 18:32:37.604   879 18547 I CImageProcessService: queryCapability(499), supported scene mode: 15.
06-10 18:32:37.604   879 18547 I CImageProcessService: queryCapability(499), supported scene mode: 12.
06-10 18:32:37.604   879 18547 I CImageProcessService: queryCapability(499), supported scene mode: 14.
06-10 18:32:37.604   879 18547 I CImageProcessService: queryCapability(499), supported scene mode: 6.
06-10 18:32:37.604   879 18547 I CImageProcessService: queryCapability(499), supported scene mode: 7.
06-10 18:32:37.604   879 18547 I CImageProcessService: queryCapability(499), supported scene mode: 2.
06-10 18:32:37.604   879 18547 I CImageProcessService: queryCapability(499), supported scene mode: 1.
06-10 18:32:37.604   879 18547 I CImageProcessService: queryCapability(499), supported scene mode: 18.
06-10 18:32:37.604   879 18547 I CImageProcessService: queryCapability(), AI SceneDetection SmartSuggest supported.
06-10 18:32:37.604   879 18547 W HwName2Tag: vendorTagFromName: Unknown tag com.huawei.device.capabilities.cosplayPhotoSupported, ignoring
06-10 18:32:37.604   879 18547 W HwName2Tag: vendorTagFromName: Unknown tag com.huawei.device.capabilities.cosplayVideoSupported, ignoring
06-10 18:32:37.604   879 18547 W HwName2Tag: vendorTagFromName: Unknown tag com.huawei.device.capabilities.backgroundPhotoSupported, ignoring
06-10 18:32:37.604   879 18547 W HwName2Tag: vendorTagFromName: Unknown tag com.huawei.device.capabilities.backgroundVideoSupported, ignoring
06-10 18:32:37.605 17645 17645 I ServiceHostGlobalSession: get servicehost characteristics, camera id: 2
06-10 18:32:37.605 17645 17645 I HwServiceHost: Checking servicehost.
06-10 18:32:37.606 17645 17645 I HwServiceHost: Connected to service!
06-10 18:32:37.607   879 18547 I CImageProcessService: queryCapability(), camera: 2.
06-10 18:32:37.607   879 18547 I HwName2Tag: configVendorTag(53) enter.
06-10 18:32:37.607   879 18547 I HwCameraStaticCapbility: getPlatformType().
06-10 18:32:37.607   879 18547 I HwCameraStaticCapbility: getPlatformType(), platform: msm8937.
06-10 18:32:37.607   879 18547 I CImageProcessService: queryCapability(), supported color effect modes.
06-10 18:32:37.607   879 18547 I CImageProcessService: queryCapability(), supported color effect level range.
06-10 18:32:37.607   879 18547 I CImageProcessService: queryCapability(), preview and capture beauty supported.
06-10 18:32:37.607   879 18547 I CImageProcessService: queryCapability(), video beauty supported.
06-10 18:32:37.607   879 18547 I CImageProcessService: queryCapability(), supported beauty level range.
06-10 18:32:37.607   879 18547 I CImageProcessService: queryCapability(492), supported scene mode count: 16.
06-10 18:32:37.607   879 18547 I CImageProcessService: queryCapability(499), supported scene mode: 4.
06-10 18:32:37.607   879 18547 I CImageProcessService: queryCapability(499), supported scene mode: 9.
06-10 18:32:37.607   879 18547 I CImageProcessService: queryCapability(499), supported scene mode: 8.
06-10 18:32:37.607   879 18547 I CImageProcessService: queryCapability(499), supported scene mode: 10.
06-10 18:32:37.607   879 18547 I CImageProcessService: queryCapability(499), supported scene mode: 5.
06-10 18:32:37.607   879 18547 I CImageProcessService: queryCapability(499), supported scene mode: 3.
06-10 18:32:37.607   879 18547 I CImageProcessService: queryCapability(499), supported scene mode: 13.
06-10 18:32:37.607   879 18547 I CImageProcessService: queryCapability(499), supported scene mode: 11.
06-10 18:32:37.607   879 18547 I CImageProcessService: queryCapability(499), supported scene mode: 15.
06-10 18:32:37.607   879 18547 I CImageProcessService: queryCapability(499), supported scene mode: 12.
06-10 18:32:37.607   879 18547 I CImageProcessService: queryCapability(499), supported scene mode: 14.
06-10 18:32:37.607   879 18547 I CImageProcessService: queryCapability(499), supported scene mode: 6.
06-10 18:32:37.607   879 18547 I CImageProcessService: queryCapability(499), supported scene mode: 7.
06-10 18:32:37.607   879 18547 I CImageProcessService: queryCapability(499), supported scene mode: 2.
06-10 18:32:37.607   879 18547 I CImageProcessService: queryCapability(499), supported scene mode: 1.
06-10 18:32:37.607   879 18547 I CImageProcessService: queryCapability(499), supported scene mode: 18.
06-10 18:32:37.607   879 18547 I CImageProcessService: queryCapability(), AI SceneDetection SmartSuggest supported.
06-10 18:32:37.607   879 18547 W HwName2Tag: vendorTagFromName: Unknown tag com.huawei.device.capabilities.cosplayPhotoSupported, ignoring
06-10 18:32:37.607   879 18547 W HwName2Tag: vendorTagFromName: Unknown tag com.huawei.device.capabilities.cosplayVideoSupported, ignoring
06-10 18:32:37.608   879 18547 W HwName2Tag: vendorTagFromName: Unknown tag com.huawei.device.capabilities.backgroundPhotoSupported, ignoring
06-10 18:32:37.608   879 18547 W HwName2Tag: vendorTagFromName: Unknown tag com.huawei.device.capabilities.backgroundVideoSupported, ignoring
06-10 18:32:37.616 17645 17645 V HwCamera2MediaSaveManager: bindMediaSaveService
06-10 18:32:37.623 17645 17645 I ServiceHostGlobalSession: initialize global session.
06-10 18:32:37.624   879 18547 I IImageProcessService: onTransact BnImageProcessService getGlobalSession begin
06-10 18:32:37.625 17645 17645 I ServiceHostGlobalSession: link servicehost death.
06-10 18:32:37.626 17645 17645 E OSGI_NCAM_PostCamera2: Class(com.huawei.hwpostcamera.HwPostCamera) not found.
06-10 18:32:37.638 17645 17645 W zygote  : Class com.fyusion.sdk.common.a failed lock verification and will run slower.
06-10 18:32:37.638 17645 17645 W zygote  : Common causes for lock verification issues are non-optimized dex code
06-10 18:32:37.638 17645 17645 W zygote  : and incorrect proguard optimizations.
06-10 18:32:37.639 17645 17659 E MemoryLeakMonitorManager: MemoryLeakMonitor.jar is not exist!
06-10 18:32:37.645 17645 17645 E Minikin : Could not get cmap table size!
06-10 18:32:37.650 17645 17671 I com.fyusion.sdk.common: 2024-06-10T18:32:37.643+0800 [Auth]: Fyuse SDK version: 1.02.24-dev10 | '96db386' | 2017-09-08T17:13:57-07:00 | Vislib: A-SDK-1.03-01 | cc0bb74a3 | 1.0.5
06-10 18:32:37.654 17645 17645 V HwCamera2MediaSaveManager: ServiceConnection : onServiceConnected
06-10 18:32:37.654 17645 17645 D HwCamera2MediaSaveManager: CaptureEvent onQueueStatus callback, full = false
06-10 18:32:37.760 17675 17675 E libc    : Access denied finding property "ro.hwfix.ro.process_list"
06-10 18:32:37.783 17675 17675 E libc    : Access denied finding property "ro.hwfix.ro.process_list"
06-10 18:32:37.793 17005 17017 I StagefrightMediaScannerEx: StagefrightMediaScanner destructor
06-10 18:32:37.795 17005 17017 I StagefrightMediaScannerEx: StagefrightMediaScanner destructor
06-10 18:32:37.993 17220 17368 D Gallery_Common_SelectedPhotoInfo: start download cover.
06-10 18:32:37.994 17220 17368 D Gallery_Common_SelectedPhotoInfo: need update cover
06-10 18:32:38.000   612 17677 W libc    : Set property "hw.wifi.dns_stat" to "793,149,9485,1,165808"
06-10 18:32:38.264   881  1020 I AwareLog: cmd_proc_reclaim_all success
06-10 18:32:38.796 17678 17678 E libc    : Access denied finding property "ro.hwfix.ro.process_list"
06-10 18:32:38.799 17220 17368 D Gallery_Common_SelectedPhotoInfo: syncLocalInfo is called
06-10 18:32:38.809 17220 17368 D Gallery_Common_SelectedPhotoInfo: start generate cover.
06-10 18:32:38.816 17678 17678 E libc    : Access denied finding property "ro.hwfix.ro.process_list"
06-10 18:32:38.848  1413  2200 I chatty  : uid=1000(system) HwWifiStatStore expire 4 lines
06-10 18:32:38.859 17220 17368 I Gallery_Common_SelectedPhotoInfo: generateCover success
06-10 18:32:39.471  1413  2315 V ActivityManager: startProcess: name=com.android.gallery3d:search app=null knownToBeDead=true thread=null pid=-1
06-10 18:32:39.512 17680 17680 I         : power log dlsym ok
06-10 18:32:39.516  1413  2315 I ActivityManager: Start proc 17680:com.android.gallery3d:search/u0a24 for service com.android.gallery3d/com.huawei.gallery.search.SearchService
06-10 18:32:39.511 17680 17680 W main    : type=1400 audit(0.0:170758): avc: denied { create } for name="cgroup.procs" scontext=u:r:zygote:s0 tcontext=u:object_r:cgroup:s0 tclass=file permissive=0
06-10 18:32:39.547 17680 17680 D ActivityThread: Attach thread to application
06-10 18:32:39.581 17680 17680 I HwLogExceptionInner: Log blacklist 
06-10 18:32:39.589 17680 17680 D HwFLClassLoader: get used feature list :/feature/used-list failed!
06-10 18:32:39.589 17680 17680 D HwFLClassLoader: USE_FEATURE_LIST had not init! 
06-10 18:32:39.590 17680 17694 I HwApiCacheMangerEx: apicache path=/storage/emulated/0 state=mounted key=com.android.gallery3d#10024#256
06-10 18:32:39.591 17680 17694 I HwApiCacheMangerEx: apicache path=/storage/emulated/0 state=mounted key=com.android.gallery3d#10024#0
06-10 18:32:39.648 17680 17696 D Gallery_Common_DisplayEngine: init()
06-10 18:32:39.649 17680 17696 D Gallery_Common_DisplayEngineCmdInterface: DisplayEngineCmdInterface() enter
06-10 18:32:39.651 17680 17680 D Gallery :  FyuseSDK.init
06-10 18:32:39.654 17680 17696 D Gallery_Common_DisplayEngineCmdInterface: DisplayEngineCmdInterface() exit
06-10 18:32:39.664 17680 17680 W zygote64: Class com.fyusion.sdk.common.a failed lock verification and will run slower.
06-10 18:32:39.664 17680 17680 W zygote64: Common causes for lock verification issues are non-optimized dex code
06-10 18:32:39.664 17680 17680 W zygote64: and incorrect proguard optimizations.
06-10 18:32:39.669 17680 17680 D Gallery : isMainProcess false
06-10 18:32:39.676 17680 17680 D Gallery_Common_NotchScreenManager: Register NotchScreen ContentObserver
06-10 18:32:39.680 17680 17699 I com.fyusion.sdk.common: 2024-06-10T18:32:39.674+0800 [Auth]: Fyuse SDK version: 1.02.24-rel7 | '4dd9b23ea' | 2017-08-08T21:21:58-07:00 | Vislib: A-SDK-1.03-01 | cc0bb74a3 | 1.0.5
06-10 18:32:39.683 17680 17680 D Gallery_Common_NotchScreenManager: NotchScreen switch changed, now state is: 0
06-10 18:32:39.692 17680 17700 I Gallery_Common_DisplayEngine: Screen=1520x720
06-10 18:32:39.693 17680 17700 D Gallery_Common_HwColorPickerUtil: screenWidth = 720, screenHeight = 1520
06-10 18:32:39.699 17680 17694 E MemoryLeakMonitorManager: MemoryLeakMonitor.jar is not exist!
06-10 18:32:39.703 17680 17680 E Minikin : Could not get cmap table size!
06-10 18:32:39.718 17680 17706 W Gallery_Search: locked false
06-10 18:32:39.721 17680 17696 D DE I -de: native_init:61: Loading algorithms
06-10 18:32:39.722 17680 17696 D DE I -de: initLogSwitch:24: isProductDebuggable=0, isDebugLogOn=0
06-10 18:32:39.732 17680 17700 I HwApiCacheMangerEx: apicache path=/storage/emulated/0 state=mounted key=com.android.gallery3d#10024#512
06-10 18:32:39.734 17680 17700 D GalleryStorageManager: updateOuterGalleryStorageList innerGalleryStorage:Path:/storage/emulated/0, mounted:true, name:设备, galleryStorageList:[]
06-10 18:32:39.737 17680 17700 E FontFamily: Error mapping font file /system/fonts/slim.ttf
06-10 18:32:39.737 17680 17700 W Gallery_Common_GalleryUtils: the font Slim is not exist!
06-10 18:32:39.740 17680 17701 V HwWidgetFactory: : successes to get AllImpl object and return....
06-10 18:32:39.743 17680 17696 I Gallery_Common_DisplayEngine: init() getCapability mEnable=true, mWideColorGamutSupported=false
06-10 18:32:39.743 17680 17701 D Gallery_Fyuse3D_FyuseFile: sExistFyuse false
06-10 18:32:39.744 17680 17696 I Gallery_cloud_PhotoShareUtils: storage size: 24G
06-10 18:32:39.759 17680 17701 D Gallery_Common_HwCustUtilsWrapper: start init HwCustUtils
06-10 18:32:39.759 17680 17701 D Gallery_Common_HwCustUtilsWrapper: init HwCustUtils success !!!
06-10 18:32:39.759 17680 17701 D Gallery_Common_HwCustUtilsWrapper: method find result public static java.lang.Object com.huawei.cust.HwCustUtils.createObj(java.lang.Class,java.lang.Object[])
06-10 18:32:39.770 17680 17696 E Gallery_Common_TouchForceManager: NoSuchMethodException com.huawei.android.app.Activity failed
06-10 18:32:39.775 17680 17700 D Gallery_Common_HwCustUtilsWrapper: method find result public static java.lang.Object com.huawei.cust.HwCustUtils.createObj(java.lang.Class,java.lang.Object[])
06-10 18:32:39.777 17680 17700 D MediaSetUtils: innerGalleryStorage:Path:/storage/emulated/0, mounted:true, name:设备, outerGalleryStorageList:[]
06-10 18:32:39.793 17220 17366 D Gallery_Common_StorageService: precess pre check storage info.
06-10 18:32:39.817 17319 17342 I Cloud[10.13.20.300]Sync.HicloudLoginProvider: login query from com.android.gallery3d
06-10 18:32:39.817 17680 17700 D Gallery_cloud_PhotoShareUtils: check uri value content://com.huawei.android.cg.albumProvider/albumVersionStatus result: -1
06-10 18:32:39.819 17319 17342 I Cloud[10.13.20.300]Sync.HicloudLoginProvider: login query from com.android.gallery3d
06-10 18:32:39.820 17680 17701 V Gallery_cloud_CloudStateUtils: isHiCloudLogin return true
06-10 18:32:39.821 17680 17700 V Gallery_cloud_CloudStateUtils: isHiCloudLogin return true
06-10 18:32:39.822 17680 17701 I Gallery : app start with version 8.2.1.304(180201304)
06-10 18:32:39.822 17680 17680 D Gallery_Common_DataManager: registerChangeNotifier uri is content://com.huawei.gallery.provider/merge/gallery_media
06-10 18:32:39.824 17680 17680 D Gallery_Common_DataManager: registerChangeNotifier uri is content://com.huawei.gallery.provider/merge/gallery_album
06-10 18:32:39.825 17713 17713 E libc    : Access denied finding property "ro.hwfix.ro.process_list"
06-10 18:32:39.826 17680 17680 D Gallery_Common_DataManager: registerChangeNotifier uri is content://moveoutin
06-10 18:32:39.827 17680 17680 D Gallery_Common_DataManager: registerChangeNotifier uri is content://media/external/images/media
06-10 18:32:39.829 17680 17680 D Gallery_Common_DataManager: registerChangeNotifier uri is content://media/external/video/media
06-10 18:32:39.830 17680 17680 D Gallery_Common_DataManager: registerChangeNotifier uri is content://settings/gallery
06-10 18:32:39.832 17680 17680 D Gallery_Common_DataManager: registerChangeNotifier uri is content://media/external/file
06-10 18:32:39.840 17713 17713 E libc    : Access denied finding property "ro.hwfix.ro.process_list"
06-10 18:32:39.911 17680 17706 D Gallery_Search: clear invalid index. batch count 0
06-10 18:32:39.918 17680 17706 D Gallery_Search: clear invalid index, count: 0
06-10 18:32:39.918  1413  1936 W BroadcastQueue: Permission Denial: broadcasting Intent { act=com.huawei.gallery.action.ACTION_CHANGE flg=0x10 } from com.android.gallery3d (pid=17680, uid=10024) requires com.android.gallery3d.permission.SEARCH_CHANGE_NOTIFY due to registered receiver BroadcastFilter{e9b2d10 u0 ReceiverList{29e1dd3 17220 com.android.gallery3d/10024/u0 remote:1b51bc2}}
06-10 18:32:39.948  2349  2349 D StatusBarIconController: setIconVisibility icon is null or visibility not change visibility=false
06-10 18:32:39.948  2349  2349 W ResourceType: No package identifier when getting value for resource number 0x00000000
06-10 18:32:39.948  2349  2349 E HwNotchUtils: setIconForView iconId is not found
06-10 18:32:39.949  2349  2349 D StatusBarIconController: setIconVisibility icon is null or visibility not change visibility=false
06-10 18:32:39.949  2349  2349 W ResourceType: No package identifier when getting value for resource number 0x00000000
06-10 18:32:39.949  2349  2349 E HwNotchUtils: setIconForView iconId is not found
06-10 18:32:39.949  2349  2349 D StatusBarIconController: setIconVisibility icon is null or visibility not change visibility=false
06-10 18:32:39.949  2349  2349 W ResourceType: No package identifier when getting value for resource number 0x00000000
06-10 18:32:39.949  2349  2349 E HwNotchUtils: setIconForView iconId is not found
06-10 18:32:39.963 17680 17706 D Gallery_Search: upgrade  0 item for null 
06-10 18:32:39.964 17680 17706 D Gallery_Search: clearInvalidIndex done.
06-10 18:32:40.030 17680 17706 D Gallery_Search: total 0 changed local language to zh
06-10 18:32:40.039 17680 17706 D Gallery_Search: Index info: version 1, last language zh
06-10 18:32:40.040 17680 17706 D Gallery_Search: update local language done.
06-10 18:32:40.102 17680 17706 D Gallery_Search: total 0 file should be analyzed for search.
06-10 18:32:40.103 17680 17706 D Gallery_Search: local language  zh
06-10 18:32:40.132 17680 17706 D Gallery_Search: update index done (0)address update to local language.
06-10 18:32:40.133 17680 17706 D Gallery_Search: updateIndex done.
06-10 18:32:40.134 17680 17706 D Gallery_Search: searchService stop self 1
06-10 18:32:40.134 17680 17680 D Gallery_Search: stop service
06-10 18:32:40.418  3473  3473 D wpa_supplicant: sta hidl pwrPercentBoostModesetInternal
06-10 18:32:40.501 17680 17715 D Gallery_Search: wait to Join thread.
06-10 18:32:40.502 17680 17715 D Gallery_Search: Join thread done. cost time: 1
06-10 18:32:40.502 17680 17715 W Gallery_Search: locked false
06-10 18:32:40.549 17680 17715 D Gallery_Search: clear invalid index. batch count 0
06-10 18:32:40.556 17680 17715 D Gallery_Search: clear invalid index, count: 0
06-10 18:32:40.589 17680 17715 D Gallery_Search: upgrade  0 item for null 
06-10 18:32:40.590 17680 17715 D Gallery_Search: clearInvalidIndex done.
06-10 18:32:40.590 17680 17715 W Gallery_Search: local language doesn't change. no need localize.
06-10 18:32:40.590 17680 17715 D Gallery_Search: update local language done.
06-10 18:32:40.654 17680 17715 D Gallery_Search: total 0 file should be analyzed for search.
06-10 18:32:40.654 17680 17715 D Gallery_Search: local language  zh
06-10 18:32:40.685 17680 17715 D Gallery_Search: update index done (0)address update to local language.
06-10 18:32:40.686 17680 17715 D Gallery_Search: updateIndex done.
06-10 18:32:40.687 17680 17715 D Gallery_Search: searchService stop self 1
06-10 18:32:40.688 17680 17680 D Gallery_Search: stop service
06-10 18:32:40.853 17716 17716 E libc    : Access denied finding property "ro.hwfix.ro.process_list"
06-10 18:32:40.869 17716 17716 E libc    : Access denied finding property "ro.hwfix.ro.process_list"
06-10 18:32:40.952  2349  2349 D StatusBarIconController: setIconVisibility icon is null or visibility not change visibility=false
06-10 18:32:40.954  2349  2349 I chatty  : uid=10026(com.huawei.HwMultiScreenShot) com.android.systemui identical 7 lines
06-10 18:32:40.955  2349  2349 D StatusBarIconController: setIconVisibility icon is null or visibility not change visibility=false
06-10 18:32:41.882 17717 17717 E libc    : Access denied finding property "ro.hwfix.ro.process_list"
06-10 18:32:41.905 17717 17717 E libc    : Access denied finding property "ro.hwfix.ro.process_list"
06-10 18:32:41.957  2349  2349 D StatusBarIconController: setIconVisibility icon is null or visibility not change visibility=false
06-10 18:32:41.958  2349  2349 W ResourceType: No package identifier when getting value for resource number 0x00000000
06-10 18:32:41.958  2349  2349 E HwNotchUtils: setIconForView iconId is not found
06-10 18:32:41.958  2349  2349 D StatusBarIconController: setIconVisibility icon is null or visibility not change visibility=false
06-10 18:32:41.959  2349  2349 W ResourceType: No package identifier when getting value for resource number 0x00000000
06-10 18:32:41.959  2349  2349 E HwNotchUtils: setIconForView iconId is not found
06-10 18:32:41.959  2349  2349 D StatusBarIconController: setIconVisibility icon is null or visibility not change visibility=false
06-10 18:32:41.960  2349  2349 W ResourceType: No package identifier when getting value for resource number 0x00000000
06-10 18:32:41.960  2349  2349 E HwNotchUtils: setIconForView iconId is not found
06-10 18:32:42.195 17424 17424 I Cloud[10.13.20.300]Sync.ICBServiceProtocol: ICBService connected
06-10 18:32:42.197 17319 17341 I Cloud[10.13.20.300]Sync.ICBService: check last restore condition.
06-10 18:32:42.201 17319 17341 I Cloud[10.13.20.300]Sync.CBAccess: restore task not exist.
06-10 18:32:42.210 17319 17341 I Cloud[10.13.20.300]Sync.CloudBackupDsProviderManager: notifyDsRestoreTimer isRegister: false ,delaytime: 0
06-10 18:32:42.212 17319 17341 I Cloud[10.13.20.300]Base.BaseCommonUtil: Target provider's package name is: com.huawei.hidisk
06-10 18:32:42.212 17319 17341 I Cloud[10.13.20.300]Base.BaseCommonUtil: isSystemApp: true
06-10 18:32:42.219 17319 17341 I Cloud[10.13.20.300]Sync.CloudBackupDsProviderManager: notifyDsRestoreTimer child
06-10 18:32:42.222 17319 17341 I Cloud[10.13.20.300]Sync.ICBService: CloudRestoreJobService !hasRestoreTask
06-10 18:32:42.230 17424 17424 I Cloud[10.13.20.300]Sync.SyncObserverService: CBObserverTimerReceiver restore, isRegisterTimer: false
06-10 18:32:42.231 17424 17424 I Cloud[10.13.20.300]Sync.SyncObserverService: unRegisterRestoreTimer
06-10 18:32:42.421  3473  3473 D wpa_supplicant: sta hidl pwrPercentBoostModesetInternal
06-10 18:32:42.441  1413  2271 I chatty  : uid=1000(system) HuaweiWifiWatch expire 6 lines
06-10 18:32:42.442  1413  2262 I chatty  : uid=1000(system) wifipro_uid_tcp expire 4 lines
06-10 18:32:42.445  1413  2266 I chatty  : uid=1000(system) WifiProStateMac expire 7 lines
06-10 18:32:42.448  1413  5157 I chatty  : uid=1000(system) MobileQosDetect expire 1 line
06-10 18:32:42.601  2577  6406 I HwPolicyDispatcher: chargeType:0
06-10 18:32:42.601  2577  6406 I HwPolicyDispatcher: wired_5v charge current limit:0
06-10 18:32:42.746   612 17718 W libc    : Set property "hw.wifi.dns_stat" to "795,150,9485,1,165809"
06-10 18:32:42.919 17719 17719 E libc    : Access denied finding property "ro.hwfix.ro.process_list"
06-10 18:32:42.945 17719 17719 E libc    : Access denied finding property "ro.hwfix.ro.process_list"
06-10 18:32:42.957  2349  2349 D StatusBarIconController: setIconVisibility icon is null or visibility not change visibility=false
06-10 18:32:42.958  2349  2349 D StatusBarIconController: setIconVisibility icon is null or visibility not change visibility=false
06-10 18:32:43.205  2577  4077 I DownloadState: @@@@@@@@@@@@ uid :10024 download :true
06-10 18:32:43.206  2577  4077 I PGServer: report state:5 event type:1 pid:0 uid:10024 pkg:null to pid: 1413
06-10 18:32:43.206  2577  4077 I DownloadState: 10089 stop download, curr: 269594511, base: 269549888, delta: 44623
06-10 18:32:43.206  2577  4077 I DownloadState: @@@@@@@@@@@@ uid :10089 download :false
06-10 18:32:43.206  2577  4077 I PGServer: report state:5 event type:2 pid:0 uid:10089 pkg:null to pid: 1413
06-10 18:32:43.484  3473  3473 D wpa_supplicant: sta hidl pwrPercentBoostModesetInternal
06-10 18:32:43.962  2349  2349 D StatusBarIconController: setIconVisibility icon is null or visibility not change visibility=false
06-10 18:32:43.963 17720 17720 E libc    : Access denied finding property "ro.hwfix.ro.process_list"
06-10 18:32:43.964  2349  2349 W ResourceType: No package identifier when getting value for resource number 0x00000000
06-10 18:32:43.964  2349  2349 E HwNotchUtils: setIconForView iconId is not found
06-10 18:32:43.965  2349  2349 D StatusBarIconController: setIconVisibility icon is null or visibility not change visibility=false
06-10 18:32:43.965  2349  2349 W ResourceType: No package identifier when getting value for resource number 0x00000000
06-10 18:32:43.965  2349  2349 E HwNotchUtils: setIconForView iconId is not found
06-10 18:32:43.965  2349  2349 D StatusBarIconController: setIconVisibility icon is null or visibility not change visibility=false
06-10 18:32:43.965  2349  2349 W ResourceType: No package identifier when getting value for resource number 0x00000000
06-10 18:32:43.966  2349  2349 E HwNotchUtils: setIconForView iconId is not found
06-10 18:32:43.986 17720 17720 E libc    : Access denied finding property "ro.hwfix.ro.process_list"
06-10 18:32:44.242  1413  2158 I chatty  : uid=1000(system) AlarmManager expire 1 line
06-10 18:32:44.263  2577  2723 I DeviceMonitor: WKLOCK EVT:160 uid:10296 flags:1 pid:-2 tag:*alarm*
06-10 18:32:44.265  2577  2723 I DeviceMonitor: WKLOCK EVT:161 uid:10296 flags:1 pid:-2 tag:*alarm*
06-10 18:32:44.280  1413  1936 I chatty  : uid=1000(system) ActivityManager expire 1 line
06-10 18:32:40.556  1413  1936 W BroadcastQueue: Permission Denial: broadcasting Intent { act=com.huawei.gallery.action.ACTION_CHANGE flg=0x10 } from com.android.gallery3d (pid=17680, uid=10024) requires com.android.gallery3d.permission.SEARCH_CHANGE_NOTIFY due to registered receiver BroadcastFilter{e9b2d10 u0 ReceiverList{29e1dd3 17220 com.android.gallery3d/10024/u0 remote:1b51bc2}}
06-10 18:32:44.283  1413  2315 W ProcBatteryStats: timer is running , not start, name: abc.def.ghi, uid: 10296, tag: abc.def.ghi:Tag
06-10 18:32:44.285  2577  2723 I DeviceMonitor: WKLOCK EVT:160 uid:10296 flags:536870913 pid:10635 tag:abc.def.ghi:Tag
06-10 18:32:44.289  1413  1413 V HwNotificationManagerService: isHwSoundAllow pkg=abc.def.ghi, channelId=abc.def.ghi.alarmService, userId=0, cfg=1
06-10 18:32:44.290  1413  1413 V HwNotificationManagerService: isHwVibrateAllow pkg=abc.def.ghi, channelId=abc.def.ghi.alarmService, userId=0, cfg=1
06-10 18:32:44.292  2577  2723 I AppManager: app:abc.def.ghi Notification update time:267348092
06-10 18:32:44.298  2349  2349 D StatusBar: updateNotification(StatusBarNotification(pkg=abc.def.ghi user=UserHandle{0} id=130 tag=null key=0|abc.def.ghi|130|null|10296: Notification(channel=abc.def.ghi.alarmService pri=0 contentView=null vibrate=null sound=default defaults=0x1 flags=0x72 color=0x00000000 vis=PRIVATE)))
06-10 18:32:44.303  2349  2349 D HwPhoneStatusBar: No peeking: not allowed notification: 0|abc.def.ghi|130|null|10296
06-10 18:32:44.303  2349  2349 D StatusBar:  shouldPeek=false alertAgain=true
06-10 18:32:44.304  2349  2349 I PhoneStatusBar: updateNotificationShade: total=5, active=5
06-10 18:32:44.304  2349  2349 W PhoneStatusBar: updateNotificationShade hasFaceDT: false; Detected:false
06-10 18:32:44.304  2349  2349 V PhoneStatusBar: mStackScroller size:3,activeCount:5, childCnt:7
06-10 18:32:44.319  2349  2349 W ExpandableNotificationRow: setActionsBackground,null == view,mPublicLayout
06-10 18:32:44.319  2349  2349 W ExpandableNotificationRow: setActionsBackground,null == view,mPrivateLayout
06-10 18:32:44.319  2349  2349 W ExpandableNotificationRow: setActionsBackground,null == view,mPublicLayout
06-10 18:32:44.319  2349  2349 W ExpandableNotificationRow: setActionsBackground,null == view,mPrivateLayout
06-10 18:32:44.319  2349  2349 W ExpandableNotificationRow: setActionsBackground,null == view,mPublicLayout
06-10 18:32:44.319  2349  2349 W ExpandableNotificationRow: setActionsBackground,null == view,mPrivateLayout
06-10 18:32:44.319  2349  2349 W HwKeyguardDragHelper: AnimationBlocked
06-10 18:32:44.330  2349  2349 W ExpandableNotificationRow: setActionsBackground,null == view,mPublicLayout
06-10 18:32:44.330  2349  2349 W ExpandableNotificationRow: setActionsBackground,null == view,mPrivateLayout
06-10 18:32:44.331  2349  2349 W ExpandableNotificationRow: setActionsBackground,null == view,mPublicLayout
06-10 18:32:44.331  2349  2349 W ExpandableNotificationRow: setActionsBackground,null == view,mPrivateLayout
06-10 18:32:44.332  2349  2349 W ExpandableNotificationRow: setActionsBackground,null == view,mPublicLayout
06-10 18:32:44.332  2349  2349 W ExpandableNotificationRow: setActionsBackground,null == view,mPrivateLayout
06-10 18:32:44.332  2349  2349 W HwKeyguardDragHelper: AnimationBlocked
06-10 18:32:44.347  2349  2349 W ExpandableNotificationRow: setActionsBackground,null == view,mPublicLayout
06-10 18:32:44.347  2349  2349 W ExpandableNotificationRow: setActionsBackground,null == view,mPrivateLayout
06-10 18:32:44.348  2349  2349 W ExpandableNotificationRow: setActionsBackground,null == view,mPublicLayout
06-10 18:32:44.348  2349  2349 W ExpandableNotificationRow: setActionsBackground,null == view,mPrivateLayout
06-10 18:32:44.348  2349  2349 W ExpandableNotificationRow: setActionsBackground,null == view,mPublicLayout
06-10 18:32:44.348  2349  2349 W ExpandableNotificationRow: setActionsBackground,null == view,mPrivateLayout
06-10 18:32:44.348  2349  2349 W HwKeyguardDragHelper: AnimationBlocked
06-10 18:32:44.967  2349  2349 D StatusBarIconController: setIconVisibility icon is null or visibility not change visibility=false
06-10 18:32:44.971  2349  2349 D StatusBarIconController: setIconVisibility icon is null or visibility not change visibility=false
06-10 18:32:45.001 17725 17725 E libc    : Access denied finding property "ro.hwfix.ro.process_list"
06-10 18:32:45.024 17725 17725 E libc    : Access denied finding property "ro.hwfix.ro.process_list"
06-10 18:32:46.038 17726 17726 E libc    : Access denied finding property "ro.hwfix.ro.process_list"
06-10 18:32:46.064 17726 17726 E libc    : Access denied finding property "ro.hwfix.ro.process_list"
06-10 18:32:46.525  3473  3473 D wpa_supplicant: sta hidl pwrPercentBoostModesetInternal
06-10 18:32:46.563   612 17727 W libc    : Set property "hw.wifi.dns_stat" to "796,151,9485,1,165809"
06-10 18:32:46.974  2349  2349 D StatusBarIconController: setIconVisibility icon is null or visibility not change visibility=false
06-10 18:32:46.977  2349  2349 D StatusBarIconController: setIconVisibility icon is null or visibility not change visibility=false
06-10 18:32:47.076 17728 17728 E libc    : Access denied finding property "ro.hwfix.ro.process_list"
06-10 18:32:47.667  1413  2141 D HwBatteryService: onUEvent fcpStatus = 0,scpStatus =0,ovpStatus=0
06-10 18:32:47.669  1413  2141 I HwBatteryService: quick charge status : 0
06-10 18:32:47.689  1413  2141 D HwBatteryService: onUEvent fcpStatus = 0,scpStatus =0,ovpStatus=0
06-10 18:32:47.690  1413  2141 I HwBatteryService: quick charge status : 0
06-10 18:32:47.102 17728 17728 E libc    : Access denied finding property "ro.hwfix.ro.process_list"
06-10 18:32:47.688   858   858 W hvdcp_opti: type=1400 audit(0.0:170759): avc: denied { read } for name="dp_dm" dev="sysfs" ino=39780 scontext=u:r:hvdcp:s0 tcontext=u:object_r:sysfs:s0 tclass=file permissive=0
06-10 18:32:47.688   858   858 W hvdcp_opti: type=1400 audit(0.0:170760): avc: denied { read } for name="input_current_limited" dev="sysfs" ino=39781 scontext=u:r:hvdcp:s0 tcontext=u:object_r:sysfs:s0 tclass=file permissive=0
06-10 18:32:47.688   858   858 W hvdcp_opti: type=1400 audit(0.0:170761): avc: denied { read } for name="input_current_limited" dev="sysfs" ino=39781 scontext=u:r:hvdcp:s0 tcontext=u:object_r:sysfs:s0 tclass=file permissive=0
06-10 18:32:47.688   858   858 W hvdcp_opti: type=1400 audit(0.0:170762): avc: denied { read } for name="charge_type" dev="sysfs" ino=39752 scontext=u:r:hvdcp:s0 tcontext=u:object_r:sysfs:s0 tclass=file permissive=0
06-10 18:32:47.688   858   858 W hvdcp_opti: type=1400 audit(0.0:170763): avc: denied { read } for name="die_health" dev="sysfs" ino=39786 scontext=u:r:hvdcp:s0 tcontext=u:object_r:sysfs:s0 tclass=file permissive=0
06-10 18:32:47.702  1413  1950 I chatty  : uid=1000(system) batterystats-wo expire 3 lines
06-10 18:32:47.703   880  2169 D dubaid  : [HourlyRoutine.cpp] handleRequestOffset# timestamp=1718013600003, expire=1632297
06-10 18:32:47.704  1413  4686 I BatteryService: normal charge status : 1
06-10 18:32:47.704  1413  1413 D JobServiceContext: Scheduling time out for 'com.android.server.backup.KeyValueBackupJob' jId: 20537, in 18 s
06-10 18:32:47.709  1413  4686 W ProcBatteryStats: timer is running , not start, name: com.android.phone, uid: 1001, tag: RILJ
06-10 18:32:47.714  1413  1413 D JobServiceContext: Scheduling time out for '.service.predownload.jobservice.BgWorkJobService' jId: 10005, in 18 s
06-10 18:32:47.721  1413  1936 E KernelCpuSpeedReader: Failed to read cpu-freq: /sys/devices/system/cpu/cpu0/cpufreq/stats/time_in_state (No such file or directory)
06-10 18:32:47.721  1413  1936 E KernelCpuSpeedReader: Failed to read cpu-freq: /sys/devices/system/cpu/cpu4/cpufreq/stats/time_in_state (No such file or directory)
06-10 18:32:47.721  1413  2315 W ProcBatteryStats: timer is not running , not stop, name: com.android.phone, uid: 1001, tag: RILJ
06-10 18:32:47.723  1413  2315 I BatteryService: normal charge status : 1
06-10 18:32:47.734  3495  3799 I bt_btif bt interface: read_energy_info
06-10 18:32:47.741  1413  1413 D JobServiceContext: handleServiceBound for 7c86f30 #1000/20537 android/com.android.server.backup.KeyValueBackupJob
06-10 18:32:47.741  1413  1413 D JobServiceContext: Scheduling time out for 'com.android.server.backup.KeyValueBackupJob' jId: 20537, in 8 s
06-10 18:32:47.742  1413  1413 D JobServiceContext: handleServiceBound for e399dbb #u0a89/10005 com.huawei.appmarket/.service.predownload.jobservice.BgWorkJobService
06-10 18:32:47.742  1413  1413 D JobServiceContext: Scheduling time out for '.service.predownload.jobservice.BgWorkJobService' jId: 10005, in 8 s
06-10 18:32:47.743  1413  1413 I BackupManagerService: backupNow from PID:1413, com.android.server.backup.Trampoline.backupNow:289 com.android.server.backup.KeyValueBackupJob.onStartJob:109 android.app.job.JobService$1.onStartJob:71 android.app.job.JobServiceEngine$JobHandler.handleMessage:108 android.os.Handler.dispatchMessage:109 
06-10 18:32:47.743  2577  2723 I DeviceMonitor: WKLOCK EVT:160 uid:10089 flags:1 pid:-2 tag:*job*/com.huawei.appmarket/.service.predownload.jobservice.BgWorkJobService
06-10 18:32:47.750  1413  1950 E KernelCpuSpeedReader: Failed to read cpu-freq: /sys/devices/system/cpu/cpu0/cpufreq/stats/time_in_state (No such file or directory)
06-10 18:32:47.751  1413  1950 E KernelCpuSpeedReader: Failed to read cpu-freq: /sys/devices/system/cpu/cpu4/cpufreq/stats/time_in_state (No such file or directory)
06-10 18:32:47.754  1413  1413 D JobServiceContext: doCallback of : JobStatus{7c86f30 #1000/20537 android/com.android.server.backup.KeyValueBackupJob u=0 s=1000 TIME=-12m8s385ms:+19h45m15s534ms NET=1 CHARGING READY} v:VERB_STARTING
06-10 18:32:47.762  1413  2315 D JobServiceContext: doCallback of : JobStatus{e399dbb #u0a89/10005 com.huawei.appmarket/.service.predownload.jobservice.BgWorkJobService u=0 s=10089 TIME=-2h33m51s808ms:-2h0m14s808ms NET=2 CHARGING PERIODIC READY} v:VERB_STARTING
06-10 18:32:47.764  2577  2723 I DeviceMonitor: WKLOCK EVT:161 uid:10089 flags:1 pid:-2 tag:*job*/com.huawei.appmarket/.service.predownload.jobservice.BgWorkJobService
06-10 18:32:47.767  2349  2349 D KeyguardUpdateMonitor: received broadcast android.intent.action.BATTERY_CHANGED
06-10 18:32:47.768  2349  2349 W KeyguardUpdateMonitor: ACTION_BATTERY_CHANGED AMP: 500000; Volt: 5000000
06-10 18:32:47.768  2349  2349 I KgBattery: (last-new)Status: 1 -> 1, chargeState=1 * branch=5
06-10 18:32:47.768  2349  2349 V KeyguardUpdateMonitor: RefreshBatteryInfo isBatteryLow: 80
06-10 18:32:47.768  2349  2349 W KeyguardUpdateMonitor: ChargingSpeed  Wattage: 2500000 ST: 5000000 --> 7500000
06-10 18:32:47.768  2349  2349 I KgBattery: BatteryInfo updated:  2lPc0
06-10 18:32:47.768  2349  2349 W AppHandler: sendMessage with obj100
06-10 18:32:47.768  2349  2349 D KeyguardUpdateMonitor: handleBatteryUpdate
06-10 18:32:47.768  2349  2349 I ColorPickUitls: type = 2
06-10 18:32:47.768  2349  2349 V KeyguardUpdateMonitor: RefreshBatteryInfo isBatteryLow: 80
06-10 18:32:47.769  2349  2349 I KeyguardUtils: fpPath=sys/class/hw_power/charger/charge_data/chargerType, value=0
06-10 18:32:47.769  2349  2349 W HwKgdBArea_BTY: updateBatteryInfo : false  true
06-10 18:32:47.769  2577  2577 I MsgReceiver: intent action: android.intent.action.BATTERY_CHANGED
06-10 18:32:47.769  2349  2349 I GlobalContext: Work is scheduled. com.android.systemui.battery.-$Lambda$lfi2AU3i1xDKGC7m-gvD3SF2XpQ@e3f5086
06-10 18:32:47.769 17424 17424 I Cloud[10.13.20.300]Sync.SyncObserverService: batteryStatus: 2
06-10 18:32:47.770  3495  3681 E Bth-hfp : HeadsetPhoneState:NETWORK_STATE_NOT_AVAILABLE
06-10 18:32:47.770 17424 17424 I Cloud[10.13.20.300]Sync.SyncObserverService: doGetOptionsFromClone
06-10 18:32:47.770 17424 17424 I Cloud[10.13.20.300]Sync.SyncObserverService: lastPowerConnectTime: 1717997616160, currentTime: 1718015567770
06-10 18:32:47.770  2577 17729 W libc    : Set property "debug.aps.current_battery" to "80"
06-10 18:32:47.772  2577  2577 I MsgReceiver: intent action: android.intent.action.BATTERY_CHANGED
06-10 18:32:47.772  2349  2349 I KeyguardUtils: fpPath=sys/class/hw_power/charger/charge_data/chargerType, value=0
06-10 18:32:47.773  1413  1413 D JobServiceContext: Scheduling time out for '.service.predownload.jobservice.BgWorkJobService' jId: 10005, in 18 s
06-10 18:32:47.773 17424 17424 I Cloud[10.13.20.300]Sync.SyncObserverService: batteryStatus: 2
06-10 18:32:47.774 17424 17424 I Cloud[10.13.20.300]Sync.SyncObserverService: doGetOptionsFromClone
06-10 18:32:47.774 17424 17424 I Cloud[10.13.20.300]Sync.SyncObserverService: lastPowerConnectTime: 1717997616160, currentTime: 1718015567774
06-10 18:32:47.777  2349  2349 I KeyguardUtils: fpPath=sys/class/hw_power/charger/charge_data/chargerType, value=0
06-10 18:32:47.788  2349  2349 I KeyguardUtils: fpPath=sys/class/hw_power/charger/charge_data/chargerType, value=0
06-10 18:32:47.788  2349  2349 W HwLockScreenPanel: refreshBatteryInfo: null
06-10 18:32:47.789  2349  2349 W HwKgdBArea_BTY: updateBatteryInfo : false  true
06-10 18:32:47.789  2349  2349 W FillLightViewManager: handleMessage 100
06-10 18:32:47.789  2349  2349 D FillLightViewManager: nothing to do 100
06-10 18:32:47.789  2349  2349 W HwLockScreenPanel: Handle message: 100
06-10 18:32:47.789  2349  2349 D KeyguardUpdateMonitor: received broadcast android.intent.action.BATTERY_CHANGED
06-10 18:32:47.789  2349  2477 W KgBattery: getCharge info with type: text
06-10 18:32:47.789  2349  2349 W KeyguardUpdateMonitor: ACTION_BATTERY_CHANGED AMP: 500000; Volt: 5000000
06-10 18:32:47.789  2349  2349 I KgBattery: (last-new)Status: 1 -> 1, chargeState=1 * branch=5
06-10 18:32:47.789  2349  2349 I GlobalContext: Work is scheduled. com.android.systemui.battery.-$Lambda$lfi2AU3i1xDKGC7m-gvD3SF2XpQ@e3f5086
06-10 18:32:47.790  2349  2477 I KeyguardUtils: fpPath=sys/class/hw_power/charger/charge_data/chargerType, value=0
06-10 18:32:47.791  1413  1413 I chatty  : uid=1000 system_server expire 19 lines
06-10 18:32:47.792  1413  1413 D WifiService: onReceive, action:android.intent.action.BATTERY_CHANGED
06-10 18:32:47.793  1413  1413 D WifiService: ACTION_BATTERY_CHANGED pluggedType: 2
06-10 18:32:47.794  2349  2349 I KeyguardUtils: fpPath=sys/class/hw_power/charger/charge_data/chargerType, value=0
06-10 18:32:47.795  1413  1413 D WifiService: onReceive, action:android.intent.action.BATTERY_CHANGED
06-10 18:32:47.795  1413  1413 D WifiService: ACTION_BATTERY_CHANGED pluggedType: 2
06-10 18:32:47.795  1413  1413 W BackupManagerService: Backup pass but e=false p=true
06-10 18:32:47.798  2349  2349 I KeyguardUtils: fpPath=sys/class/hw_power/charger/charge_data/chargerType, value=0
06-10 18:32:47.805  1413  1413 D JobServiceContext: handleServiceBound for 55a0c25 #u0a89/10005 com.huawei.appmarket/.service.predownload.jobservice.BgWorkJobService
