06-10 18:32:32.617 17089 17089 D UsbReceiver: onUsbStateReceive chargingOnly = true, usbConnected = true
06-10 18:32:32.617 17089 17089 D UsbReceiver: ACTION_USB_STATE:usbConnected = true, usbState=manufacture,adb, chargingOnly = true, isLegacyCharging = false
06-10 18:32:32.617 17089 17089 D UsbReceiver: start usb settings service
06-10 18:32:32.617 17089 17089 W ContextImpl: Calling a method in the system process without a qualified user: android.app.ContextImpl.startService:1708 android.content.ContextWrapper.startService:657 android.content.ContextWrapper.startService:657 com.android.settings.deviceinfo.UsbReceiver.startUsbService:286 com.android.settings.deviceinfo.UsbReceiver.onUsbStateReceive:161 
06-10 18:32:32.618  2508  3055 E HSM     : ChargeInfo: doRecordsChargeInfo POWER_LEVEL_CONNECTED_USB_SET POWER_CHARGE_TIME =267336416 POWER_LEVEL_LAST_CAPACITY_RM = 3160 chargeType =0
06-10 18:32:32.619 17089 17089 D UsbReceiver: start usb settings service
06-10 18:32:32.620 17089 17089 W ContextImpl: Calling a method in the system process without a qualified user: android.app.ContextImpl.startService:1708 android.content.ContextWrapper.startService:657 android.content.ContextWrapper.startService:657 com.android.settings.deviceinfo.UsbReceiver.startUsbService:286 com.android.settings.deviceinfo.UsbReceiver.onUsbStateReceive:208 
06-10 18:32:32.621  9406  9406 I HwidPowerConnectedReceiver: [HwID_APK_log[6.13.0.351|6.12.0.306]core HwidPowerConnectedReceiver.java:262] The heartbeat cannot be triggered again within 5 days after the last heartbeat.
06-10 18:32:32.623 17089 17089 E libc    : Access denied finding property "persist.sys.usb.config"
06-10 18:32:32.623  9406  9406 I DeviceInfoUtil: [HwID_APK_log[6.13.0.351|6.12.0.306]core DeviceInfoUtil.java:639] enter getDeviceInfo
06-10 18:32:32.623 17089 17089 D UsbSettingsService: onStartCommand, action = null
06-10 18:32:32.624 17089 17089 D UsbSettingsService: onStartCommand, action = null
06-10 18:32:32.624   726  1402 D Huawei_audio_cust: huawei_cust_get_parameters: returns 
06-10 18:32:32.624  1413  8379 V BroadcastQueue: Finished with ordered broadcast BroadcastRecord{ebd320e u-1 android.hardware.usb.action.USB_STATE}
06-10 18:32:32.624   726  1402 D audio_hw_spkr_prot: audio_extn_fbsp_get_parameters: Speaker protection disabled
06-10 18:32:32.624   726  1402 D audio_hw_extn: audio_extn_get_parameters: returns 
06-10 18:32:32.624   726  1402 I audio_hw_primary: adev_get_parameters: exit: returns - 
06-10 18:32:32.625   862  1228 I hash_map_utils: key: 'typec_need_show_hires' value: ''
06-10 18:32:32.626  1413  1413 I HwAudioService: check HiRes Icon false
06-10 18:32:32.626  1413  1928 D NetdConnector: SND -> {4734 firewall disable_chain standby}
06-10 18:32:32.630 16996 17375 I dynamic-api_DynamicModule: 16996-17375|null|com.huawei.hms.feature.dynamic.DynamicModule|queryHMSModuleBundle|120|bundle info: errorCode:0, moduleVersion:10025301, modulePath:/data/user_de/0/com.huawei.android.hsf/modules/external/huawei_module_dynamicloader/10025301/DynamicLoader.apk, loader_version:10025301, loaderPath:/data/user_de/0/com.huawei.android.hsf/modules/external/huawei_module_dynamicloader/10025301/DynamicLoader.apk, armeabiType:0
06-10 18:32:32.630 16996 17375 I dynamic-api_DynamicModule: 16996-17375|null|com.huawei.hms.feature.dynamic.DynamicModule|a|19|copyType: 0
06-10 18:32:32.631  2349  2349 I KeyguardUtils: fpPath=sys/class/hw_power/charger/charge_data/chargerType, value=0
06-10 18:32:32.633 16996 17375 W dynamic-api_AssetLoadManager: 16996-17375|null|com.huawei.hms.feature.dynamic.AssetLoadManager|b|170|No module apk in asset path.
06-10 18:32:32.633 16996 17375 I dynamic-api_DynamicModule: 16996-17375|null|com.huawei.hms.feature.dynamic.DynamicModule|a|171|HMS loader version:10025301, asset loader version:0
06-10 18:32:32.635 16996 17375 I dynamic-api_DynamicModule: 16996-17375|null|com.huawei.hms.feature.dynamic.DynamicModule|a|178|Choose dynamicLoader in HMS.
06-10 18:32:32.636  1413  2193 D NetdConnector: RCV <- {200 4734 Firewall command succeeded}
06-10 18:32:32.637  1413  2193 D NetdConnector: RCV <- {200 4734 Firewall command succeeded}
06-10 18:32:32.637  2349  2349 I KeyguardUtils: fpPath=sys/class/hw_power/charger/charge_data/chargerType, value=0
06-10 18:32:32.637   862  1228 D AudioFlinger: event 162 
06-10 18:32:32.641 17379 17379 E libc    : Access denied finding property "ro.hwfix.ro.process_list"
06-10 18:32:32.641   862  1228 D AudioFlinger: event 162 
06-10 18:32:32.643  2349  2349 W HwKeyguardDragHelper: AnimationBlocked
06-10 18:32:32.644  9406  9406 I DeviceInfoUtil: [HwID_APK_log[6.13.0.351|6.12.0.306]core DeviceInfoUtil.java:646] imsi is empty
06-10 18:32:32.644  9406  9406 I BaseUtil: [HwID_APK_log[6.13.0.351|6.12.0.306]core BaseUtil.java:2909] is Huawei or Less than Android 10
06-10 18:32:32.646  1413  1950 E KernelCpuSpeedReader: Failed to read cpu-freq: /sys/devices/system/cpu/cpu0/cpufreq/stats/time_in_state (No such file or directory)
06-10 18:32:32.646 16996 17375 I dynamic-api_HMSPkgManager: 16996-17375|null|com.huawei.hms.feature.dynamic.f.c|b|154|pkgName:com.huawei.android.hsf, isPrivApp:true
06-10 18:32:32.647 16996 17375 I dynamic-api_DynamicModule: 16996-17375|null|com.huawei.hms.feature.dynamic.DynamicModule|b|21|Load start in new-version-policy.
06-10 18:32:32.647  2349  2349 V KeyguardUpdateMonitor: RefreshBatteryInfo isBatteryLow: 79
06-10 18:32:32.647  2349  2349 W KeyguardUpdateMonitor: ChargingSpeed  Wattage: 2500000 ST: 5000000 --> 7500000
06-10 18:32:32.647  2349  2349 I KgBattery: BatteryInfo updated:  2lPc0
06-10 18:32:32.647 16996 17375 I dynamic-api_DynamicModule: 16996-17375|null|com.huawei.hms.feature.dynamic.DynamicModule|a|29|The loader path for module:huawei_module_quic_pro is:/data/user_de/0/com.huawei.android.hsf/modules/external/huawei_module_dynamicloader/10025301/DynamicLoader.apk, and versionType is:1
06-10 18:32:32.647  2349  2349 W AppHandler: sendMessage with obj100
06-10 18:32:32.647  2349  2349 D KeyguardUpdateMonitor: handleBatteryUpdate
06-10 18:32:32.647  2349  2349 I ColorPickUitls: type = 2
06-10 18:32:32.647  2349  2349 V KeyguardUpdateMonitor: RefreshBatteryInfo isBatteryLow: 79
06-10 18:32:32.647 16996 17375 I dynamic-api_DynamicModule: 16996-17375|null|com.huawei.hms.feature.dynamic.DynamicModule|b|63|No available cached loader for module:huawei_module_quic_pro
06-10 18:32:32.648 16996 17375 W zygote64: Unsupported class loader
06-10 18:32:32.648  2349  2349 I KeyguardUtils: fpPath=sys/class/hw_power/charger/charge_data/chargerType, value=0
06-10 18:32:32.648  2349  2349 W HwKgdBArea_BTY: updateBatteryInfo : false  true
06-10 18:32:32.648  2349  2349 W ChargingAnimController: Add charging view is skiped as occluded or not showing.
06-10 18:32:32.648  9406  9406 I DeviceInfoUtil: [HwID_APK_log[6.13.0.351|6.12.0.306]core DeviceInfoUtil.java:649] udid is support
06-10 18:32:32.648  2349  2349 D StatusBarIconController: setIconVisibility icon is null or visibility not change visibility=false
06-10 18:32:32.649  9406  9406 I DeviceInfoUtil: [HwID_APK_log[6.13.0.351|6.12.0.306]core DeviceInfoUtil.java:660] device name.
06-10 18:32:32.649  2349  2349 W HwLockScreenPanel: refreshBatteryInfo: null
06-10 18:32:32.649  2349  2349 W HwKgdBArea_BTY: updateBatteryInfo : false  true
06-10 18:32:32.649  2349  2349 W FillLightViewManager: handleMessage 100
06-10 18:32:32.649  2349  2349 D FillLightViewManager: nothing to do 100
06-10 18:32:32.649  2349  2477 W KgBattery: getCharge info with type: text
06-10 18:32:32.649  2349  2349 W HwLockScreenPanel: Handle message: 100
06-10 18:32:32.649  1413  1950 E KernelCpuSpeedReader: Failed to read cpu-freq: /sys/devices/system/cpu/cpu4/cpufreq/stats/time_in_state (No such file or directory)
06-10 18:32:32.650  9406  9406 I TerminalInfo: [HwID_APK_log[6.13.0.351|6.12.0.306]core TerminalInfo.java:1473] HMS Core getTerminalCategory terminalCategory: 0
06-10 18:32:32.650  2349  2477 I KeyguardUtils: fpPath=sys/class/hw_power/charger/charge_data/chargerType, value=0
06-10 18:32:32.651  9406 17062 I HiAnalyticsUtil: [HwID_APK_log[6.13.0.351|6.12.0.306]core HiAnalyticsUtil.java:467]  onEvent begin 
06-10 18:32:32.652  9406 17062 I HiAnalyticsUtil: [HwID_APK_log[6.13.0.351|6.12.0.306]core HiAnalyticsUtil.java:478] type:HWID_NETWORK_CHANGED_IN_HEARTBEAT_PERIOD
06-10 18:32:32.652  9406 17062 I FormalHASDK: HAImpl==> onEvent. tag:HmsProfiler, type:0, eventId:HWID_NETWORK_CHANGED_IN_HEARTBEAT_PERIOD
06-10 18:32:32.656 16996 17375 W zygote64: Skipping duplicate class check due to unsupported classloader
06-10 18:32:32.656 17379 17379 E libc    : Access denied finding property "ro.hwfix.ro.process_list"
06-10 18:32:32.658 17379 17379 E USB_UPDATE: start check to reboot to usb update mode
06-10 18:32:32.659 16996 17375 I dynamicloader_dl_DynamicLoader: 16996-17375|null|com.huawei.hms.dynamicloader.DynamicLoader|load|4|dynamicloader version: 10025301
06-10 18:32:32.661 16996 17375 I dynamicloader_dl_DynamicLoader: 16996-17375|null|com.huawei.hms.dynamicloader.DynamicLoader|load|47|clientContext: com.huawei.appmarket
06-10 18:32:32.661 16996 17375 I dynamicloader_dl_DynamicLoader: 16996-17375|null|com.huawei.hms.dynamicloader.DynamicLoader|loadInNewVersionPolicy|104|The moduleName is:huawei_module_quic_pro, dynamicLoaderPath:/data/user_de/0/com.huawei.android.hsf/modules/external/huawei_module_dynamicloader/10025301/DynamicLoader.apk, versionStrategyType:1 loaderVersionType : v2
06-10 18:32:32.662 17380 17380 E libc    : Access denied finding property "ro.hwfix.ro.process_list"
06-10 18:32:32.664  1413  1950 E KernelCpuSpeedReader: Failed to read cpu-freq: /sys/devices/system/cpu/cpu0/cpufreq/stats/time_in_state (No such file or directory)
06-10 18:32:32.665  1413  1950 E KernelCpuSpeedReader: Failed to read cpu-freq: /sys/devices/system/cpu/cpu4/cpufreq/stats/time_in_state (No such file or directory)
06-10 18:32:32.665  9406  9713 I ModuleQueryProvider: [HMSCore ModuleQueryProvider.java:1] Enter call, method: huawei_module_quic_pro
06-10 18:32:32.666  9406  9713 I fwkit_kims: [fwkit KIMSServiceController.java:1378] getAPIBundle: huawei_module_quic_pro,null
06-10 18:32:32.669  1413  2141 D HwBatteryService: onUEvent fcpStatus = 0,scpStatus =0,ovpStatus=0
06-10 18:32:32.669  9406  9713 I fwkit_kims: [fwkit KIMSServiceController.java:1410] caller:com.huawei.appmarket targetSdk:30
06-10 18:32:32.669  1413  2141 I HwBatteryService: quick charge status : 0
06-10 18:32:32.675 17005 17353 I ctaifs  : <Android 系统>[Android 系统][android]:[openFile] 打开文件
06-10 18:32:32.675 17380 17380 E libc    : Access denied finding property "ro.hwfix.ro.process_list"
06-10 18:32:32.680   874 15630 I MediaPlayerService: MediaPlayerService::Client::setDataSource local file://?FileDescriptor=26&Offset=0&Length=25784&Path=/system/media/audio/ui
06-10 18:32:32.680   874 15630 D NuPlayer: hw fadein is disabled!
06-10 18:32:32.680   874 15630 D NuPlayerDriver: NuPlayerDriver(0xea8244d0) created, clientPid(1413)
06-10 18:32:32.681   874 15630 D NuPlayer: hw fadein is disabled!
06-10 18:32:32.684  1413  8379 I BatteryService: normal charge status : 1
06-10 18:32:32.685   874 17381 V NuPlayer: kWhatSetAudioSink
06-10 18:32:32.685   874 15630 V GenericSource: GenericSource
06-10 18:32:32.685   874 15630 V GenericSource: BufferingMonitor::getDefaultBufferingSettings{initialMode(1), rebufferingMode(3), initialMarks(5000 ms, -1 KB), rebufferingMarks(2000, 15000)ms, (40, 200)KB}
06-10 18:32:32.685   874 15630 V GenericSource: resetDataSource
06-10 18:32:32.685   874 15630 V NuPlayer: setDataSourceAsync fd 26/0/25784 source: 0xe9e20e00
06-10 18:32:32.685   874 15630 V GenericSource: setDataSource 26/0/25784
06-10 18:32:32.685   874 15630 V GenericSource: resetDataSource
06-10 18:32:32.685   874 17381 V NuPlayer: kWhatSetDataSource
06-10 18:32:32.685   874 17381 V NuPlayer: kWhatGetDefaultBufferingSettings
06-10 18:32:32.685   874 17381 V GenericSource: BufferingMonitor::getDefaultBufferingSettings{initialMode(1), rebufferingMode(3), initialMarks(5000 ms, -1 KB), rebufferingMarks(2000, 15000)ms, (40, 200)KB}
06-10 18:32:32.688   874 15630 V NuPlayer: prepareAsync
06-10 18:32:32.689   874 17381 V NuPlayer: onMessageReceived kWhatPrepare
06-10 18:32:32.689   874 17381 V GenericSource: prepareAsync: (looper: 0)
06-10 18:32:32.689  2349  2349 D KeyguardUpdateMonitor: received broadcast android.intent.action.BATTERY_CHANGED
06-10 18:32:32.689  2349  2349 W KeyguardUpdateMonitor: ACTION_BATTERY_CHANGED AMP: 500000; Volt: 5000000
06-10 18:32:32.689  2349  2349 I KgBattery: (last-new)Status: 1 -> 1, chargeState=1 * branch=5
06-10 18:32:32.689  2349  2349 V KeyguardUpdateMonitor: RefreshBatteryInfo isBatteryLow: 79
06-10 18:32:32.689  2349  2349 W KeyguardUpdateMonitor: ChargingSpeed  Wattage: 2500000 ST: 5000000 --> 7500000
06-10 18:32:32.690  2349  2349 I KgBattery: BatteryInfo updated:  2lPc0
06-10 18:32:32.690  2349  2349 W AppHandler: sendMessage with obj100
06-10 18:32:32.690  2349  2349 D KeyguardUpdateMonitor: handleBatteryUpdate
06-10 18:32:32.690  2349  2349 W HwLockScreenPanel: refreshBatteryInfo: null
06-10 18:32:32.690  2349  2349 W HwKgdBArea_BTY: updateBatteryInfo : false  true
06-10 18:32:32.690  2349  2349 W FillLightViewManager: handleMessage 100
06-10 18:32:32.690  2349  2349 D FillLightViewManager: nothing to do 100
06-10 18:32:32.690  2349  2349 W HwLockScreenPanel: Handle message: 100
06-10 18:32:32.690  2349  2349 I GlobalContext: Work is scheduled. com.android.systemui.battery.-$Lambda$lfi2AU3i1xDKGC7m-gvD3SF2XpQ@e3f5086
06-10 18:32:32.690  2577  2577 I MsgReceiver: intent action: android.intent.action.BATTERY_CHANGED
06-10 18:32:32.693  2349  2349 I KeyguardUtils: fpPath=sys/class/hw_power/charger/charge_data/chargerType, value=0
06-10 18:32:32.695  2349  2477 W KgBattery: getCharge info with type: text
06-10 18:32:32.696  2349  2477 I KeyguardUtils: fpPath=sys/class/hw_power/charger/charge_data/chargerType, value=0
06-10 18:32:32.697  2349  2349 I KeyguardUtils: fpPath=sys/class/hw_power/charger/charge_data/chargerType, value=0
06-10 18:32:32.698  1413  1413 D WifiService: onReceive, action:android.intent.action.BATTERY_CHANGED
06-10 18:32:32.698  1413  1413 D WifiService: ACTION_BATTERY_CHANGED pluggedType: 2
06-10 18:32:32.700  2349  2349 I KeyguardUtils: fpPath=sys/class/hw_power/charger/charge_data/chargerType, value=0
06-10 18:32:32.700  9406  9713 I fwkit_kims: [fwkit KIMSServiceController.java:1604] localLevel:2, apiLevel:1
06-10 18:32:32.702  9406  9713 I fwkit_kims: [fwkit KIMSServiceController.java:1609] kitName: huawei_module_quic_pro, version 70006300, type 2
06-10 18:32:32.703  2349  2349 I KeyguardUtils: fpPath=sys/class/hw_power/charger/charge_data/chargerType, value=0
06-10 18:32:32.705 16996 17375 I dynamicloader_dl_HMSLoadStrategy: 16996-17375|null|com.huawei.hms.dynamicloader.r.b|g|83|Query module info result code:0
06-10 18:32:32.705 16996 17375 I dynamicloader_dl_PreferRemote: 16996-17375|null|com.huawei.hms.dynamicloader.u.d|a|37|hmsModuleVersion:70006300, Choose the HMSLoadStrategy
06-10 18:32:32.706  2349  2349 I KeyguardUtils: fpPath=sys/class/hw_power/charger/charge_data/chargerType, value=0
06-10 18:32:32.708  9406  9713 I ModuleQueryProvider: [HMSCore ModuleQueryProvider.java:1] Enter call, method: huawei_module_quic_pro
06-10 18:32:32.708   874 17382 V GenericSource: onPrepareAsync: mDataSource: 0
06-10 18:32:32.709  9406  9713 I fwkit_kims: [fwkit KIMSServiceController.java:1378] getAPIBundle: huawei_module_quic_pro,null
06-10 18:32:32.710   874 17382 D GenericSource: FileSource remote
06-10 18:32:32.711  9406  9713 I fwkit_kims: [fwkit KIMSServiceController.java:1410] caller:com.huawei.appmarket targetSdk:30
06-10 18:32:32.711   874 17382 V GenericSource: IDataSource(FileSource): 0xee5d89c0 27 0 25784
06-10 18:32:32.712   874 17382 I MediaExtractor: Create (null)
06-10 18:32:32.714   871  1066 V HwExtendedExtractor: HwExtendedExtractor::Sniff   in...
06-10 18:32:32.714   871  1066 V HwExtendedExtractor: HwExtendedExtractor::Sniff   out...
06-10 18:32:32.714   871  1066 I MediaExtractor: content 'application/ogg' with conf 0.20
06-10 18:32:32.716   871  1066 I MediaExtractorService: makeExtractor ((null)), uid = 1013
06-10 18:32:32.717  9406  9713 I fwkit_kims: [fwkit KIMSServiceController.java:1604] localLevel:2, apiLevel:1
06-10 18:32:32.717   874 17382 V GenericSource: initFromDataSource track[0]: audio/vorbis
06-10 18:32:32.718   874 17382 V GenericSource: initFromDataSource mSources.size(): 1  mIsSecure: 0  mime[0]: audio/vorbis
06-10 18:32:32.718   874 17382 V GenericSource: checkDrmInfo: No PSSH
06-10 18:32:32.718   874 17382 V GenericSource: finishPrepareAsync
06-10 18:32:32.718   874 17381 V NuPlayer: onSourceNotify() kWhatFlagsChanged  FLAG_CAN_PAUSE: 1  FLAG_CAN_SEEK_BACKWARD: 1 
06-10 18:32:32.718   874 17381 V NuPlayer: 				 FLAG_CAN_SEEK_FORWARD: 1  FLAG_CAN_SEEK: 1  FLAG_DYNAMIC_DURATION: 0 
06-10 18:32:32.718   874 17381 V NuPlayer: 				 FLAG_SECURE: 0  FLAG_PROTECTED: 0
06-10 18:32:32.719   874 17382 V NuPlayer: Source::notifyPrepared 0
06-10 18:32:32.719   874 17382 V GenericSource: onPrepareAsync: Done
06-10 18:32:32.719   874 17381 V NuPlayer: NuPlayer::onSourceNotify Source::kWhatPrepared source: 0xe9e20e00
06-10 18:32:32.719   874 17381 D NuPlayerDriver: notifyListener_l(0xea8244d0), (1, 0, 0, -1), loop setting(0, 0)
06-10 18:32:32.719  9406  9713 I fwkit_kims: [fwkit KIMSServiceController.java:1609] kitName: huawei_module_quic_pro, version 70006300, type 2
06-10 18:32:32.722 16996 17375 I dynamicloader_dl_HMSLoadStrategy: 16996-17375|null|com.huawei.hms.dynamicloader.r.b|g|83|Query module info result code:0
06-10 18:32:32.723  2564 12310 E HsmCoreServiceImpl: onTransact in code is: 102
06-10 18:32:32.723  2564 12310 W MediaProcessHandler: processOp uid 1000 is not concerned!
06-10 18:32:32.723 16996 17375 I dynamicloader_dl_HMSLoadStrategy: 16996-17375|null|com.huawei.hms.dynamicloader.r.b|h|79|copyType is 0
06-10 18:32:32.723  2564 12310 I MediaProcessHandler: executedCallBack opType: 1 mMediaStatusObservers.size=0
06-10 18:32:32.723   874 15630 D NuPlayerDriver: reset(0xea8244d0) at state 4
06-10 18:32:32.723 16996 17375 I dynamicloader_dl_HMSLoadStrategy: 16996-17375|null|com.huawei.hms.dynamicloader.r.b|h|228|Query remote version by module name:huawei_module_quic_pro success.
06-10 18:32:32.723   874 15630 D NuPlayerDriver: notifyListener_l(0xea8244d0), (8, 0, 0, -1), loop setting(0, 0)
06-10 18:32:32.723   874 15630 D NuPlayer: NuPlayer::resetAsync()
06-10 18:32:32.723  1413  4686 I chatty  : uid=1000(system) Binder:1413_10 expire 15 lines
06-10 18:32:32.723   874 15630 V GenericSource: GenericSource::disconnect begin
06-10 18:32:32.724   874 15630 V GenericSource: GenericSource::disconnect end
06-10 18:32:32.724   874 15630 D NuPlayer: NuPlayer::resetAsync() post kWhatReset
06-10 18:32:32.724   874 17381 V NuPlayer: kWhatReset
06-10 18:32:32.724   874 17381 V NuPlayer: performDecoderFlush audio=2, video=2
06-10 18:32:32.724   874 17381 D NuPlayer: closeAudioSink
06-10 18:32:32.724   874 17381 W AMessage: failed to post message as target looper for handler 0 is gone.
06-10 18:32:32.724   874 17381 D NuPlayer: performReset
06-10 18:32:32.724   874 17381 V GenericSource: ~GenericSource
06-10 18:32:32.724   874 17381 V GenericSource: resetDataSource
06-10 18:32:32.724   874 17381 D NuPlayerDriver: notifyResetComplete(0xea8244d0)
06-10 18:32:32.725   874 15630 E MediaPlayerService: getDuration returned -2147483648
06-10 18:32:32.725   874 15630 D NuPlayerDriver: reset(0xea8244d0) at state 0
06-10 18:32:32.725   874 15630 D NuPlayerDriver: updateMetrics(0xea8244d0) from destructor at state 0
06-10 18:32:32.726 16996 17375 I dynamicloader_HMSPkgManager: 16996-17375|null|com.huawei.hms.dynamicloader.t.c|b|164|pkgName:com.huawei.android.hsf, isPrivApp:true
06-10 18:32:32.726  2564 12310 E HsmCoreServiceImpl: onTransact in code is: 102
06-10 18:32:32.726  2564 12310 W MediaProcessHandler: processOp uid 1000 is not concerned!
06-10 18:32:32.726  2564 12310 I MediaProcessHandler: executedCallBack opType: 1 mMediaStatusObservers.size=0
06-10 18:32:32.727   862  1228 D AudioFlinger: event 163 
06-10 18:32:32.728   862  1228 D AudioFlinger: event 162 
06-10 18:32:32.728  2577  2723 I AudioState: remove and save released session when release session 15375
06-10 18:32:32.728 16996 17375 I dynamicloader_HMSPkgManager: 16996-17375|null|com.huawei.hms.dynamicloader.t.c|b|164|pkgName:com.huawei.android.hsf, isPrivApp:true
06-10 18:32:32.729   862  1228 D AudioFlinger: event 162 
06-10 18:32:32.729 16996 17375 I dynamicloader_h: 16996-17375|null|com.huawei.hms.dynamicloader.h|a|68|The loaded module path is:/data/user_de/0/com.huawei.android.hsf/modules/external/huawei_module_quic_pro/70006300/com.huawei.hms.hquicpro-70006300.apk
06-10 18:32:32.730 16996 17375 I dynamicloader_h: 16996-17375|null|com.huawei.hms.dynamicloader.h|a|152|loaderType :  v2
06-10 18:32:32.731  2577  2723 I AudioState: remove and save released session when release session 16065
06-10 18:32:32.742 17005 17353 I ctaifs  : <Android 系统>[Android 系统][android]:[openFile] 打开文件
06-10 18:32:32.747   874 15630 I MediaPlayerService: MediaPlayerService::Client::setDataSource local file://?FileDescriptor=26&Offset=0&Length=25784&Path=/system/media/audio/ui
06-10 18:32:32.747   874 15630 D NuPlayer: hw fadein is disabled!
06-10 18:32:32.748   874 15630 D NuPlayerDriver: NuPlayerDriver(0xea824380) created, clientPid(1413)
06-10 18:32:32.748   874 15630 D NuPlayer: hw fadein is disabled!
06-10 18:32:32.751 16996 17314 I SecurityComp10200303: SSLFNew: createSocket
06-10 18:32:32.751 16996 17314 I SecurityComp10200303: SSLFNew: set default protocols
06-10 18:32:32.751 16996 17314 I SecurityComp10200303: SSLFNew: set default cipher
06-10 18:32:32.751 16996 17375 W a       : Cannot find The class:com.huawei.android.os.BuildEx$VERSION
06-10 18:32:32.752 16996 17375 I dynamicloader_PathClassLoaderStrategy: 16996-17375|null|com.huawei.hms.dynamicloader.o.f|a|19|begin to new classloader, armeabiType:0
06-10 18:32:32.753   874 17386 V NuPlayer: kWhatSetAudioSink
06-10 18:32:32.753 16996 17375 W a       : Cannot find The class:dalvik.system.PathClassLoader
06-10 18:32:32.753   874 15630 V GenericSource: GenericSource
06-10 18:32:32.753   874 15630 V GenericSource: BufferingMonitor::getDefaultBufferingSettings{initialMode(1), rebufferingMode(3), initialMarks(5000 ms, -1 KB), rebufferingMarks(2000, 15000)ms, (40, 200)KB}
06-10 18:32:32.753   874 15630 V GenericSource: resetDataSource
06-10 18:32:32.753   874 15630 V NuPlayer: setDataSourceAsync fd 26/0/25784 source: 0xe9e20f80
06-10 18:32:32.753   874 15630 V GenericSource: setDataSource 26/0/25784
06-10 18:32:32.753   874 15630 V GenericSource: resetDataSource
06-10 18:32:32.753   874 17386 V NuPlayer: kWhatSetDataSource
06-10 18:32:32.754   874 17386 V NuPlayer: kWhatGetDefaultBufferingSettings
06-10 18:32:32.754   874 17386 V GenericSource: BufferingMonitor::getDefaultBufferingSettings{initialMode(1), rebufferingMode(3), initialMarks(5000 ms, -1 KB), rebufferingMarks(2000, 15000)ms, (40, 200)KB}
06-10 18:32:32.754 16996 17375 I dynamicloader_f: 16996-17375|null|com.huawei.hms.dynamicloader.q.f|c|31|No metadata: presplits found.
06-10 18:32:32.754 16996 17375 I dynamicloader_ClassLoaderPathManager: 16996-17375|null|com.huawei.hms.dynamicloader.o.a|a|95|No HFF split path need to add to classloader.
06-10 18:32:32.755 16996 17375 I dynamicloader_ClassLoaderPathManager: 16996-17375|null|com.huawei.hms.dynamicloader.o.a|c|26|No split apk required, continue.
06-10 18:32:32.755 16996 17375 I dynamicloader_f: 16996-17375|null|com.huawei.hms.dynamicloader.q.f|c|31|No metadata: presplits found.
06-10 18:32:32.755 16996 17375 I dynamicloader_ClassLoaderPathManager: 16996-17375|null|com.huawei.hms.dynamicloader.o.a|a|95|No HFF split path need to add to classloader.
06-10 18:32:32.756   874 15630 V NuPlayer: prepareAsync
06-10 18:32:32.756   874 17386 V NuPlayer: onMessageReceived kWhatPrepare
06-10 18:32:32.756   874 17386 V GenericSource: prepareAsync: (looper: 0)
06-10 18:32:32.757   874 17388 V GenericSource: onPrepareAsync: mDataSource: 0
06-10 18:32:32.757 16996 17375 I dynamicloader_a: 16996-17375|null|com.huawei.hms.dynamicloader.s.a|b|87|The so has been unzipped, abi:arm64-v8a
06-10 18:32:32.758   874 17388 D GenericSource: FileSource remote
06-10 18:32:32.758   874 17388 V GenericSource: IDataSource(FileSource): 0xee5d89c0 27 0 25784
06-10 18:32:32.759   874 17388 I MediaExtractor: Create (null)
06-10 18:32:32.759 16996 17375 I dynamicloader__multiKitLoadNative: 16996-17375|null|com.huawei.hms.dynamicloader.s.f|g|23| originNative: from pkg: com.huawei.android.hsf, moduleName: huawei_module_quic_pro, verCode: 70006300
06-10 18:32:32.760 16996 17375 I dynamicloader__multiKitLoadNative: 16996-17375|null|com.huawei.hms.dynamicloader.s.f|i|19|The cp is not hms kit.
06-10 18:32:32.761 16996 17284 I HslPackageManager: Get Hsl Package Manager.
06-10 18:32:32.761 16996 17284 I HslPackageManager: is Support Hsl false
06-10 18:32:32.761 16996 17375 I dynamicloader_ClassLoaderPathManager: 16996-17375|null|com.huawei.hms.dynamicloader.o.a|d|57|No split apk required, continue, native: from pkg: com.huawei.android.hsf, moduleName: huawei_module_quic_pro, verCode: 70006300
06-10 18:32:32.761 16996 17375 W zygote64: Unsupported class loader
06-10 18:32:32.761   871  1066 V HwExtendedExtractor: HwExtendedExtractor::Sniff   in...
06-10 18:32:32.761   871  1066 V HwExtendedExtractor: HwExtendedExtractor::Sniff   out...
06-10 18:32:32.761   871  1066 I MediaExtractor: content 'application/ogg' with conf 0.20
06-10 18:32:32.764   871  1066 I MediaExtractorService: makeExtractor ((null)), uid = 1013
06-10 18:32:32.765   874 17388 V GenericSource: initFromDataSource track[0]: audio/vorbis
06-10 18:32:32.765   874 17388 V GenericSource: initFromDataSource mSources.size(): 1  mIsSecure: 0  mime[0]: audio/vorbis
06-10 18:32:32.765   874 17388 V GenericSource: checkDrmInfo: No PSSH
06-10 18:32:32.765   874 17388 V GenericSource: finishPrepareAsync
06-10 18:32:32.765   874 17386 V NuPlayer: onSourceNotify() kWhatFlagsChanged  FLAG_CAN_PAUSE: 1  FLAG_CAN_SEEK_BACKWARD: 1 
06-10 18:32:32.765   874 17386 V NuPlayer: 				 FLAG_CAN_SEEK_FORWARD: 1  FLAG_CAN_SEEK: 1  FLAG_DYNAMIC_DURATION: 0 
06-10 18:32:32.765   874 17386 V NuPlayer: 				 FLAG_SECURE: 0  FLAG_PROTECTED: 0
06-10 18:32:32.766   874 17388 V NuPlayer: Source::notifyPrepared 0
06-10 18:32:32.766   874 17388 V GenericSource: onPrepareAsync: Done
06-10 18:32:32.766   874 17386 V NuPlayer: NuPlayer::onSourceNotify Source::kWhatPrepared source: 0xe9e20f80
06-10 18:32:32.766   874 17386 D NuPlayerDriver: notifyListener_l(0xea824380), (1, 0, 0, -1), loop setting(0, 0)
06-10 18:32:32.787 16996 17375 W zygote64: Skipping duplicate class check due to unsupported classloader
06-10 18:32:32.796 16996 17375 I dynamicloader_DynamicContext: 16996-17375|null|com.huawei.hms.dynamicloader.f|<init>|47|Create dynamicContext success.
06-10 18:32:32.798  2525  2720 D BDLog   : BD.BDRecorder:LocalInfoEvent {infoID:131092, content=4851372186631257_4L3n2Uir2XGh01XU/M9icabzMbMR7tiuP211lSku4C4=
06-10 18:32:32.798  2525  2720 D BDLog   : , priority=25}
06-10 18:32:32.799   817   843 E libnav  : CablComputeBacklightLevel(): UpdateType = DifferentSceneUpdate
06-10 18:32:32.800 16996 17375 I dynamic-api_DynamicModule: 16996-17375|null|com.huawei.hms.feature.dynamic.DynamicModule|a|76|Get context for module:huawei_module_quic_pro success.
06-10 18:32:32.804 16996 17375 I NK_CronetNegotiateManager: HQUICManager|embedded.d2$a|4|Init Quic Success
06-10 18:32:32.840  1413  2200 I chatty  : uid=1000(system) HwWifiStatStore expire 1 line
06-10 18:32:32.855 16996 17284 I NK_CountryCodeBean: RepTaskHandler|network.grs.local.model.CountryCodeBean|18|get issue_country code from VENDOR_COUNTRY
06-10 18:32:32.857 16996 17284 I NK_OkReqTsk: RepTaskHandler|embedded.g3|284|the request has used the okhttp! 
06-10 18:32:32.858 16996 17284 I NK_DNManager: RepTaskHandler|embedded.t|89|store-drcn.hispace.dbankcloud.com resolve source:LocalDns,result:{'A', exist, createTime=1718015551817, LocalDns, 1}
06-10 18:32:32.883  1413  4686 D ConnectivityService: listenForNetwork for uid/pid:10089/16996 NetworkRequest [ LISTEN id=481, [ Capabilities: INTERNET&NOT_RESTRICTED&TRUSTED] ]
06-10 18:32:32.884  1413  2217 D ConnectivityService: rematching NetworkAgentInfo [WIFI () - 105]
06-10 18:32:32.884  1413  2217 D ConnectivityService:  network has: [ Transports: WIFI Capabilities: NOT_METERED&INTERNET&NOT_RESTRICTED&TRUSTED&NOT_VPN&VALIDATED&FOREGROUND LinkUpBandwidth>=1048576Kbps LinkDnBandwidth>=1048576Kbps SignalStrength: -40]
06-10 18:32:32.884  1413  2217 D ConnectivityService: Network NetworkAgentInfo [WIFI () - 105] was already satisfying request 8. No change.
06-10 18:32:32.884  1413  2217 D ConnectivityService: Network NetworkAgentInfo [WIFI () - 105] was already satisfying request 476. No change.
06-10 18:32:32.884  1413  2217 D ConnectivityService: Network NetworkAgentInfo [WIFI () - 105] was already satisfying request 1. No change.
06-10 18:32:32.884  1413  2217 D ConnectivityService: Network NetworkAgentInfo [WIFI () - 105] was already satisfying request 5. No change.
06-10 18:32:32.884  1413  2217 D ConnectivityService: Network NetworkAgentInfo [WIFI () - 105] was already satisfying request 3. No change.
06-10 18:32:32.900   726  1402 D Huawei_audio_cust: huawei_cust_get_parameters: returns 
06-10 18:32:32.900   726  1402 D audio_hw_spkr_prot: audio_extn_fbsp_get_parameters: Speaker protection disabled
06-10 18:32:32.900   726  1402 D audio_hw_extn: audio_extn_get_parameters: returns 
06-10 18:32:32.900   726  1402 I audio_hw_primary: adev_get_parameters: exit: returns - 
06-10 18:32:32.900   862  1228 I hash_map_utils: key: 'typec_need_show_hires' value: ''
06-10 18:32:32.901  1413  1413 I HwAudioService: check HiRes Icon false
06-10 18:32:32.903  2349  2349 D StatusBarIconController: setIconVisibility icon is null or visibility not change visibility=false
06-10 18:32:32.918 16996 17314 I SecurityComp10200303: SX509TM: checkServerTrusted begin,size=2,authType=ECDHE_RSA
06-10 18:32:32.919 16996 17314 I SecurityComp10200303: SX509TM: check server i=0
06-10 18:32:32.919 16996 17314 I SecurityComp10200303: SX509TM: client root ca size=31
06-10 18:32:32.937  1413 15496 V ActivityManager: Successfully start provider ContentProviderRecord{a2d4009 u0 com.huawei.hidisk/com.huawei.android.cg.provider.AlbumProvider} launchingApp=ProcessRecord{d38e75 17319:com.huawei.hidisk/1001} caller pid= 17220
06-10 18:32:32.942 16996 17314 I SecurityComp10200303: SX509TM: checkServerTrusted end, CN=GlobalSign, O=GlobalSign, OU=GlobalSign Root CA - R3
06-10 18:32:32.946 16996 17314 I SecurityComp10200303: : verify: certificate is : CN=appgallery.cloud.huawei.com,O=Huawei Software Technologies Co.\, Ltd.,L=Nanjing,ST=Jiangsu,C=CN
06-10 18:32:32.961 17319 17341 I chatty  : uid=1001(radio) Binder:17319_1 expire 1 line
06-10 18:32:32.970  5343  5343 I HwOUC   : [main-1]onReceive action=android.intent.action.ACTION_POWER_CONNECTED(PowerConnectedReceiver.java:27)
06-10 18:32:32.994  1413  1936 V BroadcastQueue: Finished with ordered broadcast BroadcastRecord{3396bdf u-1 android.intent.action.ACTION_POWER_CONNECTED}
06-10 18:32:33.016 17220 17330 D Gallery_cloud_PhotoShareUtils: check uri value content://com.huawei.android.cg.albumProvider/albumVersionStatus result: -1
06-10 18:32:33.017 17319 17398 I chatty  : uid=1001(radio) Binder:17319_5 expire 1 line
06-10 18:32:33.017 16996 17284 I SecurityComp10200303: SSLFNew: createSocket
06-10 18:32:33.018 16996 17284 I SecurityComp10200303: SSLFNew: set default protocols
06-10 18:32:33.018 16996 17284 I SecurityComp10200303: SSLFNew: set default cipher
06-10 18:32:33.021 17319 17400 I chatty  : uid=1001(radio) com.huawei.hidisk expire 10 lines
06-10 18:32:33.044 17220 17331 V Gallery_cloud_CloudStateUtils: isHiCloudLogin return true
06-10 18:32:33.044 17220 17330 V Gallery_cloud_CloudStateUtils: isHiCloudLogin return true
06-10 18:32:33.047 17220 17220 D Gallery_Common_DataManager: registerChangeNotifier uri is content://com.huawei.gallery.provider/merge/gallery_media
06-10 18:32:33.048 17220 17220 D Gallery_Common_DataManager: registerChangeNotifier uri is content://com.huawei.gallery.provider/merge/gallery_album
06-10 18:32:33.050 17220 17220 D Gallery_Common_DataManager: registerChangeNotifier uri is content://moveoutin
06-10 18:32:33.050  1413 15496 W ActivityManager: Unable to start service Intent { act=com.huawei.android.powerkit.PowerKitService cmp=com.huawei.powergenie/com.huawei.android.powerkit.PowerKitService } U=0: not found
06-10 18:32:33.051 17220 17220 D Gallery_Common_DataManager: registerChangeNotifier uri is content://media/external/images/media
06-10 18:32:33.052 17220 17220 D Gallery_Common_DataManager: registerChangeNotifier uri is content://media/external/video/media
06-10 18:32:33.053 17220 17220 D Gallery_Common_DataManager: registerChangeNotifier uri is content://settings/gallery
06-10 18:32:33.054 17220 17220 D Gallery_Common_DataManager: registerChangeNotifier uri is content://media/external/file
06-10 18:32:33.060 17220 17331 D Gallery_Common_BitmapLoader: bitmap from GalleryPool is null
06-10 18:32:33.062 17220 17331 I chatty  : uid=10024(com.android.gallery3d) identical 8 lines
06-10 18:32:33.062 17220 17331 D Gallery_Common_BitmapLoader: bitmap from GalleryPool is null
06-10 18:32:33.062 17220 17331 I Gallery : app start with version 8.2.1.304(180201304)
06-10 18:32:33.087 17220 17404 E SQLiteLog: (14) cannot open file at line 36132 of [553a923c82]
06-10 18:32:33.088 17220 17404 E SQLiteLog: (14) os_unix.c:36132: (2) open(/storage/emulated/0/Android/data/com.android.providers.media/thumbnail_cache/thumbnail.db) - 
06-10 18:32:33.088 17220 17403 E SQLiteLog: (14) cannot open file at line 36132 of [553a923c82]
06-10 18:32:33.088 17220 17403 E SQLiteLog: (14) os_unix.c:36132: (2) open(/storage/emulated/0/Android/data/com.android.providers.media/thumbnail_cache/thumbnail.db) - 
06-10 18:32:33.089 17220 17402 E SQLiteLog: (14) cannot open file at line 36132 of [553a923c82]
06-10 18:32:33.089 17220 17402 E SQLiteLog: (14) os_unix.c:36132: (2) open(/storage/emulated/0/Android/data/com.android.providers.media/thumbnail_cache/thumbnail.db) - 
06-10 18:32:33.089 17220 17405 E SQLiteLog: (14) cannot open file at line 36132 of [553a923c82]
06-10 18:32:33.089 17220 17405 E SQLiteLog: (14) os_unix.c:36132: (2) open(/storage/emulated/0/Android/data/com.android.providers.media/thumbnail_cache/thumbnail.db) - 
06-10 18:32:33.107 17319 17407 I chatty  : uid=1001(radio) main -->Network expire 9 lines
06-10 18:32:33.124 17220 17412 E SQLiteLog: (14) cannot open file at line 36132 of [553a923c82]
06-10 18:32:33.124 17220 17412 E SQLiteLog: (14) os_unix.c:36132: (2) open(/storage/emulated/0/Android/data/com.android.providers.media/thumbnail_cache/thumbnail.db) - 
06-10 18:32:33.127 17220 17415 E SQLiteLog: (14) cannot open file at line 36132 of [553a923c82]
06-10 18:32:33.128 17220 17415 E SQLiteLog: (14) os_unix.c:36132: (2) open(/storage/emulated/0/Android/data/com.android.providers.media/thumbnail_cache/thumbnail.db) - 
06-10 18:32:33.130 17220 17416 E SQLiteLog: (14) cannot open file at line 36132 of [553a923c82]
06-10 18:32:33.131 17220 17416 E SQLiteLog: (14) os_unix.c:36132: (2) open(/storage/emulated/0/Android/data/com.android.providers.media/thumbnail_cache/thumbnail.db) - 
06-10 18:32:33.131 17220 17417 E SQLiteLog: (14) cannot open file at line 36132 of [553a923c82]
06-10 18:32:33.131 17220 17417 E SQLiteLog: (14) os_unix.c:36132: (2) open(/storage/emulated/0/Android/data/com.android.providers.media/thumbnail_cache/thumbnail.db) - 
06-10 18:32:33.134  5343  5343 W Settings: Setting device_provisioned has moved from android.provider.Settings.Secure to android.provider.Settings.Global.
06-10 18:32:33.135 17220 17416 E SQLiteLog: (14) cannot open file at line 36132 of [553a923c82]
06-10 18:32:33.136 17220 17416 E SQLiteLog: (14) os_unix.c:36132: (2) open(/storage/emulated/0/Android/data/com.android.providers.media/thumbnail_cache/thumbnail.db) - 
06-10 18:32:33.136 17220 17415 E SQLiteLog: (14) cannot open file at line 36132 of [553a923c82]
06-10 18:32:33.136 17220 17415 E SQLiteLog: (14) os_unix.c:36132: (2) open(/storage/emulated/0/Android/data/com.android.providers.media/thumbnail_cache/thumbnail.db) - 
06-10 18:32:33.140  5343  5343 I HwOUC   : [main-1]isAutoDownloadAvailable isFeatureSupport is true;isRootedByUser is false(HwOucUtility.java:5213)
06-10 18:32:33.151 16996 17284 I SecurityComp10200303: : verify: certificate is : CN=appgallery.cloud.huawei.com,O=Huawei Software Technologies Co.\, Ltd.,L=Nanjing,ST=Jiangsu,C=CN
06-10 18:32:33.155 16996 17419 I NK_Netdiag: CORE_THREAD_POOL-0 ->NK_netdiag_0|netdiag.tools.NetDetectAndPolicy|50|the time count will reset!
06-10 18:32:33.163 17319 17420 I chatty  : uid=1001(radio) pool-2-thread-2 expire 2 lines
06-10 18:32:33.167 17319 17418 I chatty  : uid=1001(radio) pool-2-thread-1 expire 1 line
06-10 18:32:33.174  5343  5343 I HwOUC   : [main-1]isHotaUpdate cursor is null,return false(GDPRUtils.java:530)
06-10 18:32:33.175  5343  5343 I chatty  : uid=10060(com.huawei.android.hwouc) identical 2 lines
06-10 18:32:33.175  5343  5343 I HwOUC   : [main-1]isHotaUpdate cursor is null,return false(GDPRUtils.java:530)
06-10 18:32:33.178  5343  5343 E HwOUC   : [main-1]getVersionIds--components is null(HotaUpdateAuthAction.java:99)
06-10 18:32:33.182  1413  8379 V ActivityManager: startProcess: name=com.huawei.android.ds app=null knownToBeDead=true thread=null pid=-1
06-10 18:32:33.182 16996 17314 I FormalHASDK: HAImpl==> onEvent. TAG:_default_config_tag, TYPE:1, eventId:2010600404
06-10 18:32:33.185  5343  5343 E HwOUC   : [main-1]getDevicePolicyTypeAttempt to invoke virtual method 'int android.app.admin.SystemUpdatePolicy.getPolicyType()' on a null object reference(CDDUtils.java:77)
06-10 18:32:33.192 17089 17089 D UsbSettingsService: handleMessage, msg.what = 1
06-10 18:32:33.195  2577  4077 I DownloadState: @@@@@@@@@@@@ uid :10089 download :true
06-10 18:32:33.195  2577  4077 I PGServer: report state:5 event type:1 pid:0 uid:10089 pkg:null to pid: 1413
06-10 18:32:33.197  5343  5343 I HwOUC   : [main-1]getDevicePolicyType policyType : -1(CDDUtils.java:104)
06-10 18:32:33.197  5343  5343 I HwOUC   : [main-1]isHotaUpdate cursor is null,return false(GDPRUtils.java:530)
06-10 18:32:33.197  5343  5343 I HwOUC   : [main-1]isHotaUpdate cursor is null,return false(GDPRUtils.java:530)
06-10 18:32:33.198  5343  5343 E HwOUC   : [main-1]getVersionIds--components is null(HotaUpdateAuthAction.java:99)
06-10 18:32:33.199  5343  5343 I HwOUC   : [main-1]ForcibleUpgrade--isContinuedAfterCheckCDD, isAutoDownload is false, inForeground is false, isOpenWifi is true, devicePolicyType is -1(AutoInstallUtils.java:745)
06-10 18:32:33.199 17319 17422 I chatty  : uid=1001(radio) pool-2-thread-4 expire 13 lines
06-10 18:32:33.201 17424 17424 W main    : type=1400 audit(0.0:170747): avc: denied { create } for name="cgroup.procs" scontext=u:r:zygote:s0 tcontext=u:object_r:cgroup:s0 tclass=file permissive=0
06-10 18:32:33.204 17424 17424 I         : power log dlsym ok
06-10 18:32:33.210  1413  8379 I ActivityManager: Start proc 17424:com.huawei.android.ds/1001 for service com.huawei.hidisk/com.huawei.android.hicloud.sync.service.aidl.SyncObserverService
06-10 18:32:33.215  5343  5343 D HwInnerWifiManagerImpl: SupplicantState = COMPLETED
06-10 18:32:33.215  5343  5343 D HwInnerWifiManagerImpl: isPhoneAP = false
06-10 18:32:33.215  5343  5343 I HwOUC   : [main-1]onCreate->isAutoDownloadAvailable is true, isOpenWifi = true, isDownload = true, isSupportAutoDownload = true(WifiAutoDownloadManageService.java:45)
06-10 18:32:33.215 16996 17375 I cr_CronetLibraryLoader: Cronet version: 90.0.4430.82, arch: aarch64
06-10 18:32:33.215  5343  5343 I HwOUC   : [main-1]isHotaUpdate cursor is null,return false(GDPRUtils.java:530)
06-10 18:32:33.215 16996 17314 I FormalHASDK: HAImpl==> onEvent. TAG:_default_config_tag, TYPE:1, eventId:907112013
06-10 18:32:33.216  5343  5343 I HwOUC   : [main-1]isHotaUpdate cursor is null,return false(GDPRUtils.java:530)
06-10 18:32:33.216  5343  5343 E HwOUC   : [main-1]getVersionIds--components is null(HotaUpdateAuthAction.java:99)
06-10 18:32:33.216 17089 17089 D UsbSettingsService: isUSBDisconnected() ACTION_USB_PORT_CHANGED deviceConnected = true, portConnected = false, dataRole = -1
06-10 18:32:33.216 17089 17089 D UsbSettingsService: usb is connected, update usb notification
06-10 18:32:33.217  5343  5343 E HwOUC   : [main-1]getDevicePolicyTypeAttempt to invoke virtual method 'int android.app.admin.SystemUpdatePolicy.getPolicyType()' on a null object reference(CDDUtils.java:77)
06-10 18:32:33.217  5343  5343 I HwOUC   : [main-1]getDevicePolicyType policyType : -1(CDDUtils.java:104)
06-10 18:32:33.219 16996 17375 I NK_CronetNegotiateManager: HQUICManager|embedded.d2|18|HianalyticsHelper report disable
06-10 18:32:33.229 32551 32551 I adbd    : Calling send_auth_request...
06-10 18:32:33.233  2349  2349 D StatusBar: updateNotification(StatusBarNotification(pkg=com.android.settings user=UserHandle{0} id=1000002 tag=null key=0|com.android.settings|1000002|null|1000: Notification(channel=SETTINGS_USB pri=1 contentView=null vibrate=null sound=null tick defaults=0x0 flags=0x2 color=0x00000000 vis=PRIVATE)))
06-10 18:32:33.236 16996 17126 W HiApp.UninstallNoSpaceNotificationManager: main{1} ClientMsg type:0
06-10 18:32:33.237 16996 17126 W HiApp.UninstallNoSpaceNotificationManager: main{1} checkRespParams false.
06-10 18:32:33.238  2349  2349 D HwPhoneStatusBar: No peeking: not allowed notification: 0|com.android.settings|1000002|null|1000
06-10 18:32:33.238  2349  2349 D StatusBar:  shouldPeek=false alertAgain=true
06-10 18:32:33.238 32551 32551 I adbd    : Loading keys from /data/misc/adb/adb_keys
06-10 18:32:33.238  2349  2349 I PhoneStatusBar: updateNotificationShade: total=5, active=5
06-10 18:32:33.238  2349  2349 W PhoneStatusBar: updateNotificationShade hasFaceDT: false; Detected:false
06-10 18:32:33.238  2349  2349 V PhoneStatusBar: mStackScroller size:3,activeCount:5, childCnt:7
06-10 18:32:33.239 32551 32551 I adbd    : adb client authorized
06-10 18:32:33.242 16996 17392 E ApkAssets: Error while loading Apkasset
06-10 18:32:33.249  5343  5343 I HwOUC   : [main-1]isHotaUpdate cursor is null,return false(GDPRUtils.java:530)
06-10 18:32:33.251  2349  2349 W HwKeyguardDragHelper: AnimationBlocked
06-10 18:32:33.254  5343  5343 I OUC_COTA: [main-1]getCotaDownloadInfo(/CotaProxy.java:819)
06-10 18:32:33.262 17424 17424 D ActivityThread: Attach thread to application
06-10 18:32:33.268  1413  1936 W BroadcastQueue: Permission Denial: broadcasting Intent { act=android.net.conn.CONNECTIVITY_CHANGE flg=0x4000010 (has extras) } from null (pid=-1, uid=-1) requires com.huawei.hicloud.permission.AT_NETWORK_RECEIVE due to registered receiver BroadcastFilter{43338ed u0 ReceiverList{333ab04 17319 com.huawei.hidisk/1001/u0 remote:bbacb17}}
06-10 18:32:33.269  2349  2349 W HwKeyguardDragHelper: AnimationBlocked
06-10 18:32:33.280  9696  9782 I fwkit_AbP: [fwkit AbsContentProvider.java:153] cp:com.huawei.hwid;call;content://com.huawei.hms.networkkit
06-10 18:32:33.281 17449 17449 W getprop : type=1400 audit(0.0:170748): avc: denied { open } for path="/dev/__properties__/u:object_r:logcat_prop:s0" dev="tmpfs" ino=3780 scontext=u:r:shell:s0 tcontext=u:object_r:logcat_prop:s0 tclass=file permissive=0
06-10 18:32:33.285  2349  2349 W HwKeyguardDragHelper: AnimationBlocked
06-10 18:32:33.289  5343  5343 I HwOUC   : [main-1]onReceive action=android.intent.action.ACTION_POWER_DISCONNECTED(PowerConnectedReceiver.java:27)
06-10 18:32:33.290  5343  5343 I HwOUC   : [main-1]ThirdAppCheckedUtils isProgressDialogShow not show(ThirdAppCheckedUtils.java:248)
06-10 18:32:33.290  9406 17454 W fwkit_kims: [fwkit KIMSServiceController.java:1141] Can't find the specific package.
06-10 18:32:33.290  5343  5343 I HwOUC   : [main-1]no dialog is isShowing(HwOucUtilityEx.java:923)
06-10 18:32:33.291  5343  5343 I HwOUC   : [main-1]isHotaUpdate cursor is null,return false(GDPRUtils.java:530)
06-10 18:32:33.291  5343  5343 I HwOUC   : [main-1]onReceive nextInstallRemindTime is -1 or nextSwitchABSystemRemindTime is -1 not AllFirmwareVerifySuccess and not AllFirmwareInstallSuccessUnderAB, do noting(PowerConnectedReceiver.java:60)
06-10 18:32:33.293 17424 17424 I chatty  : uid=1001(radio) com.huawei.android.ds expire 23 lines
06-10 18:32:33.296  9406  9428 I NetworkSdk_CountryCodeBean: [HMSCore NetworkLog.java:1] Binder:9406_3|network.grs.local.model.CountryCodeBean|18|get issue_country code from VENDOR_COUNTRY
06-10 18:32:33.296  9696  9782 I network-rc: site cn
06-10 18:32:33.298 17319 17423 I chatty  : uid=1001(radio) pool-2-thread-2 expire 6 lines
06-10 18:32:33.298  1413  2146 V BroadcastQueue: Finished with ordered broadcast BroadcastRecord{6e03abe u-1 android.intent.action.ACTION_POWER_DISCONNECTED}
06-10 18:32:33.299  9696  9782 W ResourcesUtils: resId == 0
06-10 18:32:33.299  9696  9782 D AGC_FixedDecrypt: init
06-10 18:32:33.304  1413  8379 D JobServiceContext: Scheduling time out for '.service.alarm.control.HiAppPowerConnectChangeService' jId: 200002, in 18 s
06-10 18:32:33.307  9696  9782 D AGC_Keys: build aes key, iterationCount:5000
06-10 18:32:33.315 17319 17460 I chatty  : uid=1001(radio) pool-2-thread-3 expire 4 lines
06-10 18:32:33.327 17220 17220 D PowerStateReceiver: onReceive intent=Intent { act=android.intent.action.ACTION_POWER_CONNECTED flg=0x4000010 cmp=com.android.gallery3d/com.huawei.gallery.phonestatus.PowerStateReceiver (has extras) } action=android.intent.action.ACTION_POWER_CONNECTED
06-10 18:32:33.329  1413  1413 D JobServiceContext: handleServiceBound for 2f6060f #u0a89/200002 com.huawei.appmarket/.service.alarm.control.HiAppPowerConnectChangeService
06-10 18:32:33.329 17220 17220 D PowerStateReceiver: battery = 79
06-10 18:32:33.329  1413  1413 D JobServiceContext: Scheduling time out for '.service.alarm.control.HiAppPowerConnectChangeService' jId: 200002, in 8 s
06-10 18:32:33.330 17220 17220 D PowerStateReceiver: battery = 79
06-10 18:32:33.330 17220 17220 D PowerStateReceiver: battery current is 79
06-10 18:32:33.330  2577  2723 I DeviceMonitor: WKLOCK EVT:160 uid:10089 flags:1 pid:-2 tag:*job*/com.huawei.appmarket/.service.alarm.control.HiAppPowerConnectChangeService
06-10 18:32:33.331 17220 17220 D CloudLocalSyncService: localSync = -1  cloudSync = -1
06-10 18:32:33.331  9406  9713 I fwkit_AbP: [fwkit AbsContentProvider.java:86] cp:com.huawei.hidisk;query;content://com.huawei.hwid.api.provider/has_login
06-10 18:32:33.331 17220 17220 E RecycleClearService: startRecycleClearService   forceStart = true, sClearDone = false
06-10 18:32:33.334  1413  4686 D JobServiceContext: doCallback of : JobStatus{2f6060f #u0a89/200002 com.huawei.appmarket/.service.alarm.control.HiAppPowerConnectChangeService u=0 s=10089 TIME=none:-30ms READY} v:VERB_STARTING
06-10 18:32:33.334  1413  4686 D JobServiceContext: Scheduling time out for '.service.alarm.control.HiAppPowerConnectChangeService' jId: 200002, in 600 s
06-10 18:32:33.334  9406  9713 I ProviderUtil: [HwID_APK_log[6.13.0.351|6.12.0.306]core ProviderUtil.java:49] Calling package:com.huawei.hidisk
06-10 18:32:33.335 17220 17220 D Gallery_Merge_MergeClassifyDataService: request start ClassifyDataMergeService
06-10 18:32:33.335  9406  9713 I HwIDProvider: [HwID_APK_log[6.13.0.351|6.12.0.306]core HwIDProvider.java:231] match:5
06-10 18:32:33.337  9406  9713 I HwIDProvider: [HwID_APK_log[6.13.0.351|6.12.0.306]core HwIDProvider.java:839] hasLogin:true
06-10 18:32:33.341 17220 17220 D RecycleClearService: --schedule-- [onStartCommand] start RecycleClearService.
06-10 18:32:33.341 17220 17465 D PhoneState: charge is true
06-10 18:32:33.341 17220 17465 D PhoneState: battery level is 79
06-10 18:32:33.343 17220 17465 D PhoneState: screen on true
06-10 18:32:33.344 17220 17220 D Gallery_Merge_MergeClassifyDataService: merge service started.
06-10 18:32:33.344 17220 17467 W Gallery_Merge_MergeClassifyDataService: classify data status : true, true
06-10 18:32:33.348 17220 17463 D Gallery_Common_GalleryUtils: gapdays:29
06-10 18:32:33.351  9696  9782 D AGC_Keys: build aes key end
06-10 18:32:33.353  9696  9782 I network-rc: Bundle[{core_hquic_connection_options=PRIO, filemanager_protocol_policy={"filesize":{"h2":"4194304-2147483647","h3_pcc":"512000-4194304"}}, core_tls_zero_rtt=true, core_enable_httpdns=false, core_switch_ai=false, retCode=10060000, retDesc=fetch success!, core_configversion=1.0.0.316, core_config_period_time=86400, filemanager_pcc_switch=0, core_config_expired_time=172800}]
06-10 18:32:33.353  9696  9782 I network-rc: fetchRemoteConfig interval time: 86400, discrete: 900
06-10 18:32:33.354  9406  9428 I NetworkSdk_CountryCodeBean: [HMSCore NetworkLog.java:1] Binder:9406_3|network.grs.local.model.CountryCodeBean|18|get issue_country code from VENDOR_COUNTRY
06-10 18:32:33.355  9696  9782 I network-rc: site cn
06-10 18:32:33.355  9696  9782 W ResourcesUtils: resId == 0
06-10 18:32:33.355  9696  9782 D AGC_FixedDecrypt: init
06-10 18:32:33.357  9696  9782 D AGC_Keys: build aes key, iterationCount:5000
06-10 18:32:33.377 17220 17220 D RecycleClearService: --schedule-- RecycleClearService onDestroy
06-10 18:32:33.378 17220 17467 W Gallery_Merge_MergeClassifyDataService: classify data is downloading. should merge later
06-10 18:32:33.379 17220 17220 D Gallery_Merge_MergeClassifyDataService: merge service stopped.
