06-10 18:32:47.805  1413  1413 D JobServiceContext: Scheduling time out for '.service.predownload.jobservice.BgWorkJobService' jId: 10005, in 8 s
06-10 18:32:47.807  1413  2146 D JobServiceContext: doCallback of : JobStatus{55a0c25 #u0a89/10005 com.huawei.appmarket/.service.predownload.jobservice.BgWorkJobService u=0 s=10089 TIME=-42ms:+33m36s958ms NET=2 CHARGING PERIODIC READY} v:VERB_STARTING
06-10 18:32:47.805  2349  2349 I KeyguardUtils: fpPath=sys/class/hw_power/charger/charge_data/chargerType, value=0
06-10 18:32:47.807  2577  2723 I DeviceMonitor: WKLOCK EVT:160 uid:10089 flags:1 pid:-2 tag:*job*/com.huawei.appmarket/.service.predownload.jobservice.BgWorkJobService
06-10 18:32:47.808  2349  2349 I KeyguardUtils: fpPath=sys/class/hw_power/charger/charge_data/chargerType, value=0
06-10 18:32:47.810  2349  2349 V KeyguardUpdateMonitor: RefreshBatteryInfo isBatteryLow: 80
06-10 18:32:47.811  2349  2349 W KeyguardUpdateMonitor: ChargingSpeed  Wattage: 2500000 ST: 5000000 --> 7500000
06-10 18:32:47.811  2349  2349 I KgBattery: BatteryInfo updated:  2lPc0
06-10 18:32:47.811  2349  2349 W AppHandler: sendMessage with obj100
06-10 18:32:47.811  2349  2349 D KeyguardUpdateMonitor: handleBatteryUpdate
06-10 18:32:47.811  2349  2349 W HwLockScreenPanel: refreshBatteryInfo: null
06-10 18:32:47.811  2349  2349 W HwKgdBArea_BTY: updateBatteryInfo : false  true
06-10 18:32:47.811  2349  2349 W FillLightViewManager: handleMessage 100
06-10 18:32:47.811  2349  2349 D FillLightViewManager: nothing to do 100
06-10 18:32:47.811  2349  2349 W HwLockScreenPanel: Handle message: 100
06-10 18:32:47.811  2349  2477 W KgBattery: getCharge info with type: text
06-10 18:32:47.812  2349  2477 I KeyguardUtils: fpPath=sys/class/hw_power/charger/charge_data/chargerType, value=0
06-10 18:32:47.814  2577  2723 I DeviceMonitor: WKLOCK EVT:161 uid:10089 flags:1 pid:-2 tag:*job*/com.huawei.appmarket/.service.predownload.jobservice.BgWorkJobService
06-10 18:32:47.817  1413  2146 W HwAlarmManagerService: isContainsAppUidInWorksource-->happend NameNotFoundException
06-10 18:32:47.817  1413  2146 W HwAlarmManagerService: isContainsAppUidInWorksource-->happend NameNotFoundException
06-10 18:32:47.818  1413  2146 D SmartHeartBeat: isPendingPackage, false, pkg:com.android.deskclock, action:com.android.deskclock.ALARM_ALERT,not pending alarm with AlarmClockInfo
06-10 18:32:47.819  1413  2146 I HwAlarmManagerService: hwSetAlarm listenerTag: *job.deadline*
06-10 18:32:47.820  1413  2146 I JobScheduler.Time: mNextJobExpiredElapsedMillis: 271385565
06-10 18:32:47.835 16996 17732 I FormalHASDK: HAImpl==> onEvent. TAG:_default_config_tag, TYPE:1, eventId:2310100101
06-10 18:32:47.835 16996 17126 W HiApp.CollectAppUsageTask: RepTaskHandler{3587} usage stat list is empty!!!
06-10 18:32:47.841 16996 17732 I FormalHASDK: HAImpl==> onEvent. TAG:_default_config_tag, TYPE:0, eventId:1010901501
06-10 18:32:47.855 16996 17126 W HiApp.ReportAppUsageTask: RepTaskHandler{3587} usage stat list is empty!!!
06-10 18:32:47.859 16996 17126 W HiApp.PreloadReportDataController: RepTaskHandler{3587} preloadAppReportInfos is empty
06-10 18:32:47.863 16996 17732 I FormalHASDK: HAImpl==> onEvent. TAG:_default_config_tag, TYPE:0, eventId:1010600202
06-10 18:32:47.865 16996 17732 I HslPackageManager: Get Hsl Package Manager.
06-10 18:32:47.865 16996 17732 I HslPackageManager: is Support Hsl false
06-10 18:32:47.945 16996 17732 I HslPackageManager: Get Hsl Package Manager.
06-10 18:32:47.945 16996 17732 I HslPackageManager: is Support Hsl false
06-10 18:32:48.019 16996 17732 I NK_CountryCodeBean: RepTaskHandler|network.grs.local.model.CountryCodeBean|18|get issue_country code from VENDOR_COUNTRY
06-10 18:32:48.021 16996 17732 I NK_OkReqTsk: RepTaskHandler|embedded.g3|284|the request has used the okhttp! 
06-10 18:32:48.117 17736 17736 E libc    : Access denied finding property "ro.hwfix.ro.process_list"
06-10 18:32:48.126 16996 17419 I NK_Netdiag: RepTaskHandler ->NK_netdiag_0|netdiag.tools.NetDetectAndPolicy|50|the time count will reset!
06-10 18:32:48.137  1413  2315 I chatty  : uid=1000(system) Binder:1413_4 expire 23 lines
06-10 18:32:48.142 16996 17732 I FormalHASDK: HAImpl==> onEvent. TAG:_default_config_tag, TYPE:1, eventId:907112013
06-10 18:32:48.144 17736 17736 E libc    : Access denied finding property "ro.hwfix.ro.process_list"
06-10 18:32:48.165 16996 17732 I FormalHASDK: HAImpl==> onEvent. TAG:_default_config_tag, TYPE:0, eventId:120107
06-10 18:32:48.179 16996 17732 I FormalHASDK: HAImpl==> onEvent. TAG:_default_config_tag, TYPE:0, eventId:1380100101
06-10 18:32:48.181 16996 17732 I FormalHASDK: HAImpl==> onEvent. TAG:_default_config_tag, TYPE:0, eventId:1010901501
06-10 18:32:48.211  2577  4077 I DownloadState: 10024 stop download, curr: 2006080, base: 2006080, delta: 0
06-10 18:32:48.211  2577  4077 I DownloadState: @@@@@@@@@@@@ uid :10024 download :false
06-10 18:32:48.211  2577  4077 I PGServer: report state:5 event type:2 pid:0 uid:10024 pkg:null to pid: 1413
06-10 18:32:48.564 16996 17732 D HwInnerWifiManagerImpl: SupplicantState = COMPLETED
06-10 18:32:48.565 16996 17732 D HwInnerWifiManagerImpl: isPhoneAP = false
06-10 18:32:48.572 16996 17732 D HwInnerWifiManagerImpl: SupplicantState = COMPLETED
06-10 18:32:48.572 16996 17732 D HwInnerWifiManagerImpl: isPhoneAP = false
06-10 18:32:48.638 16996 17732 I FormalHASDK: HAImpl==> onEvent. TAG:_default_config_tag, TYPE:1, eventId:907112047
06-10 18:32:48.649 16996 17732 I FormalHASDK: HAImpl==> onEvent. TAG:_default_config_tag, TYPE:1, eventId:907112050
06-10 18:32:48.657 16996 17732 I FormalHASDK: HAImpl==> onEvent. TAG:_default_config_tag, TYPE:1, eventId:907112047
06-10 18:32:48.664 16996 17732 D HwInnerWifiManagerImpl: SupplicantState = COMPLETED
06-10 18:32:48.664 16996 17732 D HwInnerWifiManagerImpl: isPhoneAP = false
06-10 18:32:48.668 16996 17732 D HwInnerWifiManagerImpl: SupplicantState = COMPLETED
06-10 18:32:48.668 16996 17732 D HwInnerWifiManagerImpl: isPhoneAP = false
06-10 18:32:48.672 16996 17732 D HwInnerWifiManagerImpl: SupplicantState = COMPLETED
06-10 18:32:48.672 16996 17732 D HwInnerWifiManagerImpl: isPhoneAP = false
06-10 18:32:48.675 16996 17732 D HwInnerWifiManagerImpl: SupplicantState = COMPLETED
06-10 18:32:48.675 16996 17732 D HwInnerWifiManagerImpl: isPhoneAP = false
06-10 18:32:48.678 16996 17732 D HwInnerWifiManagerImpl: SupplicantState = COMPLETED
06-10 18:32:48.678 16996 17732 D HwInnerWifiManagerImpl: isPhoneAP = false
06-10 18:32:49.158 17739 17739 E libc    : Access denied finding property "ro.hwfix.ro.process_list"
06-10 18:32:49.184 17739 17739 E libc    : Access denied finding property "ro.hwfix.ro.process_list"
06-10 18:32:49.590  1413  2199 I chatty  : uid=1000(system) WifiStateMachin expire 3 lines
06-10 18:32:49.592  1413  2201 I chatty  : uid=1000(system) HwWifiCHRStateM expire 2 lines
06-10 18:32:49.593  3473  3473 D wpa_supplicant: sta hidl pwrPercentBoostModesetInternal
06-10 18:32:49.821 17220 17366 D Gallery_Common_StorageService: [checkStorageUseage] total LCD count: 10, max count limit: 4000
06-10 18:32:49.982  2349  2349 D StatusBarIconController: setIconVisibility icon is null or visibility not change visibility=false
06-10 18:32:49.984  2349  2349 W ResourceType: No package identifier when getting value for resource number 0x00000000
06-10 18:32:49.984  2349  2349 E HwNotchUtils: setIconForView iconId is not found
06-10 18:32:49.984  2349  2349 D StatusBarIconController: setIconVisibility icon is null or visibility not change visibility=false
06-10 18:32:49.985  2349  2349 W ResourceType: No package identifier when getting value for resource number 0x00000000
06-10 18:32:49.985  2349  2349 E HwNotchUtils: setIconForView iconId is not found
06-10 18:32:49.985  2349  2349 D StatusBarIconController: setIconVisibility icon is null or visibility not change visibility=false
06-10 18:32:49.986  2349  2349 W ResourceType: No package identifier when getting value for resource number 0x00000000
06-10 18:32:49.986  2349  2349 E HwNotchUtils: setIconForView iconId is not found
06-10 18:32:50.114  1413  1413 I chatty  : uid=1000 system_server expire 3 lines
06-10 18:32:50.196 17740 17740 E libc    : Access denied finding property "ro.hwfix.ro.process_list"
06-10 18:32:50.224 17740 17740 E libc    : Access denied finding property "ro.hwfix.ro.process_list"
06-10 18:32:50.431  1413  2199 I chatty  : uid=1000(system) WifiStateMachin expire 2 lines
06-10 18:32:50.432  1413  2201 I chatty  : uid=1000(system) HwWifiCHRStateM expire 2 lines
06-10 18:32:50.433  3473  3473 D wpa_supplicant: sta hidl pwrPercentBoostModesetInternal
06-10 18:32:50.452  1413  2271 I chatty  : uid=1000(system) HuaweiWifiWatch expire 1 line
06-10 18:32:50.455  1413  1413 I chatty  : uid=1000 system_server expire 2 lines
06-10 18:32:50.455  1413  2262 I chatty  : uid=1000(system) wifipro_uid_tcp expire 2 lines
06-10 18:32:50.457  1413  1413 I chatty  : uid=1000 system_server expire 22 lines
06-10 18:32:50.459  1413  2271 I chatty  : uid=1000(system) HuaweiWifiWatch expire 2 lines
06-10 18:32:50.467  1413  2266 I chatty  : uid=1000(system) WifiProStateMac expire 6 lines
06-10 18:32:50.468  1413  5157 I chatty  : uid=1000(system) MobileQosDetect expire 1 line
06-10 18:32:50.488  1413  2199 I chatty  : uid=1000(system) WifiStateMachin expire 7 lines
06-10 18:32:50.500   612 17741 W libc    : Set property "hw.wifi.dns_stat" to "797,152,9485,1,165809"
06-10 18:32:50.871  1413  2200 I chatty  : uid=1000(system) HwWifiStatStore expire 3 lines
06-10 18:32:50.986  2349  2349 D StatusBarIconController: setIconVisibility icon is null or visibility not change visibility=false
06-10 18:32:50.988  2349  2349 I chatty  : uid=10026(com.huawei.HwMultiScreenShot) com.android.systemui identical 4 lines
06-10 18:32:50.989  2349  2349 D StatusBarIconController: setIconVisibility icon is null or visibility not change visibility=false
06-10 18:32:51.238 17742 17742 E libc    : Access denied finding property "ro.hwfix.ro.process_list"
06-10 18:32:51.264 17742 17742 E libc    : Access denied finding property "ro.hwfix.ro.process_list"
06-10 18:32:51.688 16996 17732 I FormalHASDK: HAImpl==> onEvent. TAG:_default_config_tag, TYPE:1, eventId:907112047
06-10 18:32:51.694 16996 17732 I FormalHASDK: HAImpl==> onEvent. TAG:_default_config_tag, TYPE:1, eventId:907112050
06-10 18:32:51.989  2349  2349 D StatusBarIconController: setIconVisibility icon is null or visibility not change visibility=false
06-10 18:32:51.991  2349  2349 W ResourceType: No package identifier when getting value for resource number 0x00000000
06-10 18:32:51.991  2349  2349 E HwNotchUtils: setIconForView iconId is not found
06-10 18:32:51.991  2349  2349 D StatusBarIconController: setIconVisibility icon is null or visibility not change visibility=false
06-10 18:32:51.992  2349  2349 W ResourceType: No package identifier when getting value for resource number 0x00000000
06-10 18:32:51.992  2349  2349 E HwNotchUtils: setIconForView iconId is not found
06-10 18:32:51.992  2349  2349 D StatusBarIconController: setIconVisibility icon is null or visibility not change visibility=false
06-10 18:32:51.992  2349  2349 W ResourceType: No package identifier when getting value for resource number 0x00000000
06-10 18:32:51.993  2349  2349 E HwNotchUtils: setIconForView iconId is not found
06-10 18:32:52.068  1413  2257 I chatty  : uid=1000(system) WiFiArpStateMac expire 4 lines
06-10 18:32:52.089   612 17744 W libc    : Set property "hw.wifi.dns_stat" to "798,153,9485,1,165809"
06-10 18:32:52.107  1413  4686 I chatty  : uid=1000(system) Binder:1413_10 expire 6 lines
06-10 18:32:52.110 16996 17732 D HwInnerWifiManagerImpl: SupplicantState = COMPLETED
06-10 18:32:52.110 16996 17732 D HwInnerWifiManagerImpl: isPhoneAP = false
06-10 18:32:52.163 16996 17732 I HslPackageManager: Get Hsl Package Manager.
06-10 18:32:52.164 16996 17732 I HslPackageManager: is Support Hsl false
06-10 18:32:52.173 16996 17732 I NK_CountryCodeBean: RepTaskHandler|network.grs.local.model.CountryCodeBean|18|get issue_country code from VENDOR_COUNTRY
06-10 18:32:52.176 16996 17732 I NK_OkReqTsk: RepTaskHandler|embedded.g3|284|the request has used the okhttp! 
06-10 18:32:52.254 16996 17419 I NK_Netdiag: RepTaskHandler ->NK_netdiag_0|netdiag.tools.NetDetectAndPolicy|50|the time count will reset!
06-10 18:32:52.267 16996 17732 I FormalHASDK: HAImpl==> onEvent. TAG:_default_config_tag, TYPE:1, eventId:907112013
06-10 18:32:52.276 17746 17746 E libc    : Access denied finding property "ro.hwfix.ro.process_list"
06-10 18:32:52.287 16996 17732 I FormalHASDK: HAImpl==> onEvent. TAG:_default_config_tag, TYPE:1, eventId:2310100101
06-10 18:32:52.291 16996 17126 W HiApp.CollectAppUsageTask: RepTaskHandler{3587} usage stat list is empty!!!
06-10 18:32:52.292 16996 17732 I FormalHASDK: HAImpl==> onEvent. TAG:_default_config_tag, TYPE:0, eventId:1010901501
06-10 18:32:52.296 17746 17746 E libc    : Access denied finding property "ro.hwfix.ro.process_list"
06-10 18:32:52.302 16996 17126 W HiApp.ReportAppUsageTask: RepTaskHandler{3587} usage stat list is empty!!!
06-10 18:32:52.304 16996 17126 W HiApp.PreloadReportDataController: RepTaskHandler{3587} preloadAppReportInfos is empty
06-10 18:32:52.308 16996 17732 I FormalHASDK: HAImpl==> onEvent. TAG:_default_config_tag, TYPE:0, eventId:1010600202
06-10 18:32:52.310 16996 17732 I HslPackageManager: Get Hsl Package Manager.
06-10 18:32:52.310 16996 17732 I HslPackageManager: is Support Hsl false
06-10 18:32:52.393 16996 17732 I HslPackageManager: Get Hsl Package Manager.
06-10 18:32:52.393 16996 17732 I HslPackageManager: is Support Hsl false
06-10 18:32:52.462 16996 17732 I NK_CountryCodeBean: RepTaskHandler|network.grs.local.model.CountryCodeBean|18|get issue_country code from VENDOR_COUNTRY
06-10 18:32:52.463 16996 17732 I NK_OkReqTsk: RepTaskHandler|embedded.g3|284|the request has used the okhttp! 
06-10 18:32:52.633  1413  2201 I chatty  : uid=1000(system) HwWifiCHRStateM expire 4 lines
06-10 18:32:52.634  3473  3473 D wpa_supplicant: sta hidl pwrPercentBoostModesetInternal
06-10 18:32:52.914 16996 17419 I NK_Netdiag: RepTaskHandler ->NK_netdiag_0|netdiag.tools.NetDetectAndPolicy|50|the time count will reset!
06-10 18:32:52.924  1413  2315 I chatty  : uid=1000(system) Binder:1413_4 expire 26 lines
06-10 18:32:52.932 16996 17732 I FormalHASDK: HAImpl==> onEvent. TAG:_default_config_tag, TYPE:1, eventId:907112013
06-10 18:32:52.963 16996 17732 I FormalHASDK: HAImpl==> onEvent. TAG:_default_config_tag, TYPE:0, eventId:120107
06-10 18:32:52.982 16996 17732 I FormalHASDK: HAImpl==> onEvent. TAG:_default_config_tag, TYPE:0, eventId:1380100101
06-10 18:32:52.984 16996 17732 I FormalHASDK: HAImpl==> onEvent. TAG:_default_config_tag, TYPE:0, eventId:1010901501
06-10 18:32:52.990  2349  2349 D StatusBarIconController: setIconVisibility icon is null or visibility not change visibility=false
06-10 18:32:52.991  2349  2349 D StatusBarIconController: setIconVisibility icon is null or visibility not change visibility=false
06-10 18:32:53.312 17747 17747 E libc    : Access denied finding property "ro.hwfix.ro.process_list"
06-10 18:32:53.342 17747 17747 E libc    : Access denied finding property "ro.hwfix.ro.process_list"
06-10 18:32:53.353 16996 17732 D HwInnerWifiManagerImpl: SupplicantState = COMPLETED
06-10 18:32:53.353 16996 17732 D HwInnerWifiManagerImpl: isPhoneAP = false
06-10 18:32:53.355 16996 17732 D HwInnerWifiManagerImpl: SupplicantState = COMPLETED
06-10 18:32:53.355 16996 17732 D HwInnerWifiManagerImpl: isPhoneAP = false
06-10 18:32:53.390 16996 17732 I FormalHASDK: HAImpl==> onEvent. TAG:_default_config_tag, TYPE:1, eventId:907112047
06-10 18:32:53.392 16996 17732 I FormalHASDK: HAImpl==> onEvent. TAG:_default_config_tag, TYPE:1, eventId:907112050
06-10 18:32:53.403 16996 17732 I FormalHASDK: HAImpl==> onEvent. TAG:_default_config_tag, TYPE:1, eventId:907112047
06-10 18:32:53.412 16996 17732 D HwInnerWifiManagerImpl: SupplicantState = COMPLETED
06-10 18:32:53.412 16996 17732 D HwInnerWifiManagerImpl: isPhoneAP = false
06-10 18:32:53.418 16996 17732 D HwInnerWifiManagerImpl: SupplicantState = COMPLETED
06-10 18:32:53.418 16996 17732 D HwInnerWifiManagerImpl: isPhoneAP = false
06-10 18:32:53.422 16996 17732 D HwInnerWifiManagerImpl: SupplicantState = COMPLETED
06-10 18:32:53.422 16996 17732 D HwInnerWifiManagerImpl: isPhoneAP = false
06-10 18:32:53.427 16996 17732 D HwInnerWifiManagerImpl: SupplicantState = COMPLETED
06-10 18:32:53.427 16996 17732 D HwInnerWifiManagerImpl: isPhoneAP = false
06-10 18:32:53.431 16996 17732 D HwInnerWifiManagerImpl: SupplicantState = COMPLETED
06-10 18:32:53.431 16996 17732 D HwInnerWifiManagerImpl: isPhoneAP = false
06-10 18:32:53.996  2349  2349 D StatusBarIconController: setIconVisibility icon is null or visibility not change visibility=false
06-10 18:32:53.997  2349  2349 W ResourceType: No package identifier when getting value for resource number 0x00000000
06-10 18:32:53.998  2349  2349 E HwNotchUtils: setIconForView iconId is not found
06-10 18:32:53.998  2349  2349 D StatusBarIconController: setIconVisibility icon is null or visibility not change visibility=false
06-10 18:32:53.998  2349  2349 W ResourceType: No package identifier when getting value for resource number 0x00000000
06-10 18:32:53.998  2349  2349 E HwNotchUtils: setIconForView iconId is not found
06-10 18:32:53.998  2349  2349 D StatusBarIconController: setIconVisibility icon is null or visibility not change visibility=false
06-10 18:32:53.998  2349  2349 W ResourceType: No package identifier when getting value for resource number 0x00000000
06-10 18:32:53.999  2349  2349 E HwNotchUtils: setIconForView iconId is not found
06-10 18:32:54.339  2349  2349 I PhoneStatusBar: updateNotificationShade: total=5, active=5
06-10 18:32:54.340  2349  2349 W PhoneStatusBar: updateNotificationShade hasFaceDT: false; Detected:false
06-10 18:32:54.340  2349  2349 V PhoneStatusBar: mStackScroller size:3,activeCount:5, childCnt:7
06-10 18:32:54.347  2349  2349 W HwKeyguardDragHelper: AnimationBlocked
06-10 18:32:54.357 17749 17749 E libc    : Access denied finding property "ro.hwfix.ro.process_list"
06-10 18:32:54.382 17749 17749 E libc    : Access denied finding property "ro.hwfix.ro.process_list"
06-10 18:32:54.550   612 17750 W libc    : Set property "hw.wifi.dns_stat" to "799,154,9485,1,165809"
06-10 18:32:54.828 17220 17366 D Gallery_Common_StorageService: Service will stop.
06-10 18:32:54.999  2349  2349 D StatusBarIconController: setIconVisibility icon is null or visibility not change visibility=false
06-10 18:32:55.002  2349  2349 D StatusBarIconController: setIconVisibility icon is null or visibility not change visibility=false
06-10 18:32:55.398 17752 17752 E libc    : Access denied finding property "ro.hwfix.ro.process_list"
06-10 18:32:55.424 17752 17752 E libc    : Access denied finding property "ro.hwfix.ro.process_list"
06-10 18:32:55.704  3473  3473 D wpa_supplicant: sta hidl pwrPercentBoostModesetInternal
06-10 18:32:56.436 17753 17753 E libc    : Access denied finding property "ro.hwfix.ro.process_list"
06-10 18:32:56.464 17753 17753 E libc    : Access denied finding property "ro.hwfix.ro.process_list"
06-10 18:32:56.464 16996 17732 I FormalHASDK: HAImpl==> onEvent. TAG:_default_config_tag, TYPE:1, eventId:907112047
06-10 18:32:56.466 16996 17732 I FormalHASDK: HAImpl==> onEvent. TAG:_default_config_tag, TYPE:1, eventId:907112050
06-10 18:32:56.901  1413  2146 I chatty  : uid=1000(system) Binder:1413_3 expire 1 line
06-10 18:32:56.901 16996 17732 D HwInnerWifiManagerImpl: SupplicantState = COMPLETED
06-10 18:32:56.902 16996 17732 D HwInnerWifiManagerImpl: isPhoneAP = false
06-10 18:32:56.965 16996 17732 I HslPackageManager: Get Hsl Package Manager.
06-10 18:32:56.965 16996 17732 I HslPackageManager: is Support Hsl false
06-10 18:32:56.975 16996 17732 I NK_CountryCodeBean: RepTaskHandler|network.grs.local.model.CountryCodeBean|18|get issue_country code from VENDOR_COUNTRY
06-10 18:32:56.977 16996 17732 I NK_OkReqTsk: RepTaskHandler|embedded.g3|284|the request has used the okhttp! 
06-10 18:32:57.472 16996 17419 I NK_Netdiag: RepTaskHandler ->NK_netdiag_0|netdiag.tools.NetDetectAndPolicy|50|the time count will reset!
06-10 18:32:57.481 17754 17754 E libc    : Access denied finding property "ro.hwfix.ro.process_list"
06-10 18:32:57.488 16996 17732 I FormalHASDK: HAImpl==> onEvent. TAG:_default_config_tag, TYPE:1, eventId:907112013
06-10 18:32:57.495  1413  2315 I ActivityManager: Killing 16116:com.huawei.android.totemweather/u0a33 (adj 906): empty for 2069s
06-10 18:32:57.497  1413  1938 I chatty  : uid=1000(system) ActivityManager expire 12 lines
06-10 18:32:57.505 17754 17754 E libc    : Access denied finding property "ro.hwfix.ro.process_list"
06-10 18:32:57.521  1413  2146 D ActivityManager: cleanUpApplicationRecord app: ProcessRecord{4d7fac0 16116:com.huawei.android.totemweather/u0a33}, app.bad: false, restarting: false, allowRestart: true
06-10 18:32:57.523  1413  2161 I chatty  : uid=1000(system) sManagerService expire 1 line
06-10 18:32:57.524  2564  2642 E HsmCoreServiceImpl: onTransact in code is: 102
06-10 18:32:57.524  2564  2642 I MediaProcessHandler: processOp opType: 1, uid: 10033, pid: 16116
06-10 18:32:57.524  2564  2642 W MediaProcessHandler: remove target not exist, maybe the UI process: uid: 10033, pid: 16116
06-10 18:32:57.524  2564  2642 I MediaProcessHandler: executedCallBack opType: 1 mMediaStatusObservers.size=0
06-10 18:32:57.525  2577  6535 E AwareLog: GameDataHandler: GameSdkLog: handleProcessChanged: pid: 16116 is dead
06-10 18:32:57.526  2577  6535 E AwareLog: GameSdkStatus: GameSdkLog: removeGameStatus, input null.
06-10 18:32:58.008  2349  2349 D StatusBarIconController: setIconVisibility icon is null or visibility not change visibility=false
06-10 18:32:58.012  2349  2349 D StatusBarIconController: setIconVisibility icon is null or visibility not change visibility=false
06-10 18:32:58.027   726  1402 D Huawei_audio_cust: huawei_cust_get_parameters: returns 
06-10 18:32:58.028   726  1402 D audio_hw_spkr_prot: audio_extn_fbsp_get_parameters: Speaker protection disabled
06-10 18:32:58.028   726  1402 D audio_hw_extn: audio_extn_get_parameters: returns 
06-10 18:32:58.028   726  1402 I audio_hw_primary: adev_get_parameters: exit: returns - 
06-10 18:32:58.028   862  1228 I hash_map_utils: key: 'typec_need_show_hires' value: ''
06-10 18:32:58.032  1413  1413 I HwAudioService: check HiRes Icon false
06-10 18:32:58.037  2349  2349 D StatusBarIconController: setIconVisibility icon is null or visibility not change visibility=false
06-10 18:32:58.125  1413  1413 I chatty  : uid=1000 system_server expire 3 lines
06-10 18:32:58.440  1413  2199 I chatty  : uid=1000(system) WifiStateMachin expire 2 lines
06-10 18:32:58.442  1413  2201 I chatty  : uid=1000(system) HwWifiCHRStateM expire 2 lines
06-10 18:32:58.443  3473  3473 D wpa_supplicant: sta hidl pwrPercentBoostModesetInternal
06-10 18:32:58.462  1413  2271 I chatty  : uid=1000(system) HuaweiWifiWatch expire 1 line
06-10 18:32:58.464  1413  1413 I chatty  : uid=1000 system_server expire 2 lines
06-10 18:32:58.466  1413  2262 I chatty  : uid=1000(system) wifipro_uid_tcp expire 3 lines
06-10 18:32:58.466  1413  1413 I chatty  : uid=1000 system_server expire 4 lines
06-10 18:32:58.467  1413  2271 I chatty  : uid=1000(system) HuaweiWifiWatch expire 4 lines
06-10 18:32:58.469  1413  1413 I chatty  : uid=1000 system_server expire 1 line
06-10 18:32:58.475  1413  5157 I chatty  : uid=1000(system) MobileQosDetect expire 1 line
06-10 18:32:58.519 17757 17757 E libc    : Access denied finding property "ro.hwfix.ro.process_list"
06-10 18:32:58.544 17757 17757 E libc    : Access denied finding property "ro.hwfix.ro.process_list"
06-10 18:32:58.713   612 17758 W libc    : Set property "hw.wifi.dns_stat" to "800,155,9485,1,165809"
06-10 18:32:58.772  1413  2199 I chatty  : uid=1000(system) WifiStateMachin expire 3 lines
06-10 18:32:58.773  1413  2201 I chatty  : uid=1000(system) HwWifiCHRStateM expire 2 lines
06-10 18:32:58.774  3473  3473 D wpa_supplicant: sta hidl pwrPercentBoostModesetInternal
06-10 18:32:59.013  2349  2349 D StatusBarIconController: setIconVisibility icon is null or visibility not change visibility=false
06-10 18:32:59.015  2349  2349 I chatty  : uid=10026(com.huawei.HwMultiScreenShot) com.android.systemui identical 3 lines
06-10 18:32:59.016  2349  2349 D StatusBarIconController: setIconVisibility icon is null or visibility not change visibility=false
06-10 18:32:59.239   750  1110 I qti_sensors_hal: [LightSensor]processReportInd: the cycle luxValue ItemData[0]:5f0000,ItemData[1]:640ef1, lux:95.000000,cct:6557425.000000
06-10 18:32:59.558 17759 17759 E libc    : Access denied finding property "ro.hwfix.ro.process_list"
06-10 18:32:59.583 17759 17759 E libc    : Access denied finding property "ro.hwfix.ro.process_list"
06-10 18:32:59.890  1413  2200 I chatty  : uid=1000(system) HwWifiStatStore expire 1 line
06-10 18:32:59.969  1413  2257 I chatty  : uid=1000(system) WiFiArpStateMac expire 2 lines
06-10 18:33:00.004  1413  1413 V AlarmManager: Received TIME_TICK alarm; rescheduling
06-10 18:33:00.005  1413  1413 I HwAlarmManagerService: hwSetAlarm listenerTag: time_tick
06-10 18:33:00.009  2349  2349 E DateView: DateView,mCurrentTime: 1718015580009
06-10 18:33:00.015  2349  2349 I EventCenter: EventCenter Get :android.intent.action.TIME_TICK
06-10 18:33:00.025  2349  2349 W HwKeyguardDragHelper: AnimationBlocked
06-10 18:33:00.028  2349  2349 W ResourceType: No known package when getting value for resource number 0xffffffff
06-10 18:33:00.029  2349  2349 W ResourceType: No known package when getting value for resource number 0xffffffff
06-10 18:33:00.031  2349  2349 D WeatherHelper: City info empty
06-10 18:33:00.033  2349  2349 D WeatherHelper: City info empty
06-10 18:33:00.034  2349  2349 D KeyguardUpdateMonitor: received broadcast android.intent.action.TIME_TICK
06-10 18:33:00.034  2349  2349 D KeyguardUpdateMonitor: handleTimeUpdate
06-10 18:33:00.034  2349  2477 I KeyguardStatusView: Runnable for refresh
06-10 18:33:00.035  2615  2615 I HwLauncher: Model  onReceive intent=Intent { act=android.intent.action.TIME_TICK flg=0x50200014 hwFlg=0x900 (has extras) }
06-10 18:33:00.035  2615  2615 I HwLauncher: Model  onReceive user=UserHandle{0}
06-10 18:33:00.038  2349  2349 D WeatherHelper: City info empty
06-10 18:33:00.038  2615  2742 E HwLauncher: SettingsEx , no such field.
06-10 18:33:00.038  2615  2742 W HwLauncher: Clock getDataFormat the getSystemString failed.
06-10 18:33:00.042  1413  2315 V BroadcastQueue: Finished with ordered broadcast BroadcastRecord{58f07d9 u-1 android.intent.action.TIME_TICK}
06-10 18:33:00.055  2349  2349 W ExpandableNotificationRow: setActionsBackground,null == view,mPublicLayout
06-10 18:33:00.056  2349  2349 W ExpandableNotificationRow: setActionsBackground,null == view,mPrivateLayout
06-10 18:33:00.056  2349  2349 W ExpandableNotificationRow: setActionsBackground,null == view,mPublicLayout
06-10 18:33:00.056  2349  2349 W ExpandableNotificationRow: setActionsBackground,null == view,mPrivateLayout
06-10 18:33:00.057  2349  2349 W ExpandableNotificationRow: setActionsBackground,null == view,mPublicLayout
06-10 18:33:00.057  2349  2349 W ExpandableNotificationRow: setActionsBackground,null == view,mPrivateLayout
06-10 18:33:00.057  2349  2349 W HwKeyguardDragHelper: AnimationBlocked
06-10 18:33:00.117  2349  2349 D WeatherHelper: City info empty
06-10 18:33:00.118  2349  2349 D DateTimeView: Change to single clock mode!
06-10 18:33:00.122  2349  2349 D WeatherHelper: City info empty
06-10 18:33:00.122  2349  2349 I ColorPickUitls: type = 2
06-10 18:33:00.123  2349  2349 D WeatherHelper: City info empty
06-10 18:33:00.124  2349  2349 D DateTimeView: Change to single clock mode!
06-10 18:33:00.127  2349  2349 D WeatherHelper: City info empty
06-10 18:33:00.128  2349  2349 I ColorPickUitls: type = 2
06-10 18:33:00.128  1413  1413 I chatty  : uid=1000 system_server expire 20 lines
06-10 18:33:00.187  1413  2158 I chatty  : uid=1000(system) AlarmManager expire 2 lines
06-10 18:33:00.189  1413  1413 W HwAlarmManagerService: isContainsAppUidInWorksource-->happend NameNotFoundException
06-10 18:33:00.189  1413  1413 W HwAlarmManagerService: isContainsAppUidInWorksource-->happend NameNotFoundException
06-10 18:33:00.190  1413  1413 I HwAlarmManagerService: hwSetAlarm listenerTag: *job.delay*
06-10 18:33:00.191  1413  1413 I JobScheduler.Time: mNextDelayExpiredElapsedMillis: 267364003
06-10 18:33:00.193  1413  1413 D JobServiceContext: Scheduling time out for '.DownloadJobService' jId: 319, in 18 s
06-10 18:33:00.202  2577  2723 I DeviceMonitor: WKLOCK EVT:160 uid:10026 flags:1 pid:-2 tag:*alarm*
06-10 18:33:00.202  2577  2723 I DeviceMonitor: WKLOCK EVT:161 uid:10026 flags:1 pid:-2 tag:*alarm*
06-10 18:33:00.215  1413  1413 D JobServiceContext: handleServiceBound for 9cc6924 #u0a16/319 DownloadManager:com.android.providers.downloads
06-10 18:33:00.215  1413  1413 D JobServiceContext: Scheduling time out for '.DownloadJobService' jId: 319, in 8 s
06-10 18:33:00.216  2577  2723 I DeviceMonitor: WKLOCK EVT:160 uid:10026 flags:1 pid:-2 tag:*job*/DownloadManager:com.android.providers.downloads
06-10 18:33:00.340  1413  2315 D JobServiceContext: doCallback of : JobStatus{9cc6924 #u0a16/319 DownloadManager:com.android.providers.downloads u=0 s=10026 TIME=-153ms:none NET=2 failures=1 READY} v:VERB_STARTING
06-10 18:33:00.340  1413  2315 D JobServiceContext: Scheduling time out for '.DownloadJobService' jId: 319, in 600 s
06-10 18:33:00.353  1413  2315 I HwNetworkPolicy: onTransact, code = 7
06-10 18:33:00.354 17005 17763 D DownloadManager: [319] Starting
06-10 18:33:00.386 17005 17763 I DownloadManager:   uid = 10026 mIgnoreBlocked = false
06-10 18:33:00.411  2577  2949 D PacketsControl: mDlCursor num:1 ,runing=false
06-10 18:33:00.437 17005 17763 D NetworkSecurityConfig: No Network Security Config specified, using platform default
06-10 18:33:00.524  1413  2467 E Watchdog: Failed to write to /sys/kernel/hungtask/vm_heart
06-10 18:33:00.524  1413  2467 E Watchdog: java.io.FileNotFoundException: /sys/kernel/hungtask/vm_heart (Permission denied)
06-10 18:33:00.524  1413  2467 E Watchdog: 	at java.io.FileOutputStream.open0(Native Method)
06-10 18:33:00.524  1413  2467 E Watchdog: 	at java.io.FileOutputStream.open(FileOutputStream.java:287)
06-10 18:33:00.524  1413  2467 E Watchdog: 	at java.io.FileOutputStream.<init>(FileOutputStream.java:223)
06-10 18:33:00.524  1413  2467 E Watchdog: 	at java.io.FileOutputStream.<init>(FileOutputStream.java:110)
06-10 18:33:00.524  1413  2467 E Watchdog: 	at com.android.server.Watchdog.writeHungtask(Watchdog.java:904)
06-10 18:33:00.524  1413  2467 E Watchdog: 	at com.android.server.Watchdog.run(Watchdog.java:563)
06-10 18:33:00.444 17005 17763 D NetworkSecurityConfig: No Network Security Config specified, using platform default
06-10 18:33:00.525   612 17764 W libc    : Set property "hw.wifi.dns_stat" to "801,155,9485,1,165886"
06-10 18:33:00.528  1413  1979 I chatty  : uid=1000(system) android.fg expire 1 line
06-10 18:33:00.596 17766 17766 E libc    : Access denied finding property "ro.hwfix.ro.process_list"
06-10 18:33:00.622 17766 17766 E libc    : Access denied finding property "ro.hwfix.ro.process_list"
06-10 18:33:00.813  2577  2949 D PacketsControl: mDlCursor num:1 ,runing=true
06-10 18:33:00.859 17005 17763 W StorageManager: fallocate() not supported; falling back to ftruncate()
06-10 18:33:00.860 17005 17763 I DownloadManager:  file:/storage/emulated/0/Huawei/MagazineUpdate/download/03.downloading is exist, create destFileObserver
06-10 18:33:00.861 17005 17763 D DownloadManager: enter DestFileChangeObServer begin:
06-10 18:33:00.887  2577  2949 D PacketsControl: mDlCursor num:1 ,runing=true
06-10 18:33:01.016  2349  2349 D StatusBarIconController: setIconVisibility icon is null or visibility not change visibility=false
06-10 18:33:01.168  1413  2193 D NetdConnector: RCV <- {601 limit alert globalAlert wlan0}
06-10 18:33:01.170  1413  2193 D NetdConnector: RCV <- {601 limit alert globalAlert wlan0}
06-10 18:33:01.172  1413  1979 D NetdConnector: RCV unsolicited event from native daemon, event = 601
06-10 18:33:01.017  2349  2349 I chatty  : uid=10026(com.huawei.HwMultiScreenShot) com.android.systemui identical 3 lines
06-10 18:33:01.018  2349  2349 D StatusBarIconController: setIconVisibility icon is null or visibility not change visibility=false
06-10 18:33:01.175 17005 17768 D DownloadManager: enter DestFileChangeObServer::event(event:8000 mode:0 file:null)
06-10 18:33:01.179  1413  2195 D NetdConnector: SND -> {4735 bandwidth gettetherstats}
06-10 18:33:01.185  1413  2193 D NetdConnector: RCV <- {114 4735 p2p0 wlan0 0 0 0 0}
06-10 18:33:01.186  1413  2193 D NetdConnector: RCV <- {114 4735 p2p0 wlan0 0 0 0 0}
06-10 18:33:01.188  1413  2193 D NetdConnector: RCV <- {200 4735 Tethering stats list completed}
06-10 18:33:01.196  1413  2195 I chatty  : uid=1000(system) NetworkStats expire 1 line
06-10 18:33:01.189  1413  2193 D NetdConnector: RCV <- {200 4735 Tethering stats list completed}
06-10 18:33:01.197  1413  2195 W NetworkStatsFactory: mStatsXtProcUid: /proc/net/comm/stats does not exist!
06-10 18:33:01.197  1413  2195 D HwNetworkStatsService: hwRecordUidAndProcSnapshotLocked currentTime = 1718015581177
06-10 18:33:01.197  1413  2195 W NetworkStatsFactory: mStatsXtProcAndUid: /proc/net/xt_qtaguid/stats_pid does not exist!
06-10 18:33:01.231   612   612 W Binder:612_2: type=1400 audit(0.0:170764): avc: denied { write } for name="xt_quota" dev="proc" ino=4026532675 scontext=u:r:netd:s0 tcontext=u:object_r:proc_net:s0 tclass=dir permissive=0
06-10 18:33:01.235  1413  2195 D NetdConnector: SND -> {4736 bandwidth setglobalalert 2097152}
06-10 18:33:01.237  1413  2193 D NetdConnector: RCV <- {200 4736 Bandwidth command succeeeded}
06-10 18:33:01.238 17005 17763 D DownloadManager: [319] Finished with status SUCCESS
06-10 18:33:01.239  2508  2870 E HSM     : NatTrafficNotifyService:imsi is null, so return
06-10 18:33:01.282 17005 17763 W DownloadDrmHelper: AfterDownload get mimetype is:application/zip
06-10 18:33:01.238  1413  2193 D NetdConnector: RCV <- {200 4736 Bandwidth command succeeeded}
06-10 18:33:01.282  1413  3112 I HwNetworkPolicy: onTransact, code = 8
06-10 18:33:01.283  2577  2949 D PacketsControl: mDlCursor num:0 ,runing=true
06-10 18:33:01.283  2577  2949 D PacketsControl: wifi connected. do nothing.
06-10 18:33:01.295  2577  2949 D PacketsControl: mDlCursor num:0 ,runing=false
06-10 18:33:01.298  1413  2197 I chatty  : uid=1000(system) tworkPolicy.uid expire 8 lines
06-10 18:33:01.311 17005 17769 D MediaScannerService: scan single file content values:null
06-10 18:33:01.311 17005 17769 I HWSERVICES: hwnative_get_component:libstagefright,Scanner
06-10 18:33:01.312 17005 17769 I StagefrightMediaScannerEx: StagefrightMediaScanner Constructor
06-10 18:33:01.315 17005 17769 D MediaScanner: setStorageEjectFlag flag = 0
06-10 18:33:01.343 17005 17769 D MediaScanner: delete nomedia File when scanSingleFile
06-10 18:33:01.388  2577  2949 D PacketsControl: mDlCursor num:0 ,runing=false
06-10 18:33:01.390  1413  2602 D JobServiceContext: doCallback of : JobStatus{9cc6924 #u0a16/319 DownloadManager:com.android.providers.downloads u=0 s=10026 TIME=-1s203ms:none NET=2 failures=1 READY} v:VERB_EXECUTING
06-10 18:33:01.392  2577  2723 I DeviceMonitor: WKLOCK EVT:161 uid:10026 flags:1 pid:-2 tag:*job*/DownloadManager:com.android.providers.downloads
06-10 18:33:01.513  1413  1424 I chatty  : uid=1000(system) HeapTaskDaemon expire 1 line
06-10 18:33:01.515   881   881 W iaware  : type=1400 audit(0.0:170765): avc: denied { write } for name="timerslack_ns" dev="proc" ino=7610748 scontext=u:r:hwpged:s0 tcontext=u:r:mediaprovider:s0:c512,c768 tclass=file permissive=0
06-10 18:33:01.515   881   881 W iaware  : type=1400 audit(0.0:170766): avc: denied { write } for name="timerslack_ns" dev="proc" ino=7610748 scontext=u:r:hwpged:s0 tcontext=u:r:mediaprovider:s0:c512,c768 tclass=file permissive=0
06-10 18:33:01.515   881   881 W iaware  : type=1400 audit(0.0:170767): avc: denied { write } for name="timerslack_ns" dev="proc" ino=7613763 scontext=u:r:hwpged:s0 tcontext=u:r:mediaprovider:s0:c512,c768 tclass=file permissive=0
06-10 18:33:01.518   881   881 W iaware  : type=1400 audit(0.0:170768): avc: denied { write } for name="timerslack_ns" dev="proc" ino=7613763 scontext=u:r:hwpged:s0 tcontext=u:r:mediaprovider:s0:c512,c768 tclass=file permissive=0
06-10 18:33:01.636 17774 17774 E libc    : Access denied finding property "ro.hwfix.ro.process_list"
06-10 18:33:01.663 17774 17774 E libc    : Access denied finding property "ro.hwfix.ro.process_list"
06-10 18:33:01.833  1413  2199 I chatty  : uid=1000(system) WifiStateMachin expire 8 lines
06-10 18:33:01.835  1413  2201 I chatty  : uid=1000(system) HwWifiCHRStateM expire 6 lines
06-10 18:33:01.836  3473  3473 D wpa_supplicant: sta hidl pwrPercentBoostModesetInternal
06-10 18:33:02.085  1413  2257 I chatty  : uid=1000(system) WiFiArpStateMac expire 2 lines
06-10 18:33:02.677 17775 17775 E libc    : Access denied finding property "ro.hwfix.ro.process_list"
06-10 18:33:02.703 17775 17775 E libc    : Access denied finding property "ro.hwfix.ro.process_list"
06-10 18:33:02.896  1413  2200 I chatty  : uid=1000(system) HwWifiStatStore expire 2 lines
06-10 18:33:02.938   612 17776 W libc    : Set property "hw.wifi.dns_stat" to "802,156,9485,1,165886"
06-10 18:33:03.024  2349  2349 D StatusBarIconController: setIconVisibility icon is null or visibility not change visibility=false
06-10 18:33:03.027  2349  2349 D StatusBarIconController: setIconVisibility icon is null or visibility not change visibility=false
06-10 18:33:03.225  2577  4077 I DownloadState: @@@@@@@@@@@@ uid :10026 download :true
06-10 18:33:03.225  2577  4077 I PGServer: report state:5 event type:1 pid:0 uid:10026 pkg:null to pid: 1413
06-10 18:33:03.717 17777 17777 E libc    : Access denied finding property "ro.hwfix.ro.process_list"
06-10 18:33:03.743 17777 17777 E libc    : Access denied finding property "ro.hwfix.ro.process_list"
06-10 18:33:04.756 17779 17779 E libc    : Access denied finding property "ro.hwfix.ro.process_list"
06-10 18:33:04.783 17779 17779 E libc    : Access denied finding property "ro.hwfix.ro.process_list"
06-10 18:33:04.903  3473  3473 D wpa_supplicant: sta hidl pwrPercentBoostModesetInternal
06-10 18:33:05.030  2349  2349 D StatusBarIconController: setIconVisibility icon is null or visibility not change visibility=false
06-10 18:33:05.031  2349  2349 W ResourceType: No package identifier when getting value for resource number 0x00000000
06-10 18:33:05.031  2349  2349 E HwNotchUtils: setIconForView iconId is not found
06-10 18:33:05.031  2349  2349 D StatusBarIconController: setIconVisibility icon is null or visibility not change visibility=false
06-10 18:33:05.031  2349  2349 W ResourceType: No package identifier when getting value for resource number 0x00000000
06-10 18:33:05.032  2349  2349 E HwNotchUtils: setIconForView iconId is not found
06-10 18:33:05.032  2349  2349 D StatusBarIconController: setIconVisibility icon is null or visibility not change visibility=false
06-10 18:33:05.032  2349  2349 W ResourceType: No package identifier when getting value for resource number 0x00000000
06-10 18:33:05.032  2349  2349 E HwNotchUtils: setIconForView iconId is not found
06-10 18:33:05.193  1413  1413 W HwAlarmManagerService: isContainsAppUidInWorksource-->happend NameNotFoundException
06-10 18:33:05.194  1413  1413 W HwAlarmManagerService: isContainsAppUidInWorksource-->happend NameNotFoundException
06-10 18:33:05.195  1413  1413 I HwAlarmManagerService: hwSetAlarm listenerTag: *job.delay*
06-10 18:33:05.196  1413  1413 I JobScheduler.Time: mNextDelayExpiredElapsedMillis: 269368565
06-10 18:33:05.200  2577  2723 I DeviceMonitor: WKLOCK EVT:160 uid:10026 flags:1 pid:-2 tag:*alarm*
06-10 18:33:05.200  1413  1413 D JobServiceContext: Scheduling time out for '.DownloadJobService' jId: 318, in 18 s
06-10 18:33:05.201  2577  2723 I DeviceMonitor: WKLOCK EVT:161 uid:10026 flags:1 pid:-2 tag:*alarm*
06-10 18:33:05.215  1413  1413 D JobServiceContext: Scheduling time out for '.DownloadJobService' jId: 320, in 18 s
06-10 18:33:05.221  2577  2723 I AppManager: dependence has been existed:1413 -> 17005
06-10 18:33:05.222  1413  1413 D JobServiceContext: handleServiceBound for 854ee53 #u0a16/318 DownloadManager:com.android.providers.downloads
06-10 18:33:05.222  1413  1413 D JobServiceContext: Scheduling time out for '.DownloadJobService' jId: 318, in 8 s
06-10 18:33:05.223  1413  1413 W ProcBatteryStats: timer is running , not start, name: , uid: 10026, tag: *job*/DownloadManager:com.android.providers.downloads
06-10 18:33:05.223  1413  1413 D JobServiceContext: handleServiceBound for 3f8f390 #u0a16/320 DownloadManager:com.android.providers.downloads
06-10 18:33:05.224  1413  1413 D JobServiceContext: Scheduling time out for '.DownloadJobService' jId: 320, in 8 s
06-10 18:33:05.226  2577  2723 I DeviceMonitor: WKLOCK EVT:160 uid:10026 flags:1 pid:-2 tag:*job*/DownloadManager:com.android.providers.downloads
06-10 18:33:05.234  1413  2602 D JobServiceContext: doCallback of : JobStatus{854ee53 #u0a16/318 DownloadManager:com.android.providers.downloads u=0 s=10026 TIME=-5s31ms:none NET=2 failures=1 READY} v:VERB_STARTING
06-10 18:33:05.234  1413  2602 D JobServiceContext: Scheduling time out for '.DownloadJobService' jId: 318, in 600 s
06-10 18:33:05.243  1413  2602 D JobServiceContext: doCallback of : JobStatus{3f8f390 #u0a16/320 DownloadManager:com.android.providers.downloads u=0 s=10026 TIME=-5s36ms:none NET=2 failures=1 READY} v:VERB_STARTING
06-10 18:33:05.243  1413  2602 D JobServiceContext: Scheduling time out for '.DownloadJobService' jId: 320, in 600 s
06-10 18:33:05.243  1413 19726 I HwNetworkPolicy: onTransact, code = 7
06-10 18:33:05.226  2577  2723 I DeviceMonitor: WKLOCK EVT:160 uid:10026 flags:1 pid:-2 tag:*job*/DownloadManager:com.android.providers.downloads
06-10 18:33:05.244 17005 17780 D DownloadManager: [318] Starting
06-10 18:33:05.253  1413  2602 I HwNetworkPolicy: onTransact, code = 7
06-10 18:33:05.254 17005 17780 I DownloadManager:   uid = 10026 mIgnoreBlocked = false
06-10 18:33:05.255 17005 17781 D DownloadManager: [320] Starting
06-10 18:33:05.258 17005 17780 D NetworkSecurityConfig: No Network Security Config specified, using platform default
06-10 18:33:05.263 17005 17781 I DownloadManager:   uid = 10026 mIgnoreBlocked = false
06-10 18:33:05.264   612 17782 W libc    : Set property "hw.wifi.dns_stat" to "803,156,9485,1,165887"
06-10 18:33:05.264  2577  2949 D PacketsControl: mDlCursor num:2 ,runing=false
06-10 18:33:05.267 17005 17781 D NetworkSecurityConfig: No Network Security Config specified, using platform default
06-10 18:33:05.281  2577  2949 D PacketsControl: mDlCursor num:2 ,runing=true
06-10 18:33:05.770  2577  2949 D PacketsControl: mDlCursor num:2 ,runing=true
06-10 18:33:05.776 17005 17781 W StorageManager: fallocate() not supported; falling back to ftruncate()
06-10 18:33:05.777 17005 17781 I DownloadManager:  file:/storage/emulated/0/Huawei/MagazineUpdate/download/05.downloading is exist, create destFileObserver
06-10 18:33:05.777 17005 17781 D DownloadManager: enter DestFileChangeObServer begin:
06-10 18:33:05.790 17785 17785 E libc    : Access denied finding property "ro.hwfix.ro.process_list"
06-10 18:33:05.803 17785 17785 E libc    : Access denied finding property "ro.hwfix.ro.process_list"
06-10 18:33:05.931  2577  2949 D PacketsControl: mDlCursor num:2 ,runing=true
06-10 18:33:05.945 17005 17780 W StorageManager: fallocate() not supported; falling back to ftruncate()
06-10 18:33:05.945 17005 17780 I DownloadManager:  file:/storage/emulated/0/Huawei/MagazineUpdate/download/01.downloading is exist, create destFileObserver
06-10 18:33:05.945 17005 17780 D DownloadManager: enter DestFileChangeObServer begin:
06-10 18:33:05.957  2577  2949 D PacketsControl: mDlCursor num:2 ,runing=true
06-10 18:33:05.981  2577  2949 D PacketsControl: mDlCursor num:2 ,runing=true
06-10 18:33:06.030  2349  2349 D StatusBarIconController: setIconVisibility icon is null or visibility not change visibility=false
06-10 18:33:06.032  2349  2349 D StatusBarIconController: setIconVisibility icon is null or visibility not change visibility=false
06-10 18:33:06.101 17005 17768 D DownloadManager: enter DestFileChangeObServer::event(event:8000 mode:0 file:null)
06-10 18:33:06.128 17005 17781 D DownloadManager: [320] Finished with status SUCCESS
06-10 18:33:06.148 17005 17781 W DownloadDrmHelper: AfterDownload get mimetype is:application/zip
06-10 18:33:06.149  1413 15496 I HwNetworkPolicy: onTransact, code = 8
06-10 18:33:06.154  2577  2949 D PacketsControl: mDlCursor num:1 ,runing=true
06-10 18:33:06.163 17005 17786 D MediaScannerService: scan single file content values:null
06-10 18:33:06.164  2577  2949 D PacketsControl: mDlCursor num:1 ,runing=true
06-10 18:33:06.164 17005 17786 I HWSERVICES: hwnative_get_component:libstagefright,Scanner
06-10 18:33:06.166 17005 17786 I StagefrightMediaScannerEx: StagefrightMediaScanner Constructor
06-10 18:33:06.168 17005 17786 D MediaScanner: setStorageEjectFlag flag = 0
06-10 18:33:06.183 17005 17768 D DownloadManager: enter DestFileChangeObServer::event(event:8000 mode:0 file:null)
06-10 18:33:06.190 17005 17786 D MediaScanner: delete nomedia File when scanSingleFile
06-10 18:33:06.210 17005 17780 D DownloadManager: [318] Finished with status SUCCESS
06-10 18:33:06.228 17005 17780 W DownloadDrmHelper: AfterDownload get mimetype is:application/zip
06-10 18:33:06.228  2577  2949 D PacketsControl: mDlCursor num:0 ,runing=true
06-10 18:33:06.228  2577  2949 D PacketsControl: wifi connected. do nothing.
06-10 18:33:06.228  1413 19726 I HwNetworkPolicy: onTransact, code = 8
06-10 18:33:06.229  1413 19726 D JobServiceContext: doCallback of : JobStatus{3f8f390 #u0a16/320 DownloadManager:com.android.providers.downloads u=0 s=10026 TIME=-6s22ms:none NET=2 failures=1 READY} v:VERB_EXECUTING
06-10 18:33:06.231  2577  2723 I DeviceMonitor: WKLOCK EVT:161 uid:10026 flags:1 pid:-2 tag:*job*/DownloadManager:com.android.providers.downloads
06-10 18:33:06.236  2577  2949 D PacketsControl: mDlCursor num:0 ,runing=false
06-10 18:33:06.241 17005 17787 D MediaScannerService: scan single file content values:null
06-10 18:33:06.242 17005 17787 I HWSERVICES: hwnative_get_component:libstagefright,Scanner
06-10 18:33:06.243  2577  2949 D PacketsControl: mDlCursor num:0 ,runing=false
06-10 18:33:06.243 17005 17787 I StagefrightMediaScannerEx: StagefrightMediaScanner Constructor
06-10 18:33:06.244 17005 17787 D MediaScanner: setStorageEjectFlag flag = 0
06-10 18:33:06.268 17005 17787 D MediaScanner: delete nomedia File when scanSingleFile
06-10 18:33:06.294  1413  2602 D JobServiceContext: doCallback of : JobStatus{854ee53 #u0a16/318 DownloadManager:com.android.providers.downloads u=0 s=10026 TIME=-6s91ms:none NET=2 failures=1 READY} v:VERB_EXECUTING
06-10 18:33:06.295  1413  2602 W ProcBatteryStats: timer is not running , not stop, name: , uid: 10026, tag: *job*/DownloadManager:com.android.providers.downloads
06-10 18:33:06.297  2577  2723 I DeviceMonitor: WKLOCK EVT:161 uid:10026 flags:1 pid:-2 tag:*job*/DownloadManager:com.android.providers.downloads
06-10 18:33:06.304  2577  2949 D PacketsControl: mDlCursor num:0 ,runing=false
06-10 18:33:06.445  3473  3473 D wpa_supplicant: sta hidl pwrPercentBoostModesetInternal
06-10 18:33:06.453  1413  2271 I chatty  : uid=1000(system) HuaweiWifiWatch expire 3 lines
06-10 18:33:06.464  1413  2262 I chatty  : uid=1000(system) wifipro_uid_tcp expire 2 lines
06-10 18:33:06.465  1413  5157 I chatty  : uid=1000(system) MobileQosDetect expire 2 lines
06-10 18:33:06.465  1413  2271 I chatty  : uid=1000(system) HuaweiWifiWatch expire 2 lines
06-10 18:33:06.466  1413  1413 I chatty  : uid=1000 system_server expire 1 line
06-10 18:33:06.467  1413  2266 I chatty  : uid=1000(system) WifiProStateMac expire 3 lines
06-10 18:33:06.472  1413  2266 D WiFi_PRO_WifiProStateMachine: updateWifiQosLevel, mCurrentSsid: "CMCC-888" ,isWiFiNoInternet: false, qosLevel: 3
06-10 18:33:06.472  1413  2266 D WiFi_PRO_EvaluateController: internetAccessType not change, can not update
06-10 18:33:06.472  1413  2266 D WiFi_PRO_EvaluateController: updateEvaluate Level  succeed!.new Level = 3
06-10 18:33:06.488  1413  2199 D WifiConfigStore: Writing to stores completed in 13 ms.
06-10 18:33:06.816 17788 17788 E libc    : Access denied finding property "ro.hwfix.ro.process_list"
06-10 18:33:06.843 17788 17788 E libc    : Access denied finding property "ro.hwfix.ro.process_list"
06-10 18:33:07.097  1413  2257 D HwArpVerifier: performPollAndLog:
06-10 18:33:07.101  1413  2257 D hw_netstat: total/3780260/73560,android.uid.systemui:10026/3780012/73280,android.media:10016/104/208,unknown:0/144/72
06-10 18:33:07.133  1413  1413 I TrafficMonitor: expired arrive. level:-1
06-10 18:33:07.134  1413  1413 I TrafficMonitor: during_ms:2002,period_ms:2000
06-10 18:33:07.134  1413  1413 I TrafficMonitor: count:59,rx_sum:1088,tx_sum:558,rxBytes:1600266,during_ms:2002,rx_speed:799333.6663336664,tx_speed:15802.697302697305,rto:1.949820788530466
06-10 18:33:07.283   612 17789 W libc    : Set property "hw.wifi.dns_stat" to "804,156,9485,1,165888"
06-10 18:33:07.669  1413  2141 D HwBatteryService: onUEvent fcpStatus = 0,scpStatus =0,ovpStatus=0
06-10 18:33:07.670  1413  2141 I HwBatteryService: quick charge status : 0
06-10 18:33:07.690  1413  2141 D HwBatteryService: onUEvent fcpStatus = 0,scpStatus =0,ovpStatus=0
06-10 18:33:07.691  1413  2141 I HwBatteryService: quick charge status : 0
