06-10 18:32:34.216   741   741 D huawei_antiTheft: TEEC_OpenSession start
06-10 18:32:34.217   751   751 E vendor.huawei.hardware.teecdaemon@1.0-service: sendAndReciveData: start to handle cmd! fd = 3
06-10 18:32:34.217   751   751 E vendor.huawei.hardware.teecdaemon@1.0-service: open_session: HIDL Client CALLINFO:uid= 1000,pid=741

06-10 18:32:34.215 17424 17538 I SecurityComp10200303: SecureX509TrustManager: client root ca size is : 1
06-10 18:32:34.229 17319 17319 E Cloud[10.13.20.300]Base.CreateFileUtil: com.huawei.libcore.io.ExternalStorageRandomAccessFileClassNotFoundException
06-10 18:32:34.238 17319 17532 I SecurityComp10200303: SecureX509TrustManager: checkServerTrusted succeed ,root ca issuer is : CN=Huawei CBG Root CA, OU=Huawei CBG, O=Huawei, C=CN
06-10 18:32:34.239 17319 17319 E Cloud[10.13.20.300]Files.KeyStoreEncryptAndDecrypt_disk: Decrypt source data is invalid.
06-10 18:32:34.244 17319 17532 I SecurityComp10200303: : verify: certificate is : CN=grs.dbankcloud.com,OU=Cloud Platform CNDR Dept,O=Huawei Software Technologies Co.\, Ltd.,ST=Jiangsu,L=Nanjing,C=CN
06-10 18:32:34.248 17319 17319 I Cloud[10.13.20.300]Files.ConfigConstants: versionName --> 10.13.20.300
06-10 18:32:34.250 17319 17319 I Cloud[10.13.20.300]Files.ConfigConstants: versionName --> 10.13.20.300
06-10 18:32:34.250 17424 17538 I SecurityComp10200303: SecureX509TrustManager: checkServerTrusted succeed ,root ca issuer is : CN=Huawei CBG Root CA, OU=Huawei CBG, O=Huawei, C=CN
06-10 18:32:34.250 17319 17319 I Cloud[10.13.20.300]Files.ConfigConstants: versionName --> 10.13.20.300
06-10 18:32:34.253 17319 17319 I Cloud[10.13.20.300]Files.HiDiskCommonUtil: hwid login
06-10 18:32:34.254 17424 17538 I SecurityComp10200303: : verify: certificate is : CN=grs.dbankcloud.com,OU=Cloud Platform CNDR Dept,O=Huawei Software Technologies Co.\, Ltd.,ST=Jiangsu,L=Nanjing,C=CN
06-10 18:32:34.257 17319 17319 I Cloud[10.13.20.300]Files.HiDiskCommonUtil: hwid login
06-10 18:32:34.258 17319 17319 I Cloud[10.13.20.300]Files.HiDiskCommonUtil: ienable=1
06-10 18:32:34.260 17319 17532 I SecurityComp10200303: sv4: checkUpgradeBks, ignore
06-10 18:32:34.260 17424 17538 I SecurityComp10200303: sv4: checkUpgradeBks, ignore
06-10 18:32:34.262 17319 17350 E MemoryLeakMonitorManager: MemoryLeakMonitor.jar is not exist!
06-10 18:32:34.265 17319 17319 E Minikin : Could not get cmap table size!
06-10 18:32:34.267 17319 17319 I SecurityComp10200300: ActivityProtect: handleMessage: < 28
06-10 18:32:34.269 17319 17319 I Cloud[10.13.20.300]Album.CloudAlbumSdkService: onCreate
06-10 18:32:34.278 17319 17319 I Cloud[10.13.20.300]Album.SyncStrategy: begin init
06-10 18:32:34.279 17319 17319 I Cloud[10.13.20.300]Album.SyncStrategy: begin initState, mask: 1, flag: false
06-10 18:32:34.279 17319 17319 I Cloud[10.13.20.300]Album.SyncStrategy: begin initState, mask: 2, flag: false
06-10 18:32:34.280 17319 17319 I Cloud[10.13.20.300]Album.SyncStrategy: begin initState, mask: 64, flag: false
06-10 18:32:34.280 17319 17319 I Cloud[10.13.20.300]Album.SyncStrategy: begin initState, mask: 512, flag: false
06-10 18:32:34.280 17319 17319 I Cloud[10.13.20.300]Album.SyncStrategy: begin initState, mask: 1024, flag: false
06-10 18:32:34.281 17319 17319 I Cloud[10.13.20.300]Album.SyncStrategy: begin initState, mask: 2048, flag: false
06-10 18:32:34.281 17319 17319 I Cloud[10.13.20.300]Album.SyncStrategy: begin initState, mask: 4096, flag: true
06-10 18:32:34.281 17319 17319 I Cloud[10.13.20.300]Album.CommonReceiverManager: init
06-10 18:32:34.282 17319 17319 I Cloud[10.13.20.300]Album.SyncStrategy: begin initState, mask: 16, flag: false
06-10 18:32:34.283 17319 17319 I Cloud[10.13.20.300]Album.BatteryProcessor: init
06-10 18:32:34.284 17319 17319 I Cloud[10.13.20.300]Album.SyncStrategy: begin initState, mask: 4, flag: false
06-10 18:32:34.291 17319 17319 I Cloud[10.13.20.300]Album.BatteryProcessor: init batteryStatus: 2, chargePlug: 2
06-10 18:32:34.291 17319 17319 I Cloud[10.13.20.300]Album.SyncStrategy: begin initState, mask: 256, flag: false
06-10 18:32:34.291 17319 17319 I Cloud[10.13.20.300]Album.SyncStrategy: begin initState, mask: 8, flag: false
06-10 18:32:34.300 17319 17319 I Cloud[10.13.20.300]Album.SyncStrategy: end init, state: 4096
06-10 18:32:34.300 17319 17599 I Cloud[10.13.20.300]Sync.CBCKeyStoreAvailableTask: CBC KeyStore available
06-10 18:32:34.301 17319 17319 I Cloud[10.13.20.300]Album.CloudDBManager: initDataBase start!
06-10 18:32:34.305 17319 17319 I HwApiCacheMangerEx: apicache path=/storage/emulated/0 state=mounted key=com.huawei.hidisk#1001#0
06-10 18:32:34.305 17319 17319 E Cloud[10.13.20.300]Album.FileHelper: uuid is null
06-10 18:32:34.305 17319 17319 E Cloud[10.13.20.300]Album.FileHelper: uuid is null
06-10 18:32:34.306 17319 17319 I Cloud[10.13.20.300]Album.CloudAlbumSdkService: initManualUpAndDownloadStatus
06-10 18:32:34.310 17319 17319 I Cloud[10.13.20.300]Album.CloudAlbumSdkService: onBind
06-10 18:32:34.310 17319 17319 I Cloud[10.13.20.300]Album.CloudAlbumSdkService: onBind, action: com.huawei.android.hicloud.album.service.CloudAlbumSdkService
06-10 18:32:34.311 17319 17319 I Cloud[10.13.20.300]Album.SyncStrategy: setServiceInvalid: false
06-10 18:32:34.312 17319 17609 I Cloud[10.13.20.300]Album.SeparateTaskCallable: Execute SeparateTaskCallable TaskType:updateDownloadFileStatus
06-10 18:32:34.313 17319 17319 I Cloud[10.13.20.300]Album.WakeGalleryManager: updateLatestBindTime: 2024-06-10 18:32:34:312
06-10 18:32:34.316 17319 17341 I Cloud[10.13.20.300]Album.CloudAlbumSdkServiceImpl: register callback
06-10 18:32:34.316 17319 17341 I Cloud[10.13.20.300]Album.CloudAlbumSdkServiceImpl: register callback success
06-10 18:32:34.316 17319 17341 I Cloud[10.13.20.300]Album.SyncStrategy: setServiceInvalid: false
06-10 18:32:34.317 17319 17599 I Cloud[10.13.20.300]Sync.CBCKeyStoreAvailableTask: decrypt clientInit userId not empty
06-10 18:32:34.317 17220 17220 D CloudAlbumSDK[8.1.1.101].CloudAlbumServiceProtocol: onServiceConnected
06-10 18:32:34.317 17220 17220 D CloudAlbumSDK[8.1.1.101].CloudAlbumSDK: bind success
06-10 18:32:34.318 17319 17387 I Cloud[10.13.20.300]Album.CloudAlbumSdkServiceImpl: Call AIDL: setAidlVersion, version: 4
06-10 18:32:34.320  1413  1936 W BroadcastQueue: Permission Denial: broadcasting Intent { act=android.net.conn.CONNECTIVITY_CHANGE flg=0x4000010 (has extras) } from null (pid=-1, uid=-1) requires com.huawei.cg.permission.SERVICE due to registered receiver BroadcastFilter{b6f351 u0 ReceiverList{98a0078 17319 com.huawei.hidisk/1001/u0 remote:50ffddb}}
06-10 18:32:34.320  1413  1936 W BroadcastQueue: Permission Denial: broadcasting Intent { act=android.intent.action.BATTERY_CHANGED flg=0x60000010 (has extras) } from null (pid=-1, uid=-1) requires com.huawei.cg.permission.SERVICE due to registered receiver BroadcastFilter{b6f351 u0 ReceiverList{98a0078 17319 com.huawei.hidisk/1001/u0 remote:50ffddb}}
06-10 18:32:34.322 17220 17220 D Gallery_cloud_SdkCallback: onBindServiceResult result:true
06-10 18:32:34.324 17220 17220 D Gallery_cloud_CloudAlbumSdkHelper: service bind, cloud support true
06-10 18:32:34.324 17220 17220 D Gallery_cloud_CloudAlbumSdkHelper: service bind, cloud support ST invalidtrue
06-10 18:32:34.325 17220 17220 D Gallery_cloud_CloudAlbumSdkHelper: setAlbumProperties  settingsProp=SettingParams [thumbWidth=350, thumbHeight=350, lcdWidth=1920, lcdHeight=1920, internalRootPath=/storage/emulated/0, externalRootPath=null, thumbCachePath=/storage/emulated/0/.photoShare/thumb/thumb, lcdCachePath=/storage/emulated/0/.photoShare/thumb/lcd, downloadPath=/storage/emulated/0/.photoShare/thumb/PhotoShareDownload]
06-10 18:32:34.326  1413  2199 I chatty  : uid=1000(system) WifiStateMachin expire 5 lines
06-10 18:32:34.327 17319 17387 I Cloud[10.13.20.300]Album.CloudAlbumSdkServiceImpl: Call AIDL: setAlbumProperties(SettingParams)
06-10 18:32:34.327  1413  2201 I chatty  : uid=1000(system) HwWifiCHRStateM expire 4 lines
06-10 18:32:34.327  3473  3473 D wpa_supplicant: sta hidl pwrPercentBoostModesetInternal
06-10 18:32:34.332 17319 17550 I SecurityComp10200303: SecureX509TrustManager: checkServerTrusted begin ,server ca chain size is : 2 ,auth type is : ECDHE_RSA
06-10 18:32:34.332 17319 17532 I NetworkKit_f: NetworkKit_GRS_RequestController-Task_1 -->NetworkKit_GRS_RequestController-Task_2|null|com.huawei.hms.framework.network.grs.g.f|call|156|httpsURLConnection result code:304
06-10 18:32:34.332 16996 17555 I SecurityComp10200303: SX509TM: checkServerTrusted begin,size=2,authType=ECDHE_RSA
06-10 18:32:34.332 17424 17538 I NetworkKit_f: NetworkKit_GRS_RequestController-Task_1 -->NetworkKit_GRS_RequestController-Task_2|null|com.huawei.hms.framework.network.grs.g.f|call|156|httpsURLConnection result code:304
06-10 18:32:34.332 17319 17550 I SecurityComp10200303: SecureX509TrustManager: check server i : 0
06-10 18:32:34.332 16996 17555 I SecurityComp10200303: SX509TM: check server i=0
06-10 18:32:34.332 16996 17555 I SecurityComp10200303: SX509TM: client root ca size=31
06-10 18:32:34.333 17424 17538 I NetworkKit_d: NetworkKit_GRS_RequestController-Task_1 -->NetworkKit_GRS_RequestController-Task_2|null|com.huawei.hms.framework.network.grs.g.d|b|203|convert expireTime{259741000}
06-10 18:32:34.333 17319 17532 I NetworkKit_d: NetworkKit_GRS_RequestController-Task_1 -->NetworkKit_GRS_RequestController-Task_2|null|com.huawei.hms.framework.network.grs.g.d|b|203|convert expireTime{259408000}
06-10 18:32:34.333 17424 17538 I NetworkKit_d: NetworkKit_GRS_RequestController-Task_1 -->NetworkKit_GRS_RequestController-Task_2|null|com.huawei.hms.framework.network.grs.g.d|a|24|success get Etag from server
06-10 18:32:34.333 17319 17532 I NetworkKit_d: NetworkKit_GRS_RequestController-Task_1 -->NetworkKit_GRS_RequestController-Task_2|null|com.huawei.hms.framework.network.grs.g.d|a|24|success get Etag from server
06-10 18:32:34.333 17319 17532 I NetworkKit_d: NetworkKit_GRS_RequestController-Task_1 -->NetworkKit_GRS_RequestController-Task_2|null|com.huawei.hms.framework.network.grs.g.d|p|21|GRSSDK get httpcode{304} not any changed.
06-10 18:32:34.333 17424 17538 I NetworkKit_d: NetworkKit_GRS_RequestController-Task_1 -->NetworkKit_GRS_RequestController-Task_2|null|com.huawei.hms.framework.network.grs.g.d|p|21|GRSSDK get httpcode{304} not any changed.
06-10 18:32:34.333 17319 17532 I NetworkKit_c: NetworkKit_GRS_RequestController-Task_1 -->NetworkKit_GRS_RequestController-Task_2|null|com.huawei.hms.framework.network.grs.g.c|a|83|GRS server open 304 Not Modified.
06-10 18:32:34.333 17424 17538 I NetworkKit_c: NetworkKit_GRS_RequestController-Task_1 -->NetworkKit_GRS_RequestController-Task_2|null|com.huawei.hms.framework.network.grs.g.c|a|83|GRS server open 304 Not Modified.
06-10 18:32:34.335 17319 17532 I NetworkKit_a: NetworkKit_GRS_RequestController-Task_1 -->NetworkKit_GRS_RequestController-Task_2|null|com.huawei.hms.framework.network.grs.e.a|a|203|Cache size is: 1
06-10 18:32:34.335 17424 17538 I NetworkKit_a: NetworkKit_GRS_RequestController-Task_1 -->NetworkKit_GRS_RequestController-Task_2|null|com.huawei.hms.framework.network.grs.e.a|a|203|Cache size is: 1
06-10 18:32:34.336 17424 17537 I NetworkKit_c: pool-1-thread-1 -->NetworkKit_GRS_RequestController-Task_1|null|com.huawei.hms.framework.network.grs.g.c|a|89|grs request return body is not null and is OK.
06-10 18:32:34.336 17424 17537 I NetworkKit_c: pool-1-thread-1 -->NetworkKit_GRS_RequestController-Task_1|null|com.huawei.hms.framework.network.grs.g.c|a|42|use 2.0 interface return http's code is：{304}
06-10 18:32:34.336 17319 17531 I NetworkKit_c: NetworkKit_GRS_RequestController-Task_0 -->NetworkKit_GRS_RequestController-Task_1|null|com.huawei.hms.framework.network.grs.g.c|a|89|grs request return body is not null and is OK.
06-10 18:32:34.336 17319 17531 I NetworkKit_c: NetworkKit_GRS_RequestController-Task_0 -->NetworkKit_GRS_RequestController-Task_1|null|com.huawei.hms.framework.network.grs.g.c|a|42|use 2.0 interface return http's code is：{304}
06-10 18:32:34.340   817   843 E libnav  : CablComputeBacklightLevel(): UpdateType = DifferentSceneUpdate
06-10 18:32:34.342 17319 17531 W FormalHASDK: HiAnalyticsDataManager==> getInstanceByTag(): TAG: hms_hwid not found.TAG: hms_hwid
06-10 18:32:34.342 17424 17424 I Cloud[10.13.20.300]Sync.ICBServiceProtocol: ICBService connected
06-10 18:32:34.349 16996 17555 I SecurityComp10200303: SX509TM: checkServerTrusted end, CN=GlobalSign, O=GlobalSign, OU=GlobalSign Root CA - R3
06-10 18:32:34.351 17319 17418 I NetworkKit_a: pool-2-thread-1|null|com.huawei.hms.framework.network.grs.a|a|94|GrsClientManager.synGetGrsUrl: Get URL from Current Called GRS Server, Return [com.huawei.cloud.hianalytics][HIANALYTICS] Url: h*t*s*/*m*t*i*s*-*r*n*d*.*b*n*c*o*d*c*:*4*
06-10 18:32:34.354 16996 17555 I SecurityComp10200303: : verify: certificate is : CN=metrics-apptouch-dre.hispace.dbankcloud.com,O=Huawei Software Technologies Co.\, Ltd.,L=Nanjing,ST=Jiangsu,C=CN
06-10 18:32:34.356 17319 17418 I Cloud[10.13.20.300]Base.GRSManager: GrsUrlApi.getGrsUrl: com.huawei.cloud.hianalytics.HIANALYTICS return https://metrics1-drcn.dt.dbankcloud.cn:443,totalTime= 1173ms
06-10 18:32:34.357 17424 17537 W FormalHASDK: HiAnalyticsDataManager==> getInstanceByTag(): TAG: hms_hwid not found.TAG: hms_hwid
06-10 18:32:34.359 17424 17513 I NetworkKit_a: pool-1-thread-1|null|com.huawei.hms.framework.network.grs.a|a|94|GrsClientManager.synGetGrsUrl: Get URL from Current Called GRS Server, Return [com.huawei.cloud.hianalytics][HIANALYTICS] Url: h*t*s*/*m*t*i*s*-*r*n*d*.*b*n*c*o*d*c*:*4*
06-10 18:32:34.360 17424 17513 I Cloud[10.13.20.300]Base.GRSManager: GrsUrlApi.getGrsUrl: com.huawei.cloud.hianalytics.HIANALYTICS return https://metrics1-drcn.dt.dbankcloud.cn:443,totalTime= 691ms
06-10 18:32:34.361 17319 17550 I SecurityComp10200303: SecureX509TrustManager: client root ca size is : 31
06-10 18:32:34.364 17424 17513 I Cloud[10.13.20.300]Sync.HiAnalyticsUtil: reset analytics url to https://metrics1-drcn.dt.dbankcloud.cn:443
06-10 18:32:34.364 17424 17513 W FormalHASDK: HiAnalyticsConf.Builder==> Builder.setAutoReportThreshold is Deprecated
06-10 18:32:34.365 17319 17611 I Cloud[10.13.20.300]Sync.NoticeWithActivityUtil: getUserTagUseCache, userTags is [{"userGroupExtID":"01AV","userGroupName":"5GB+可享首月0元"},{"userGroupExtID":"02JN","userGroupName":"激励-大于720天"},{"userGroupExtID":"034E","userGroupName":"激励-全网"},{"userGroupExtID":"0148","userGroupName":"总空间5GB+当前激励"},{"userGroupExtID":"05E0","userGroupName":"618活动-首月0元"},{"userGroupExtID":"0AE2","userGroupName":"图库用量小于5GB"},{"userGroupExtID":"02AM","userGroupName":"5GB免费用户"},{"userGroupExtID":"0483","userGroupName":"激励下载活动策略"},{"userGroupExtID":"01SK","userGroupName":"提醒测试标签-培养期"}]
06-10 18:32:34.366 17319 17418 I Cloud[10.13.20.300]Sync.HiAnalyticsUtil: reset analytics url to https://metrics1-drcn.dt.dbankcloud.cn:443
06-10 18:32:34.366 17319 17418 W FormalHASDK: HiAnalyticsConf.Builder==> Builder.setAutoReportThreshold is Deprecated
06-10 18:32:34.368 17319 17319 I Cloud[10.13.20.300]Finder.AntiTheftInf: isAntiTheftSupported  = true
06-10 18:32:34.371 17319 17611 I Cloud[10.13.20.300]Sync.BaseNotificationConfig: getConfigFromFile
06-10 18:32:34.374 17319 17611 I Cloud[10.13.20.300]Base.BaseCommonUtil: read local config str success
06-10 18:32:34.392 17319 17550 I SecurityComp10200303: SecureX509TrustManager: checkServerTrusted succeed ,root ca issuer is : CN=GlobalSign, O=GlobalSign, OU=GlobalSign Root CA - R3
06-10 18:32:34.395 17319 17418 I Cloud[10.13.20.300]Sync.HiAnalyticsUtil: HiAnalyticsUtil hmsbiInit
06-10 18:32:34.395 17424 17513 I Cloud[10.13.20.300]Sync.HiAnalyticsUtil: HiAnalyticsUtil hmsbiInit
06-10 18:32:34.401   751   751 E tee_get_app_cert: /vendor/bin/hw/vendor.huawei.hardware.huaweiantitheft@1.0-service: cannot find package:getCertsForPackage
06-10 18:32:34.401   751   751 E tee_get_app_cert: tee_get_app_cert: get certs for app failed
06-10 18:32:34.404  3473  3473 D wpa_supplicant: sta hidl pwrPercentBoostModesetInternal
06-10 18:32:34.409  1413  2262 I chatty  : uid=1000(system) wifipro_uid_tcp expire 3 lines
06-10 18:32:34.409  1413  2271 I chatty  : uid=1000(system) HuaweiWifiWatch expire 4 lines
06-10 18:32:34.413  1413  5157 I chatty  : uid=1000(system) MobileQosDetect expire 1 line
06-10 18:32:34.430 17319 17611 I Cloud[10.13.20.300]Sync.ICBService: check notify condition.
06-10 18:32:34.432 17319 17611 I Cloud[10.13.20.300]Sync.ICBService: notifycycle is : 14
06-10 18:32:34.433 17319 17611 I Cloud[10.13.20.300]Sync.ICBService: has success backup record, day = 71
06-10 18:32:34.433 17319 17611 I Cloud[10.13.20.300]Sync.ICBService: notify flag = false
06-10 18:32:34.493   751   751 D QSEECOMAPI: QSEECom_get_handle sb_length = 0x12000
06-10 18:32:34.493   751   751 D QSEECOMAPI: App is not loaded in QSEE
06-10 18:32:34.494   751   751 D QSEECOMAPI: app_arch = 1, total_files = 8
06-10 18:32:34.510   751   751 D QSEECOMAPI: Loaded image: APP id = 3276804
06-10 18:32:34.516   751   751 E vendor.huawei.hardware.teecdaemon@1.0-service: get_ta_cmd: don't have ta call ta command!
06-10 18:32:34.516   751   751 E vendor.huawei.hardware.teecdaemon@1.0-service: sendAndReciveData: finish this command. return code = 0x0
06-10 18:32:34.516   741   741 D huawei_antiTheft: huawei_antiTheft_manager_init succeed
06-10 18:32:34.517   751   751 E vendor.huawei.hardware.teecdaemon@1.0-service: sendAndReciveData: start to handle cmd! fd = 3
06-10 18:32:34.518   751   751 E vendor.huawei.hardware.teecdaemon@1.0-service: sendAndReciveData: finish this command. return code = 0x0
06-10 18:32:34.518   741   741 D huawei_antiTheft: run command 20002 success, type 2 size is 1
06-10 18:32:34.519   751   751 E vendor.huawei.hardware.teecdaemon@1.0-service: sendAndReciveData: start to handle cmd! fd = 3
06-10 18:32:34.522   751   751 E vendor.huawei.hardware.teecdaemon@1.0-service: sendAndReciveData: finish this command. return code = 0x0
06-10 18:32:34.522   741   741 D huawei_antiTheft: anthTheft_rw run command 20000 success, length is 1
06-10 18:32:34.523   751   751 E vendor.huawei.hardware.teecdaemon@1.0-service: sendAndReciveData: start to handle cmd! fd = 3
06-10 18:32:34.523   751   751 D QSEECOMAPI: QSEECom_dealloc_memory 
06-10 18:32:34.523   751   751 D QSEECOMAPI: QSEECom_shutdown_app, app_id = 3276804
06-10 18:32:34.524   751   751 E vendor.huawei.hardware.teecdaemon@1.0-service: sendAndReciveData: finish this command. return code = 0x0
06-10 18:32:34.525   751   751 E vendor.huawei.hardware.teecdaemon@1.0-service: sendAndReciveData: start to handle cmd! fd = 3
06-10 18:32:34.525   751   751 E vendor.huawei.hardware.teecdaemon@1.0-service: sendAndReciveData: finish this command. return code = 0x0
06-10 18:32:34.525   741   741 D huawei_antiTheft: huawei_antiTheft_manager_uninit succeed
06-10 18:32:34.526 17319 17594 I Cloud[10.13.20.300]Finder.AntiTheftInf: AntiTheftManagerEx getEnable = true from Anti
06-10 18:32:34.526 17319 17319 I Cloud[10.13.20.300]Finder.AntiTheftInf: AntiTheftManagerEx getEnable = true from cache
06-10 18:32:34.530 17319 17594 I Cloud[10.13.20.300]Finder.AntiTheftInf: AntiTheftManagerEx getEnable = true from cache
06-10 18:32:34.530 17319 17319 I Cloud[10.13.20.300]Finder.TrackSpConfig: SystemProperties set begin,isTrackWorking:false
06-10 18:32:34.530 17319 17594 I Cloud[10.13.20.300]Finder.PhoneFinderManager: parseHwCloudDrivePresetPath,parsedPath:unknow,isPhoneFinderOn:true
06-10 18:32:34.530 17319 17594 I Cloud[10.13.20.300]Finder.PhoneFinderManager: initAccountCheckTaKey
06-10 18:32:34.530 17319 17594 I Cloud[10.13.20.300]Finder.AntiTheftInf: AntiTheftManagerEx getEnable = true from cache
06-10 18:32:34.531 17319 17594 I Cloud[10.13.20.300]Finder.PhoneFinderManager: phoneFinderSwitch: true
06-10 18:32:34.531 17319 17594 I Cloud[10.13.20.300]Finder.PhoneFinderManager: checkClientTaKey
06-10 18:32:34.531 17319 17319 W libc    : Set property "persist.radio.findmyphone" to "0"
06-10 18:32:34.531 17319 17594 I Cloud[10.13.20.300]Finder.ClientTAKeyGetManager: checkClientTaKey
06-10 18:32:34.541 16996 17284 W NK_g2   : RepTaskHandler|com.huawei.appmarket.bn5|15|getHeaderFieldLong value null,name is content-length
06-10 18:32:34.542 16996 17419 I NK_Netdiag: RepTaskHandler ->NK_netdiag_0|netdiag.tools.NetDetectAndPolicy|50|the time count will reset!
06-10 18:32:34.543 16996 17284 I NK_RouteInterceptor: RepTaskHandler|embedded.q3|217|hasn't alt-svc, disable quic
06-10 18:32:34.544 16996 17284 I NK_CountryCodeBean: RepTaskHandler|network.grs.local.model.CountryCodeBean|18|get issue_country code from VENDOR_COUNTRY
06-10 18:32:34.551 17319 17319 I Cloud[10.13.20.300]Finder.TrackSpConfig: SystemProperties set begin,SystemProperties.get:0
06-10 18:32:34.557 16996 17284 I FormalHASDK: HAImpl==> onEvent. TAG:_default_config_tag, TYPE:1, eventId:907112013
06-10 18:32:34.562 17424 17424 I Cloud[10.13.20.300]Sync.ICSServiceProtocol: ICSService connected
06-10 18:32:34.564 17319 17341 I Cloud[10.13.20.300]Sync.CloudSync: doAutoSyncContact type: 9
06-10 18:32:34.566 16996 17263 W Settings: Setting adb_enabled has moved from android.provider.Settings.Secure to android.provider.Settings.Global.
06-10 18:32:34.568 16996 17263 I NK_CommonActivityUtil: NK_CronetListener_0 ->NK_report_0|common.CommonActivityUtil|15|new CommonActivityUtil
06-10 18:32:34.568 16996 17263 I FormalHASDK: HAImpl==> onEvent. TAG:_default_config_tag, TYPE:1, eventId:url_request
06-10 18:32:34.568 17319 17341 W Cloud[10.13.20.300]Sync.HiSyncUtil: Not support sync ability: com.huawei.contacts.sync
06-10 18:32:34.571 17319 17594 I Cloud[10.13.20.300]Finder.ClientTAKeyGetManager: hasClientTaKey
06-10 18:32:34.572 17319 17594 I Cloud[10.13.20.300]Finder.AntiTheftDataManager: read data from Anti begin
06-10 18:32:34.573  2564 12310 D HwAntiTheftService_jni: test interface of getDataBlockSize type is 1
06-10 18:32:34.573   741   741 D huawei_antiTheft: huawei_antiTheft_manager_init enter
06-10 18:32:34.574   751   751 E vendor.huawei.hardware.teecdaemon@1.0-service: initConnect: get fd = 3
06-10 18:32:34.574   741   741 D huawei_antiTheft: TEEC_InitializeContext end
06-10 18:32:34.574   741   741 D huawei_antiTheft: LOAD QC_HUAWEI_ANTITHEFT_TA_PATH
06-10 18:32:34.574   741   741 D huawei_antiTheft: TEEC_OpenSession start
06-10 18:32:34.574   751   751 E vendor.huawei.hardware.teecdaemon@1.0-service: sendAndReciveData: start to handle cmd! fd = 3
06-10 18:32:34.574   751   751 E vendor.huawei.hardware.teecdaemon@1.0-service: open_session: HIDL Client CALLINFO:uid= 1000,pid=741

06-10 18:32:34.618 17319 17341 I Cloud[10.13.20.300]Sync.CloudSync: local contact or group not changed.
06-10 18:32:34.665 16996 17284 I HslPackageManager: Get Hsl Package Manager.
06-10 18:32:34.665 16996 17284 I HslPackageManager: is Support Hsl false
06-10 18:32:34.675 16996 17284 I NK_CountryCodeBean: RepTaskHandler|network.grs.local.model.CountryCodeBean|18|get issue_country code from VENDOR_COUNTRY
06-10 18:32:34.675 16996 17419 I NK_Netdiag: HASDK-OnReport-21 ->NK_netdiag_0|netdiag.tools.NetDetectAndPolicy|50|the time count will reset!
06-10 18:32:34.677 16996 17284 I NK_OkReqTsk: RepTaskHandler|embedded.g3|284|the request has used the okhttp! 
06-10 18:32:34.679 16996 17284 I NK_DNManager: RepTaskHandler|embedded.t|89|gs-drcn.game.dbankcloud.com resolve source:LocalDns,result:{'A', exist, createTime=1718015551815, LocalDns, 1}
06-10 18:32:34.689 16996 17555 I FormalHASDK: SendTask==> events PostRequest sendevent TYPE: maint, TAG: _default_config_tag, resultCode: 200, reqID: 5ad4c2be6de3385a32d90013dc3253ad
06-10 18:32:34.694 17319 17550 I Cloud[10.13.20.300]Sync.FeatureSwitchConfigTask: feature config query success
06-10 18:32:34.706 17629 17629 E libc    : Access denied finding property "ro.hwfix.ro.process_list"
06-10 18:32:34.716 17629 17629 E libc    : Access denied finding property "ro.hwfix.ro.process_list"
06-10 18:32:34.743   751   751 E tee_get_app_cert: /vendor/bin/hw/vendor.huawei.hardware.huaweiantitheft@1.0-service: cannot find package:getCertsForPackage
06-10 18:32:34.743   751   751 E tee_get_app_cert: tee_get_app_cert: get certs for app failed
06-10 18:32:34.782 17319 17334 I zygote64: Do partial code cache collection, code=29KB, data=19KB
06-10 18:32:34.783 17319 17334 I zygote64: After code cache collection, code=29KB, data=19KB
06-10 18:32:34.783 17319 17334 I zygote64: Increasing code cache capacity to 128KB
06-10 18:32:34.836   751   751 D QSEECOMAPI: QSEECom_get_handle sb_length = 0x12000
06-10 18:32:34.836   751   751 D QSEECOMAPI: App is not loaded in QSEE
06-10 18:32:34.836   751   751 D QSEECOMAPI: app_arch = 1, total_files = 8
06-10 18:32:34.844 16996 17284 I SecurityComp10200303: SSLFNew: createSocket
06-10 18:32:34.844 16996 17284 I SecurityComp10200303: SSLFNew: set default protocols
06-10 18:32:34.844 16996 17284 I SecurityComp10200303: SSLFNew: set default cipher
06-10 18:32:34.854   751   751 D QSEECOMAPI: Loaded image: APP id = 3342340
06-10 18:32:34.860   751   751 E vendor.huawei.hardware.teecdaemon@1.0-service: get_ta_cmd: don't have ta call ta command!
06-10 18:32:34.861   751   751 E vendor.huawei.hardware.teecdaemon@1.0-service: sendAndReciveData: finish this command. return code = 0x0
06-10 18:32:34.861   741   741 D huawei_antiTheft: huawei_antiTheft_manager_init succeed
06-10 18:32:34.862   751   751 E vendor.huawei.hardware.teecdaemon@1.0-service: sendAndReciveData: start to handle cmd! fd = 3
06-10 18:32:34.862   751   751 E vendor.huawei.hardware.teecdaemon@1.0-service: sendAndReciveData: finish this command. return code = 0x0
06-10 18:32:34.862   741   741 D huawei_antiTheft: run command 20003 success, type 1 size is 4096
06-10 18:32:34.863   751   751 E vendor.huawei.hardware.teecdaemon@1.0-service: sendAndReciveData: start to handle cmd! fd = 3
06-10 18:32:34.863   751   751 D QSEECOMAPI: QSEECom_dealloc_memory 
06-10 18:32:34.863   751   751 D QSEECOMAPI: QSEECom_shutdown_app, app_id = 3342340
06-10 18:32:34.864   751   751 E vendor.huawei.hardware.teecdaemon@1.0-service: sendAndReciveData: finish this command. return code = 0x0
06-10 18:32:34.864   751   751 E vendor.huawei.hardware.teecdaemon@1.0-service: sendAndReciveData: start to handle cmd! fd = 3
06-10 18:32:34.864   751   751 E vendor.huawei.hardware.teecdaemon@1.0-service: sendAndReciveData: finish this command. return code = 0x0
06-10 18:32:34.864   741   741 D huawei_antiTheft: huawei_antiTheft_manager_uninit succeed
06-10 18:32:34.864  2564 12310 D HwAntiTheftService_jni: enter native_read, type is 1
06-10 18:32:34.864   741   741 D huawei_antiTheft: huawei_antiTheft_manager_init enter
06-10 18:32:34.865   751   751 E vendor.huawei.hardware.teecdaemon@1.0-service: initConnect: get fd = 3
06-10 18:32:34.865   741   741 D huawei_antiTheft: TEEC_InitializeContext end
06-10 18:32:34.865   741   741 D huawei_antiTheft: LOAD QC_HUAWEI_ANTITHEFT_TA_PATH
06-10 18:32:34.865   741   741 D huawei_antiTheft: TEEC_OpenSession start
06-10 18:32:34.865   751   751 E vendor.huawei.hardware.teecdaemon@1.0-service: sendAndReciveData: start to handle cmd! fd = 3
06-10 18:32:34.865   751   751 E vendor.huawei.hardware.teecdaemon@1.0-service: open_session: HIDL Client CALLINFO:uid= 1000,pid=741

06-10 18:32:35.002 16996 17284 I SecurityComp10200303: SX509TM: checkServerTrusted begin,size=2,authType=ECDHE_RSA
06-10 18:32:35.002 16996 17284 I SecurityComp10200303: SX509TM: check server i=0
06-10 18:32:35.002 16996 17284 I SecurityComp10200303: SX509TM: client root ca size=31
06-10 18:32:35.014 16996 17284 I SecurityComp10200303: SX509TM: checkServerTrusted end, CN=GlobalSign, O=GlobalSign, OU=GlobalSign Root CA - R3
06-10 18:32:35.018 16996 17284 I SecurityComp10200303: : verify: certificate is : CN=cges-drcn.cg.dbankcloud.com,O=Huawei Software Technologies Co.\, Ltd.,L=Nanjing,ST=Jiangsu,C=CN
06-10 18:32:35.034   751   751 E tee_get_app_cert: /vendor/bin/hw/vendor.huawei.hardware.huaweiantitheft@1.0-service: cannot find package:getCertsForPackage
06-10 18:32:35.034   751   751 E tee_get_app_cert: tee_get_app_cert: get certs for app failed
06-10 18:32:35.126   751   751 D QSEECOMAPI: QSEECom_get_handle sb_length = 0x12000
06-10 18:32:35.126   751   751 D QSEECOMAPI: App is not loaded in QSEE
06-10 18:32:35.126   751   751 D QSEECOMAPI: app_arch = 1, total_files = 8
06-10 18:32:35.144   751   751 D QSEECOMAPI: Loaded image: APP id = 3407876
06-10 18:32:35.150   751   751 E vendor.huawei.hardware.teecdaemon@1.0-service: get_ta_cmd: don't have ta call ta command!
06-10 18:32:35.151   751   751 E vendor.huawei.hardware.teecdaemon@1.0-service: sendAndReciveData: finish this command. return code = 0x0
06-10 18:32:35.151   741   741 D huawei_antiTheft: huawei_antiTheft_manager_init succeed
06-10 18:32:35.152   751   751 E vendor.huawei.hardware.teecdaemon@1.0-service: sendAndReciveData: start to handle cmd! fd = 3
06-10 18:32:35.157   751   751 E vendor.huawei.hardware.teecdaemon@1.0-service: sendAndReciveData: finish this command. return code = 0x0
06-10 18:32:35.157   741   741 D huawei_antiTheft: run command 20002 success, type 1 size is 1151
06-10 18:32:35.158   751   751 E vendor.huawei.hardware.teecdaemon@1.0-service: sendAndReciveData: start to handle cmd! fd = 3
06-10 18:32:35.161   751   751 E vendor.huawei.hardware.teecdaemon@1.0-service: sendAndReciveData: finish this command. return code = 0x0
06-10 18:32:35.161   741   741 D huawei_antiTheft: anthTheft_rw run command 20000 success, length is 1151
06-10 18:32:35.162   751   751 E vendor.huawei.hardware.teecdaemon@1.0-service: sendAndReciveData: start to handle cmd! fd = 3
06-10 18:32:35.162   751   751 D QSEECOMAPI: QSEECom_dealloc_memory 
06-10 18:32:35.162   751   751 D QSEECOMAPI: QSEECom_shutdown_app, app_id = 3407876
06-10 18:32:35.163   751   751 E vendor.huawei.hardware.teecdaemon@1.0-service: sendAndReciveData: finish this command. return code = 0x0
06-10 18:32:35.163   751   751 E vendor.huawei.hardware.teecdaemon@1.0-service: sendAndReciveData: start to handle cmd! fd = 3
06-10 18:32:35.163   751   751 E vendor.huawei.hardware.teecdaemon@1.0-service: sendAndReciveData: finish this command. return code = 0x0
06-10 18:32:35.163   741   741 D huawei_antiTheft: huawei_antiTheft_manager_uninit succeed
06-10 18:32:35.164 17319 17594 I Cloud[10.13.20.300]Finder.AntiTheftDataManager: read data from Anti theft
06-10 18:32:35.172 16996 17419 I NK_Netdiag: RepTaskHandler ->NK_netdiag_0|netdiag.tools.NetDetectAndPolicy|50|the time count will reset!
06-10 18:32:35.176  1413  8379 I chatty  : uid=1000(system) Binder:1413_19 expire 2 lines
06-10 18:32:35.178 16996 17284 I FormalHASDK: HAImpl==> onEvent. TAG:_default_config_tag, TYPE:1, eventId:907112013
06-10 18:32:35.197 17319 17594 I Cloud[10.13.20.300]Finder.ClientTAKeyGetManager: hasClientTaKey
06-10 18:32:35.197 17319 17594 I Cloud[10.13.20.300]Finder.AccountDataWriter: read encrypt data
06-10 18:32:35.197 17319 17594 I Cloud[10.13.20.300]Finder.PhoneFinderManager: initAccount
06-10 18:32:35.198 17319 17594 I Cloud[10.13.20.300]Finder.AntiTheftInf: AntiTheftManagerEx getEnable = true from cache
06-10 18:32:35.220 17319 17594 I Cloud[10.13.20.300]Finder.AntiTheftInf: AntiTheftManagerEx getEnable = true from cache
06-10 18:32:35.220 17319 17594 I Cloud[10.13.20.300]Finder.SettingsSuggestUtil: canSmartSuggestPhoneFinder: phonefinder switch is open
06-10 18:32:35.220 17319 17594 I Cloud[10.13.20.300]Finder.SettingsSuggestUtil: setSuggestActivityEnabled: set SmartSuggestionPhoneFinderActivity disabled
06-10 18:32:35.221 17319 17594 I Cloud[10.13.20.300]Finder.AntiTheftInf: AntiTheftManagerEx getEnable = true from cache
06-10 18:32:35.222 17319 17594 I Cloud[10.13.20.300]Finder.AntiTheftInf: AntiTheftManagerEx getEnable = true from cache
06-10 18:32:35.222 17319 17594 I Cloud[10.13.20.300]Finder.SettingsSuggestUtil: canSmartSuggestPhoneFinder: phonefinder switch is open
06-10 18:32:35.222 17319 17594 I Cloud[10.13.20.300]Finder.SettingsSuggestUtil: setSuggestActivityEnabled: set SmartSuggestionPhoneFinderActivity disabled
06-10 18:32:35.223 17319 17594 I Cloud[10.13.20.300]Finder.AntiTheftInf: AntiTheftManagerEx getEnable = true from cache
06-10 18:32:35.251 17319 17594 I Cloud[10.13.20.300]Finder.ParamConfig: updateFromJson:isFromSp=true--toString=ParamConfig [mLocateDuration=5, mLocateTimes=1, mLowPowerReport=[8], mAppId=***]
06-10 18:32:35.327 17319 17334 I zygote64: Do partial code cache collection, code=58KB, data=40KB
06-10 18:32:35.328 17319 17334 I zygote64: After code cache collection, code=54KB, data=38KB
06-10 18:32:35.328 17319 17334 I zygote64: Increasing code cache capacity to 256KB
06-10 18:32:35.329  5343  5343 I HwOUC   : [main-1] ServiceHandler stop service(WifiAutoDownloadManageService.java:154)
06-10 18:32:35.331  5343  5343 I HwOUC   : [main-1], onDestroy(WifiAutoDownloadManageService.java:142)
06-10 18:32:35.567 16996 17126 W HiApp.GRPL/GameResourcePreLoad: RepTaskHandler{3534} deleteFile failed
06-10 18:32:35.569 16996 17284 I FormalHASDK: HAImpl==> onEvent. TAG:_default_config_tag, TYPE:1, eventId:2310100101
06-10 18:32:35.570 16996 17126 W HiApp.CollectAppUsageTask: RepTaskHandler{3534} usage stat list is empty!!!
06-10 18:32:35.575 16996 17126 W HiApp.PreloadReportDataController: RepTaskHandler{3534} preloadAppReportInfos is empty
06-10 18:32:35.577 16996 17284 I FormalHASDK: HAImpl==> onEvent. TAG:_default_config_tag, TYPE:0, eventId:1010600202
06-10 18:32:35.579 16996 17284 I HslPackageManager: Get Hsl Package Manager.
06-10 18:32:35.579 16996 17284 I HslPackageManager: is Support Hsl false
06-10 18:32:35.588 17220 17220 D Gallery_MediaSync: [onStartCommand] start to sync.
06-10 18:32:35.588 17220 17220 D CloudLocalSyncService: --schedule-- start local sync
06-10 18:32:35.588 17220 17220 D CloudLocalSyncService: --schedule-- stop child service
06-10 18:32:35.593 17220 17220 D Gallery_Search: stop search servcie
06-10 18:32:35.671 16996 17284 I HslPackageManager: Get Hsl Package Manager.
06-10 18:32:35.671 16996 17284 I HslPackageManager: is Support Hsl false
06-10 18:32:35.706 17220 17634 D Gallery_Common_GalleryProvider: sync uri: content://com.huawei.gallery.provider/none/sycnner/1
06-10 18:32:35.711 17220 17634 D Gallery_MediaSync_LocalSyncToken: no data need delete
06-10 18:32:35.711 17220 17634 D Gallery_MediaSync_LocalSyncToken: privilege buckets -1739773001 , 0 , 1028075469, 0
06-10 18:32:35.715 17220 17634 D Gallery_MediaSync_LocalSyncToken: sync privilege buckets from id 155417
06-10 18:32:35.723 17635 17635 E libc    : Access denied finding property "ro.hwfix.ro.process_list"
06-10 18:32:35.725 17220 17634 D Gallery_MediaSync_LocalSyncToken: [syncInner] uri:null, whereClause:media_type IN (1,3) AND _id > 155417 AND bucket_id IN ( -1739773001 , 0 , 1028075469, 0 ), count: 0
06-10 18:32:35.732 17220 17634 D Gallery_MediaSync_LocalSyncToken: sync common buckets from id 0
06-10 18:32:35.734 17635 17635 E libc    : Access denied finding property "ro.hwfix.ro.process_list"
06-10 18:32:35.744 16996 17284 I NK_CountryCodeBean: RepTaskHandler|network.grs.local.model.CountryCodeBean|18|get issue_country code from VENDOR_COUNTRY
06-10 18:32:35.746 16996 17284 I NK_OkReqTsk: RepTaskHandler|embedded.g3|284|the request has used the okhttp! 
06-10 18:32:35.747 17220 17634 D Gallery_MediaSync_LocalSyncToken: [syncInner] uri:null, whereClause:media_type IN (1,3) AND _id > 0 AND bucket_id NOT IN ( -1739773001 , 0 , 1028075469, 0 ), count: 0
06-10 18:32:35.747 17220 17634 D Gallery_MediaSync_LocalSyncToken: sync all record cost time: 36
06-10 18:32:35.780 17220 17634 D Gallery_MediaSync_LocalSyncToken: syncBatch  query result count 0
06-10 18:32:35.812 17220 17634 D Gallery_MediaSync: sync media data with operation, the batch result is true
06-10 18:32:35.817 17220 17634 D Gallery_MediaSync: sync updated extension info data with operation, result is true
06-10 18:32:35.833 16996 17419 I NK_Netdiag: RepTaskHandler ->NK_netdiag_0|netdiag.tools.NetDetectAndPolicy|50|the time count will reset!
06-10 18:32:35.844  1413  2200 I chatty  : uid=1000(system) HwWifiStatStore expire 1 line
06-10 18:32:35.879 17220 17634 D Gallery_MediaSync_MediaOperation: deleteBatch result: 1
06-10 18:32:35.883 17220 17634 D Gallery_MediaSync: done a batch with operation, will wait 0
06-10 18:32:35.889 17220 17634 D Gallery_MediaSync: sync with operation record[1] cost time: 142
06-10 18:32:35.889 17220 17634 D Gallery_MediaSync: sync done with operations. time cost(include sleep time): 293
06-10 18:32:35.894 17220 17634 W Gallery_MediaSync_LocalSyncToken: no more camera exif need sync.
06-10 18:32:35.894 17220 17634 D Gallery_Common_GalleryProvider: sync uri: content://com.huawei.gallery.provider/none/sycnner/0
06-10 18:32:35.930  1413  3112 I chatty  : uid=1000(system) Binder:1413_E expire 3 lines
06-10 18:32:35.933 16996 17284 I FormalHASDK: HAImpl==> onEvent. TAG:_default_config_tag, TYPE:1, eventId:907112013
06-10 18:32:35.942  1413  1424 I chatty  : uid=1000(system) HeapTaskDaemon expire 1 line
06-10 18:32:35.954 16996 17284 I FormalHASDK: HAImpl==> onEvent. TAG:_default_config_tag, TYPE:0, eventId:120107
06-10 18:32:35.970 16996 17284 I FormalHASDK: HAImpl==> onEvent. TAG:_default_config_tag, TYPE:0, eventId:1380100101
06-10 18:32:35.972 16996 17284 I FormalHASDK: HAImpl==> onEvent. TAG:_default_config_tag, TYPE:0, eventId:1010901501
06-10 18:32:35.976 16996 17284 I FormalHASDK: HAImpl==> onEvent. TAG:_default_config_tag, TYPE:1, eventId:907112047
06-10 18:32:35.987 16996 17284 I FormalHASDK: HAImpl==> onEvent. TAG:_default_config_tag, TYPE:1, eventId:907112050
06-10 18:32:35.994  1413  3112 I chatty  : uid=1000(system) Binder:1413_E expire 2 lines
06-10 18:32:35.995 16996 17284 D HwInnerWifiManagerImpl: SupplicantState = COMPLETED
06-10 18:32:35.995 16996 17284 D HwInnerWifiManagerImpl: isPhoneAP = false
06-10 18:32:35.997 16996 17555 I SecurityComp10200303: GCMKS: load key
06-10 18:32:36.010  1413  2257 I chatty  : uid=1000(system) WiFiArpStateMac expire 4 lines
06-10 18:32:36.022 16996 17284 I HslPackageManager: Get Hsl Package Manager.
06-10 18:32:36.022 16996 17284 I HslPackageManager: is Support Hsl false
06-10 18:32:36.029 16996 17555 I SecurityComp10200303: GCMKS: load key
06-10 18:32:36.029 16996 17284 I NK_CountryCodeBean: RepTaskHandler|network.grs.local.model.CountryCodeBean|18|get issue_country code from VENDOR_COUNTRY
06-10 18:32:36.031 16996 17284 I NK_OkReqTsk: RepTaskHandler|embedded.g3|284|the request has used the okhttp! 
06-10 18:32:36.048 16996 17555 W FormalHASDK: HAIP==> getSdkUUID is empty,UUID enable is false
06-10 18:32:36.087 16996 17555 I FormalHASDK: TransportHandler==> use NetworkKitTransportHandler
06-10 18:32:36.088 16996 17555 I NK_PolicyService: HASDK-OnReport-21|httpclient.excutor.ProcessPolicyNetworkService|19|options = {"metric_policy":1}
06-10 18:32:36.094  1413  1413 I chatty  : uid=1000 system_server expire 3 lines
06-10 18:32:36.095 16996 17555 I NK_CountryCodeBean: HASDK-OnReport-21|network.grs.local.model.CountryCodeBean|18|get issue_country code from VENDOR_COUNTRY
06-10 18:32:36.096 16996 17555 I NK_OkReqTsk: HASDK-OnReport-21|embedded.g3|284|the request has used the okhttp! 
06-10 18:32:36.139 16996 17419 I NK_Netdiag: RepTaskHandler ->NK_netdiag_0|netdiag.tools.NetDetectAndPolicy|50|the time count will reset!
06-10 18:32:36.144  1413  3112 I chatty  : uid=1000(system) Binder:1413_E expire 2 lines
06-10 18:32:36.148 16996 17284 I FormalHASDK: HAImpl==> onEvent. TAG:_default_config_tag, TYPE:1, eventId:907112013
06-10 18:32:36.226 16996 16996 I [AGC_LOG]HaConnector: Auto onReport
06-10 18:32:36.262 16996 17419 I NK_Netdiag: HASDK-OnReport-21 ->NK_netdiag_0|netdiag.tools.NetDetectAndPolicy|50|the time count will reset!
06-10 18:32:36.264 16996 17555 I FormalHASDK: SendTask==> events PostRequest sendevent TYPE: oper, TAG: _default_config_tag, resultCode: 200, reqID: cc81b6d00866c45e969806bbbe4e9c9d
06-10 18:32:36.441 17220 17634 D Gallery_MediaSync: operation is sync done ? true, max media id 155417, max sync id 155417
06-10 18:32:36.453 17220 17634 D Gallery_MediaSync: total count already synced:1, total: 1
06-10 18:32:36.453 17220 17634 D CloudLocalSyncService: --schedule-- stop local sync
06-10 18:32:36.453 17220 17634 D CloudLocalSyncService: localSync = 1  cloudSync = -1
06-10 18:32:36.453 17220 17634 D CloudLocalSyncService: --schedule-- start child service
06-10 18:32:36.456 17220 17634 D Gallery_Search: start search service delay
06-10 18:32:36.457 17220 17634 E RecycleClearService: startRecycleClearService   forceStart = false, sClearDone = false
06-10 18:32:36.459 17220 17220 D Gallery_Geo: --schedule-- [onStartCommand] start reverse geo code.
06-10 18:32:36.460 17220 17637 D Gallery_Geo: start resolve 
06-10 18:32:36.461 17220 17220 D RecycleClearService: --schedule-- [onStartCommand] start RecycleClearService.
06-10 18:32:36.462 17220 17638 D PhoneState: charge is true
06-10 18:32:36.462 17220 17638 D PhoneState: battery level is 79
06-10 18:32:36.463 17220 17638 D PhoneState: screen on true
06-10 18:32:36.465 17220 17220 D Gallery_CalcMd5: --schedule-- [onStartCommand] start CalcMd5Service.
06-10 18:32:36.465 17220 17220 D Gallery_CalcMd5: empty action
06-10 18:32:36.466 17220 17220 D RecycleClearService: --schedule-- RecycleClearService onDestroy
06-10 18:32:36.470 17220 17637 D Gallery_Geo: total 0 should process.
06-10 18:32:36.470 17220 17637 D Gallery_Geo: resolve local address
06-10 18:32:36.471 17220 17639 D Gallery_CalcMd5: MSG_SCAN_ALL size is 0
06-10 18:32:36.472 17220 17220 D Gallery_CalcMd5: --schedule-- CalcMd5Service onDestroy
06-10 18:32:36.483 17220 17637 D Gallery_Geo: total 0 should process.
06-10 18:32:36.483 17220 17637 D Gallery_Geo: --schedule-- work done, stop GeoService
06-10 18:32:36.485 17220 17220 D Gallery_Geo: --schedule-- GeoService onDestroy
06-10 18:32:36.485 17220 17637 D Gallery_Geo: resolve address cost: 25
06-10 18:32:36.485 17220 17637 D Gallery_Geo: done resolve 
06-10 18:32:36.529 16996 17126 W HiApp.GRPL/GameResourcePreLoad: RepTaskHandler{3534} deleteFile failed
06-10 18:32:36.531 16996 17284 I FormalHASDK: HAImpl==> onEvent. TAG:_default_config_tag, TYPE:1, eventId:2310100101
06-10 18:32:36.533 16996 17126 W HiApp.CollectAppUsageTask: RepTaskHandler{3534} usage stat list is empty!!!
06-10 18:32:36.540 16996 17126 W HiApp.PreloadReportDataController: RepTaskHandler{3534} preloadAppReportInfos is empty
06-10 18:32:36.543 16996 17284 I FormalHASDK: HAImpl==> onEvent. TAG:_default_config_tag, TYPE:0, eventId:1010600202
06-10 18:32:36.545 16996 17284 I HslPackageManager: Get Hsl Package Manager.
06-10 18:32:36.545 16996 17284 I HslPackageManager: is Support Hsl false
06-10 18:32:36.630 16996 17284 I HslPackageManager: Get Hsl Package Manager.
06-10 18:32:36.630 16996 17284 I HslPackageManager: is Support Hsl false
06-10 18:32:36.655   612 17371 W libc    : Set property "hw.wifi.dns_stat" to "792,149,9485,1,165805"
06-10 18:32:36.658  1413  4686 I chatty  : uid=1000(system) Binder:1413_10 expire 3 lines
06-10 18:32:36.708 16996 17284 I NK_CountryCodeBean: RepTaskHandler|network.grs.local.model.CountryCodeBean|18|get issue_country code from VENDOR_COUNTRY
06-10 18:32:36.710 16996 17284 I NK_OkReqTsk: RepTaskHandler|embedded.g3|284|the request has used the okhttp! 
06-10 18:32:36.739 17641 17641 E libc    : Access denied finding property "ro.hwfix.ro.process_list"
06-10 18:32:36.750 17641 17641 E libc    : Access denied finding property "ro.hwfix.ro.process_list"
06-10 18:32:36.808 17319 17420 I Cloud[10.13.20.300]Files.TransliteratUtil: init instance end
06-10 18:32:36.825 16996 17419 I NK_Netdiag: RepTaskHandler ->NK_netdiag_0|netdiag.tools.NetDetectAndPolicy|50|the time count will reset!
06-10 18:32:36.829 17220 17220 D Gallery_MediaSync: [onStartCommand] start to sync.
06-10 18:32:36.829 17220 17220 D CloudLocalSyncService: --schedule-- start local sync
06-10 18:32:36.829 17220 17220 D CloudLocalSyncService: --schedule-- stop child service
06-10 18:32:36.831 17220 17220 D Gallery_Search: stop search servcie
06-10 18:32:36.832 16996 17284 I FormalHASDK: HAImpl==> onEvent. TAG:_default_config_tag, TYPE:1, eventId:907112013
06-10 18:32:36.853 16996 17284 I FormalHASDK: HAImpl==> onEvent. TAG:_default_config_tag, TYPE:0, eventId:120107
06-10 18:32:36.857 17220 17642 D Gallery_Common_GalleryProvider: sync uri: content://com.huawei.gallery.provider/none/sycnner/1
06-10 18:32:36.860 17220 17642 D Gallery_MediaSync_LocalSyncToken: no data need delete
06-10 18:32:36.860 17220 17642 D Gallery_MediaSync_LocalSyncToken: privilege buckets -1739773001 , 0 , 1028075469, 0
06-10 18:32:36.863 17220 17642 D Gallery_MediaSync_LocalSyncToken: sync privilege buckets from id 155417
06-10 18:32:36.867 16996 17284 I FormalHASDK: HAImpl==> onEvent. TAG:_default_config_tag, TYPE:0, eventId:1380100101
06-10 18:32:36.868 16996 17284 I FormalHASDK: HAImpl==> onEvent. TAG:_default_config_tag, TYPE:0, eventId:1010901501
06-10 18:32:36.872 16996 17284 I FormalHASDK: HAImpl==> onEvent. TAG:_default_config_tag, TYPE:1, eventId:907112047
06-10 18:32:36.872 17220 17642 D Gallery_MediaSync_LocalSyncToken: [syncInner] uri:null, whereClause:media_type IN (1,3) AND _id > 155417 AND bucket_id IN ( -1739773001 , 0 , 1028075469, 0 ), count: 0
06-10 18:32:36.874 16996 17284 I FormalHASDK: HAImpl==> onEvent. TAG:_default_config_tag, TYPE:1, eventId:907112050
06-10 18:32:36.876 17220 17642 D Gallery_MediaSync_LocalSyncToken: sync common buckets from id 0
06-10 18:32:36.884 17220 17642 D Gallery_MediaSync_LocalSyncToken: [syncInner] uri:null, whereClause:media_type IN (1,3) AND _id > 0 AND bucket_id NOT IN ( -1739773001 , 0 , 1028075469, 0 ), count: 0
06-10 18:32:36.884 17220 17642 D Gallery_MediaSync_LocalSyncToken: sync all record cost time: 24
06-10 18:32:36.892  1413  2602 I chatty  : uid=1000(system) Binder:1413_B expire 3 lines
06-10 18:32:36.893 16996 17284 D HwInnerWifiManagerImpl: SupplicantState = COMPLETED
06-10 18:32:36.893 16996 17284 D HwInnerWifiManagerImpl: isPhoneAP = false
06-10 18:32:36.893 17220 17642 D Gallery_MediaSync: sync with operation record[0] cost time: 9
06-10 18:32:36.893 17220 17642 D Gallery_MediaSync: sync done with operations. time cost(include sleep time): 59
06-10 18:32:36.896 17220 17642 W Gallery_MediaSync_LocalSyncToken: no more camera exif need sync.
06-10 18:32:36.897 17220 17642 D Gallery_Common_GalleryProvider: sync uri: content://com.huawei.gallery.provider/none/sycnner/0
06-10 18:32:36.923 16996 17284 I HslPackageManager: Get Hsl Package Manager.
06-10 18:32:36.923 16996 17284 I HslPackageManager: is Support Hsl false
06-10 18:32:36.934 16996 17284 I NK_CountryCodeBean: RepTaskHandler|network.grs.local.model.CountryCodeBean|18|get issue_country code from VENDOR_COUNTRY
06-10 18:32:36.936 16996 17284 I NK_OkReqTsk: RepTaskHandler|embedded.g3|284|the request has used the okhttp! 
06-10 18:32:37.035  1413  2257 I chatty  : uid=1000(system) WiFiArpStateMac expire 12 lines
06-10 18:32:37.089  1413  1413 I chatty  : uid=1000 system_server expire 33 lines
06-10 18:32:37.100 16996 17419 I NK_Netdiag: RepTaskHandler ->NK_netdiag_0|netdiag.tools.NetDetectAndPolicy|50|the time count will reset!
06-10 18:32:37.106  1413  4686 I chatty  : uid=1000(system) Binder:1413_10 expire 2 lines
06-10 18:32:37.110 16996 17284 I FormalHASDK: HAImpl==> onEvent. TAG:_default_config_tag, TYPE:1, eventId:907112013
06-10 18:32:37.204  1413  4686 I ActivityManager: Start proc 17645:com.huawei.camera/u0a23 for start application com.huawei.camera
06-10 18:32:37.253 17645 17645 I         : power log dlsym ok
06-10 18:32:37.262 17220 17368 D Gallery_Common_SelectedPhotos: ping server end, is support download: true
06-10 18:32:37.265 17645 17645 W main    : type=1400 audit(0.0:170757): avc: denied { create } for name="cgroup.procs" scontext=u:r:zygote:s0 tcontext=u:object_r:cgroup:s0 tclass=file permissive=0
06-10 18:32:37.267 17220 17368 D Gallery_Common_SelectedPhotoInfo:  init SelectedPhotoInfo cost time: 3
06-10 18:32:37.268 17220 17650 D Gallery_Common_SelectedPhotoInfo: start generate cover.
06-10 18:32:37.275 17220 17650 D HwGalleryCacheManagerImpl: mIsEffect:false
06-10 18:32:37.342 17220 17650 D OpenGLRenderer: HWUI GL Pipeline
06-10 18:32:37.350  1413  2199 I chatty  : uid=1000(system) WifiStateMachin expire 15 lines
06-10 18:32:37.350 17220 17650 I Gallery_Common_SelectedPhotoInfo: generateCover success
06-10 18:32:37.350  1413  2201 I chatty  : uid=1000(system) HwWifiCHRStateM expire 10 lines
06-10 18:32:37.351  3473  3473 D wpa_supplicant: sta hidl pwrPercentBoostModesetInternal
06-10 18:32:37.362 17645 17645 D ActivityThread: Attach thread to application
06-10 18:32:37.386 17645 17645 I HwLogExceptionInner: Log blacklist 
06-10 18:32:37.395 17645 17645 D HwFLClassLoader: get used feature list :/feature/used-list failed!
06-10 18:32:37.395 17645 17659 I HwApiCacheMangerEx: apicache path=/storage/emulated/0 state=mounted key=com.huawei.camera#10023#256
06-10 18:32:37.395 17645 17645 D HwFLClassLoader: USE_FEATURE_LIST had not init! 
06-10 18:32:37.399 17645 17659 I HwApiCacheMangerEx: apicache path=/storage/emulated/0 state=mounted key=com.huawei.camera#10023#0
06-10 18:32:37.408   876   876 E Thermal-daemon: [charger_ic] temp_new :29  temp_old :28
06-10 18:32:37.409  2577 25705 I ThermalService: Receive temperature change, type: 2, temp: 29 from thermald
06-10 18:32:37.410   876   876 E Thermal-daemon: Report temperature: [charger_ic] temp :29  report_threshold:1
06-10 18:32:37.411   876   876 E Thermal-daemon: [ap] temp_new :28  temp_old :27
06-10 18:32:37.411  2577 25705 I ThermalService: Receive temperature change, type: 0, temp: 28 from thermald
06-10 18:32:37.412   876   876 E Thermal-daemon: Report temperature: [ap] temp :28  report_threshold:1
06-10 18:32:37.452 17220 17642 D Gallery_MediaSync: operation is sync done ? true, max media id 155417, max sync id 155417
