06-10 18:32:30.657 17019 17084 I NetworkKit_NetworkKit: kac_cl_commonkit-thread-1 -->NetworkKit_NetworkKit_0|NetworkKit|13|init success
06-10 18:32:30.657 17019 17084 I fwkit_CommonInitUtil: NetworkKit init result:true, app context: com.huawei.hms.commonkit
06-10 18:32:30.661 17019 17084 I NetworkKit_AdvanceNetworkKitProvider: kac_cl_commonkit-thread-1 -->NetworkKit_NetworkKit_0|AdvanceNetworkKitProvider|80|AdvanceNetworkKitProvider is dynamic provider result : false
06-10 18:32:30.662  1413  2141 D HwBatteryService: onUEvent fcpStatus = 0,scpStatus =0,ovpStatus=0
06-10 18:32:30.663  1413  2141 I HwBatteryService: quick charge status : 0
06-10 18:32:30.663 17019 17019 I keyringKit-PowerReceiver: receive power connected br.
06-10 18:32:30.663 17019 17084 I NetworkSdk_NetworkKit_Logger: [HMSCore NetworkLog.java:1] kac_cl_commonkit-thread-1 -->NetworkKit_NetworkKit_0|common.Logger|59|logger = com.huawei.hms.network.embedded.h1$k@3063c28false
06-10 18:32:30.664 17019 17019 I keyringKit-PowerReceiver: make syncing task run after some time.
06-10 18:32:30.664 17019 17084 I fwkit_CommonInitUtil: enable HA Listen. 
06-10 18:32:30.666 17019 17084 I fwkit_CommonInitUtil: enable ipv6 preferred.
06-10 18:32:30.666 17019 17084 I NetworkSdk_ProcessPolicyNetworkService: [HMSCore NetworkLog.java:1] kac_cl_commonkit-thread-1 -->NetworkKit_NetworkKit_0|httpclient.excutor.ProcessPolicyNetworkService|19|options = {"enable_ipv6_preferred":true}
06-10 18:32:30.667 17019 17084 I NetworkSdk_NetworkServiceManager: [HMSCore NetworkLog.java:1] kac_cl_commonkit-thread-1 -->NetworkKit_NetworkKit_0|embedded.i4|50|dnsService,setOptions:
06-10 18:32:30.669 17019 17084 I NetworkSdk_NetworkServiceManager: [HMSCore NetworkLog.java:1] kac_cl_commonkit-thread-1 -->NetworkKit_NetworkKit_0|embedded.i4|50|netdiagService,setOptions:
06-10 18:32:30.669 17019 17111 I SecurityComp10200309: SX509TM: loadBksCA
06-10 18:32:30.672 17019 17084 I NetworkSdk_NetworkKit: [HMSCore NetworkLog.java:1] NetworkKit_NetworkKit_0 -->NetworkKit_NetworkKit_0|NetworkKit|13|init success
06-10 18:32:30.676   765   765 W libc    : Set property "sys.check.usbupdate" to "start"
06-10 18:32:30.677 17019 17112 I NetworkSdk_TaskManager: [HMSCore NetworkLog.java:1] NetworkKit_NetworkKit_0 -->NetworkKit_DNS_DNManager_0|embedded.r0|28|DNS ThreadPool init!
06-10 18:32:30.677 17019 17112 I NetworkSdk_DNResolverManager: [HMSCore NetworkLog.java:1] NetworkKit_NetworkKit_0 -->NetworkKit_DNS_DNManager_0|embedded.g0|45|enter Dns lazy update flow, domain: events-drcn.op.dbankcloud.cn, trigger type: dns_init, source: LocalDns
06-10 18:32:30.678 17019 17111 I SecurityComp10200309: BksUtil: getFilesBksIS 
06-10 18:32:30.682 17019 17111 I SecurityComp10200309: SX509TM: get bks not from assets
06-10 18:32:30.684  1413  4416 D BatteryService: power connected,isWirelessCharge:false
06-10 18:32:30.684  1413  4416 I BatteryService: normal charge status : 1
06-10 18:32:30.686   880  1992 I dubaid  : [BatteryHandler.cpp] onChargerOnlineChanged# Battery charge state: 1
06-10 18:32:30.686   880  2167 I dubaid  : [PollingRoutine.cpp] notifyPolling# Polling routine start, timestamp: 1718015550685, reason: 6
06-10 18:32:30.687  2349  2349 W PowerUI : unknown intent: Intent { act=android.intent.action.ACTION_POWER_CONNECTED flg=0x4000010 (has extras) }
06-10 18:32:30.687  2577  2723 E KernelCpuSpeedReader: Failed to read cpu-freq: /sys/devices/system/cpu/cpu0/cpufreq/stats/time_in_state (No such file or directory)
06-10 18:32:30.687  2577  2723 E KernelCpuSpeedReader: Failed to read cpu-freq: /sys/devices/system/cpu/cpu4/cpufreq/stats/time_in_state (No such file or directory)
06-10 18:32:30.688  9406  9406 I fwkit_sec_breaker: [fwkit SecBreaker.java:74] Process is empty
06-10 18:32:30.688   757   757 V LocSvc_HIDL_IzatSubscription: [powerConnectStatusUpdate][575] [HS] <<<<= [HC]
06-10 18:32:30.689  9406  9406 W fwkit_kit_breaker: [fwkit KitBreaker.java:343] infos invalid
06-10 18:32:30.689  9406  9997 I fwkit_kams_stubmanager: [fwkit StubManagerService.java:449] getSPNByComponent:com.huawei.hms.keyring, com.huawei.hms.keyring, true
06-10 18:32:30.689  9406  9406 I fwkit_kStore_alNew_PowerReceiver: [fwkit PowerConnectChangeReceiver.java:38] enter PowerConnectChangeReceiver:android.intent.action.ACTION_POWER_CONNECTED
06-10 18:32:30.689  1413  1413 I EntropyMixer: Writing entropy...
06-10 18:32:30.690   747   747 D qdlights: set_speaker_light_locked: get  property HWDUB-Q 
06-10 18:32:30.691   747   747 D qdlights: write_init ok
06-10 18:32:30.691   747   747 D qdlights: write_init ok
06-10 18:32:30.691   747   747 D qdlights: write_init ok
06-10 18:32:30.691   747   747 D qdlights: set_speaker_light_locked mode=0, colorRGB=FFFFFF00, onMS=0, offMS=0, rc=0
06-10 18:32:30.691  9406  9997 I fwkit_kams_scheduler: [fwkit ProcessScheduler.java:423] ProPre:com.huawei.hwid.container2
06-10 18:32:30.691  9406  9406 I fwkit_ScreenStatusReceiver: [fwkit ScreenStatusReceiver.java:120] addStatusSubscriber key = ContinueScreenOffDetectComponent
06-10 18:32:30.692  9406  9997 I fwkit_kbct_dsp: [fwkit KitBroadcastDispatcher.java:640] action:android.intent.action.ACTION_POWER_CONNECTED,receiver:com.huawei.hms.keyring.credential.receiver.PowerReceiver|com.huawei.hwid.container2
06-10 18:32:30.692  9406  9997 I fwkit_kbct_dsp: [fwkit KitBroadcastDispatcher.java:703] proc not run
06-10 18:32:30.693  9406  9406 I fwkit_kStore_alNew_helper: [fwkit SilentTaskHelper.java:157] minUpgradeInterval: 7
06-10 18:32:30.694  9406  9406 I fwkit_kStore_alNew_helper: [fwkit SilentTaskHelper.java:426] upgrade check start time: 2024/6/14 上午12:00
06-10 18:32:30.695 17019 17083 I fwkit_kac_kitloader: [fwkit KitLoaderManager.java:216] kit loaded keyring_60900325 already exits, cost :0 ms
06-10 18:32:30.696  1413  1998 D PickUpWakeScreenManager: isPickupSensorSupport isSensorSupport = true
06-10 18:32:30.698  9406  9406 I fwkit_kStore_alNew_trigger_upgrade: [fwkit SilentUpgradeTask.java:337] isVersionCheckMoreThan7Day: false
06-10 18:32:30.698 17019 17019 I keyringKit-PowerReceiver: receive power connected br.
06-10 18:32:30.699  9406  9406 I fwkit_ScreenStatusReceiver: [fwkit ScreenStatusReceiver.java:120] addStatusSubscriber key = ContinueScreenOffRebootCore
06-10 18:32:30.699  9406  9406 I HwidPowerConnectedReceiver: [HwID_APK_log[6.13.0.351|6.12.0.306]core HwidPowerConnectedReceiver.java:74] HwidPowerConnectedReceiver onReceiveMsg
06-10 18:32:30.699 17019 17019 I keyringKit-PowerReceiver: make syncing task run after some time.
06-10 18:32:30.700  9406  9406 I HeartbeatCacheManager: [HwID_APK_log[6.13.0.351|6.12.0.306]core HeartbeatCacheManager.java:108] getLastReportTime is 1718006335153.
06-10 18:32:30.700  9406  9406 I HwidPowerConnectedReceiver: [HwID_APK_log[6.13.0.351|6.12.0.306]core HwidPowerConnectedReceiver.java:242] The time when the last Report is triggered is 1718006335153. 
06-10 18:32:30.701  9406  9406 I NetUtil : [HwID_APK_log[6.13.0.351|6.12.0.306]core NetUtil.java:29] enter networkIsAvaiable
06-10 18:32:30.704  2508  3055 E HSM     : ChargeInfo: doRecordsChargeInfo POWER_LEVEL_CONNECTED_USB_SET POWER_CHARGE_TIME =267334503 POWER_LEVEL_LAST_CAPACITY_RM = 3160 chargeType =0
06-10 18:32:30.706   862  8378 D AudioFlinger: event 162 
06-10 18:32:30.707  9406  9406 I HwidPowerConnectedReceiver: [HwID_APK_log[6.13.0.351|6.12.0.306]core HwidPowerConnectedReceiver.java:111] The connectivity_action broadcast is received, and the heartbeat is started.
06-10 18:32:30.708  9406  9406 I HeartbeatCacheManager: [HwID_APK_log[6.13.0.351|6.12.0.306]core HeartbeatCacheManager.java:151] isHeartbeatSupport = true
06-10 18:32:30.709  9406  9406 I HeartbeatCacheManager: [HwID_APK_log[6.13.0.351|6.12.0.306]core HeartbeatCacheManager.java:189] GetHeartbeatTimeFromCache is 1717983181570.
06-10 18:32:30.710  9406  9406 I HwidPowerConnectedReceiver: [HwID_APK_log[6.13.0.351|6.12.0.306]core HwidPowerConnectedReceiver.java:227] The time when the last heartbeat is triggered is 1717983181570.
06-10 18:32:30.710  9406  9406 I HwidPowerConnectedReceiver: [HwID_APK_log[6.13.0.351|6.12.0.306]core HwidPowerConnectedReceiver.java:262] The heartbeat cannot be triggered again within 5 days after the last heartbeat.
06-10 18:32:30.710   862  8378 D AudioFlinger: event 162 
06-10 18:32:30.713  9406  9406 I DeviceInfoUtil: [HwID_APK_log[6.13.0.351|6.12.0.306]core DeviceInfoUtil.java:639] enter getDeviceInfo
06-10 18:32:30.717 17121 17121 E libc    : Access denied finding property "ro.hwfix.ro.process_list"
06-10 18:32:30.719 17005 17037 I ctaifs  : <Android 系统>[Android 系统][android]:[openFile] 打开文件
06-10 18:32:30.721  3495  3799 I bt_btif bt interface: read_energy_info
06-10 18:32:30.721   880   934 E dubaid  : [CpuHandler.cpp] readFreqTime# Failed to open cpufreq node of cluster: 0
06-10 18:32:30.721   880   934 E dubaid  : [CpuHandler.cpp] accountingComponentData# Invalid delta time: Cluster0 total frequency time: 0
06-10 18:32:30.723   612 17117 W libc    : Set property "hw.wifi.dns_stat" to "769,146,9485,1,160722"
06-10 18:32:30.727   874 15630 I MediaPlayerService: MediaPlayerService::Client::setDataSource local file://?FileDescriptor=26&Offset=0&Length=25784&Path=/system/media/audio/ui
06-10 18:32:30.728   874 15630 D NuPlayer: hw fadein is disabled!
06-10 18:32:30.728   874 15630 D NuPlayerDriver: NuPlayerDriver(0xea8244d0) created, clientPid(1413)
06-10 18:32:30.728  9406  9406 I DeviceInfoUtil: [HwID_APK_log[6.13.0.351|6.12.0.306]core DeviceInfoUtil.java:646] imsi is empty
06-10 18:32:30.729  9406  9406 I BaseUtil: [HwID_APK_log[6.13.0.351|6.12.0.306]core BaseUtil.java:2909] is Huawei or Less than Android 10
06-10 18:32:30.729   874 15630 D NuPlayer: hw fadein is disabled!
06-10 18:32:30.732 17121 17121 E libc    : Access denied finding property "ro.hwfix.ro.process_list"
06-10 18:32:30.733  9406  9406 I DeviceInfoUtil: [HwID_APK_log[6.13.0.351|6.12.0.306]core DeviceInfoUtil.java:649] udid is support
06-10 18:32:30.733   874 17122 V NuPlayer: kWhatSetAudioSink
06-10 18:32:30.733   874 15630 V GenericSource: GenericSource
06-10 18:32:30.733   874 15630 V GenericSource: BufferingMonitor::getDefaultBufferingSettings{initialMode(1), rebufferingMode(3), initialMarks(5000 ms, -1 KB), rebufferingMarks(2000, 15000)ms, (40, 200)KB}
06-10 18:32:30.733   874 15630 V GenericSource: resetDataSource
06-10 18:32:30.733   874 15630 V NuPlayer: setDataSourceAsync fd 26/0/25784 source: 0xe9e20500
06-10 18:32:30.733   874 15630 V GenericSource: setDataSource 26/0/25784
06-10 18:32:30.733   874 15630 V GenericSource: resetDataSource
06-10 18:32:30.733   874 17122 V NuPlayer: kWhatSetDataSource
06-10 18:32:30.733  9406  9406 I DeviceInfoUtil: [HwID_APK_log[6.13.0.351|6.12.0.306]core DeviceInfoUtil.java:660] device name.
06-10 18:32:30.734   874 17122 V NuPlayer: kWhatGetDefaultBufferingSettings
06-10 18:32:30.734   874 17122 V GenericSource: BufferingMonitor::getDefaultBufferingSettings{initialMode(1), rebufferingMode(3), initialMarks(5000 ms, -1 KB), rebufferingMarks(2000, 15000)ms, (40, 200)KB}
06-10 18:32:30.735  9406  9406 I TerminalInfo: [HwID_APK_log[6.13.0.351|6.12.0.306]core TerminalInfo.java:1473] HMS Core getTerminalCategory terminalCategory: 0
06-10 18:32:30.736  9406 17062 I HiAnalyticsUtil: [HwID_APK_log[6.13.0.351|6.12.0.306]core HiAnalyticsUtil.java:467]  onEvent begin 
06-10 18:32:30.736  1413  1950 E KernelCpuSpeedReader: Failed to read cpu-freq: /sys/devices/system/cpu/cpu0/cpufreq/stats/time_in_state (No such file or directory)
06-10 18:32:30.736  9406 17062 I HiAnalyticsUtil: [HwID_APK_log[6.13.0.351|6.12.0.306]core HiAnalyticsUtil.java:478] type:HWID_NETWORK_CHANGED_IN_HEARTBEAT_PERIOD
06-10 18:32:30.736  1413  1950 E KernelCpuSpeedReader: Failed to read cpu-freq: /sys/devices/system/cpu/cpu4/cpufreq/stats/time_in_state (No such file or directory)
06-10 18:32:30.736 17019 17115 I keyringKit-CredentialDB: credential database init success
06-10 18:32:30.737  9406 17062 I FormalHASDK: HAImpl==> onEvent. tag:HmsProfiler, type:0, eventId:HWID_NETWORK_CHANGED_IN_HEARTBEAT_PERIOD
06-10 18:32:30.737 17121 17121 E USB_UPDATE: start check to reboot to usb update mode
06-10 18:32:30.737   874 15630 V NuPlayer: prepareAsync
06-10 18:32:30.738   874 17122 V NuPlayer: onMessageReceived kWhatPrepare
06-10 18:32:30.738   874 17122 V GenericSource: prepareAsync: (looper: 0)
06-10 18:32:30.739   874 17123 V GenericSource: onPrepareAsync: mDataSource: 0
06-10 18:32:30.741   874 17123 D GenericSource: FileSource remote
06-10 18:32:30.742   874 17123 V GenericSource: IDataSource(FileSource): 0xee5d89c0 27 0 25784
06-10 18:32:30.743 17124 17124 E libc    : Access denied finding property "ro.hwfix.ro.process_list"
06-10 18:32:30.743   874 17123 I MediaExtractor: Create (null)
06-10 18:32:30.744 17019 17115 I keyringKit-SyncingTask: isSyncingEnabledInConfig: false
06-10 18:32:30.745   871  1066 V HwExtendedExtractor: HwExtendedExtractor::Sniff   in...
06-10 18:32:30.745   871  1066 V HwExtendedExtractor: HwExtendedExtractor::Sniff   out...
06-10 18:32:30.745   871  1066 I MediaExtractor: content 'application/ogg' with conf 0.20
06-10 18:32:30.748 17019 17118 I keyringKit-SyncingTask: isSyncingEnabledInConfig: false
06-10 18:32:30.748   871  1066 I MediaExtractorService: makeExtractor ((null)), uid = 1013
06-10 18:32:30.749   874 17123 V GenericSource: initFromDataSource track[0]: audio/vorbis
06-10 18:32:30.749   874 17123 V GenericSource: initFromDataSource mSources.size(): 1  mIsSecure: 0  mime[0]: audio/vorbis
06-10 18:32:30.749   874 17123 V GenericSource: checkDrmInfo: No PSSH
06-10 18:32:30.749   874 17123 V GenericSource: finishPrepareAsync
06-10 18:32:30.749   874 17122 V NuPlayer: onSourceNotify() kWhatFlagsChanged  FLAG_CAN_PAUSE: 1  FLAG_CAN_SEEK_BACKWARD: 1 
06-10 18:32:30.749   874 17122 V NuPlayer: 				 FLAG_CAN_SEEK_FORWARD: 1  FLAG_CAN_SEEK: 1  FLAG_DYNAMIC_DURATION: 0 
06-10 18:32:30.749   874 17122 V NuPlayer: 				 FLAG_SECURE: 0  FLAG_PROTECTED: 0
06-10 18:32:30.750   874 17123 V NuPlayer: Source::notifyPrepared 0
06-10 18:32:30.750   874 17122 V NuPlayer: NuPlayer::onSourceNotify Source::kWhatPrepared source: 0xe9e20500
06-10 18:32:30.750   874 17122 D NuPlayerDriver: notifyListener_l(0xea8244d0), (1, 0, 0, -1), loop setting(0, 0)
06-10 18:32:30.750   874 17123 V GenericSource: onPrepareAsync: Done
06-10 18:32:30.751  1413  1950 E KernelCpuSpeedReader: Failed to read cpu-freq: /sys/devices/system/cpu/cpu0/cpufreq/stats/time_in_state (No such file or directory)
06-10 18:32:30.752  1413  1950 E KernelCpuSpeedReader: Failed to read cpu-freq: /sys/devices/system/cpu/cpu4/cpufreq/stats/time_in_state (No such file or directory)
06-10 18:32:30.754  2564  2642 E HsmCoreServiceImpl: onTransact in code is: 102
06-10 18:32:30.754  2564  2642 W MediaProcessHandler: processOp uid 1000 is not concerned!
06-10 18:32:30.755  2564  2642 I MediaProcessHandler: executedCallBack opType: 1 mMediaStatusObservers.size=0
06-10 18:32:30.755 17124 17124 E libc    : Access denied finding property "ro.hwfix.ro.process_list"
06-10 18:32:30.755   874 15630 D NuPlayerDriver: reset(0xea8244d0) at state 4
06-10 18:32:30.755   874 15630 D NuPlayerDriver: notifyListener_l(0xea8244d0), (8, 0, 0, -1), loop setting(0, 0)
06-10 18:32:30.755   874 15630 D NuPlayer: NuPlayer::resetAsync()
06-10 18:32:30.755   874 15630 V GenericSource: GenericSource::disconnect begin
06-10 18:32:30.756   874 15630 V GenericSource: GenericSource::disconnect end
06-10 18:32:30.756   874 15630 D NuPlayer: NuPlayer::resetAsync() post kWhatReset
06-10 18:32:30.756   874 17122 V NuPlayer: kWhatReset
06-10 18:32:30.756   874 17122 V NuPlayer: performDecoderFlush audio=2, video=2
06-10 18:32:30.756   874 17122 D NuPlayer: closeAudioSink
06-10 18:32:30.756   874 17122 W AMessage: failed to post message as target looper for handler 0 is gone.
06-10 18:32:30.756   874 17122 D NuPlayer: performReset
06-10 18:32:30.756   874 17122 V GenericSource: ~GenericSource
06-10 18:32:30.757   874 17122 V GenericSource: resetDataSource
06-10 18:32:30.757   874 17122 D NuPlayerDriver: notifyResetComplete(0xea8244d0)
06-10 18:32:30.757   874 15630 E MediaPlayerService: getDuration returned -2147483648
06-10 18:32:30.757   874 15630 D NuPlayerDriver: reset(0xea8244d0) at state 0
06-10 18:32:30.758   874 15630 D NuPlayerDriver: updateMetrics(0xea8244d0) from destructor at state 0
06-10 18:32:30.759  2564  2642 E HsmCoreServiceImpl: onTransact in code is: 102
06-10 18:32:30.760  2564  2642 W MediaProcessHandler: processOp uid 1000 is not concerned!
06-10 18:32:30.760  2564  2642 I MediaProcessHandler: executedCallBack opType: 1 mMediaStatusObservers.size=0
06-10 18:32:30.760 17019 17111 I SecurityComp10200309: BksUtil: getFilesBksIS 
06-10 18:32:30.760   862  8378 D AudioFlinger: event 163 
06-10 18:32:30.761   862  8378 D AudioFlinger: event 162 
06-10 18:32:30.763   862  8378 D AudioFlinger: event 162 
06-10 18:32:30.763 17019 17111 I SecurityComp10200309: SecureX509SingleInstance: get files bks
06-10 18:32:30.770 17005 17037 I ctaifs  : <Android 系统>[Android 系统][android]:[openFile] 打开文件
06-10 18:32:30.776   874 15630 I MediaPlayerService: MediaPlayerService::Client::setDataSource local file://?FileDescriptor=26&Offset=0&Length=25784&Path=/system/media/audio/ui
06-10 18:32:30.776   874 15630 D NuPlayer: hw fadein is disabled!
06-10 18:32:30.776   874 15630 D NuPlayerDriver: NuPlayerDriver(0xea824380) created, clientPid(1413)
06-10 18:32:30.777   874 15630 D NuPlayer: hw fadein is disabled!
06-10 18:32:30.779   874 15630 V GenericSource: GenericSource
06-10 18:32:30.779   874 17127 V NuPlayer: kWhatSetAudioSink
06-10 18:32:30.779   874 15630 V GenericSource: BufferingMonitor::getDefaultBufferingSettings{initialMode(1), rebufferingMode(3), initialMarks(5000 ms, -1 KB), rebufferingMarks(2000, 15000)ms, (40, 200)KB}
06-10 18:32:30.779   874 15630 V GenericSource: resetDataSource
06-10 18:32:30.779   874 15630 V NuPlayer: setDataSourceAsync fd 26/0/25784 source: 0xe9e20c80
06-10 18:32:30.779   874 15630 V GenericSource: setDataSource 26/0/25784
06-10 18:32:30.779   874 15630 V GenericSource: resetDataSource
06-10 18:32:30.779   874 17127 V NuPlayer: kWhatSetDataSource
06-10 18:32:30.780   874 17127 V NuPlayer: kWhatGetDefaultBufferingSettings
06-10 18:32:30.780   874 17127 V GenericSource: BufferingMonitor::getDefaultBufferingSettings{initialMode(1), rebufferingMode(3), initialMarks(5000 ms, -1 KB), rebufferingMarks(2000, 15000)ms, (40, 200)KB}
06-10 18:32:30.783   874 15630 V NuPlayer: prepareAsync
06-10 18:32:30.783   874 17127 V NuPlayer: onMessageReceived kWhatPrepare
06-10 18:32:30.783   874 17127 V GenericSource: prepareAsync: (looper: 0)
06-10 18:32:30.784   874 17131 V GenericSource: onPrepareAsync: mDataSource: 0
06-10 18:32:30.785   874 17131 D GenericSource: FileSource remote
06-10 18:32:30.786   874 17131 V GenericSource: IDataSource(FileSource): 0xee5d89c0 27 0 25784
06-10 18:32:30.786   874 17131 I MediaExtractor: Create (null)
06-10 18:32:30.789   871  1066 V HwExtendedExtractor: HwExtendedExtractor::Sniff   in...
06-10 18:32:30.789   871  1066 V HwExtendedExtractor: HwExtendedExtractor::Sniff   out...
06-10 18:32:30.789   871  1066 I MediaExtractor: content 'application/ogg' with conf 0.20
06-10 18:32:30.792   871  1066 I MediaExtractorService: makeExtractor ((null)), uid = 1013
06-10 18:32:30.793   874 17131 V GenericSource: initFromDataSource track[0]: audio/vorbis
06-10 18:32:30.793   874 17131 V GenericSource: initFromDataSource mSources.size(): 1  mIsSecure: 0  mime[0]: audio/vorbis
06-10 18:32:30.793   874 17131 V GenericSource: checkDrmInfo: No PSSH
06-10 18:32:30.793   874 17131 V GenericSource: finishPrepareAsync
06-10 18:32:30.793   874 17127 V NuPlayer: onSourceNotify() kWhatFlagsChanged  FLAG_CAN_PAUSE: 1  FLAG_CAN_SEEK_BACKWARD: 1 
06-10 18:32:30.793   874 17127 V NuPlayer: 				 FLAG_CAN_SEEK_FORWARD: 1  FLAG_CAN_SEEK: 1  FLAG_DYNAMIC_DURATION: 0 
06-10 18:32:30.793   874 17127 V NuPlayer: 				 FLAG_SECURE: 0  FLAG_PROTECTED: 0
06-10 18:32:30.794   874 17131 V NuPlayer: Source::notifyPrepared 0
06-10 18:32:30.794   874 17131 V GenericSource: onPrepareAsync: Done
06-10 18:32:30.794   874 17127 V NuPlayer: NuPlayer::onSourceNotify Source::kWhatPrepared source: 0xe9e20c80
06-10 18:32:30.794   874 17127 D NuPlayerDriver: notifyListener_l(0xea824380), (1, 0, 0, -1), loop setting(0, 0)
06-10 18:32:30.805 16996 17129 I chatty  : uid=10089(com.huawei.appmarket) StartUpExecutor expire 3 lines
06-10 18:32:30.812 17019 17111 D NetworkSecurityConfig: Using Network Security Config from resource network_security_config debugBuild: false
06-10 18:32:30.829 16996 17126 I chatty  : uid=10089(com.huawei.appmarket) logger expire 7 lines
06-10 18:32:30.868 17019 17027 I zygote64: Do partial code cache collection, code=30KB, data=21KB
06-10 18:32:30.870 17019 17027 I zygote64: After code cache collection, code=29KB, data=20KB
06-10 18:32:30.870 17019 17027 I zygote64: Increasing code cache capacity to 128KB
06-10 18:32:30.873  1413  1928 D NetdConnector: SND -> {4732 firewall disable_chain standby}
06-10 18:32:30.874  2525  2720 D BDLog   : BD.BDRecorder:LocalInfoEvent {infoID:131092, content=6827702006924568_EFeH5n70+wbgpR1lehbz1MVCGknZtg049V2lERmZF7E=
06-10 18:32:30.874  2525  2720 D BDLog   : , priority=25}
06-10 18:32:30.874  1413  1413 D WifiService: onReceive, action:android.intent.action.BATTERY_CHANGED
06-10 18:32:30.874  1413  1413 D WifiService: ACTION_BATTERY_CHANGED pluggedType: 2
06-10 18:32:30.875   858   858 W hvdcp_opti: type=1400 audit(0.0:170672): avc: denied { read } for name="dp_dm" dev="sysfs" ino=39780 scontext=u:r:hvdcp:s0 tcontext=u:object_r:sysfs:s0 tclass=file permissive=0
06-10 18:32:30.875   858   858 W hvdcp_opti: type=1400 audit(0.0:170673): avc: denied { read } for name="input_current_limited" dev="sysfs" ino=39781 scontext=u:r:hvdcp:s0 tcontext=u:object_r:sysfs:s0 tclass=file permissive=0
06-10 18:32:30.875   858   858 W hvdcp_opti: type=1400 audit(0.0:170674): avc: denied { read } for name="input_current_limited" dev="sysfs" ino=39781 scontext=u:r:hvdcp:s0 tcontext=u:object_r:sysfs:s0 tclass=file permissive=0
06-10 18:32:30.875   858   858 W hvdcp_opti: type=1400 audit(0.0:170675): avc: denied { read } for name="charge_type" dev="sysfs" ino=39752 scontext=u:r:hvdcp:s0 tcontext=u:object_r:sysfs:s0 tclass=file permissive=0
06-10 18:32:30.875   858   858 W hvdcp_opti: type=1400 audit(0.0:170676): avc: denied { read } for name="die_health" dev="sysfs" ino=39786 scontext=u:r:hvdcp:s0 tcontext=u:object_r:sysfs:s0 tclass=file permissive=0
06-10 18:32:30.875  1413  3369 E HwOEMInfoAdapter: writeByteArrayToOeminfo has run 
06-10 18:32:30.875  1413  1413 I Telecom-ChargingStatusManager: onChargingStatusChanged, mIsCharging: false -> true
06-10 18:32:30.879  1413  2193 D NetdConnector: RCV <- {200 4732 Firewall command succeeded}
06-10 18:32:30.881  1413  2193 D NetdConnector: RCV <- {200 4732 Firewall command succeeded}
06-10 18:32:30.914 16996 17134 I chatty  : uid=10089(com.huawei.appmarket) expire 4 lines
06-10 18:32:30.937 17089 17089 I HwApiCacheMangerEx: apicache path=/storage/emulated/0 state=mounted key=com.android.settings#1000#256
06-10 18:32:30.993 17089 17106 E MemoryLeakMonitorManager: MemoryLeakMonitor.jar is not exist!
06-10 18:32:30.995 17089 17089 E Minikin : Could not get cmap table size!
06-10 18:32:30.998   858   858 W hvdcp_opti: type=1400 audit(0.0:170677): avc: denied { read } for name="dp_dm" dev="sysfs" ino=39780 scontext=u:r:hvdcp:s0 tcontext=u:object_r:sysfs:s0 tclass=file permissive=0
06-10 18:32:30.998   858   858 W hvdcp_opti: type=1400 audit(0.0:170678): avc: denied { read } for name="input_current_limited" dev="sysfs" ino=39781 scontext=u:r:hvdcp:s0 tcontext=u:object_r:sysfs:s0 tclass=file permissive=0
06-10 18:32:30.998   858   858 W hvdcp_opti: type=1400 audit(0.0:170679): avc: denied { read } for name="input_current_limited" dev="sysfs" ino=39781 scontext=u:r:hvdcp:s0 tcontext=u:object_r:sysfs:s0 tclass=file permissive=0
06-10 18:32:30.998   858   858 W hvdcp_opti: type=1400 audit(0.0:170680): avc: denied { read } for name="charge_type" dev="sysfs" ino=39752 scontext=u:r:hvdcp:s0 tcontext=u:object_r:sysfs:s0 tclass=file permissive=0
06-10 18:32:30.998   858   858 W hvdcp_opti: type=1400 audit(0.0:170681): avc: denied { read } for name="die_health" dev="sysfs" ino=39786 scontext=u:r:hvdcp:s0 tcontext=u:object_r:sysfs:s0 tclass=file permissive=0
06-10 18:32:31.001 17089 17089 D UsbReceiver: initialize UsbSettingsService!
06-10 18:32:31.010 17089 17089 D UsbReceiver: ACTION_USB_STATE arrived!
06-10 18:32:31.010 17089 17089 D UsbReceiver: onUsbStateReceive chargingOnly = true, usbConnected = true
06-10 18:32:31.041 17089 17089 D UsbReceiver: ACTION_USB_STATE:usbConnected = true, usbState=manufacture,adb, chargingOnly = true, isLegacyCharging = false
06-10 18:32:31.041 17089 17089 D UsbReceiver: start usb settings service
06-10 18:32:31.043 17089 17089 W ContextImpl: Calling a method in the system process without a qualified user: android.app.ContextImpl.startService:1708 android.content.ContextWrapper.startService:657 android.content.ContextWrapper.startService:657 com.android.settings.deviceinfo.UsbReceiver.startUsbService:286 com.android.settings.deviceinfo.UsbReceiver.onUsbStateReceive:161 
06-10 18:32:31.051 17089 17089 W ndroid.settings: type=1400 audit(0.0:170682): avc: denied { open } for path="/dev/__properties__/u:object_r:hw_sys_usb_prop:s0" dev="tmpfs" ino=3731 scontext=u:r:system_app:s0 tcontext=u:object_r:hw_sys_usb_prop:s0 tclass=file permissive=0
06-10 18:32:31.053 17089 17089 D UsbReceiver: start usb settings service
06-10 18:32:31.053 17089 17089 W ContextImpl: Calling a method in the system process without a qualified user: android.app.ContextImpl.startService:1708 android.content.ContextWrapper.startService:657 android.content.ContextWrapper.startService:657 com.android.settings.deviceinfo.UsbReceiver.startUsbService:286 com.android.settings.deviceinfo.UsbReceiver.onUsbStateReceive:208 
06-10 18:32:31.055 17089 17089 E libc    : Access denied finding property "persist.sys.usb.config"
06-10 18:32:31.056  1413  8379 V BroadcastQueue: Finished with ordered broadcast BroadcastRecord{9c9f39a u-1 android.hardware.usb.action.USB_STATE}
06-10 18:32:31.058 17089 17089 E UsbSettingsService: usb service onCreate!
06-10 18:32:31.070 17089 17089 D UsbSettingsService: register intent receiver
06-10 18:32:31.073 17089 17089 D UsbSettingsService: onStartCommand, action = null
06-10 18:32:31.073 17089 17089 D UsbSettingsService: onStartCommand, action = null showMtpDialog
06-10 18:32:31.088   858   858 W hvdcp_opti: type=1400 audit(0.0:170683): avc: denied { read } for name="dp_dm" dev="sysfs" ino=39780 scontext=u:r:hvdcp:s0 tcontext=u:object_r:sysfs:s0 tclass=file permissive=0
06-10 18:32:31.088   858   858 W hvdcp_opti: type=1400 audit(0.0:170684): avc: denied { read } for name="input_current_limited" dev="sysfs" ino=39781 scontext=u:r:hvdcp:s0 tcontext=u:object_r:sysfs:s0 tclass=file permissive=0
06-10 18:32:31.088   858   858 W hvdcp_opti: type=1400 audit(0.0:170685): avc: denied { read } for name="input_current_limited" dev="sysfs" ino=39781 scontext=u:r:hvdcp:s0 tcontext=u:object_r:sysfs:s0 tclass=file permissive=0
06-10 18:32:31.088   858   858 W hvdcp_opti: type=1400 audit(0.0:170686): avc: denied { read } for name="charge_type" dev="sysfs" ino=39752 scontext=u:r:hvdcp:s0 tcontext=u:object_r:sysfs:s0 tclass=file permissive=0
06-10 18:32:31.088   858   858 W hvdcp_opti: type=1400 audit(0.0:170687): avc: denied { read } for name="die_health" dev="sysfs" ino=39786 scontext=u:r:hvdcp:s0 tcontext=u:object_r:sysfs:s0 tclass=file permissive=0
06-10 18:32:31.093 17089 17089 D UsbSettingsService: onStartCommand, action = null
06-10 18:32:31.093 17089 17089 D UsbSettingsService: BroadcastReceiver, action = android.hardware.usb.action.USB_STATE
06-10 18:32:31.094 17089 17089 D UsbSettingsService: ACTION_USB_STATE, usbConnected = true
06-10 18:32:31.099 17089 17089 D UsbSettingsService: ACTION_USB_STATE usbConnected = true, chargingOnly = false, deviceConnected = true, dataRole = -1
06-10 18:32:31.099 17089 17089 I UsbSettingsService: ACTION_USB_STATE start service!
06-10 18:32:31.100 17089 17089 D UsbSettingsService: send refresh content message to refresh usb notification
06-10 18:32:31.121   858   858 W hvdcp_opti: type=1400 audit(0.0:170688): avc: denied { read } for name="dp_dm" dev="sysfs" ino=39780 scontext=u:r:hvdcp:s0 tcontext=u:object_r:sysfs:s0 tclass=file permissive=0
06-10 18:32:31.121   858   858 W hvdcp_opti: type=1400 audit(0.0:170689): avc: denied { read } for name="input_current_limited" dev="sysfs" ino=39781 scontext=u:r:hvdcp:s0 tcontext=u:object_r:sysfs:s0 tclass=file permissive=0
06-10 18:32:31.124  2508 24066 D HwFLClassLoader: USE_FEATURE_LIST had not init! 
06-10 18:32:31.125   858   858 W hvdcp_opti: type=1400 audit(0.0:170690): avc: denied { read } for name="input_current_limited" dev="sysfs" ino=39781 scontext=u:r:hvdcp:s0 tcontext=u:object_r:sysfs:s0 tclass=file permissive=0
06-10 18:32:31.125   858   858 W hvdcp_opti: type=1400 audit(0.0:170691): avc: denied { read } for name="charge_type" dev="sysfs" ino=39752 scontext=u:r:hvdcp:s0 tcontext=u:object_r:sysfs:s0 tclass=file permissive=0
06-10 18:32:31.129 17089 17089 D UsbSettingsService: BroadcastReceiver, action = android.hardware.usb.action.USB_STATE
06-10 18:32:31.130 17089 17089 D UsbSettingsService: ACTION_USB_STATE, usbConnected = true
06-10 18:32:31.137 17005 17005 D MtpReceiver: Debug MTP:ACTION_USB_STATE 
06-10 18:32:31.137 17005 17005 D MtpReceiver: Debug MTP:handleUsbState, configured is [true] connected is [true] mtpEnabled is [false] ptpEnabled is [false] unlocked is [false] configChanged is [false]
06-10 18:32:31.137 17005 17005 D MtpReceiver: Debug MTP:stop MTP service 
06-10 18:32:31.139 17005 17005 D MtpReceiver: handleUsbState stopService status=false
06-10 18:32:31.149 17089 17089 D UsbSettingsService: ACTION_USB_STATE usbConnected = true, chargingOnly = false, deviceConnected = true, dataRole = -1
06-10 18:32:31.149 17089 17089 I UsbSettingsService: ACTION_USB_STATE start service!
06-10 18:32:31.149 17089 17089 D UsbSettingsService: send refresh content message to refresh usb notification
06-10 18:32:31.150 17089 17089 D UsbReceiver: initialize UsbSettingsService!
06-10 18:32:31.150 17089 17089 D UsbReceiver: ACTION_USB_STATE arrived!
06-10 18:32:31.150 17089 17089 D UsbReceiver: onUsbStateReceive chargingOnly = true, usbConnected = true
06-10 18:32:31.150 17089 17089 D UsbReceiver: ACTION_USB_STATE:usbConnected = true, usbState=manufacture,adb, chargingOnly = true, isLegacyCharging = false
06-10 18:32:31.150 17089 17089 D UsbReceiver: start usb settings service
06-10 18:32:31.151 17089 17089 W ContextImpl: Calling a method in the system process without a qualified user: android.app.ContextImpl.startService:1708 android.content.ContextWrapper.startService:657 android.content.ContextWrapper.startService:657 com.android.settings.deviceinfo.UsbReceiver.startUsbService:286 com.android.settings.deviceinfo.UsbReceiver.onUsbStateReceive:161 
06-10 18:32:31.152 17089 17089 D UsbReceiver: start usb settings service
06-10 18:32:31.153 17089 17089 W ContextImpl: Calling a method in the system process without a qualified user: android.app.ContextImpl.startService:1708 android.content.ContextWrapper.startService:657 android.content.ContextWrapper.startService:657 com.android.settings.deviceinfo.UsbReceiver.startUsbService:286 com.android.settings.deviceinfo.UsbReceiver.onUsbStateReceive:208 
06-10 18:32:31.154 17089 17089 E libc    : Access denied finding property "persist.sys.usb.config"
06-10 18:32:31.155 17089 17089 D UsbSettingsService: onStartCommand, action = null
06-10 18:32:31.156 17089 17089 D UsbSettingsService: onStartCommand, action = null
06-10 18:32:31.156  1413  8379 V BroadcastQueue: Finished with ordered broadcast BroadcastRecord{c1f9e8f u-1 android.hardware.usb.action.USB_STATE}
06-10 18:32:31.168  2349 17146 I chatty  : uid=10026(com.huawei.HwMultiScreenShot) com.android.systemui expire 6 lines
06-10 18:32:31.174  2349 17148 I chatty  : uid=10026(com.huawei.HwMultiScreenShot) com.android.systemui expire 5 lines
06-10 18:32:31.174  2349 17147 I chatty  : uid=10026(com.huawei.HwMultiScreenShot) com.android.systemui expire 5 lines
06-10 18:32:31.175  2349 17149 I chatty  : uid=10026(com.huawei.HwMultiScreenShot) com.android.systemui expire 5 lines
06-10 18:32:31.210  1413  2141 D HwBatteryService: onUEvent fcpStatus = 0,scpStatus =0,ovpStatus=0
06-10 18:32:31.210  1413  2141 I HwBatteryService: quick charge status : 0
06-10 18:32:31.212 32551 32551 I adbd    : Calling send_auth_request...
06-10 18:32:31.223 32551 32551 I adbd    : Loading keys from /data/misc/adb/adb_keys
06-10 18:32:31.225 32551 32551 I adbd    : adb client authorized
06-10 18:32:31.232  1413 19726 I BatteryService: normal charge status : 1
06-10 18:32:31.235  1413  1413 D WifiService: onReceive, action:android.intent.action.BATTERY_CHANGED
06-10 18:32:31.235  1413  1413 D WifiService: ACTION_BATTERY_CHANGED pluggedType: 2
06-10 18:32:31.304  1413  2199 I chatty  : uid=1000(system) WifiStateMachin expire 3 lines
06-10 18:32:31.305  1413  2201 I chatty  : uid=1000(system) HwWifiCHRStateM expire 2 lines
06-10 18:32:31.305  3473  3473 D wpa_supplicant: sta hidl pwrPercentBoostModesetInternal
06-10 18:32:31.371 16996 17168 I chatty  : uid=10089(com.huawei.appmarket) expire 8 lines
06-10 18:32:31.386 16996 17174 I chatty  : uid=10089(com.huawei.appmarket) ConcurrentGloba expire 7 lines
06-10 18:32:31.400  1413  8379 D ConnectivityService: listenForNetwork for uid/pid:10089/16996 NetworkRequest [ LISTEN id=479, [ Capabilities: INTERNET&NOT_RESTRICTED&TRUSTED&NOT_VPN] ]
06-10 18:32:31.400  1413  2217 D ConnectivityService: rematching NetworkAgentInfo [WIFI () - 105]
06-10 18:32:31.401  1413  2217 D ConnectivityService:  network has: [ Transports: WIFI Capabilities: NOT_METERED&INTERNET&NOT_RESTRICTED&TRUSTED&NOT_VPN&VALIDATED&FOREGROUND LinkUpBandwidth>=1048576Kbps LinkDnBandwidth>=1048576Kbps SignalStrength: -40]
06-10 18:32:31.401  1413  2217 D ConnectivityService: Network NetworkAgentInfo [WIFI () - 105] was already satisfying request 8. No change.
06-10 18:32:31.401  1413  2217 D ConnectivityService: Network NetworkAgentInfo [WIFI () - 105] was already satisfying request 476. No change.
06-10 18:32:31.401  1413  2217 D ConnectivityService: Network NetworkAgentInfo [WIFI () - 105] was already satisfying request 1. No change.
06-10 18:32:31.401  1413  2217 D ConnectivityService: Network NetworkAgentInfo [WIFI () - 105] was already satisfying request 5. No change.
06-10 18:32:31.401  1413  2217 D ConnectivityService: Network NetworkAgentInfo [WIFI () - 105] was already satisfying request 3. No change.
06-10 18:32:31.420 16996 17170 I chatty  : uid=10089(com.huawei.appmarket) IAppDataManager expire 4 lines
06-10 18:32:31.426 16996 17161 I chatty  : uid=10089(com.huawei.appmarket) expire 1 line
06-10 18:32:31.438   881   915 W SchedPolicy: add_tid_to_cgroup failed to write '17192' (Permission denied); fd=6
06-10 18:32:31.438   881   915 E SchedPolicy: set_cpuset_policy failed err=-22, tid=17192, policy=1
06-10 18:32:31.438 16996 17188 I chatty  : uid=10089(com.huawei.appmarket) HASDK-OnReport- expire 26 lines
06-10 18:32:31.483   881   915 W SchedPolicy: add_tid_to_cgroup failed to write '17198' (Permission denied); fd=6
06-10 18:32:31.483   881   915 E SchedPolicy: set_cpuset_policy failed err=-22, tid=17198, policy=1
06-10 18:32:31.485 16996 17194 I chatty  : uid=10089(com.huawei.appmarket) expire 43 lines
06-10 18:32:31.492  9406  9423 I ModuleQueryProvider: [HMSCore ModuleQueryProvider.java:1] Enter call, method: huawei_module_dynamicloader
06-10 18:32:31.494  9406  9423 I fwkit_kims: [fwkit KIMSServiceController.java:1378] getAPIBundle: huawei_module_dynamicloader,null
06-10 18:32:31.497  9406  9423 I fwkit_kims: [fwkit KIMSServiceController.java:1410] caller:com.huawei.appmarket targetSdk:30
06-10 18:32:31.509  9406  9423 I fwkit_kims: [fwkit KIMSServiceController.java:1604] localLevel:11, apiLevel:11
06-10 18:32:31.510  9406  9423 I fwkit_kims: [fwkit KIMSServiceController.java:1609] kitName: huawei_module_dynamicloader, version 10025301, type 3
06-10 18:32:31.572   881   915 W SchedPolicy: add_tid_to_cgroup failed to write '17205' (Permission denied); fd=6
06-10 18:32:31.572   881   915 E SchedPolicy: set_cpuset_policy failed err=-22, tid=17205, policy=1
06-10 18:32:31.608  9406  9423 I ModuleQueryProvider: [HMSCore ModuleQueryProvider.java:1] Enter call, method: huawei_module_networkkit
06-10 18:32:31.610  9406  9423 I fwkit_kims: [fwkit KIMSServiceController.java:1378] getAPIBundle: huawei_module_networkkit,null
06-10 18:32:31.613  9406  9423 I fwkit_kims: [fwkit KIMSServiceController.java:1410] caller:com.huawei.appmarket targetSdk:30
06-10 18:32:31.620   881   915 W SchedPolicy: add_tid_to_cgroup failed to write '17211' (Permission denied); fd=6
06-10 18:32:31.620   881   915 E SchedPolicy: set_cpuset_policy failed err=-22, tid=17211, policy=1
06-10 18:32:31.622  9406  9423 I fwkit_kims: [fwkit KIMSServiceController.java:1604] localLevel:11, apiLevel:1
06-10 18:32:31.623  9406  9423 I fwkit_kims: [fwkit KIMSServiceController.java:1609] kitName: huawei_module_networkkit, version 70001303, type 2
06-10 18:32:31.625  9406  9423 E fwkit_hsf_bundle_builder: [fwkit BundleResultBuilder.java:61] Empty armeabiType.
06-10 18:32:31.633  9406  9423 I ModuleQueryProvider: [HMSCore ModuleQueryProvider.java:1] Enter call, method: huawei_module_networkkit
06-10 18:32:31.635  9406  9423 I fwkit_kims: [fwkit KIMSServiceController.java:1378] getAPIBundle: huawei_module_networkkit,null
06-10 18:32:31.638  9406  9423 I fwkit_kims: [fwkit KIMSServiceController.java:1410] caller:com.huawei.appmarket targetSdk:30
06-10 18:32:31.645  9406  9423 I fwkit_kims: [fwkit KIMSServiceController.java:1604] localLevel:11, apiLevel:1
06-10 18:32:31.647  9406  9423 I fwkit_kims: [fwkit KIMSServiceController.java:1609] kitName: huawei_module_networkkit, version 70001303, type 2
06-10 18:32:31.649  9406  9423 E fwkit_hsf_bundle_builder: [fwkit BundleResultBuilder.java:61] Empty armeabiType.
06-10 18:32:31.662  1413  8379 D ConnectivityService: listenForNetwork for uid/pid:10089/16996 NetworkRequest [ LISTEN id=480, [ Capabilities: NOT_RESTRICTED&TRUSTED&NOT_VPN] ]
06-10 18:32:31.663  1413  2217 D ConnectivityService: rematching NetworkAgentInfo [WIFI () - 105]
06-10 18:32:31.663  1413  2217 D ConnectivityService:  network has: [ Transports: WIFI Capabilities: NOT_METERED&INTERNET&NOT_RESTRICTED&TRUSTED&NOT_VPN&VALIDATED&FOREGROUND LinkUpBandwidth>=1048576Kbps LinkDnBandwidth>=1048576Kbps SignalStrength: -40]
06-10 18:32:31.663  1413  2217 D ConnectivityService: Network NetworkAgentInfo [WIFI () - 105] was already satisfying request 8. No change.
06-10 18:32:31.663  1413  2217 D ConnectivityService: Network NetworkAgentInfo [WIFI () - 105] was already satisfying request 476. No change.
06-10 18:32:31.663  1413  2217 D ConnectivityService: Network NetworkAgentInfo [WIFI () - 105] was already satisfying request 1. No change.
06-10 18:32:31.663  1413  2217 D ConnectivityService: Network NetworkAgentInfo [WIFI () - 105] was already satisfying request 5. No change.
06-10 18:32:31.663  1413  2217 D ConnectivityService: Network NetworkAgentInfo [WIFI () - 105] was already satisfying request 3. No change.
06-10 18:32:31.678 16996 17194 W PackageParser: Unknown element under <manifest>: queries at /data/user_de/0/com.huawei.android.hsf/modules/external/huawei_module_networkkit/70001303/com.huawei.hms.networkkit-70001303.apk Binary XML file line #14
06-10 18:32:31.715  1413  8379 D JobServiceContext: Scheduling time out for '.service.alarm.control.HiAppPowerConnectChangeService' jId: 200002, in 18 s
06-10 18:32:31.723  1413  8379 V ActivityManager: startProcess: name=com.android.gallery3d app=null knownToBeDead=true thread=null pid=-1
06-10 18:32:31.741 17220 17220 I         : power log dlsym ok
06-10 18:32:31.741 16996 17223 I chatty  : uid=10089(com.huawei.appmarket) NK_NK_0 ->NK_Cf expire 3 lines
06-10 18:32:31.747  1413  8379 I ActivityManager: Start proc 17220:com.android.gallery3d/u0a24 for broadcast com.android.gallery3d/com.huawei.gallery.phonestatus.PowerStateReceiver
06-10 18:32:31.753 16996 17227 I chatty  : uid=10089(com.huawei.appmarket) expire 6 lines
06-10 18:32:31.763 17237 17237 E libc    : Access denied finding property "ro.hwfix.ro.process_list"
06-10 18:32:31.766 16996 17235 I chatty  : uid=10089(com.huawei.appmarket) NK_NK_0 ->NK_DN expire 5 lines
06-10 18:32:31.771 17220 17220 D ActivityThread: Attach thread to application
06-10 18:32:31.774 16996 17241 I chatty  : uid=10089(com.huawei.appmarket) expire 20 lines
06-10 18:32:31.778 16996 17236 I chatty  : uid=10089(com.huawei.appmarket) NK_NK_0 ->NK_Dn expire 11 lines
06-10 18:32:31.778 17237 17237 E libc    : Access denied finding property "ro.hwfix.ro.process_list"
06-10 18:32:31.788   612 17253 D libc    : GetAddrInfoHandler addr: ::1
06-10 18:32:31.795 17220 17220 I HwLogExceptionInner: Log blacklist 
06-10 18:32:31.801 17220 17220 D HwFLClassLoader: get used feature list :/feature/used-list failed!
06-10 18:32:31.801 17220 17220 D HwFLClassLoader: USE_FEATURE_LIST had not init! 
06-10 18:32:31.805 17220 17245 I HwApiCacheMangerEx: apicache path=/storage/emulated/0 state=mounted key=com.android.gallery3d#10024#256
06-10 18:32:31.807 17220 17245 I HwApiCacheMangerEx: apicache path=/storage/emulated/0 state=mounted key=com.android.gallery3d#10024#0
06-10 18:32:31.813   612 17247 W libc    : Set property "hw.wifi.dns_stat" to "770,146,9485,1,160752"
06-10 18:32:31.816 16996 17243 I chatty  : uid=10089(com.huawei.appmarket) NK_DnsManager_0 expire 1 line
06-10 18:32:31.817 16996 17244 I chatty  : uid=10089(com.huawei.appmarket) NK_DnsManager_0 expire 1 line
06-10 18:32:31.821 16996 17248 I chatty  : uid=10089(com.huawei.appmarket) NK_DnsManager_0 expire 1 line
06-10 18:32:31.822 16996 17251 I chatty  : uid=10089(com.huawei.appmarket) NK_DnsManager_0 expire 1 line
06-10 18:32:31.823 16996 17252 I chatty  : uid=10089(com.huawei.appmarket) NK_DnsManager_0 expire 1 line
06-10 18:32:31.850 17089 17089 D UsbSettingsService: handleMessage, msg.what = 1
06-10 18:32:31.852 17089 17089 D UsbSettingsService: isUSBDisconnected() ACTION_USB_PORT_CHANGED deviceConnected = true, portConnected = false, dataRole = -1
06-10 18:32:31.853 17089 17089 D UsbSettingsService: usb is connected, update usb notification
06-10 18:32:31.861  1413  1413 D JobServiceContext: handleServiceBound for 94aa613 #u0a89/200002 com.huawei.appmarket/.service.alarm.control.HiAppPowerConnectChangeService
06-10 18:32:31.861  1413  1413 D JobServiceContext: Scheduling time out for '.service.alarm.control.HiAppPowerConnectChangeService' jId: 200002, in 8 s
06-10 18:32:31.897  1413 15496 D JobServiceContext: doCallback of : JobStatus{94aa613 #u0a89/200002 com.huawei.appmarket/.service.alarm.control.HiAppPowerConnectChangeService u=0 s=10089 TIME=none:-182ms READY} v:VERB_STARTING
06-10 18:32:31.897  1413 15496 D JobServiceContext: Scheduling time out for '.service.alarm.control.HiAppPowerConnectChangeService' jId: 200002, in 600 s
06-10 18:32:31.913 16996 17260 I chatty  : uid=10089(com.huawei.appmarket) NK_request_0 expire 6 lines
06-10 18:32:31.913 16996 17261 I chatty  : uid=10089(com.huawei.appmarket) NK_request_1 expire 6 lines
06-10 18:32:31.922 16996 17262 I chatty  : uid=10089(com.huawei.appmarket) NK_request_2 expire 9 lines
06-10 18:32:31.924 16996 17264 I chatty  : uid=10089(com.huawei.appmarket) NK_request_3 expire 9 lines
06-10 18:32:31.937 16996 17265 I chatty  : uid=10089(com.huawei.appmarket) NK_request_4 expire 9 lines
06-10 18:32:31.950 16996 17258 I chatty  : uid=10089(com.huawei.appmarket) expire 5 lines
06-10 18:32:31.953 16996 17266 I chatty  : uid=10089(com.huawei.appmarket) NK_AiExec_1 ->N expire 1 line
06-10 18:32:31.962 16996 17271 I chatty  : uid=10089(com.huawei.appmarket) NK_AiExec_1 ->N expire 1 line
06-10 18:32:31.964 16996 17269 I chatty  : uid=10089(com.huawei.appmarket) NK_AiExec_1 ->N expire 1 line
06-10 18:32:31.965 16996 17274 I chatty  : uid=10089(com.huawei.appmarket) NK_AiExec_1 ->N expire 1 line
06-10 18:32:31.969 16996 17272 I chatty  : uid=10089(com.huawei.appmarket) NK_AiExec_1 ->N expire 1 line
06-10 18:32:31.998   858   858 W hvdcp_opti: type=1400 audit(0.0:170704): avc: denied { read } for name="dp_dm" dev="sysfs" ino=39780 scontext=u:r:hvdcp:s0 tcontext=u:object_r:sysfs:s0 tclass=file permissive=0
06-10 18:32:31.998   858   858 W hvdcp_opti: type=1400 audit(0.0:170705): avc: denied { read } for name="input_current_limited" dev="sysfs" ino=39781 scontext=u:r:hvdcp:s0 tcontext=u:object_r:sysfs:s0 tclass=file permissive=0
06-10 18:32:31.998   858   858 W hvdcp_opti: type=1400 audit(0.0:170706): avc: denied { read } for name="input_current_limited" dev="sysfs" ino=39781 scontext=u:r:hvdcp:s0 tcontext=u:object_r:sysfs:s0 tclass=file permissive=0
06-10 18:32:31.998   858   858 W hvdcp_opti: type=1400 audit(0.0:170707): avc: denied { read } for name="charge_type" dev="sysfs" ino=39752 scontext=u:r:hvdcp:s0 tcontext=u:object_r:sysfs:s0 tclass=file permissive=0
06-10 18:32:31.998   858   858 W hvdcp_opti: type=1400 audit(0.0:170708): avc: denied { read } for name="die_health" dev="sysfs" ino=39786 scontext=u:r:hvdcp:s0 tcontext=u:object_r:sysfs:s0 tclass=file permissive=0
06-10 18:32:32.000  1413  2141 D HwBatteryService: onUEvent fcpStatus = 0,scpStatus =0,ovpStatus=0
06-10 18:32:32.000  1413  2141 I HwBatteryService: quick charge status : 0
06-10 18:32:32.009   765   765 W libc    : Set property "sys.check.usbupdate" to "stop"
06-10 18:32:32.016   880  2167 I dubaid  : [PollingRoutine.cpp] notifyPolling# Polling routine start, timestamp: 1718015552016, reason: 6
06-10 18:32:32.017   880  1992 I dubaid  : [BatteryHandler.cpp] onChargerOnlineChanged# Battery charge state: 0
06-10 18:32:32.017  1413  4416 I BatteryService: normal charge status : 1
06-10 18:32:32.017  2564  2642 E HsmCoreServiceImpl: onTransact in code is: 102
06-10 18:32:32.017  2564  2642 W MediaProcessHandler: processOp uid 1000 is not concerned!
06-10 18:32:32.017  2564  2642 I MediaProcessHandler: executedCallBack opType: 1 mMediaStatusObservers.size=0
06-10 18:32:32.017   747   747 D qdlights: set_speaker_light_locked: get  property HWDUB-Q 
06-10 18:32:32.018   747   747 D qdlights: write_init ok
06-10 18:32:32.018   747   747 D qdlights: write_init ok
06-10 18:32:32.018   874 15630 D NuPlayerDriver: reset(0xea824380) at state 4
06-10 18:32:32.018   874 15630 D NuPlayerDriver: notifyListener_l(0xea824380), (8, 0, 0, -1), loop setting(0, 0)
06-10 18:32:32.018   747   747 D qdlights: write_init ok
06-10 18:32:32.018   747   747 D qdlights: set_speaker_light_locked mode=0, colorRGB=00000000, onMS=0, offMS=0, rc=0
06-10 18:32:32.019   874 15630 D NuPlayer: NuPlayer::resetAsync()
06-10 18:32:32.019   874 15630 V GenericSource: GenericSource::disconnect begin
06-10 18:32:32.019   874 15630 V GenericSource: GenericSource::disconnect end
06-10 18:32:32.019   874 15630 D NuPlayer: NuPlayer::resetAsync() post kWhatReset
06-10 18:32:32.019   874 17127 V NuPlayer: kWhatReset
06-10 18:32:32.019   874 17127 V NuPlayer: performDecoderFlush audio=2, video=2
06-10 18:32:32.019   874 17127 D NuPlayer: closeAudioSink
06-10 18:32:32.019   874 17127 W AMessage: failed to post message as target looper for handler 0 is gone.
06-10 18:32:32.019   874 17127 D NuPlayer: performReset
06-10 18:32:32.019   874 17127 V GenericSource: ~GenericSource
06-10 18:32:32.023   757   757 V LocSvc_HIDL_IzatSubscription: [powerConnectStatusUpdate][575] [HS] <<<<= [HC]
06-10 18:32:32.023  2349  2349 W PowerUI : unknown intent: Intent { act=android.intent.action.ACTION_POWER_DISCONNECTED flg=0x4000010 (has extras) }
06-10 18:32:32.023  1413  1998 D PickUpWakeScreenManager: isPickupSensorSupport isSensorSupport = true
06-10 18:32:32.024   874 17127 V GenericSource: resetDataSource
06-10 18:32:32.024  9406  9406 I fwkit_kStore_alNew_PowerReceiver: [fwkit PowerConnectChangeReceiver.java:38] enter PowerConnectChangeReceiver:android.intent.action.ACTION_POWER_DISCONNECTED
06-10 18:32:32.024   874 17127 D NuPlayerDriver: notifyResetComplete(0xea824380)
06-10 18:32:32.025  2508  3055 E HSM     : ChargeInfo: doRecordsChargeInfo chargeTime =267334503 plugType = 2 chargeType =1
06-10 18:32:32.025  9406  9406 I fwkit_ScreenStatusReceiver: [fwkit ScreenStatusReceiver.java:132] RemoveStatusSubscriber key = ContinueScreenOffDetectComponent
06-10 18:32:32.025  2508  3055 E HSM     : ChargeInfo: doRecordsChargeInfo lastCapacityRm =3160 capacityRm = 3160 mTimes = 1319 chargeBattery =0
06-10 18:32:32.025  2508  3055 E HSM     : ChargeInfo: doRecordsChargeInfo BATTERY_PLUGGED_USB chargeBattery =0
06-10 18:32:32.025  9406  9406 I fwkit_kStore_dexopt_RebootCore: [fwkit RebootCoreProcTask.java:116] Cancel pending odex optimize and reboot task.
06-10 18:32:32.025  9406  9406 I fwkit_ScreenStatusReceiver: [fwkit ScreenStatusReceiver.java:132] RemoveStatusSubscriber key = ContinueScreenOffRebootCore
06-10 18:32:32.026  2349  2349 I KgBattery: BatteryInfo updated:  3lpc-1
06-10 18:32:32.026  2349  2349 W AppHandler: sendMessage with obj100
06-10 18:32:32.026  2349  2349 D KeyguardUpdateMonitor: handleBatteryUpdate
06-10 18:32:32.026  2349  2349 I ColorPickUitls: type = 2
06-10 18:32:32.026  2349  2349 V KeyguardUpdateMonitor: RefreshBatteryInfo isBatteryLow: 79
06-10 18:32:32.026  2349  2349 V KeyguardUpdateMonitor: RefreshBatteryInfo isBatteryLow: 79
06-10 18:32:32.026  2349  2349 W HwKgdBArea_BTY: updateBatteryInfo : false  false
06-10 18:32:32.026  2349  2349 W HwLockScreenPanel: refreshBatteryInfo: null
06-10 18:32:32.026  2349  2349 W HwKgdBArea_BTY: updateBatteryInfo : false  false
