06-10 18:31:48.722  1413  4686 V WindowManager: removeAppToken: AppWindowToken{5d8e9e6 token=Token{4f81041 ActivityRecord{63abb28 u0 abc.def.ghi/.MainActivity t122}}} delayed=true Callers=com.android.server.wm.DisplayContent.removeAppToken:1027 com.android.server.wm.AppWindowContainerController.removeContainer:317 com.android.server.am.ActivityRecord.removeWindowContainer:1082 com.android.server.am.ActivityStack.removeActivityFromHistoryLocked:4616 
06-10 18:31:48.723  1413  4686 D ActivityManager: updateSleep shouldSleep:false wasSleeping:false
06-10 18:31:48.725  1413  4686 V WindowManager: No longer Stopped: AppWindowToken{7d47c02 token=Token{a94694d ActivityRecord{453e0e4 u0 com.huawei.android.launcher/.unihome.UniHomeLauncher t1}}}
06-10 18:31:48.725  1413  4686 W HwActivityManagerServiceEx: appSwitch from: abc.def.ghi to: com.huawei.android.launcher
06-10 18:31:48.726  1413  1932 W HwActivityManagerServiceEx: HwActivityNotifier end call android.app.IHwActivityNotifier$Stub$Proxy@c0a7c85 for appSwitch under user 0 cost 0
06-10 18:31:48.726  1413  1932 W HwActivityManagerServiceEx: HwActivityNotifier end call android.app.IHwActivityNotifier$Stub$Proxy@645bada for appSwitch under user 0 cost 0
06-10 18:31:48.726  1413  1932 W HwActivityManagerServiceEx: HwActivityNotifier end call android.app.IHwActivityNotifier$Stub$Proxy@93b2b0b for appSwitch under user 0 cost 0
06-10 18:31:48.730  2577  2723 E KernelCpuSpeedReader: Failed to read cpu-freq: /sys/devices/system/cpu/cpu0/cpufreq/stats/time_in_state (No such file or directory)
06-10 18:31:48.730  2577  2723 E KernelCpuSpeedReader: Failed to read cpu-freq: /sys/devices/system/cpu/cpu4/cpufreq/stats/time_in_state (No such file or directory)
06-10 18:31:48.749  1413  4686 I WindowManager: rotationForOrientationLw(orient=1, last=0); user=0 USER_ROTATION_LOCKED
06-10 18:31:48.749  1413  4686 D HwPhoneWindowManager: face_rotation: not enabled,use sensor real
06-10 18:31:48.749  1413  4686 D HwPhoneWindowManager: face_rotation:real sensor rotation = -1
06-10 18:31:48.749  1413  4686 D HwPhoneWindowManager: face_rotation: rotation = 0
06-10 18:31:48.749  1413  4686 I WindowManager: Selected orientation 1, got rotation 0 which has compatible metrics
06-10 18:31:48.750  1413  4686 D ActivityManager: handleOccludedChanged mOccluded: false
06-10 18:31:48.750  1413  4686 D WindowManager: setKeyguardOccluded occluded=false showing=false changed=true
06-10 18:31:48.751  1413  4686 V WindowManager: notifyAppResumed: wasStopped=true AppWindowToken{7d47c02 token=Token{a94694d ActivityRecord{453e0e4 u0 com.huawei.android.launcher/.unihome.UniHomeLauncher t1}}}
06-10 18:31:48.751  1413  4686 V WindowManager: No longer Stopped: AppWindowToken{7d47c02 token=Token{a94694d ActivityRecord{453e0e4 u0 com.huawei.android.launcher/.unihome.UniHomeLauncher t1}}}
06-10 18:31:48.761  1413  4686 V WindowManager: Checking 1 opening apps (frozen=false timeout=false)...
06-10 18:31:48.761  1413  4686 V WindowManager: Check opening app=AppWindowToken{7d47c02 token=Token{a94694d ActivityRecord{453e0e4 u0 com.huawei.android.launcher/.unihome.UniHomeLauncher t1}}}: allDrawn=false startingDisplayed=false startingMoved=false isRelaunching()=false
06-10 18:31:48.765  1413  1981 W ActivityManager: setHasOverlayUi called on unknown pid: 16800
06-10 18:31:48.771  1413  2602 D HwGameAssistantController: pid=2615, uid=10059, component=ComponentInfo{com.huawei.android.launcher/com.huawei.android.launcher.unihome.UniHomeLauncher}
06-10 18:31:48.771  1413  1985 D HwGameAssistantController: UPDATE: mCurFgPkg=com.huawei.android.launcher, mCurFgPid=2615, mCurIsGame=false
06-10 18:31:48.772  1413  1936 E NotificationService: Suppressing notification from package by user request.
06-10 18:31:48.772  1413  1932 W HwActivityManagerServiceEx: HwActivityNotifier end call android.app.IHwActivityNotifier$Stub$Proxy@ad0dde8 for activityLifeState under user 0 cost 0
06-10 18:31:48.772  1413  1932 W HwActivityManagerServiceEx: HwActivityNotifier end call android.app.IHwActivityNotifier$Stub$Proxy@7fb5c01 for activityLifeState under user 0 cost 0
06-10 18:31:48.773  1413  1932 W HwActivityManagerServiceEx: HwActivityNotifier end call android.app.IHwActivityNotifier$Stub$Proxy@779089f for activityLifeState under user 0 cost 1
06-10 18:31:48.773  1413  2602 I HwNetworkPolicy: onTransact, code = 203
06-10 18:31:48.774  2508  3120 I HwNetworkPolicyManager: getHwUidPolicy uid = 10059 policy = 0
06-10 18:31:48.779  1413  4686 V HwPhoneWindowManager: updateSystemUiColorLw window=Window{990f77b u0 com.huawei.android.launcher/com.huawei.android.launcher.unihome.UniHomeLauncher},EmuiStyle=-1,StatusBarColor=0xfffcfcfc,NavigationBarColor=0x0, mLastIsEmuiLightStyle=-1, mForceNotchStatusBar=false
06-10 18:31:48.783  1413  4686 V WindowManager: Checking 1 opening apps (frozen=false timeout=false)...
06-10 18:31:48.783  1413  4686 V WindowManager: Check opening app=AppWindowToken{7d47c02 token=Token{a94694d ActivityRecord{453e0e4 u0 com.huawei.android.launcher/.unihome.UniHomeLauncher t1}}}: allDrawn=false startingDisplayed=false startingMoved=false isRelaunching()=false
06-10 18:31:48.805  1413 19726 D WindowManager: finishDrawingWindow: Window{990f77b u0 com.huawei.android.launcher/com.huawei.android.launcher.unihome.UniHomeLauncher} mDrawState=DRAW_PENDING
06-10 18:31:48.809  1413  2135 V WindowManager: Checking 1 opening apps (frozen=false timeout=false)...
06-10 18:31:48.809  1413  2135 V WindowManager: Check opening app=AppWindowToken{7d47c02 token=Token{a94694d ActivityRecord{453e0e4 u0 com.huawei.android.launcher/.unihome.UniHomeLauncher t1}}}: allDrawn=true startingDisplayed=false startingMoved=false isRelaunching()=false
06-10 18:31:48.809  1413  2135 I WindowManager: closing apps count = 0
06-10 18:31:48.860  2349 29202 I CommandQueue: updateBarBgColor
06-10 18:31:48.860  2349 29202 D CommandQueue: CommandQueue, setBarBackgroundColor
06-10 18:31:49.214  1413  1413 I HwAudioService: check HiRes Icon false
06-10 18:32:00.005  1413  1413 V AlarmManager: Received TIME_TICK alarm; rescheduling
06-10 18:32:00.006  1413  1413 I HwAlarmManagerService: hwSetAlarm listenerTag: time_tick
06-10 18:32:00.065  1413  2315 V BroadcastQueue: Finished with ordered broadcast BroadcastRecord{9bad439 u-1 android.intent.action.TIME_TICK}
06-10 18:32:00.521  1413  2467 E Watchdog: Failed to write to /sys/kernel/hungtask/vm_heart
06-10 18:32:00.521  1413  2467 E Watchdog: java.io.FileNotFoundException: /sys/kernel/hungtask/vm_heart (Permission denied)
06-10 18:32:00.521  1413  2467 E Watchdog: 	at java.io.FileOutputStream.open0(Native Method)
06-10 18:32:00.521  1413  2467 E Watchdog: 	at java.io.FileOutputStream.open(FileOutputStream.java:287)
06-10 18:32:00.521  1413  2467 E Watchdog: 	at java.io.FileOutputStream.<init>(FileOutputStream.java:223)
06-10 18:32:00.521  1413  2467 E Watchdog: 	at java.io.FileOutputStream.<init>(FileOutputStream.java:110)
06-10 18:32:00.521  1413  2467 E Watchdog: 	at com.android.server.Watchdog.writeHungtask(Watchdog.java:904)
06-10 18:32:00.521  1413  2467 E Watchdog: 	at com.android.server.Watchdog.run(Watchdog.java:563)
06-10 18:32:19.018  1413 19726 I BatteryService: normal charge status : 1
06-10 18:32:19.051  1413  1413 D WifiService: onReceive, action:android.intent.action.BATTERY_CHANGED
06-10 18:32:19.051  1413  1413 D WifiService: ACTION_BATTERY_CHANGED pluggedType: 0
06-10 18:32:27.635  1413  2141 D HwBatteryService: onUEvent fcpStatus = 0,scpStatus =0,ovpStatus=0
06-10 18:32:27.637  1413  2141 I HwBatteryService: quick charge status : 0
06-10 18:32:27.689  1413  2141 D HwBatteryService: onUEvent fcpStatus = 0,scpStatus =0,ovpStatus=0
06-10 18:32:27.689  1413  2141 I HwBatteryService: quick charge status : 0
06-10 18:32:27.697  1413  2141 D HwBatteryService: onUEvent fcpStatus = 0,scpStatus =0,ovpStatus=0
06-10 18:32:27.698  1413  2141 I HwBatteryService: quick charge status : 0
06-10 18:32:27.706  1413 19726 I BatteryService: normal charge status : 1
06-10 18:32:27.717  1413  1413 D WifiService: onReceive, action:android.intent.action.BATTERY_CHANGED
06-10 18:32:27.717  1413  1413 D WifiService: ACTION_BATTERY_CHANGED pluggedType: 0
06-10 18:32:27.724  1413  2315 I BatteryService: normal charge status : 1
06-10 18:32:27.735  1413  1413 I Telecom-ChargingStatusManager: onChargingStatusChanged, mIsCharging: false -> true
06-10 18:32:27.736  1413  8379 I BatteryService: normal charge status : 1
06-10 18:32:27.759  1413  1950 E KernelCpuSpeedReader: Failed to read cpu-freq: /sys/devices/system/cpu/cpu0/cpufreq/stats/time_in_state (No such file or directory)
06-10 18:32:27.759  1413  1950 E KernelCpuSpeedReader: Failed to read cpu-freq: /sys/devices/system/cpu/cpu4/cpufreq/stats/time_in_state (No such file or directory)
06-10 18:32:27.770  1413  1936 E KernelCpuSpeedReader: Failed to read cpu-freq: /sys/devices/system/cpu/cpu0/cpufreq/stats/time_in_state (No such file or directory)
06-10 18:32:27.770  1413  1936 E KernelCpuSpeedReader: Failed to read cpu-freq: /sys/devices/system/cpu/cpu4/cpufreq/stats/time_in_state (No such file or directory)
06-10 18:32:27.811  1413  1413 D WifiService: onReceive, action:android.intent.action.BATTERY_CHANGED
06-10 18:32:27.811  1413  1413 D WifiService: ACTION_BATTERY_CHANGED pluggedType: 0
06-10 18:32:27.814  1413  1413 D WifiService: onReceive, action:android.intent.action.BATTERY_CHANGED
06-10 18:32:27.814  1413  1413 D WifiService: ACTION_BATTERY_CHANGED pluggedType: 0
06-10 18:32:27.935  1413  2141 D HwBatteryService: onUEvent fcpStatus = 0,scpStatus =0,ovpStatus=0
06-10 18:32:27.936  1413  2141 I HwBatteryService: quick charge status : 0
06-10 18:32:27.967  1413 19726 I BatteryService: normal charge status : 1
06-10 18:32:27.976  1413  1413 D WifiService: onReceive, action:android.intent.action.BATTERY_CHANGED
06-10 18:32:27.976  1413  1413 D WifiService: ACTION_BATTERY_CHANGED pluggedType: 0
06-10 18:32:29.727  1413  2141 D HwBatteryService: onUEvent fcpStatus = 0,scpStatus =0,ovpStatus=0
06-10 18:32:29.728  1413  2141 I HwBatteryService: quick charge status : 0
06-10 18:32:29.736  1413  2141 D HwBatteryService: onUEvent fcpStatus = 0,scpStatus =0,ovpStatus=0
06-10 18:32:29.738  1413  2141 I HwBatteryService: quick charge status : 0
06-10 18:32:29.764  1413  2315 D BatteryService: power connected,isWirelessCharge:false
06-10 18:32:29.765  1413  2315 I BatteryService: normal charge status : 1
06-10 18:32:29.768  1413  1413 I EntropyMixer: Writing entropy...
06-10 18:32:29.770  2349  2349 W PowerUI : unknown intent: Intent { act=android.intent.action.ACTION_POWER_CONNECTED flg=0x4000010 (has extras) }
06-10 18:32:29.773  1413  1998 D PickUpWakeScreenManager: isPickupSensorSupport isSensorSupport = true
06-10 18:32:29.779  1413  1936 V ActivityManager: startProcess: name=com.huawei.appmarket app=null knownToBeDead=true thread=null pid=-1
06-10 18:32:29.780  1413  2315 I BatteryService: normal charge status : 1
06-10 18:32:29.802  1413  1936 I ActivityManager: Start proc 16996:com.huawei.appmarket/u0a89 for broadcast com.huawei.appmarket/.service.alarm.PowerConnectChangeReceiver
06-10 18:32:29.804  1413  2140 I ActivityManager: Need to start process android.process.media for provider ContentProviderInfo{name=media className=com.android.providers.media.MediaProvider}, callerApp: ProcessRecord{353fe6b 0:system/1000}
06-10 18:32:29.804  1413  2140 V ActivityManager: startProcess: name=android.process.media app=null knownToBeDead=false thread=null pid=-1
06-10 18:32:29.806  1413  2141 D HwBatteryService: onUEvent fcpStatus = 0,scpStatus =0,ovpStatus=0
06-10 18:32:29.807  1413  2141 I HwBatteryService: quick charge status : 0
06-10 18:32:29.811  1413  1950 E KernelCpuSpeedReader: Failed to read cpu-freq: /sys/devices/system/cpu/cpu0/cpufreq/stats/time_in_state (No such file or directory)
06-10 18:32:29.812  1413  1950 E KernelCpuSpeedReader: Failed to read cpu-freq: /sys/devices/system/cpu/cpu4/cpufreq/stats/time_in_state (No such file or directory)
06-10 18:32:29.815  1413  2315 I BatteryService: normal charge status : 1
06-10 18:32:29.822  1413  2140 I ActivityManager: Start proc 17005:android.process.media/u0a16 for content provider com.android.providers.media/.MediaProvider
06-10 18:32:29.824  1413  2140 V ActivityManager_MU: Waiting to start provider ContentProviderRecord{2f2e6fb u0 com.android.providers.media/.MediaProvider} launchingApp=ProcessRecord{5b8308a 17005:android.process.media/u0a16} caller pid= 1413
06-10 18:32:29.826  1413  2315 I ActivityManager: Need to start process com.huawei.hwid.container2 for provider ContentProviderInfo{name=com.huawei.hms.runtimekit.kitcontainerservice.KitProcessAgent2Provider className=com.huawei.hms.runtimekit.kitcontainerservice.KitProcessAgent2Provider}, callerApp: ProcessRecord{e87dcff 9406:com.huawei.hwid.core/u0a57}
06-10 18:32:29.826  1413  1950 E KernelCpuSpeedReader: Failed to read cpu-freq: /sys/devices/system/cpu/cpu0/cpufreq/stats/time_in_state (No such file or directory)
06-10 18:32:29.826  1413  2315 V ActivityManager: startProcess: name=com.huawei.hwid.container2 app=null knownToBeDead=false thread=null pid=-1
06-10 18:32:29.826  1413  1950 E KernelCpuSpeedReader: Failed to read cpu-freq: /sys/devices/system/cpu/cpu4/cpufreq/stats/time_in_state (No such file or directory)
06-10 18:32:29.835 16996 16996 D ActivityThread: Attach thread to application
06-10 18:32:29.842  1413  2315 I ActivityManager: Start proc 17019:com.huawei.hwid.container2/u0a57 for content provider com.huawei.hwid/com.huawei.hms.runtimekit.kitcontainerservice.KitProcessAgent2Provider
06-10 18:32:29.848  1413  2315 V ActivityManager_MU: Waiting to start provider ContentProviderRecord{945d171 u0 com.huawei.hwid/com.huawei.hms.runtimekit.kitcontainerservice.KitProcessAgent2Provider} launchingApp=ProcessRecord{4ef0318 17019:com.huawei.hwid.container2/u0a57} caller pid= 9406
06-10 18:32:29.851 17005 17005 D ActivityThread: Attach thread to application
06-10 18:32:29.874 17019 17019 D ActivityThread: Attach thread to application
06-10 18:32:30.030  1413  2141 D HwBatteryService: onUEvent fcpStatus = 0,scpStatus =0,ovpStatus=0
06-10 18:32:30.031  1413  2141 I HwBatteryService: quick charge status : 0
06-10 18:32:30.041  1413  2601 I BatteryService: normal charge status : 1
06-10 18:32:30.077  1413  3369 E HwOEMInfoAdapter: writeByteArrayToOeminfo has run 
06-10 18:32:30.078  1413  1928 D NetdConnector: SND -> {4730 firewall disable_chain standby}
06-10 18:32:30.084  1413  1413 D WifiService: onReceive, action:android.intent.action.BATTERY_CHANGED
06-10 18:32:30.084  1413  1413 D WifiService: ACTION_BATTERY_CHANGED pluggedType: 2
06-10 18:32:30.086  1413  1998 D PickUpWakeScreenManager: isPickupSensorSupport isSensorSupport = true
06-10 18:32:30.110  1413  1950 E KernelCpuSpeedReader: Failed to read cpu-freq: /sys/devices/system/cpu/cpu0/cpufreq/stats/time_in_state (No such file or directory)
06-10 18:32:30.110  1413  1950 E KernelCpuSpeedReader: Failed to read cpu-freq: /sys/devices/system/cpu/cpu4/cpufreq/stats/time_in_state (No such file or directory)
06-10 18:32:30.123  1413  1413 D JobServiceContext: Scheduling time out for '.shortcuts.ContactsJobService' jId: 1, in 18 s
06-10 18:32:30.126  1413  1950 E KernelCpuSpeedReader: Failed to read cpu-freq: /sys/devices/system/cpu/cpu0/cpufreq/stats/time_in_state (No such file or directory)
06-10 18:32:30.127  1413  1950 E KernelCpuSpeedReader: Failed to read cpu-freq: /sys/devices/system/cpu/cpu4/cpufreq/stats/time_in_state (No such file or directory)
06-10 18:32:30.140  1413  1413 D JobServiceContext: Scheduling time out for '.ContactsJobService' jId: 1, in 18 s
06-10 18:32:30.147  2349  2349 W PowerUI : unknown intent: Intent { act=android.intent.action.ACTION_POWER_DISCONNECTED flg=0x4000010 (has extras) }
06-10 18:32:30.149  1413  1413 D JobServiceContext: Scheduling time out for '.DownloadJobService' jId: 318, in 18 s
06-10 18:32:30.155  1413  2193 D NetdConnector: RCV <- {200 4730 Firewall command succeeded}
06-10 18:32:30.156  1413  2193 D NetdConnector: RCV <- {200 4730 Firewall command succeeded}
06-10 18:32:30.161  1413  1413 D JobServiceContext: Scheduling time out for '.DownloadJobService' jId: 319, in 18 s
06-10 18:32:30.166  1413  2140 V ActivityManager: Successfully start provider ContentProviderRecord{2f2e6fb u0 com.android.providers.media/.MediaProvider} launchingApp=ProcessRecord{5b8308a 17005:android.process.media/u0a16} caller pid= 1413
06-10 18:32:30.167  1413  1413 D JobServiceContext: Scheduling time out for '.DownloadJobService' jId: 320, in 18 s
06-10 18:32:30.169  1413  8379 W HwAlarmManagerService: isContainsAppUidInWorksource-->happend NameNotFoundException
06-10 18:32:30.170  1413  8379 W HwAlarmManagerService: isContainsAppUidInWorksource-->happend NameNotFoundException
06-10 18:32:30.171  1413  1413 D WifiService: onReceive, action:android.intent.action.BATTERY_CHANGED
06-10 18:32:30.171  1413  1413 D WifiService: ACTION_BATTERY_CHANGED pluggedType: 2
06-10 18:32:30.172  1413  8379 D SmartHeartBeat: isPendingPackage, false, pkg:com.android.deskclock, action:com.android.deskclock.ALARM_ALERT,not pending alarm with AlarmClockInfo
06-10 18:32:30.173  1413  1413 D WifiService: onReceive, action:android.intent.action.BATTERY_CHANGED
06-10 18:32:30.173  1413  1413 D WifiService: ACTION_BATTERY_CHANGED pluggedType: 2
06-10 18:32:30.173  1413  8379 I HwAlarmManagerService: hwSetAlarm listenerTag: *job.delay*
06-10 18:32:30.173  1413  8379 I JobScheduler.Time: mNextDelayExpiredElapsedMillis: 270985751
06-10 18:32:30.175  1413  1928 D NetdConnector: SND -> {4731 firewall enable_chain standby}
06-10 18:32:30.176  1413  1413 D WifiService: onReceive, action:android.intent.action.BATTERY_CHANGED
06-10 18:32:30.176  1413  1413 D WifiService: ACTION_BATTERY_CHANGED pluggedType: 0
06-10 18:32:30.176  1413  1413 I Telecom-ChargingStatusManager: onChargingStatusChanged, mIsCharging: true -> false
06-10 18:32:30.181  1413  1413 D JobServiceContext: handleServiceBound for 142af01 #u0a35/1 com.android.mms/.shortcuts.ContactsJobService
06-10 18:32:30.181  1413  1413 D JobServiceContext: Scheduling time out for '.shortcuts.ContactsJobService' jId: 1, in 8 s
06-10 18:32:30.182  1413  2193 D NetdConnector: RCV <- {200 4731 Firewall command succeeded}
06-10 18:32:30.183  1413  1413 D JobServiceContext: handleServiceBound for 53d39 #u0a9/1 com.android.contacts/.ContactsJobService
06-10 18:32:30.183  1413  1413 D JobServiceContext: Scheduling time out for '.ContactsJobService' jId: 1, in 8 s
06-10 18:32:30.183  1413  2193 D NetdConnector: RCV <- {200 4731 Firewall command succeeded}
06-10 18:32:30.184  1413  1413 D JobServiceContext: handleServiceBound for 943a1a8 #u0a16/319 DownloadManager:com.android.providers.downloads
06-10 18:32:30.184  1413  1413 D JobServiceContext: Job cancelled while waiting for bind to complete. JobStatus{943a1a8 #u0a16/319 DownloadManager:com.android.providers.downloads u=0 s=10026 NET=2 WAIT:APP_NOT_IDLE}
06-10 18:32:30.198  1413  1413 W HwAlarmManagerService: isContainsAppUidInWorksource-->happend NameNotFoundException
06-10 18:32:30.198  1413  1413 W HwAlarmManagerService: isContainsAppUidInWorksource-->happend NameNotFoundException
06-10 18:32:30.199  1413  1413 D SmartHeartBeat: isPendingPackage, false, pkg:com.android.deskclock, action:com.android.deskclock.ALARM_ALERT,not pending alarm with AlarmClockInfo
06-10 18:32:30.200  1413  1413 I HwAlarmManagerService: hwSetAlarm listenerTag: *job.delay*
06-10 18:32:30.200  1413  1413 I JobScheduler.Time: mNextDelayExpiredElapsedMillis: 267363987
06-10 18:32:30.201  1413  1413 D JobServiceContext: handleServiceBound for bf3a5cb #u0a16/318 DownloadManager:com.android.providers.downloads
06-10 18:32:30.201  1413  1413 D JobServiceContext: Job cancelled while waiting for bind to complete. JobStatus{bf3a5cb #u0a16/318 DownloadManager:com.android.providers.downloads u=0 s=10026 NET=2 WAIT:APP_NOT_IDLE}
06-10 18:32:30.204  1413  1413 D JobServiceContext: handleServiceBound for cfd34c1 #u0a16/320 DownloadManager:com.android.providers.downloads
06-10 18:32:30.205  1413  1413 D JobServiceContext: Job cancelled while waiting for bind to complete. JobStatus{cfd34c1 #u0a16/320 DownloadManager:com.android.providers.downloads u=0 s=10026 NET=2 WAIT:APP_NOT_IDLE}
--------- beginning of main
06-10 18:32:30.259   874 17070 V NuPlayer: performDecoderFlush audio=2, video=2
06-10 18:32:30.259   874 17070 D NuPlayer: closeAudioSink
06-10 18:32:30.259   874 17070 W AMessage: failed to post message as target looper for handler 0 is gone.
06-10 18:32:30.259   874 17070 D NuPlayer: performReset
06-10 18:32:30.259   874 17070 V GenericSource: ~GenericSource
06-10 18:32:30.259   874 17070 V GenericSource: resetDataSource
06-10 18:32:30.259 17019 17019 I fwkit_utils_fiu: runtime in json:61300301,installed:61300301,time:1717544697000,size:544840B,use installed
06-10 18:32:30.259   874 17070 D NuPlayerDriver: notifyResetComplete(0xea8244d0)
06-10 18:32:30.259   874 15630 E MediaPlayerService: getDuration returned -2147483648
06-10 18:32:30.260   874 15630 D NuPlayerDriver: reset(0xea8244d0) at state 0
06-10 18:32:30.260   874 15630 D NuPlayerDriver: updateMetrics(0xea8244d0) from destructor at state 0
06-10 18:32:30.261  2577  2723 E KernelCpuSpeedReader: Failed to read cpu-freq: /sys/devices/system/cpu/cpu0/cpufreq/stats/time_in_state (No such file or directory)
06-10 18:32:30.261  2577  2723 E KernelCpuSpeedReader: Failed to read cpu-freq: /sys/devices/system/cpu/cpu4/cpufreq/stats/time_in_state (No such file or directory)
06-10 18:32:30.261  2564  2642 E HsmCoreServiceImpl: onTransact in code is: 102
06-10 18:32:30.261  2564  2642 W MediaProcessHandler: processOp uid 1000 is not concerned!
06-10 18:32:30.261  2564  2642 I MediaProcessHandler: executedCallBack opType: 1 mMediaStatusObservers.size=0
06-10 18:32:30.262   862  8378 D AudioFlinger: event 163 
06-10 18:32:30.263   862  8378 D AudioFlinger: event 162 
06-10 18:32:30.264   872  7182 D MediaAnalyticsService: MediaAnalyticsService::newSummarizerSet
06-10 18:32:30.265   872  7182 D MediaAnalyticsService: Deleting oldest record set....
06-10 18:32:30.265   862  8378 D AudioFlinger: event 162 
06-10 18:32:30.265  2577  2723 E KernelCpuSpeedReader: Failed to read cpu-freq: /sys/devices/system/cpu/cpu0/cpufreq/stats/time_in_state (No such file or directory)
06-10 18:32:30.265 17019 17019 I fwkit_utils_fiu: com.huawei.hms.runtimekit.apk is ok, size 544840B, consistent check :true, cost 6
06-10 18:32:30.266  2577  2723 E KernelCpuSpeedReader: Failed to read cpu-freq: /sys/devices/system/cpu/cpu4/cpufreq/stats/time_in_state (No such file or directory)
06-10 18:32:30.271 17019 17019 I zygote64: The ClassLoaderContext is a special shared library.
06-10 18:32:30.272 17019 17019 I fwkit_CLUtils: New dloader com.huawei.hms.runtimekit.apk,cost:6
06-10 18:32:30.274 17019 17019 I fwkit_fwui_rpr: loadProperties finish, properties is {package_category=1, reclaim_threshold=32, enable_check_sign=true, package_type=1, need_check_statement_status=0} cost:1
06-10 18:32:30.279 17019 17019 I fwkit_DeviceInfo: 1. detectHuaweiFeature: -1
06-10 18:32:30.281 17019 17019 I fwkit_DeviceInfo: 2. detectAndroidFeature: -1
06-10 18:32:30.281 17005 17037 I ctaifs  : <Android 系统>[Android 系统][android]:[openFile] 打开文件
06-10 18:32:30.281 17019 17019 I fwkit_DeviceInfo: System property is found: default
06-10 18:32:30.281 17019 17019 I fwkit_DeviceInfo: 3. detectSystemProperty: 0
06-10 18:32:30.281 17019 17019 I fwkit_DeviceInfo: Final DeviceType: 0
06-10 18:32:30.284 17019 17019 I fwkit_ShareLib: hmscore library: [commonKit_restclient]
06-10 18:32:30.285 17019 17019 I fwkit_ShareLib: hmscore add library: commonKit_restclient
06-10 18:32:30.285 17019 17019 I fwkit_ShareLib: manager library: [commonKit_restclient]
06-10 18:32:30.286 17019 17019 I fwkit_ShareLib: manager add library: commonKit_restclient
06-10 18:32:30.286 17019 17019 I fwkit_ShareLib: no Use Library: runtime
06-10 18:32:30.287   874 15630 I MediaPlayerService: MediaPlayerService::Client::setDataSource local file://?FileDescriptor=26&Offset=0&Length=25784&Path=/system/media/audio/ui
06-10 18:32:30.287   874 15630 D NuPlayer: hw fadein is disabled!
06-10 18:32:30.287   874 15630 D NuPlayerDriver: NuPlayerDriver(0xea824380) created, clientPid(1413)
06-10 18:32:30.288   874 15630 D NuPlayer: hw fadein is disabled!
06-10 18:32:30.290   874 15630 V GenericSource: GenericSource
06-10 18:32:30.290   874 17074 V NuPlayer: kWhatSetAudioSink
06-10 18:32:30.290   874 15630 V GenericSource: BufferingMonitor::getDefaultBufferingSettings{initialMode(1), rebufferingMode(3), initialMarks(5000 ms, -1 KB), rebufferingMarks(2000, 15000)ms, (40, 200)KB}
06-10 18:32:30.290   874 15630 V GenericSource: resetDataSource
06-10 18:32:30.290   874 15630 V NuPlayer: setDataSourceAsync fd 26/0/25784 source: 0xe9e20380
06-10 18:32:30.290   874 15630 V GenericSource: setDataSource 26/0/25784
06-10 18:32:30.290   874 15630 V GenericSource: resetDataSource
06-10 18:32:30.291   874 17074 V NuPlayer: kWhatSetDataSource
06-10 18:32:30.291  2525  2720 D BDLog   : BD.BDRecorder:LocalInfoEvent {infoID:131093, content=9302930705633016_bbJhRcDuSPUFxUS+n1Dfog==
06-10 18:32:30.291  2525  2720 D BDLog   : , priority=15}
06-10 18:32:30.291 17019 17019 I fwkit_kac_cl: update router config ams api level: 14
06-10 18:32:30.291   874 17074 V NuPlayer: kWhatGetDefaultBufferingSettings
06-10 18:32:30.291   874 17074 V GenericSource: BufferingMonitor::getDefaultBufferingSettings{initialMode(1), rebufferingMode(3), initialMarks(5000 ms, -1 KB), rebufferingMarks(2000, 15000)ms, (40, 200)KB}
06-10 18:32:30.294   874 15630 V NuPlayer: prepareAsync
06-10 18:32:30.294   874 17074 V NuPlayer: onMessageReceived kWhatPrepare
06-10 18:32:30.295   874 17074 V GenericSource: prepareAsync: (looper: 0)
06-10 18:32:30.295   874 17075 V GenericSource: onPrepareAsync: mDataSource: 0
06-10 18:32:30.296   874 17075 D GenericSource: FileSource remote
06-10 18:32:30.297   874 17075 V GenericSource: IDataSource(FileSource): 0xee5d89c0 27 0 25784
06-10 18:32:30.298   874 17075 I MediaExtractor: Create (null)
06-10 18:32:30.300   871 16585 V HwExtendedExtractor: HwExtendedExtractor::Sniff   in...
06-10 18:32:30.300   871 16585 V HwExtendedExtractor: HwExtendedExtractor::Sniff   out...
06-10 18:32:30.300   871 16585 I MediaExtractor: content 'application/ogg' with conf 0.20
06-10 18:32:30.301  1413 15496 I chatty  : uid=1000(system) Binder:1413_1D expire 12 lines
06-10 18:32:30.303   871 16585 I MediaExtractorService: makeExtractor ((null)), uid = 1013
06-10 18:32:30.306  2577  2723 E KernelCpuSpeedReader: Failed to read cpu-freq: /sys/devices/system/cpu/cpu0/cpufreq/stats/time_in_state (No such file or directory)
06-10 18:32:30.306  2577  2723 E KernelCpuSpeedReader: Failed to read cpu-freq: /sys/devices/system/cpu/cpu4/cpufreq/stats/time_in_state (No such file or directory)
06-10 18:32:30.308   874 17075 V GenericSource: initFromDataSource track[0]: audio/vorbis
06-10 18:32:30.308   874 17075 V GenericSource: initFromDataSource mSources.size(): 1  mIsSecure: 0  mime[0]: audio/vorbis
06-10 18:32:30.308   874 17075 V GenericSource: checkDrmInfo: No PSSH
06-10 18:32:30.309   874 17075 V GenericSource: finishPrepareAsync
06-10 18:32:30.309   874 17074 V NuPlayer: onSourceNotify() kWhatFlagsChanged  FLAG_CAN_PAUSE: 1  FLAG_CAN_SEEK_BACKWARD: 1 
06-10 18:32:30.309   874 17074 V NuPlayer: 				 FLAG_CAN_SEEK_FORWARD: 1  FLAG_CAN_SEEK: 1  FLAG_DYNAMIC_DURATION: 0 
06-10 18:32:30.309   874 17074 V NuPlayer: 				 FLAG_SECURE: 0  FLAG_PROTECTED: 0
06-10 18:32:30.309   874 17075 V NuPlayer: Source::notifyPrepared 0
06-10 18:32:30.309   874 17074 V NuPlayer: NuPlayer::onSourceNotify Source::kWhatPrepared source: 0xe9e20380
06-10 18:32:30.309   874 17074 D NuPlayerDriver: notifyListener_l(0xea824380), (1, 0, 0, -1), loop setting(0, 0)
06-10 18:32:30.309   874 17075 V GenericSource: onPrepareAsync: Done
06-10 18:32:30.310  2577  2949 I chatty  : uid=1000(system) actions handler expire 29 lines
06-10 18:32:30.313  2564  2642 E HsmCoreServiceImpl: onTransact in code is: 102
06-10 18:32:30.313  2564  2642 W MediaProcessHandler: processOp uid 1000 is not concerned!
06-10 18:32:30.313  2564  2642 I MediaProcessHandler: executedCallBack opType: 1 mMediaStatusObservers.size=0
06-10 18:32:30.314   874 15630 D NuPlayerDriver: reset(0xea824380) at state 4
06-10 18:32:30.314   874 15630 D NuPlayerDriver: notifyListener_l(0xea824380), (8, 0, 0, -1), loop setting(0, 0)
06-10 18:32:30.314   874 15630 D NuPlayer: NuPlayer::resetAsync()
06-10 18:32:30.314   874 15630 V GenericSource: GenericSource::disconnect begin
06-10 18:32:30.314   874 15630 V GenericSource: GenericSource::disconnect end
06-10 18:32:30.314   874 15630 D NuPlayer: NuPlayer::resetAsync() post kWhatReset
06-10 18:32:30.314   874 17074 V NuPlayer: kWhatReset
06-10 18:32:30.314   874 17074 V NuPlayer: performDecoderFlush audio=2, video=2
06-10 18:32:30.314   874 17074 D NuPlayer: closeAudioSink
06-10 18:32:30.314   874 17074 W AMessage: failed to post message as target looper for handler 0 is gone.
06-10 18:32:30.314   874 17074 D NuPlayer: performReset
06-10 18:32:30.314   874 17074 V GenericSource: ~GenericSource
06-10 18:32:30.314   874 17074 V GenericSource: resetDataSource
06-10 18:32:30.315   874 17074 D NuPlayerDriver: notifyResetComplete(0xea824380)
06-10 18:32:30.315   874 15630 E MediaPlayerService: getDuration returned -2147483648
06-10 18:32:30.315   874 15630 D NuPlayerDriver: reset(0xea824380) at state 0
06-10 18:32:30.316   874 15630 D NuPlayerDriver: updateMetrics(0xea824380) from destructor at state 0
06-10 18:32:30.317  2564  2642 E HsmCoreServiceImpl: onTransact in code is: 102
06-10 18:32:30.317  2564  2642 W MediaProcessHandler: processOp uid 1000 is not concerned!
06-10 18:32:30.317  2564  2642 I MediaProcessHandler: executedCallBack opType: 1 mMediaStatusObservers.size=0
06-10 18:32:30.317   862  8378 D AudioFlinger: event 163 
06-10 18:32:30.322 17019 17019 I fwkit_utils_fiu: parseApkInfo:com.huawei.hms.commonkit_61300301
06-10 18:32:30.326 17019 17019 I fwkit_coreapk_utils: packageName: com.huawei.hwid
06-10 18:32:30.328 17019 17019 I fwkit_utils: Get precast HMS path:/system/app/HMS,time:1670310886000
06-10 18:32:30.328 17019 17019 I fwkit_utils_fiu: isAssetJsonValid:true isSysAppJsonValid:false
06-10 18:32:30.328 17019 17019 I fwkit_utils_fiu: fillKitInfo:com.huawei.hms.commonkit_61300301
06-10 18:32:30.328 17019 17019 I fwkit_utils_fiu: commonkit in json,isSystemApp:false,Framework-common.apk_61300301
06-10 18:32:30.330 17019 17019 I fwkit_utils_fiu: parseApkInfo:com.huawei.hms.commonkit_61300301
06-10 18:32:30.331 17019 17019 I fwkit_utils_fiu: isAssetJsonValid:true isSysAppJsonValid:false
06-10 18:32:30.331 17019 17019 I fwkit_utils_fiu: fillKitInfo:com.huawei.hms.commonkit_61300301
06-10 18:32:30.331 17019 17019 I fwkit_utils_fiu: commonkit in json,isSystemApp:false,Framework-common.apk_61300301
06-10 18:32:30.332 17019 17019 I fwkit_utils_fiu: commonkit in json:61300301,installed:61300301,time:1717544697000,size:1284967B,use installed
06-10 18:32:30.335 17019 17019 I fwkit_utils_fiu: com.huawei.hms.commonkit.apk is ok, size 1284967B, consistent check :true, cost 2
06-10 18:32:30.336 17019 17019 W zygote64: Unsupported class loader
06-10 18:32:30.340 17019 17019 W zygote64: Skipping duplicate class check due to unsupported classloader
06-10 18:32:30.343 17019 17019 I fwkit_CLUtils: New dloader com.huawei.hms.commonkit.apk,cost:7
06-10 18:32:30.348 17019 17019 I LogAdaptor: init: priority = 3, moduleName = fwkit
06-10 18:32:30.350 17019 17048 I AppLogManager: already init
06-10 18:32:30.350 17019 17048 I FeedbackNode: HMS log-dir is: /storage/emulated/0/Android/data/com.huawei.hwid/files/Log
06-10 18:32:30.359 17019 17019 I LogAdaptor: init: priority = 3, moduleName = fwkit
06-10 18:32:30.360 17019 17048 I AppLogManager: already init
06-10 18:32:30.360 17019 17048 I FeedbackNode: HMS log-dir is: /storage/emulated/0/Android/data/com.huawei.hwid/files/Log
06-10 18:32:30.368 17019 17019 I fwkit_sdk_fm: onAttachBaseContext end
06-10 18:32:30.368 17019 17019 I fwkit_sdk_fm: FrameworkManager onAttachBaseContext cost:363
06-10 18:32:30.368 17019 17019 I CoreApplication: [HMSCore CoreApplication.java:19] Init KMS finish. --> attachBaseContext
06-10 18:32:30.368 17019 17077 V HwWidgetFactory: : successes to get AllImpl object and return....
06-10 18:32:30.368 17019 17019 I CoreApplication: [HMSCore CoreApplication.java:39] Init CoreApplication finish. --> attachBaseContext cost:390
06-10 18:32:30.384 17019 17019 I fwkit_proc_utils: [fwkit HmsProcUtils.java:162] init over
06-10 18:32:30.401  1413  2315 V ActivityManager: Successfully start provider ContentProviderRecord{945d171 u0 com.huawei.hwid/com.huawei.hms.runtimekit.kitcontainerservice.KitProcessAgent2Provider} launchingApp=ProcessRecord{4ef0318 17019:com.huawei.hwid.container2/u0a57} caller pid= 9406
06-10 18:32:30.404 17019 17041 I fwkit_AbP: [fwkit AbsContentProvider.java:86] cp:com.huawei.hwid;query;content://com.huawei.hms.runtimekit.kitcontainerservice.KitProcessAgent2Provider
06-10 18:32:30.404 17019 17019 I CoreApplication: [HMSCore CoreApplication.java:1] install provider cost:36
06-10 18:32:30.404 17019 17019 I CoreApplication: [HMSCore CoreApplication.java:3] Start to init CoreApplication. --> onCreate
06-10 18:32:30.404 17019 17019 W fwkit_HonorAgreementHelper: is statement Process, enable is false
06-10 18:32:30.404 17019 17019 I CoreApplication: [isDex2oatProcess] cur proc name :com.huawei.hwid.container2
06-10 18:32:30.404 17019 17019 I CoreApplication: [HMSCore CoreApplication.java:10] Start to init KMS. --> onCreate
06-10 18:32:30.405 17019 17019 I fwkit_sdk_fm: onCreate start
06-10 18:32:30.405 17019 17019 I fwkit_sdk_fm: handle RuntimeActivityThread init for:com.huawei.hwid.container2
06-10 18:32:30.407 17019 17019 I fwkit_sdk_fm: onCreate end
06-10 18:32:30.407 17019 17019 I fwkit_sdk_fm: FrameworkManager onCreate cost:2
06-10 18:32:30.408 17019 17019 I CoreApplication: [HMSCore CoreApplication.java:12] Init KMS finish. --> onCreate
06-10 18:32:30.408  9406  9997 I fwkit_kams_RuntimeManager: [fwkit RuntimeManager.java:233] queryKCSBinder add kcs manager:com.huawei.hwid.container2
06-10 18:32:30.410 12655 12655 D ContactsJobService: in DYNAMIC_SHORTCUTS_JOB_ID, onStartJob end
06-10 18:32:30.410 17019 17019 I CoreApplication: [HMSCore CoreApplication.java:28] Init CoreApplication finish. --> onCreate cost:6
06-10 18:32:30.411 17019 17042 E MemoryLeakMonitorManager: MemoryLeakMonitor.jar is not exist!
06-10 18:32:30.411 12655 17082 D DynamicShortcuts: ShortcutUpdateTask.doInBackground begin
06-10 18:32:30.412 17019 17019 E Minikin : Could not get cmap table size!
06-10 18:32:30.412 17019 17077 I fwkit_kac_dynamic_loader: [fwkit SplitCompat.java:198] getSplitPath application.packageName = com.huawei.hms.commonkit
06-10 18:32:30.413 17019 17077 I fwkit_kac_dynamic_loader: [fwkit SplitCompat.java:201] getSplitPath dirs == null || dirs.length == 0
06-10 18:32:30.413  1413  2315 D JobServiceContext: doCallback of : JobStatus{142af01 #u0a35/1 com.android.mms/.shortcuts.ContactsJobService u=0 s=10035 WAIT:APP_NOT_IDLE URIS=[android.app.job.JobInfo$TriggerContentUri@f6a93fc1]} v:VERB_STARTING
06-10 18:32:30.413  1413  2315 D JobServiceContext: Job cancelled while waiting for onStartJob to complete.
06-10 18:32:30.413 17019 17077 I fwkit_kac_dynamic_loader: [fwkit SplitCompat.java:134] dynamicInstall no splitPaths
06-10 18:32:30.413  1413  2315 D JobServiceContext: Scheduling time out for '.shortcuts.ContactsJobService' jId: 1, in 8 s
06-10 18:32:30.414  1413  2315 D JobServiceContext: doCallback of : JobStatus{142af01 #u0a35/1 com.android.mms/.shortcuts.ContactsJobService u=0 s=10035 WAIT:APP_NOT_IDLE URIS=[android.app.job.JobInfo$TriggerContentUri@f6a93fc1]} v:VERB_STOPPING
06-10 18:32:30.420 17019 17077 I fwkit_CommonInitUtil: framework network start init.
06-10 18:32:30.427 17019 17077 I NetworkKit_NetworkKit: kac_cl_commonkit-thread-1|NetworkKit|35|init  Version:7.0.3.300  BuildTime:2023-06-27
06-10 18:32:30.431 17019 17081 I fwkit_sm: [fwkit ServiceManager.java:227] register [com.huawei.hwid.container2] DeathRecipient to core process
06-10 18:32:30.431 17019 17077 W NetworkKit_ActivityUtil: kac_cl_commonkit-thread-1|common.ActivityUtil|156|context is not application, register background fail
06-10 18:32:30.433 17019 17077 I fwkit_NetInitThread: framework network init finished.
06-10 18:32:30.436 17019 17081 I fwkit_HmsProfiler: [fwkit HmsProfiler.java:91] hms profiler init enter
06-10 18:32:30.438   858   858 W hvdcp_opti: type=1400 audit(0.0:170656): avc: denied { read } for name="dp_dm" dev="sysfs" ino=39780 scontext=u:r:hvdcp:s0 tcontext=u:object_r:sysfs:s0 tclass=file permissive=0
06-10 18:32:30.438   858   858 W hvdcp_opti: type=1400 audit(0.0:170657): avc: denied { read } for name="input_current_limited" dev="sysfs" ino=39781 scontext=u:r:hvdcp:s0 tcontext=u:object_r:sysfs:s0 tclass=file permissive=0
06-10 18:32:30.438   858   858 W hvdcp_opti: type=1400 audit(0.0:170658): avc: denied { read } for name="input_current_limited" dev="sysfs" ino=39781 scontext=u:r:hvdcp:s0 tcontext=u:object_r:sysfs:s0 tclass=file permissive=0
06-10 18:32:30.438   858   858 W hvdcp_opti: type=1400 audit(0.0:170659): avc: denied { read } for name="charge_type" dev="sysfs" ino=39752 scontext=u:r:hvdcp:s0 tcontext=u:object_r:sysfs:s0 tclass=file permissive=0
06-10 18:32:30.438   858   858 W hvdcp_opti: type=1400 audit(0.0:170660): avc: denied { read } for name="die_health" dev="sysfs" ino=39786 scontext=u:r:hvdcp:s0 tcontext=u:object_r:sysfs:s0 tclass=file permissive=0
06-10 18:32:30.438 17019 17081 I fwkit_fwui_rpr: loadProperties finish, properties is {package_category=1, reclaim_threshold=32, enable_check_sign=true, package_type=1, need_check_statement_status=0} cost:0
06-10 18:32:30.446 17019 17081 I fwkit_coreapk_utils: packageName: com.huawei.hwid
06-10 18:32:30.451 17019 17081 I fwkit_proc_utils: init over
06-10 18:32:30.452 17005 17005 D MtpReceiver: Debug MTP:ACTION_USB_STATE 
06-10 18:32:30.452 17005 17005 D MtpReceiver: Debug MTP:handleUsbState, configured is [false] connected is [true] mtpEnabled is [false] ptpEnabled is [false] unlocked is [false] configChanged is [false]
06-10 18:32:30.452 17005 17005 D MtpReceiver: Debug MTP:stop MTP service 
06-10 18:32:30.453 17019 17084 I fwkit_Mixed_PM: [fwkit MixedPackageManager.java:145] handler create success
06-10 18:32:30.454 17019 17084 I fwkit_Mixed_PM: [fwkit MixedPackageManager.java:156] register registerKitCacheClearReceiver
06-10 18:32:30.454 17005 17005 D MtpReceiver: handleUsbState stopService status=false
06-10 18:32:30.457  1413  2315 I chatty  : uid=1000(system) Binder:1413_4 expire 17 lines
06-10 18:32:30.457  1413  2315 V ActivityManager: startProcess: name=com.android.settings app=null knownToBeDead=true thread=null pid=-1
06-10 18:32:30.461  1413  4416 D JobServiceContext: doCallback of : JobStatus{53d39 #u0a9/1 com.android.contacts/.ContactsJobService u=0 s=10009 WAIT:APP_NOT_IDLE URIS=[android.app.job.JobInfo$TriggerContentUri@f6a93fc1]} v:VERB_STARTING
06-10 18:32:30.461  1413  4416 D JobServiceContext: Job cancelled while waiting for onStartJob to complete.
06-10 18:32:30.461  1413  4416 D JobServiceContext: Scheduling time out for '.ContactsJobService' jId: 1, in 8 s
06-10 18:32:30.461  1413  4416 D JobServiceContext: doCallback of : JobStatus{53d39 #u0a9/1 com.android.contacts/.ContactsJobService u=0 s=10009 WAIT:APP_NOT_IDLE URIS=[android.app.job.JobInfo$TriggerContentUri@f6a93fc1]} v:VERB_STOPPING
06-10 18:32:30.464 17019 17083 E fwkit_RC_Parser: [fwkit RemoteConfigParser.java:538] parseListFromConfig is blank
06-10 18:32:30.465 17019 17083 I fwkit_ShareLibManager: [fwkit ClassLoaderManager.java:528] sSharedLibRemoteConfig: []
06-10 18:32:30.467 17019 17083 I fwkit_ShareLibManager: [fwkit ClassLoaderManager.java:118] kitUid: keyring_60900325, mClassLoaderPath:/system/framework/hwkeystore.jar:/system/framework/org.apache.http.legacy.jar:/data/user_de/0/com.huawei.hwid/files/kits/com.huawei.hms.keyring/60900325/com.huawei.hms.keyring.apk, sharePath: []
06-10 18:32:30.468 17019 17083 I fwkit_ShareLib: [fwkit ProxyClassLoader.java:100] keyring_60900325 add library: commonKit_restclient
06-10 18:32:30.470 17019 17083 W zygote64: Unsupported class loader
06-10 18:32:30.473 17019 17083 W zygote64: Skipping duplicate class check due to unsupported classloader
06-10 18:32:30.473 17019 17083 W System  : ClassLoader referenced unknown path: /system/framework/org.apache.http.legacy.jar
06-10 18:32:30.473  1413  2315 I ActivityManager: Start proc 17089:com.android.settings/1000 for broadcast com.android.settings/.deviceinfo.UsbReceiver
06-10 18:32:30.473 17019 17083 W zygote64: Unsupported class loader
06-10 18:32:30.475 17089 17089 W main    : type=1400 audit(0.0:170661): avc: denied { create } for name="cgroup.procs" scontext=u:r:zygote:s0 tcontext=u:object_r:cgroup:s0 tclass=file permissive=0
06-10 18:32:30.477 17019 17084 I NetworkKit_DynamicLoadPermit: kac_cl_commonkit-thread-1 -->NetworkKit_NetworkKit_0|api.a|19|is dynamic load: false, advance: true
06-10 18:32:30.477 17019 17084 I NetworkKit_NetworkKit: kac_cl_commonkit-thread-1 -->NetworkKit_NetworkKit_0|NetworkKit|21|not dynamic load
06-10 18:32:30.478 17089 17089 I         : power log dlsym ok
06-10 18:32:30.483 17019 17084 I NetworkKit_NetworkKitProvider: kac_cl_commonkit-thread-1 -->NetworkKit_NetworkKit_0|NetworkKitProvider|34|load local result is: true
06-10 18:32:30.483 17019 17081 I fwkit_HmsProfiler: [fwkit HmsProfiler.java:110] hms profiler init start
06-10 18:32:30.485 17019 17081 I fwkit_HmsProfiler: [fwkit HmsProfiler.java:117] hms profiler init end
06-10 18:32:30.488 17019 17084 I NetworkKit_NetworkKitProvider: kac_cl_commonkit-thread-1 -->NetworkKit_NetworkKit_0|NetworkKitProvider|78|provider client version code: 7.0.3.300, api level: 11
06-10 18:32:30.488 17019 17094 W fwkit_CrashHandler: [fwkit CrashHandler.java:132] processName is: com.huawei.hwid.container2
06-10 18:32:30.489 17019 17094 I fwkit_UnExpHandler: [fwkit UncaughtExceptionHandler.java:67] init
06-10 18:32:30.489 17019 17084 I NetworkKit_NetworkKitProvider: kac_cl_commonkit-thread-1 -->NetworkKit_NetworkKit_0|NetworkKitProvider|110|NetworkKitProvider is dynamic provider result : false
06-10 18:32:30.490 17019 17083 W zygote64: Skipping duplicate class check due to unsupported classloader
06-10 18:32:30.492 17019 17094 W fwkit_CrashHandler: [fwkit CrashHandler.java:138] is: com.huawei.hwid.container2
06-10 18:32:30.492 17019 17083 I fwkit_CLUtils: [fwkit ClsLoaderUtils.java:64] New dloader com.huawei.hms.keyring.apk,cost:22
06-10 18:32:30.493 17019 17083 I fwkit_ShareLib: [fwkit ClassLoaderManager.java:146] classLoader: dalvik.system.DexClassLoader[DexPathList[[zip file "/system/framework/hwkeystore.jar", zip file "/data/user_de/0/com.huawei.hwid/files/kits/com.huawei.hms.keyring/60900325/com.huawei.hms.keyring.apk"],nativeLibraryDirectories=[/data/user_de/0/com.huawei.hwid/files/kits/com.huawei.hms.keyring/60900325/lib, /system/lib64, /vendor/lib64, /product/lib64]]]
06-10 18:32:30.494 17019 17084 I NetworkKit_PackageUtils: kac_cl_commonkit-thread-1 -->NetworkKit_NetworkKit_0|common.PackageManagerCompat|144|kitContext: com.huawei.hms.commonkit
06-10 18:32:30.499 17019 17102 I fwkit_CountryCodeBean: [fwkit CountryCodeBean.java:163] countryCode by ro.hw.country is: cn
06-10 18:32:30.500 17019 17102 I fwkit_CountryCodeBean: [fwkit CountryCodeBean.java:112] get issue_country code from VENDOR_COUNTRY
06-10 18:32:30.505 17089 17089 D ActivityThread: Attach thread to application
06-10 18:32:30.510 17019 17084 I NetworkKit_ConfigManager: kac_cl_commonkit-thread-1 -->NetworkKit_NetworkKit_0|embedded.j|50|init :com.huawei.hms.commonkit
06-10 18:32:30.522  1413  2467 E Watchdog: Failed to write to /sys/kernel/hungtask/vm_heart
06-10 18:32:30.522  1413  2467 E Watchdog: java.io.FileNotFoundException: /sys/kernel/hungtask/vm_heart (Permission denied)
06-10 18:32:30.522  1413  2467 E Watchdog: 	at java.io.FileOutputStream.open0(Native Method)
06-10 18:32:30.522  1413  2467 E Watchdog: 	at java.io.FileOutputStream.open(FileOutputStream.java:287)
06-10 18:32:30.522  1413  2467 E Watchdog: 	at java.io.FileOutputStream.<init>(FileOutputStream.java:223)
06-10 18:32:30.522  1413  2467 E Watchdog: 	at java.io.FileOutputStream.<init>(FileOutputStream.java:110)
06-10 18:32:30.522  1413  2467 E Watchdog: 	at com.android.server.Watchdog.writeHungtask(Watchdog.java:904)
06-10 18:32:30.522  1413  2467 E Watchdog: 	at com.android.server.Watchdog.run(Watchdog.java:563)
06-10 18:32:30.525 17089 17089 I HwLogExceptionInner: Log blacklist 
06-10 18:32:30.528 12655 17082 D DynamicShortcuts: set dynamic shortcuts []
06-10 18:32:30.528 12655 17082 I DynamicShortcuts: updatePinnedShortcuts
06-10 18:32:30.530 17089 17089 D HwFLClassLoader: get used feature list :/feature/used-list failed!
06-10 18:32:30.530 17089 17089 D HwFLClassLoader: USE_FEATURE_LIST had not init! 
06-10 18:32:30.530 17089 17089 W System  : ClassLoader referenced unknown path: /system/framework/com.felicanetworks.felica.jar
06-10 18:32:30.533 17019 17094 I fwkit_CrashHandler: [fwkit CrashHandler.java:471] fileData is empty, no report
06-10 18:32:30.541 12655 17082 D DynamicShortcuts: ShortcutUpdateTask.doInBackground end
06-10 18:32:30.541 17019 17083 I zygote64: Deoptimizing java.lang.Class com.huawei.hms.runtimekit.classloadermanager.b.loadClass(java.lang.String, boolean) due to JIT inline cache
06-10 18:32:30.542 17089 17089 W System  : ClassLoader referenced unknown path: /system/framework/com.felicanetworks.felicaextra.jar
06-10 18:32:30.550 12655 12655 D DynamicShortcuts: ShortcutUpdateTask.onPostExecute begin
06-10 18:32:30.552  1413  4416 D JobServiceContext: Stale callback received, ignoring.
06-10 18:32:30.572 17089 17089 W zygote64: ClassLoaderContext classpath size mismatch for position 0. expected=0, found=1 (PCL[] | PCL[/system/framework/com.huawei.iconnect.wearable.jar*749258439])
06-10 18:32:30.575 17019 17094 I fwkit_MemoryMonitor: [fwkit MemoryMonitor.java:103] processRamEvent stage: mem_t1 pkgName: none version:none
06-10 18:32:30.575 17019 17094 I fwkit_MemoryMonitor: [fwkit MemoryMonitor.java:142] do something
06-10 18:32:30.582 17019 17019 I fwkit_KitDAReporter: [fwkit KitDailyActivateReporter.java:168] sim state changed, state = 1, simCountry = 
06-10 18:32:30.585 17019 17084 I NetworkKit_PLSharedPreferences: kac_cl_commonkit-thread-1 -->NetworkKit_NetworkKit_0|common.PLSharedPreferences|233|sp size 0
06-10 18:32:30.586 17019 17084 I NetworkKit_ConfigManager: kac_cl_commonkit-thread-1 -->NetworkKit_NetworkKit_0|embedded.j|225|remote config has been disabled
06-10 18:32:30.586 17019 17084 I NetworkKit_PackageUtils: kac_cl_commonkit-thread-1 -->NetworkKit_NetworkKit_0|common.PackageManagerCompat|144|kitContext: com.huawei.hms.commonkit
06-10 18:32:30.588  1413  4416 D JobServiceContext: Stale callback received, ignoring.
06-10 18:32:30.595   858   858 W hvdcp_opti: type=1400 audit(0.0:170662): avc: denied { read } for name="dp_dm" dev="sysfs" ino=39780 scontext=u:r:hvdcp:s0 tcontext=u:object_r:sysfs:s0 tclass=file permissive=0
06-10 18:32:30.595   858   858 W hvdcp_opti: type=1400 audit(0.0:170663): avc: denied { read } for name="input_current_limited" dev="sysfs" ino=39781 scontext=u:r:hvdcp:s0 tcontext=u:object_r:sysfs:s0 tclass=file permissive=0
06-10 18:32:30.595   858   858 W hvdcp_opti: type=1400 audit(0.0:170664): avc: denied { read } for name="input_current_limited" dev="sysfs" ino=39781 scontext=u:r:hvdcp:s0 tcontext=u:object_r:sysfs:s0 tclass=file permissive=0
06-10 18:32:30.595   858   858 W hvdcp_opti: type=1400 audit(0.0:170665): avc: denied { read } for name="charge_type" dev="sysfs" ino=39752 scontext=u:r:hvdcp:s0 tcontext=u:object_r:sysfs:s0 tclass=file permissive=0
06-10 18:32:30.595   858   858 W hvdcp_opti: type=1400 audit(0.0:170666): avc: denied { read } for name="die_health" dev="sysfs" ino=39786 scontext=u:r:hvdcp:s0 tcontext=u:object_r:sysfs:s0 tclass=file permissive=0
06-10 18:32:30.624 17019 17083 I fwkit_kac_kitloader: [fwkit KitLoaderManager.java:251] kit loaded:keyring_60900325, cost :211 ms
06-10 18:32:30.626 17019 17019 I fwkit_kac_dynamic_loader: [fwkit SplitCompat.java:198] getSplitPath application.packageName = com.huawei.hms.keyring
06-10 18:32:30.626 17019 17019 I fwkit_kac_dynamic_loader: [fwkit SplitCompat.java:201] getSplitPath dirs == null || dirs.length == 0
06-10 18:32:30.627 17019 17019 I fwkit_kac_dynamic_loader: [fwkit SplitCompat.java:134] dynamicInstall no splitPaths
06-10 18:32:30.640 17019 17084 I NetworkKit_NetworkKit: kac_cl_commonkit-thread-1 -->NetworkKit_NetworkKit_0|NetworkKit|35|init  Version:7.0.3.300  BuildTime:2023-06-27
06-10 18:32:30.640 17019 17084 W NetworkKit_ActivityUtil: kac_cl_commonkit-thread-1 -->NetworkKit_NetworkKit_0|common.ActivityUtil|156|context is not application, register background fail
06-10 18:32:30.645 17019 17019 I keyringKit-KeyringApplication: has created.
06-10 18:32:30.646 17019 17084 I NetworkKit_NetworkServiceManager: kac_cl_commonkit-thread-1 -->NetworkKit_NetworkKit_0|embedded.i4|123|networkServices map is: {netdiag=com.huawei.hms.network.netdiag.NetDiagnosisService@f710a2f, dns=com.huawei.hms.network.dns.DNSService@395d83c, config=com.huawei.hms.network.conf.api.ConfigService@91789c5}
06-10 18:32:30.651 17019 17084 I NetworkKit_NetworkServiceManager: kac_cl_commonkit-thread-1 -->NetworkKit_NetworkKit_0|embedded.i4|50|dnsService,setOptions:
06-10 18:32:30.652 17019 17084 I NetworkKit_NetworkServiceManager: kac_cl_commonkit-thread-1 -->NetworkKit_NetworkKit_0|embedded.i4|50|netdiagService,setOptions:
