06-10 13:48:57.523  1413  2141 I chatty  : uid=1000(system) UEventObserver expire 14 lines
06-10 13:48:58.799  1413  2467 I chatty  : uid=1000(system) watchdog expire 14 lines
06-10 13:49:00.046  1413 19726 I chatty  : uid=1000(system) Binder:1413_1F expire 1 line
06-10 13:49:00.064  1413  4686 I chatty  : uid=1000(system) Binder:1413_10 expire 2 lines
06-10 13:51:07.271  1413  2146 I chatty  : uid=1000(system) Binder:1413_3 expire 4 lines
06-10 13:51:07.403  1413  2375 I chatty  : uid=1000(system) Binder:1413_6 expire 12 lines
06-10 13:54:00.070  1413  2366 I chatty  : uid=1000(system) Binder:1413_5 expire 6 lines
06-10 13:54:37.555  1413  2601 I chatty  : uid=1000(system) Binder:1413_A expire 5 lines
06-10 13:55:40.245  1413  2201 I chatty  : uid=1000(system) HwWifiCHRStateM expire 5 lines
06-10 13:55:40.297 29195 29195 D ActivityThread: Attach thread to application
06-10 13:55:58.839  1413  2467 I chatty  : uid=1000(system) watchdog expire 8 lines
06-10 13:56:00.007  1413  1413 I chatty  : uid=1000 system_server expire 12 lines
06-10 13:56:00.654  1413  2193 I chatty  : uid=1000(system) NetdConnector expire 22 lines
06-10 13:56:00.661  1413  1979 I chatty  : uid=1000(system) android.fg expire 10 lines
06-10 13:56:34.610  1413  2141 I chatty  : uid=1000(system) UEventObserver expire 6 lines
06-10 13:56:34.632  1413  2602 I chatty  : uid=1000(system) Binder:1413_B expire 4 lines
06-10 13:59:39.344  1413  1979 I chatty  : uid=1000(system) android.fg expire 28 lines
06-10 13:59:50.490  1413  2141 I chatty  : uid=1000(system) UEventObserver expire 22 lines
06-10 13:59:58.864  1413  2467 I chatty  : uid=1000(system) watchdog expire 24 lines
06-10 14:00:00.012  1413  1413 I chatty  : uid=1000 system_server expire 50 lines
06-10 14:00:00.050  1413  2146 I chatty  : uid=1000(system) Binder:1413_3 expire 1 line
06-10 14:00:00.066  1413  8370 I chatty  : uid=1000(system) Binder:1413_17 expire 12 lines
06-10 14:00:00.070  1413  4697 I chatty  : uid=1000(system) Binder:1413_12 expire 4 lines
06-10 14:00:00.145  2577 18393 E KernelCpuSpeedReader: Failed to read cpu-freq: /sys/devices/system/cpu/cpu0/cpufreq/stats/time_in_state (No such file or directory)
06-10 14:00:00.145  2577 18393 E KernelCpuSpeedReader: Failed to read cpu-freq: /sys/devices/system/cpu/cpu4/cpufreq/stats/time_in_state (No such file or directory)
06-10 14:00:08.110  1413  2193 I chatty  : uid=1000(system) NetdConnector expire 54 lines
06-10 14:01:37.910  1413 10949 I chatty  : uid=1000(system) Binder:1413_1A expire 10 lines
06-10 14:03:00.072  1413  4686 I chatty  : uid=1000(system) Binder:1413_10 expire 1 line
06-10 14:03:13.084  1413  1950 I chatty  : uid=1000(system) batterystats-wo expire 3 lines
06-10 14:03:43.140  1413  2267 I chatty  : uid=1000(system) StatisticsCHRMs expire 4 lines
06-10 14:03:44.052  1413  2366 I chatty  : uid=1000(system) Binder:1413_5 expire 11 lines
06-10 14:05:00.064  1413  2601 I chatty  : uid=1000(system) Binder:1413_A expire 4 lines
06-10 14:11:00.060  1413 19726 I chatty  : uid=1000(system) Binder:1413_1F expire 6 lines
06-10 14:11:48.699  1413  2141 I chatty  : uid=1000(system) UEventObserver expire 12 lines
06-10 14:11:58.944  1413  2467 I chatty  : uid=1000(system) watchdog expire 12 lines
06-10 14:12:00.006  1413  1413 I chatty  : uid=1000 system_server expire 22 lines
06-10 14:12:00.063  1413 10949 I chatty  : uid=1000(system) Binder:1413_1A expire 4 lines
06-10 14:12:08.251  1413  2366 I chatty  : uid=1000(system) Binder:1413_5 expire 2 lines
06-10 14:12:08.279  1413  2193 I chatty  : uid=1000(system) NetdConnector expire 22 lines
06-10 14:12:08.283  1413  1979 I chatty  : uid=1000(system) android.fg expire 15 lines
06-10 14:15:00.079  1413  7249 I chatty  : uid=1000(system) Binder:1413_15 expire 11 lines
06-10 14:15:40.403  1413  1928 I chatty  : uid=1000(system) android.bg expire 1 line
06-10 14:16:00.073  1413  2601 I chatty  : uid=1000(system) Binder:1413_A expire 1 line
06-10 14:17:46.614  1413  3112 I chatty  : uid=1000(system) Binder:1413_E expire 2 lines
06-10 14:17:46.620  1413  2195 I chatty  : uid=1000(system) NetworkStats expire 9 lines
06-10 14:17:46.754 30813 30813 D ActivityThread: Attach thread to application
06-10 14:17:47.277  1413  7249 I chatty  : uid=1000(system) Binder:1413_15 expire 6 lines
06-10 14:17:47.329 30813 30813 W ContextImpl: Calling a method in the system process without a qualified user: android.app.ContextImpl.startService:1708 android.content.ContextWrapper.startService:657 android.content.ContextWrapper.startService:657 com.huawei.hiwibd.android.trigger.HiWiTrigger.startHiWIService:146 com.huawei.hiwibd.android.trigger.HiWiReceiver$1.handleMessage:28 
06-10 14:17:47.815  1413  1413 I chatty  : uid=1000 system_server expire 10 lines
06-10 14:17:58.982  1413  2467 I chatty  : uid=1000(system) watchdog expire 1 line
06-10 14:18:03.360  1413 28100 I chatty  : uid=1000 system_server expire 3 lines
06-10 14:18:03.365  1413  2207 I chatty  : uid=1000(system) IpManager.wlan0 expire 3 lines
06-10 14:18:03.369  1413  2193 I chatty  : uid=1000(system) NetdConnector expire 39 lines
06-10 14:18:03.441  1413  2214 I chatty  : uid=1000(system) WifiP2pService expire 15 lines
06-10 14:18:03.446  1413  2217 I chatty  : uid=1000(system) ConnectivitySer expire 20 lines
06-10 14:18:03.476  1413  2199 I chatty  : uid=1000(system) WifiStateMachin expire 3 lines
06-10 14:18:03.532  1413 19732 I chatty  : uid=1000(system) Binder:1413_20 expire 3 lines
06-10 14:18:03.564  2508  2508 W ContextImpl: Calling a method in the system process without a qualified user: android.app.ContextImpl.startService:1708 android.content.ContextWrapper.startService:657 com.huawei.systemmanager.rainbow.client.background.service.CloudBroadcastHandlerService$1.onReceive:69 android.app.LoadedApk$ReceiverDispatcher$Args.lambda$-android_app_LoadedApk$ReceiverDispatcher$Args_59936:1459 android.app.-$Lambda$aS31cHIhRx41653CMnd4gZqshIQ.$m$7:4 
06-10 14:18:03.571  1413  1413 I chatty  : uid=1000 system_server expire 6 lines
06-10 14:18:03.574  1413  2196 I chatty  : uid=1000(system) NetworkPolicy expire 2 lines
06-10 14:18:03.590  1413  2575 I chatty  : uid=1000(system) Binder:1413_9 expire 3 lines
06-10 14:18:03.596  1413  2614 I chatty  : uid=1000(system) Binder:1413_C expire 1 line
06-10 14:18:03.607  1413  1979 I chatty  : uid=1000(system) android.fg expire 6 lines
06-10 14:18:03.620  1413  1981 I chatty  : uid=1000(system) android.display expire 2 lines
06-10 14:18:03.656   877   877 W wificond: enter wifi_stop_supplicant ...
06-10 14:18:03.656   877   877 W wificond: supplicant prop is null, wait at most 2 seconds for completion
06-10 14:18:03.744  1413  2559 I chatty  : uid=1000(system) Binder:1413_7 expire 2 lines
06-10 14:18:03.801  1413  1936 I chatty  : uid=1000(system) ActivityManager expire 3 lines
06-10 14:18:03.805   754 28066 I vendor.huawei.hardware.wifi@1.1-service: Legacy HAL stop complete callback received
06-10 14:18:03.817  2594  2594 I Telephony-PstnPhoneCapabilitiesNotifier: handleVideoCapabilitesChanged. Video capability - false
06-10 14:18:03.818  1413  2193 I chatty  : uid=1000(system) NetdConnector expire 17 lines
06-10 14:18:03.819  1413  1979 I chatty  : uid=1000(system) android.fg expire 6 lines
06-10 14:18:03.873  1413  2559 I chatty  : uid=1000(system) Binder:1413_7 expire 7 lines
06-10 14:18:03.974  1413 19732 I chatty  : uid=1000(system) Binder:1413_20 expire 9 lines
06-10 14:18:04.015   754   754 E vendor.huawei.hardware.wifi@1.1-service: change driver state enter , state =stop: Broken pipe
06-10 14:18:04.036  1413  1413 I chatty  : uid=1000 system_server expire 13 lines
06-10 14:18:04.211  1413  2195 I chatty  : uid=1000(system) NetworkStats expire 8 lines
06-10 14:18:04.357   754   754 I vendor.huawei.hardware.wifi@1.1-service: Wifi HAL stopped
06-10 14:18:04.359   877   877 I wificond: Unsubscribe scan result for interface with index: 24
06-10 14:18:04.360   877   877 W wificond: enter wifi_stop_supplicant ...
06-10 14:18:04.360   877   877 W wificond: supplicant have stop, return
06-10 14:18:04.360   877   877 E wificond: Could not read interface state for wlan0 (No such device)
06-10 14:18:04.361  1413  2199 I chatty  : uid=1000(system) WifiStateMachin expire 1 line
06-10 14:18:04.362  1413  1950 I chatty  : uid=1000(system) batterystats-wo expire 10 lines
06-10 14:18:06.561  1413  2185 I chatty  : uid=1000(system) InputDispatcher expire 2 lines
06-10 14:18:08.624  1413  2214 I chatty  : uid=1000(system) WifiP2pService expire 13 lines
06-10 14:18:10.430  1413  2186 I chatty  : uid=1000(system) InputReader expire 2 lines
06-10 14:18:10.599  1413  1998 I chatty  : uid=1000(system) PowerManagerSer expire 43 lines
06-10 14:18:10.661  1413  7249 I chatty  : uid=1000(system) Binder:1413_15 expire 9 lines
06-10 14:18:10.686  1413  2191 I chatty  : uid=1000(system) CryptdConnector expire 2 lines
06-10 14:18:10.855  2615  2615 V ActivityThread: Finishing stop of ActivityRecord{c03c196 token=android.os.BinderProxy@34a39c8 {com.huawei.android.launcher/com.huawei.android.launcher.unihome.UniHomeLauncher}}
06-10 14:18:10.860  1413  2916 I chatty  : uid=1000(system) Binder:1413_D expire 13 lines
06-10 14:18:10.861  1413  1981 I chatty  : uid=1000(system) android.display expire 5 lines
06-10 14:18:11.132  2349  2349 V KeyguardViewMediator: updateInputRestrictedLocked 1 isInputApp = false, inputRestricted = true
06-10 14:18:11.136  1413  7782 I chatty  : uid=1000(system) Binder:1413_16 expire 22 lines
06-10 14:18:11.167  2615  2615 V ActivityThread: Handle window ActivityRecord{c03c196 token=android.os.BinderProxy@34a39c8 {com.huawei.android.launcher/com.huawei.android.launcher.unihome.UniHomeLauncher}} visibility: false
06-10 14:18:11.180  2564  2729 I DeepNoDisturbP: handleStateChanged reason=2
06-10 14:18:11.180  2564  2729 I DeepNoDisturbSM: setScreenState isScreenOn=false
06-10 14:18:11.180  2564  2564 I DeepNoDisturbSM: IdleState processMessage msg.what=EVENT_SCREEN_OFF
06-10 14:18:11.180  2564  2564 I DeepNoDisturbSM: IdleState: default msg.what=11
06-10 14:18:11.194  2349  2349 V KeyguardStatusView: refresh statusview showing:true
06-10 14:18:11.198  2349  2349 V KeyguardDisplayManager: show
06-10 14:18:11.211  2564  2891 D AntiBruteForceProcessor: RemainingAuthenticateNum = 5
06-10 14:18:11.219  2508 30912 W ContextImpl: Calling a method in the system process without a qualified user: android.app.ContextImpl.stopService:1720 android.content.ContextWrapper.stopService:667 com.huawei.systemmanager.spacecleanner.autoclean.AutoCleanService.stopSelfService:116 com.huawei.systemmanager.spacecleanner.hivision.AutoHiVisionService.lambda$-com_huawei_systemmanager_spacecleanner_hivision_AutoHiVisionService_lambda$0:25 com.huawei.systemmanager.spacecleanner.hivision.-$Lambda$nxzswPQxpMbVwIpd4jdraj2kRKk.$m$0:4 
06-10 14:18:11.219  2508  2508 W ContextImpl: Calling a method in the system process without a qualified user: android.app.ContextImpl.stopService:1720 android.content.ContextWrapper.stopService:667 com.huawei.systemmanager.spacecleanner.autoclean.AutoCleanService.stopSelfService:116 com.huawei.systemmanager.spacecleanner.hivision.AutoHiVisionService.onStartCommand:47 android.app.ActivityThread.handleServiceArgs:4140 
06-10 14:18:11.306  1413  1937 I chatty  : uid=1000(system) android.ui expire 3 lines
06-10 14:18:11.325  1413  2135 I chatty  : uid=1000(system) android.anim expire 8 lines
06-10 14:18:11.349  1413  3369 I chatty  : uid=1000(system) HwDeviceUsageCo expire 2 lines
06-10 14:18:11.562  1413  2146 I chatty  : uid=1000(system) Binder:1413_3 expire 8 lines
06-10 14:18:11.656  1413  2188 I chatty  : uid=1000(system) StorageManagerS expire 2 lines
06-10 14:18:11.658   595   598 I vold    : TrimTask running tasks: 0
06-10 14:18:11.659  1413  2190 I chatty  : uid=1000(system) VoldConnector expire 2 lines
06-10 14:18:11.689  2564  2729 I DeepNoDisturbP: handleStateChanged reason=2
06-10 14:18:11.689  2564  2729 I DeepNoDisturbSM: setScreenState isScreenOn=true
06-10 14:18:11.689  2564  2564 I DeepNoDisturbSM: IdleState processMessage msg.what=EVENT_SCREEN_ON
06-10 14:18:11.694  2564  2564 I DeepNoDisturbSM: isNetworkTypeSuitDeepNoDisturbMode networkType = 0
06-10 14:18:11.695  2564  2564 I DeepNoDisturbSM: isCorrectState=true mIsCallOn=false mGameStatus=0 defaultDataSubId=0 default4GSlotId=0 mIsDefaultDataOn=false mIsScreenOn=true deepNoDisturbModeProp=true isDeepNoDisturbSwitchOn=false isGameDndSwitchOn=true isNetworkTypeSuitDeepNoDisturbMode=false isAirplaneModeOn()=true
06-10 14:18:11.695  2564  2564 I DeepNoDisturbSM: isNeedEnterDeepNoDisturbMode false
06-10 14:18:11.695  2564  2564 D HwGameAssistantService: ScreenOnReceiver
06-10 14:18:11.735 30933 30933 D ActivityThread: Attach thread to application
06-10 14:18:19.843  1413  2141 I chatty  : uid=1000(system) UEventObserver expire 2 lines
06-10 14:18:19.879  2577  2723 E KernelCpuSpeedReader: Failed to read cpu-freq: /sys/devices/system/cpu/cpu0/cpufreq/stats/time_in_state (No such file or directory)
06-10 14:18:19.880  2349  2349 W PowerUI : unknown intent: Intent { act=android.intent.action.ACTION_POWER_DISCONNECTED flg=0x4000010 (has extras) }
06-10 14:18:19.880  2577  2723 E KernelCpuSpeedReader: Failed to read cpu-freq: /sys/devices/system/cpu/cpu4/cpufreq/stats/time_in_state (No such file or directory)
06-10 14:18:19.891  1413  1928 I chatty  : uid=1000(system) android.bg expire 1 line
06-10 14:18:19.892  1413  1413 I chatty  : uid=1000 system_server expire 19 lines
06-10 14:18:19.907  1413  2193 I chatty  : uid=1000(system) NetdConnector expire 2 lines
06-10 14:18:19.928  2577  2723 E KernelCpuSpeedReader: Failed to read cpu-freq: /sys/devices/system/cpu/cpu0/cpufreq/stats/time_in_state (No such file or directory)
06-10 14:18:19.928  2577  2723 E KernelCpuSpeedReader: Failed to read cpu-freq: /sys/devices/system/cpu/cpu4/cpufreq/stats/time_in_state (No such file or directory)
06-10 14:18:19.948  2577  2723 E KernelCpuSpeedReader: Failed to read cpu-freq: /sys/devices/system/cpu/cpu0/cpufreq/stats/time_in_state (No such file or directory)
06-10 14:18:19.948  2577  2723 E KernelCpuSpeedReader: Failed to read cpu-freq: /sys/devices/system/cpu/cpu4/cpufreq/stats/time_in_state (No such file or directory)
06-10 14:18:28.985  1413  2467 I chatty  : uid=1000(system) watchdog expire 1 line
06-10 14:18:30.457  2564  2729 I DeepNoDisturbP: handleStateChanged reason=2
06-10 14:18:30.457  2564  2729 I DeepNoDisturbSM: setScreenState isScreenOn=false
06-10 14:18:30.458  2564  2564 I DeepNoDisturbSM: IdleState processMessage msg.what=EVENT_SCREEN_OFF
06-10 14:18:30.458  2564  2564 I DeepNoDisturbSM: IdleState: default msg.what=11
06-10 14:18:30.660  1413  2916 I chatty  : uid=1000(system) Binder:1413_D expire 2 lines
06-10 14:18:31.711  1413  7782 I chatty  : uid=1000(system) Binder:1413_16 expire 9 lines
06-10 14:18:31.715  1413  1998 I chatty  : uid=1000(system) PowerManagerSer expire 7 lines
06-10 14:18:31.730   595   598 I vold    : TrimTask running tasks: 0
06-10 14:18:31.730  2577  2723 E KernelCpuSpeedReader: Failed to read cpu-freq: /sys/devices/system/cpu/cpu0/cpufreq/stats/time_in_state (No such file or directory)
06-10 14:18:31.730  2577  2723 E KernelCpuSpeedReader: Failed to read cpu-freq: /sys/devices/system/cpu/cpu4/cpufreq/stats/time_in_state (No such file or directory)
06-10 14:18:31.737  1413  2214 I chatty  : uid=1000(system) WifiP2pService expire 10 lines
06-10 14:18:31.782  2564  2729 I DeepNoDisturbP: handleStateChanged reason=2
06-10 14:18:31.782  2564  2729 I DeepNoDisturbSM: setScreenState isScreenOn=true
06-10 14:18:31.783  2564  2564 I DeepNoDisturbSM: IdleState processMessage msg.what=EVENT_SCREEN_ON
06-10 14:18:31.790  1413 19732 I chatty  : uid=1000(system) Binder:1413_20 expire 1 line
06-10 14:18:31.790  2564  2564 I DeepNoDisturbSM: isNetworkTypeSuitDeepNoDisturbMode networkType = 0
06-10 14:18:31.790  2564  2564 I DeepNoDisturbSM: isCorrectState=true mIsCallOn=false mGameStatus=0 defaultDataSubId=0 default4GSlotId=0 mIsDefaultDataOn=false mIsScreenOn=true deepNoDisturbModeProp=true isDeepNoDisturbSwitchOn=false isGameDndSwitchOn=true isNetworkTypeSuitDeepNoDisturbMode=false isAirplaneModeOn()=true
06-10 14:18:31.790  2564  2564 I DeepNoDisturbSM: isNeedEnterDeepNoDisturbMode false
06-10 14:18:31.790  2564  2564 D HwGameAssistantService: ScreenOnReceiver
06-10 14:18:31.793  1413  2135 I chatty  : uid=1000(system) android.anim expire 1 line
06-10 14:18:31.796  1413  1981 I chatty  : uid=1000(system) android.display expire 1 line
06-10 14:18:31.797  1413  1937 I chatty  : uid=1000(system) android.ui expire 6 lines
06-10 14:18:31.853  1413  1413 I chatty  : uid=1000 system_server expire 10 lines
06-10 14:18:31.879  2577  2723 E KernelCpuSpeedReader: Failed to read cpu-freq: /sys/devices/system/cpu/cpu0/cpufreq/stats/time_in_state (No such file or directory)
06-10 14:18:31.879  2577  2723 E KernelCpuSpeedReader: Failed to read cpu-freq: /sys/devices/system/cpu/cpu4/cpufreq/stats/time_in_state (No such file or directory)
06-10 14:18:31.908  1413  1998 I chatty  : uid=1000(system) PowerManagerSer expire 17 lines
06-10 14:18:31.915  1413  6374 I chatty  : uid=1000(system) Binder:1413_13 expire 14 lines
06-10 14:18:35.164  1413  1936 I chatty  : uid=1000(system) ActivityManager expire 7 lines
06-10 14:18:41.728  1413  7782 I chatty  : uid=1000(system) Binder:1413_16 expire 12 lines
06-10 14:18:41.730  1413  2191 I chatty  : uid=1000(system) CryptdConnector expire 5 lines
06-10 14:18:41.783  1413  2916 I chatty  : uid=1000(system) Binder:1413_D expire 13 lines
06-10 14:18:41.845  1413 13890 I chatty  : uid=1000(system) Binder:1413_1C expire 4 lines
06-10 14:18:41.846  2564  2729 I DeepNoDisturbP: handleStateChanged reason=2
06-10 14:18:41.846  2564  2729 I DeepNoDisturbSM: setScreenState isScreenOn=false
06-10 14:18:41.847  2564  2564 I DeepNoDisturbSM: IdleState processMessage msg.what=EVENT_SCREEN_OFF
06-10 14:18:41.847  2564  2564 I DeepNoDisturbSM: IdleState: default msg.what=11
06-10 14:18:41.892  1413  3369 I chatty  : uid=1000(system) HwDeviceUsageCo expire 5 lines
06-10 14:18:42.066  1413  2188 I chatty  : uid=1000(system) StorageManagerS expire 5 lines
06-10 14:18:42.067   595   598 I vold    : TrimTask running tasks: 0
06-10 14:18:42.068  1413  2190 I chatty  : uid=1000(system) VoldConnector expire 5 lines
06-10 14:18:42.070  2577  2723 E KernelCpuSpeedReader: Failed to read cpu-freq: /sys/devices/system/cpu/cpu0/cpufreq/stats/time_in_state (No such file or directory)
06-10 14:18:42.070  2577  2723 E KernelCpuSpeedReader: Failed to read cpu-freq: /sys/devices/system/cpu/cpu4/cpufreq/stats/time_in_state (No such file or directory)
06-10 14:18:42.103  2564  2729 I DeepNoDisturbP: handleStateChanged reason=2
06-10 14:18:42.103  2564  2729 I DeepNoDisturbSM: setScreenState isScreenOn=true
06-10 14:18:42.103  2564  2564 I DeepNoDisturbSM: IdleState processMessage msg.what=EVENT_SCREEN_ON
06-10 14:18:42.110  2564  2564 I DeepNoDisturbSM: isNetworkTypeSuitDeepNoDisturbMode networkType = 0
06-10 14:18:42.110  2564  2564 I DeepNoDisturbSM: isCorrectState=true mIsCallOn=false mGameStatus=0 defaultDataSubId=0 default4GSlotId=0 mIsDefaultDataOn=false mIsScreenOn=true deepNoDisturbModeProp=true isDeepNoDisturbSwitchOn=false isGameDndSwitchOn=true isNetworkTypeSuitDeepNoDisturbMode=false isAirplaneModeOn()=true
06-10 14:18:42.110  2564  2564 I DeepNoDisturbSM: isNeedEnterDeepNoDisturbMode false
06-10 14:18:42.110  2564  2564 D HwGameAssistantService: ScreenOnReceiver
06-10 14:18:49.803  1413  1998 I chatty  : uid=1000(system) PowerManagerSer expire 28 lines
06-10 14:18:51.887  1413  1413 I chatty  : uid=1000 system_server expire 13 lines
06-10 14:18:51.887  1413  2214 I chatty  : uid=1000(system) WifiP2pService expire 11 lines
06-10 14:18:51.916  2564  2729 I DeepNoDisturbP: handleStateChanged reason=2
06-10 14:18:51.916  2564  2729 I DeepNoDisturbSM: setScreenState isScreenOn=false
06-10 14:18:51.916  2564  2564 I DeepNoDisturbSM: IdleState processMessage msg.what=EVENT_SCREEN_OFF
06-10 14:18:51.916  2564  2564 I DeepNoDisturbSM: IdleState: default msg.what=11
06-10 14:18:52.151  1413  2559 I chatty  : uid=1000(system) Binder:1413_7 expire 10 lines
06-10 14:18:52.161   595   598 I vold    : TrimTask running tasks: 0
06-10 14:18:52.164  2577  2723 E KernelCpuSpeedReader: Failed to read cpu-freq: /sys/devices/system/cpu/cpu0/cpufreq/stats/time_in_state (No such file or directory)
06-10 14:18:52.164  2577  2723 E KernelCpuSpeedReader: Failed to read cpu-freq: /sys/devices/system/cpu/cpu4/cpufreq/stats/time_in_state (No such file or directory)
06-10 14:18:52.195  2564  2729 I DeepNoDisturbP: handleStateChanged reason=2
06-10 14:18:52.195  2564  2729 I DeepNoDisturbSM: setScreenState isScreenOn=true
06-10 14:18:52.195  2564  2564 I DeepNoDisturbSM: IdleState processMessage msg.what=EVENT_SCREEN_ON
06-10 14:18:52.202  2564  2564 I DeepNoDisturbSM: isNetworkTypeSuitDeepNoDisturbMode networkType = 0
06-10 14:18:52.202  2564  2564 I DeepNoDisturbSM: isCorrectState=true mIsCallOn=false mGameStatus=0 defaultDataSubId=0 default4GSlotId=0 mIsDefaultDataOn=false mIsScreenOn=true deepNoDisturbModeProp=true isDeepNoDisturbSwitchOn=false isGameDndSwitchOn=true isNetworkTypeSuitDeepNoDisturbMode=false isAirplaneModeOn()=true
06-10 14:18:52.202  2564  2564 I DeepNoDisturbSM: isNeedEnterDeepNoDisturbMode false
06-10 14:18:52.202  2564  2564 D HwGameAssistantService: ScreenOnReceiver
06-10 14:18:58.987  1413  2467 I chatty  : uid=1000(system) watchdog expire 1 line
06-10 14:19:01.989  2564  2729 I DeepNoDisturbP: handleStateChanged reason=2
06-10 14:19:01.989  2564  2729 I DeepNoDisturbSM: setScreenState isScreenOn=false
06-10 14:19:01.989  2564  2564 I DeepNoDisturbSM: IdleState processMessage msg.what=EVENT_SCREEN_OFF
06-10 14:19:01.989  2564  2564 I DeepNoDisturbSM: IdleState: default msg.what=11
06-10 14:19:02.064  1413  1413 I chatty  : uid=1000 system_server expire 10 lines
06-10 14:19:02.196   595   598 I vold    : TrimTask running tasks: 0
06-10 14:19:02.199  2577  2723 E KernelCpuSpeedReader: Failed to read cpu-freq: /sys/devices/system/cpu/cpu0/cpufreq/stats/time_in_state (No such file or directory)
06-10 14:19:02.199  2577  2723 E KernelCpuSpeedReader: Failed to read cpu-freq: /sys/devices/system/cpu/cpu4/cpufreq/stats/time_in_state (No such file or directory)
06-10 14:19:02.204  1413  2214 I chatty  : uid=1000(system) WifiP2pService expire 10 lines
06-10 14:19:02.234  2564  2729 I DeepNoDisturbP: handleStateChanged reason=2
06-10 14:19:02.234  2564  2729 I DeepNoDisturbSM: setScreenState isScreenOn=true
06-10 14:19:02.235  2564  2564 I DeepNoDisturbSM: IdleState processMessage msg.what=EVENT_SCREEN_ON
06-10 14:19:02.242  2564  2564 I DeepNoDisturbSM: isNetworkTypeSuitDeepNoDisturbMode networkType = 0
06-10 14:19:02.242  2564  2564 I DeepNoDisturbSM: isCorrectState=true mIsCallOn=false mGameStatus=0 defaultDataSubId=0 default4GSlotId=0 mIsDefaultDataOn=false mIsScreenOn=true deepNoDisturbModeProp=true isDeepNoDisturbSwitchOn=false isGameDndSwitchOn=true isNetworkTypeSuitDeepNoDisturbMode=false isAirplaneModeOn()=true
06-10 14:19:02.242  2564  2564 I DeepNoDisturbSM: isNeedEnterDeepNoDisturbMode false
06-10 14:19:02.242  2564  2564 D HwGameAssistantService: ScreenOnReceiver
06-10 14:19:09.953  1413  1998 I chatty  : uid=1000(system) PowerManagerSer expire 28 lines
06-10 14:19:11.965  1413  7782 I chatty  : uid=1000(system) Binder:1413_16 expire 11 lines
06-10 14:19:12.068  2564  2729 I DeepNoDisturbP: handleStateChanged reason=2
06-10 14:19:12.068  2564  2729 I DeepNoDisturbSM: setScreenState isScreenOn=false
06-10 14:19:12.068  2564  2564 I DeepNoDisturbSM: IdleState processMessage msg.what=EVENT_SCREEN_OFF
06-10 14:19:12.068  2564  2564 I DeepNoDisturbSM: IdleState: default msg.what=11
06-10 14:19:12.282   595   598 I vold    : TrimTask running tasks: 0
06-10 14:19:12.284  2577  2723 E KernelCpuSpeedReader: Failed to read cpu-freq: /sys/devices/system/cpu/cpu0/cpufreq/stats/time_in_state (No such file or directory)
06-10 14:19:12.285  2577  2723 E KernelCpuSpeedReader: Failed to read cpu-freq: /sys/devices/system/cpu/cpu4/cpufreq/stats/time_in_state (No such file or directory)
06-10 14:19:12.288  1413  1413 I chatty  : uid=1000 system_server expire 10 lines
06-10 14:19:12.319  2564  2729 I DeepNoDisturbP: handleStateChanged reason=2
06-10 14:19:12.319  2564  2729 I DeepNoDisturbSM: setScreenState isScreenOn=true
06-10 14:19:12.319  2564  2564 I DeepNoDisturbSM: IdleState processMessage msg.what=EVENT_SCREEN_ON
06-10 14:19:12.326  2564  2564 I DeepNoDisturbSM: isNetworkTypeSuitDeepNoDisturbMode networkType = 0
06-10 14:19:12.326  2564  2564 I DeepNoDisturbSM: isCorrectState=true mIsCallOn=false mGameStatus=0 defaultDataSubId=0 default4GSlotId=0 mIsDefaultDataOn=false mIsScreenOn=true deepNoDisturbModeProp=true isDeepNoDisturbSwitchOn=false isGameDndSwitchOn=true isNetworkTypeSuitDeepNoDisturbMode=false isAirplaneModeOn()=true
06-10 14:19:12.326  2564  2564 I DeepNoDisturbSM: isNeedEnterDeepNoDisturbMode false
06-10 14:19:12.326  2564  2564 D HwGameAssistantService: ScreenOnReceiver
06-10 14:19:22.040  1413  2916 I chatty  : uid=1000(system) Binder:1413_D expire 3 lines
06-10 14:19:22.111  1413  2214 I chatty  : uid=1000(system) WifiP2pService expire 6 lines
06-10 14:19:22.140  2564  2729 I DeepNoDisturbP: handleStateChanged reason=2
06-10 14:19:22.140  2564  2729 I DeepNoDisturbSM: setScreenState isScreenOn=false
06-10 14:19:22.140  2564  2564 I DeepNoDisturbSM: IdleState processMessage msg.what=EVENT_SCREEN_OFF
06-10 14:19:22.140  2564  2564 I DeepNoDisturbSM: IdleState: default msg.what=11
06-10 14:19:22.353  1413  7249 I chatty  : uid=1000(system) Binder:1413_15 expire 14 lines
06-10 14:19:22.364   595   598 I vold    : TrimTask running tasks: 0
06-10 14:19:22.366  2577  2723 E KernelCpuSpeedReader: Failed to read cpu-freq: /sys/devices/system/cpu/cpu0/cpufreq/stats/time_in_state (No such file or directory)
06-10 14:19:22.366  2577  2723 E KernelCpuSpeedReader: Failed to read cpu-freq: /sys/devices/system/cpu/cpu4/cpufreq/stats/time_in_state (No such file or directory)
06-10 14:19:22.373  1413  2214 I chatty  : uid=1000(system) WifiP2pService expire 12 lines
06-10 14:19:22.373  1413  1413 I chatty  : uid=1000 system_server expire 10 lines
06-10 14:19:22.403  2564  2729 I DeepNoDisturbP: handleStateChanged reason=2
06-10 14:19:22.403  2564  2729 I DeepNoDisturbSM: setScreenState isScreenOn=true
06-10 14:19:22.403  2564  2564 I DeepNoDisturbSM: IdleState processMessage msg.what=EVENT_SCREEN_ON
06-10 14:19:22.409  2564  2564 I DeepNoDisturbSM: isNetworkTypeSuitDeepNoDisturbMode networkType = 0
06-10 14:19:22.409  2564  2564 I DeepNoDisturbSM: isCorrectState=true mIsCallOn=false mGameStatus=0 defaultDataSubId=0 default4GSlotId=0 mIsDefaultDataOn=false mIsScreenOn=true deepNoDisturbModeProp=true isDeepNoDisturbSwitchOn=false isGameDndSwitchOn=true isNetworkTypeSuitDeepNoDisturbMode=false isAirplaneModeOn()=true
06-10 14:19:22.409  2564  2564 I DeepNoDisturbSM: isNeedEnterDeepNoDisturbMode false
06-10 14:19:22.409  2564  2564 D HwGameAssistantService: ScreenOnReceiver
06-10 14:19:22.520  1413  7782 I chatty  : uid=1000(system) Binder:1413_16 expire 1 line
06-10 14:19:28.990  1413  2467 I chatty  : uid=1000(system) watchdog expire 2 lines
06-10 14:19:30.103  1413  1998 I chatty  : uid=1000(system) PowerManagerSer expire 28 lines
06-10 14:19:32.109  1413 13890 I chatty  : uid=1000(system) Binder:1413_1C expire 15 lines
06-10 14:19:32.112  1413  2191 I chatty  : uid=1000(system) CryptdConnector expire 5 lines
06-10 14:19:32.116  1413  1936 I chatty  : uid=1000(system) ActivityManager expire 5 lines
06-10 14:19:32.160  1413  6374 I chatty  : uid=1000(system) Binder:1413_13 expire 9 lines
06-10 14:19:32.217  2564  2729 I DeepNoDisturbP: handleStateChanged reason=2
06-10 14:19:32.217  2564  2729 I DeepNoDisturbSM: setScreenState isScreenOn=false
06-10 14:19:32.218  2564  2564 I DeepNoDisturbSM: IdleState processMessage msg.what=EVENT_SCREEN_OFF
06-10 14:19:32.218  2564  2564 I DeepNoDisturbSM: IdleState: default msg.what=11
06-10 14:19:32.253  1413  3369 I chatty  : uid=1000(system) HwDeviceUsageCo expire 5 lines
06-10 14:19:32.363  1413  1937 I chatty  : uid=1000(system) android.ui expire 5 lines
06-10 14:19:32.434  1413  2188 I chatty  : uid=1000(system) StorageManagerS expire 5 lines
06-10 14:19:32.434   595   598 I vold    : TrimTask running tasks: 0
06-10 14:19:32.435  1413  2190 I chatty  : uid=1000(system) VoldConnector expire 5 lines
06-10 14:19:32.437  2577  2723 E KernelCpuSpeedReader: Failed to read cpu-freq: /sys/devices/system/cpu/cpu0/cpufreq/stats/time_in_state (No such file or directory)
06-10 14:19:32.437  2577  2723 E KernelCpuSpeedReader: Failed to read cpu-freq: /sys/devices/system/cpu/cpu4/cpufreq/stats/time_in_state (No such file or directory)
06-10 14:19:32.442  1413  1413 I chatty  : uid=1000 system_server expire 15 lines
06-10 14:19:32.470  2564  2729 I DeepNoDisturbP: handleStateChanged reason=2
06-10 14:19:32.470  2564  2729 I DeepNoDisturbSM: setScreenState isScreenOn=true
06-10 14:19:32.470  2564  2564 I DeepNoDisturbSM: IdleState processMessage msg.what=EVENT_SCREEN_ON
06-10 14:19:32.478  2564  2564 I DeepNoDisturbSM: isNetworkTypeSuitDeepNoDisturbMode networkType = 0
06-10 14:19:32.478  2564  2564 I DeepNoDisturbSM: isCorrectState=true mIsCallOn=false mGameStatus=0 defaultDataSubId=0 default4GSlotId=0 mIsDefaultDataOn=false mIsScreenOn=true deepNoDisturbModeProp=true isDeepNoDisturbSwitchOn=false isGameDndSwitchOn=true isNetworkTypeSuitDeepNoDisturbMode=false isAirplaneModeOn()=true
06-10 14:19:32.478  2564  2564 I DeepNoDisturbSM: isNeedEnterDeepNoDisturbMode false
06-10 14:19:32.478  2564  2564 D HwGameAssistantService: ScreenOnReceiver
06-10 14:19:42.288  2564  2729 I DeepNoDisturbP: handleStateChanged reason=2
06-10 14:19:42.288  2564  2729 I DeepNoDisturbSM: setScreenState isScreenOn=false
06-10 14:19:42.289  2564  2564 I DeepNoDisturbSM: IdleState processMessage msg.what=EVENT_SCREEN_OFF
06-10 14:19:42.289  2564  2564 I DeepNoDisturbSM: IdleState: default msg.what=11
06-10 14:19:42.499   595   598 I vold    : TrimTask running tasks: 0
06-10 14:19:42.502  2577  2723 E KernelCpuSpeedReader: Failed to read cpu-freq: /sys/devices/system/cpu/cpu0/cpufreq/stats/time_in_state (No such file or directory)
06-10 14:19:42.502  2577  2723 E KernelCpuSpeedReader: Failed to read cpu-freq: /sys/devices/system/cpu/cpu4/cpufreq/stats/time_in_state (No such file or directory)
06-10 14:19:42.506  1413  2214 I chatty  : uid=1000(system) WifiP2pService expire 10 lines
06-10 14:19:42.529  2564  2729 I DeepNoDisturbP: handleStateChanged reason=2
06-10 14:19:42.529  2564  2729 I DeepNoDisturbSM: setScreenState isScreenOn=true
06-10 14:19:42.529  2564  2564 I DeepNoDisturbSM: IdleState processMessage msg.what=EVENT_SCREEN_ON
06-10 14:19:42.536  2564  2564 I DeepNoDisturbSM: isNetworkTypeSuitDeepNoDisturbMode networkType = 0
06-10 14:19:42.536  2564  2564 I DeepNoDisturbSM: isCorrectState=true mIsCallOn=false mGameStatus=0 defaultDataSubId=0 default4GSlotId=0 mIsDefaultDataOn=false mIsScreenOn=true deepNoDisturbModeProp=true isDeepNoDisturbSwitchOn=false isGameDndSwitchOn=true isNetworkTypeSuitDeepNoDisturbMode=false isAirplaneModeOn()=true
06-10 14:19:42.536  2564  2564 I DeepNoDisturbSM: isNeedEnterDeepNoDisturbMode false
06-10 14:19:42.536  2564  2564 D HwGameAssistantService: ScreenOnReceiver
06-10 14:19:42.646  1413  7249 I chatty  : uid=1000(system) Binder:1413_15 expire 5 lines
06-10 14:19:50.254  1413  1998 I chatty  : uid=1000(system) PowerManagerSer expire 28 lines
06-10 14:19:52.332  1413  1413 I chatty  : uid=1000 system_server expire 13 lines
06-10 14:19:52.361  2564  2729 I DeepNoDisturbP: handleStateChanged reason=2
06-10 14:19:52.361  2564  2729 I DeepNoDisturbSM: setScreenState isScreenOn=false
06-10 14:19:52.361  2564  2564 I DeepNoDisturbSM: IdleState processMessage msg.what=EVENT_SCREEN_OFF
06-10 14:19:52.361  2564  2564 I DeepNoDisturbSM: IdleState: default msg.what=11
06-10 14:19:52.563  1413 13890 I chatty  : uid=1000(system) Binder:1413_1C expire 14 lines
06-10 14:19:52.572   595   598 I vold    : TrimTask running tasks: 0
06-10 14:19:52.574  2577  2723 E KernelCpuSpeedReader: Failed to read cpu-freq: /sys/devices/system/cpu/cpu0/cpufreq/stats/time_in_state (No such file or directory)
06-10 14:19:52.574  2577  2723 E KernelCpuSpeedReader: Failed to read cpu-freq: /sys/devices/system/cpu/cpu4/cpufreq/stats/time_in_state (No such file or directory)
06-10 14:19:52.607  2564  2729 I DeepNoDisturbP: handleStateChanged reason=2
06-10 14:19:52.607  2564  2729 I DeepNoDisturbSM: setScreenState isScreenOn=true
06-10 14:19:52.607  2564  2564 I DeepNoDisturbSM: IdleState processMessage msg.what=EVENT_SCREEN_ON
06-10 14:19:52.614  2564  2564 I DeepNoDisturbSM: isNetworkTypeSuitDeepNoDisturbMode networkType = 0
06-10 14:19:52.614  2564  2564 I DeepNoDisturbSM: isCorrectState=true mIsCallOn=false mGameStatus=0 defaultDataSubId=0 default4GSlotId=0 mIsDefaultDataOn=false mIsScreenOn=true deepNoDisturbModeProp=true isDeepNoDisturbSwitchOn=false isGameDndSwitchOn=true isNetworkTypeSuitDeepNoDisturbMode=false isAirplaneModeOn()=true
06-10 14:19:52.614  2564  2564 I DeepNoDisturbSM: isNeedEnterDeepNoDisturbMode false
06-10 14:19:52.614  2564  2564 D HwGameAssistantService: ScreenOnReceiver
06-10 14:20:00.051  1413  3112 I chatty  : uid=1000(system) Binder:1413_E expire 1 line
06-10 14:20:02.387  1413  2559 I chatty  : uid=1000(system) Binder:1413_7 expire 8 lines
06-10 14:20:02.411  1413  2214 I chatty  : uid=1000(system) WifiP2pService expire 11 lines
06-10 14:20:02.444  2564  2729 I DeepNoDisturbP: handleStateChanged reason=2
06-10 14:20:02.444  2564  2729 I DeepNoDisturbSM: setScreenState isScreenOn=false
06-10 14:20:02.445  2564  2564 I DeepNoDisturbSM: IdleState processMessage msg.what=EVENT_SCREEN_OFF
06-10 14:20:02.445  2564  2564 I DeepNoDisturbSM: IdleState: default msg.what=11
06-10 14:20:02.518  1413  1413 I chatty  : uid=1000 system_server expire 10 lines
06-10 14:20:02.654   595   598 I vold    : TrimTask running tasks: 0
06-10 14:20:02.657  2577  2723 E KernelCpuSpeedReader: Failed to read cpu-freq: /sys/devices/system/cpu/cpu0/cpufreq/stats/time_in_state (No such file or directory)
06-10 14:20:02.657  2577  2723 E KernelCpuSpeedReader: Failed to read cpu-freq: /sys/devices/system/cpu/cpu4/cpufreq/stats/time_in_state (No such file or directory)
06-10 14:20:02.691  2564  2729 I DeepNoDisturbP: handleStateChanged reason=2
06-10 14:20:02.692  2564  2729 I DeepNoDisturbSM: setScreenState isScreenOn=true
06-10 14:20:02.692  2564  2564 I DeepNoDisturbSM: IdleState processMessage msg.what=EVENT_SCREEN_ON
06-10 14:20:02.698  2564  2564 I DeepNoDisturbSM: isNetworkTypeSuitDeepNoDisturbMode networkType = 0
06-10 14:20:02.698  2564  2564 I DeepNoDisturbSM: isCorrectState=true mIsCallOn=false mGameStatus=0 defaultDataSubId=0 default4GSlotId=0 mIsDefaultDataOn=false mIsScreenOn=true deepNoDisturbModeProp=true isDeepNoDisturbSwitchOn=false isGameDndSwitchOn=true isNetworkTypeSuitDeepNoDisturbMode=false isAirplaneModeOn()=true
06-10 14:20:02.698  2564  2564 I DeepNoDisturbSM: isNeedEnterDeepNoDisturbMode false
06-10 14:20:02.698  2564  2564 D HwGameAssistantService: ScreenOnReceiver
06-10 14:20:10.388  1413  1998 I chatty  : uid=1000(system) PowerManagerSer expire 14 lines
06-10 14:20:12.520  2564  2729 I DeepNoDisturbP: handleStateChanged reason=2
06-10 14:20:12.520  2564  2729 I DeepNoDisturbSM: setScreenState isScreenOn=false
06-10 14:20:12.520  2564  2564 I DeepNoDisturbSM: IdleState processMessage msg.what=EVENT_SCREEN_OFF
06-10 14:20:12.520  2564  2564 I DeepNoDisturbSM: IdleState: default msg.what=11
06-10 14:20:12.728  1413 19732 I chatty  : uid=1000(system) Binder:1413_20 expire 1 line
06-10 14:20:12.738   595   598 I vold    : TrimTask running tasks: 0
06-10 14:20:12.741  2577  2723 E KernelCpuSpeedReader: Failed to read cpu-freq: /sys/devices/system/cpu/cpu0/cpufreq/stats/time_in_state (No such file or directory)
06-10 14:20:12.742  2577  2723 E KernelCpuSpeedReader: Failed to read cpu-freq: /sys/devices/system/cpu/cpu4/cpufreq/stats/time_in_state (No such file or directory)
06-10 14:20:12.746  1413  1413 I chatty  : uid=1000 system_server expire 2 lines
06-10 14:20:12.746  1413  2214 I chatty  : uid=1000(system) WifiP2pService expire 10 lines
06-10 14:20:12.750  1413  1413 I chatty  : uid=1000 system_server expire 13 lines
06-10 14:20:12.773  2564  2729 I DeepNoDisturbP: handleStateChanged reason=2
06-10 14:20:12.773  2564  2729 I DeepNoDisturbSM: setScreenState isScreenOn=true
06-10 14:20:12.773  2564  2564 I DeepNoDisturbSM: IdleState processMessage msg.what=EVENT_SCREEN_ON
06-10 14:20:12.780  2564  2564 I DeepNoDisturbSM: isNetworkTypeSuitDeepNoDisturbMode networkType = 0
06-10 14:20:12.780  2564  2564 I DeepNoDisturbSM: isCorrectState=true mIsCallOn=false mGameStatus=0 defaultDataSubId=0 default4GSlotId=0 mIsDefaultDataOn=false mIsScreenOn=true deepNoDisturbModeProp=true isDeepNoDisturbSwitchOn=false isGameDndSwitchOn=true isNetworkTypeSuitDeepNoDisturbMode=false isAirplaneModeOn()=true
06-10 14:20:12.780  2564  2564 I DeepNoDisturbSM: isNeedEnterDeepNoDisturbMode false
06-10 14:20:12.781  2564  2564 D HwGameAssistantService: ScreenOnReceiver
06-10 14:20:12.893  1413  7249 I chatty  : uid=1000(system) Binder:1413_15 expire 12 lines
06-10 14:20:20.478  1413  1998 I chatty  : uid=1000(system) PowerManagerSer expire 15 lines
06-10 14:20:22.489  1413  2559 I chatty  : uid=1000(system) Binder:1413_7 expire 11 lines
06-10 14:20:22.491  1413  2191 I chatty  : uid=1000(system) CryptdConnector expire 5 lines
06-10 14:20:22.497  1413  1936 I chatty  : uid=1000(system) ActivityManager expire 5 lines
06-10 14:20:22.535  1413 19732 I chatty  : uid=1000(system) Binder:1413_20 expire 12 lines
06-10 14:20:22.588  2564  2729 I DeepNoDisturbP: handleStateChanged reason=2
06-10 14:20:22.588  2564  2729 I DeepNoDisturbSM: setScreenState isScreenOn=false
06-10 14:20:22.588  2564  2564 I DeepNoDisturbSM: IdleState processMessage msg.what=EVENT_SCREEN_OFF
06-10 14:20:22.588  2564  2564 I DeepNoDisturbSM: IdleState: default msg.what=11
06-10 14:20:22.641  1413  3369 I chatty  : uid=1000(system) HwDeviceUsageCo expire 5 lines
06-10 14:20:22.737  1413  1937 I chatty  : uid=1000(system) android.ui expire 5 lines
06-10 14:20:22.799  1413  6374 I chatty  : uid=1000(system) Binder:1413_13 expire 11 lines
06-10 14:20:22.809  1413  2188 I chatty  : uid=1000(system) StorageManagerS expire 5 lines
06-10 14:20:22.810   595   598 I vold    : TrimTask running tasks: 0
06-10 14:20:22.811  1413  2190 I chatty  : uid=1000(system) VoldConnector expire 5 lines
06-10 14:20:22.812  2577  2723 E KernelCpuSpeedReader: Failed to read cpu-freq: /sys/devices/system/cpu/cpu0/cpufreq/stats/time_in_state (No such file or directory)
06-10 14:20:22.813  2577  2723 E KernelCpuSpeedReader: Failed to read cpu-freq: /sys/devices/system/cpu/cpu4/cpufreq/stats/time_in_state (No such file or directory)
06-10 14:20:22.847  2564  2729 I DeepNoDisturbP: handleStateChanged reason=2
06-10 14:20:22.847  2564  2729 I DeepNoDisturbSM: setScreenState isScreenOn=true
06-10 14:20:22.847  2564  2564 I DeepNoDisturbSM: IdleState processMessage msg.what=EVENT_SCREEN_ON
06-10 14:20:22.856  2564  2564 I DeepNoDisturbSM: isNetworkTypeSuitDeepNoDisturbMode networkType = 0
06-10 14:20:22.856  2564  2564 I DeepNoDisturbSM: isCorrectState=true mIsCallOn=false mGameStatus=0 defaultDataSubId=0 default4GSlotId=0 mIsDefaultDataOn=false mIsScreenOn=true deepNoDisturbModeProp=true isDeepNoDisturbSwitchOn=false isGameDndSwitchOn=true isNetworkTypeSuitDeepNoDisturbMode=false isAirplaneModeOn()=true
06-10 14:20:22.856  2564  2564 I DeepNoDisturbSM: isNeedEnterDeepNoDisturbMode false
06-10 14:20:22.856  2564  2564 D HwGameAssistantService: ScreenOnReceiver
06-10 14:20:28.027   881   915 W SchedPolicy: add_tid_to_cgroup failed to write '31063' (Permission denied); fd=6
06-10 14:20:28.027   881   915 E SchedPolicy: set_cpuset_policy failed err=-22, tid=31063, policy=1
06-10 14:20:28.033  1413  2916 I chatty  : uid=1000(system) Binder:1413_D expire 8 lines
06-10 14:20:28.549   881   915 W SchedPolicy: add_tid_to_cgroup failed to write '31068' (Permission denied); fd=6
06-10 14:20:28.549   881   915 E SchedPolicy: set_cpuset_policy failed err=-22, tid=31068, policy=1
06-10 14:20:28.565  1413  1413 I chatty  : uid=1000 system_server expire 16 lines
06-10 14:20:28.997  1413  2467 I chatty  : uid=1000(system) watchdog expire 2 lines
06-10 14:20:31.915  2577  2723 E KernelCpuSpeedReader: Failed to read cpu-freq: /sys/devices/system/cpu/cpu0/cpufreq/stats/time_in_state (No such file or directory)
06-10 14:20:31.916  2577  2723 E KernelCpuSpeedReader: Failed to read cpu-freq: /sys/devices/system/cpu/cpu4/cpufreq/stats/time_in_state (No such file or directory)
06-10 14:20:32.533  1413  1998 I chatty  : uid=1000(system) PowerManagerSer expire 27 lines
06-10 14:20:32.629  1413  2214 I chatty  : uid=1000(system) WifiP2pService expire 11 lines
06-10 14:20:32.654  2564  2729 I DeepNoDisturbP: handleStateChanged reason=2
06-10 14:20:32.654  2564  2729 I DeepNoDisturbSM: setScreenState isScreenOn=false
06-10 14:20:32.654  2564  2564 I DeepNoDisturbSM: IdleState processMessage msg.what=EVENT_SCREEN_OFF
06-10 14:20:32.654  2564  2564 I DeepNoDisturbSM: IdleState: default msg.what=11
06-10 14:20:32.847  1413 13890 I chatty  : uid=1000(system) Binder:1413_1C expire 1 line
06-10 14:20:32.858   595   598 I vold    : TrimTask running tasks: 0
06-10 14:20:32.861  2577  2723 E KernelCpuSpeedReader: Failed to read cpu-freq: /sys/devices/system/cpu/cpu0/cpufreq/stats/time_in_state (No such file or directory)
06-10 14:20:32.862  2577  2723 E KernelCpuSpeedReader: Failed to read cpu-freq: /sys/devices/system/cpu/cpu4/cpufreq/stats/time_in_state (No such file or directory)
06-10 14:20:32.896  2564  2729 I DeepNoDisturbP: handleStateChanged reason=2
06-10 14:20:32.897  2564  2729 I DeepNoDisturbSM: setScreenState isScreenOn=true
06-10 14:20:32.897  2564  2564 I DeepNoDisturbSM: IdleState processMessage msg.what=EVENT_SCREEN_ON
06-10 14:20:32.904  2564  2564 I DeepNoDisturbSM: isNetworkTypeSuitDeepNoDisturbMode networkType = 0
06-10 14:20:32.904  2564  2564 I DeepNoDisturbSM: isCorrectState=true mIsCallOn=false mGameStatus=0 defaultDataSubId=0 default4GSlotId=0 mIsDefaultDataOn=false mIsScreenOn=true deepNoDisturbModeProp=true isDeepNoDisturbSwitchOn=false isGameDndSwitchOn=true isNetworkTypeSuitDeepNoDisturbMode=false isAirplaneModeOn()=true
06-10 14:20:32.904  2564  2564 I DeepNoDisturbSM: isNeedEnterDeepNoDisturbMode false
06-10 14:20:32.904  2564  2564 D HwGameAssistantService: ScreenOnReceiver
06-10 14:20:42.627  1413  3112 I chatty  : uid=1000(system) Binder:1413_E expire 4 lines
06-10 14:20:42.710  2564  2729 I DeepNoDisturbP: handleStateChanged reason=2
06-10 14:20:42.710  2564  2729 I DeepNoDisturbSM: setScreenState isScreenOn=false
06-10 14:20:42.711  2564  2564 I DeepNoDisturbSM: IdleState processMessage msg.what=EVENT_SCREEN_OFF
06-10 14:20:42.711  2564  2564 I DeepNoDisturbSM: IdleState: default msg.what=11
06-10 14:20:42.796  1413  1413 I chatty  : uid=1000 system_server expire 10 lines
06-10 14:20:42.917   595   598 I vold    : TrimTask running tasks: 0
06-10 14:20:42.920  2577  2723 E KernelCpuSpeedReader: Failed to read cpu-freq: /sys/devices/system/cpu/cpu0/cpufreq/stats/time_in_state (No such file or directory)
06-10 14:20:42.920  2577  2723 E KernelCpuSpeedReader: Failed to read cpu-freq: /sys/devices/system/cpu/cpu4/cpufreq/stats/time_in_state (No such file or directory)
06-10 14:20:42.924  1413  2214 I chatty  : uid=1000(system) WifiP2pService expire 10 lines
06-10 14:20:42.952  2564  2729 I DeepNoDisturbP: handleStateChanged reason=2
06-10 14:20:42.952  2564  2729 I DeepNoDisturbSM: setScreenState isScreenOn=true
06-10 14:20:42.952  2564  2564 I DeepNoDisturbSM: IdleState processMessage msg.what=EVENT_SCREEN_ON
06-10 14:20:42.959  2564  2564 I DeepNoDisturbSM: isNetworkTypeSuitDeepNoDisturbMode networkType = 0
06-10 14:20:42.959  2564  2564 I DeepNoDisturbSM: isCorrectState=true mIsCallOn=false mGameStatus=0 defaultDataSubId=0 default4GSlotId=0 mIsDefaultDataOn=false mIsScreenOn=true deepNoDisturbModeProp=true isDeepNoDisturbSwitchOn=false isGameDndSwitchOn=true isNetworkTypeSuitDeepNoDisturbMode=false isAirplaneModeOn()=true
06-10 14:20:42.959  2564  2564 I DeepNoDisturbSM: isNeedEnterDeepNoDisturbMode false
06-10 14:20:42.959  2564  2564 D HwGameAssistantService: ScreenOnReceiver
06-10 14:20:50.673  1413  1998 I chatty  : uid=1000(system) PowerManagerSer expire 28 lines
06-10 14:20:52.690  1413  6374 I chatty  : uid=1000(system) Binder:1413_13 expire 11 lines
06-10 14:20:52.787  2564  2729 I DeepNoDisturbP: handleStateChanged reason=2
06-10 14:20:52.787  2564  2729 I DeepNoDisturbSM: setScreenState isScreenOn=false
06-10 14:20:52.787  2564  2564 I DeepNoDisturbSM: IdleState processMessage msg.what=EVENT_SCREEN_OFF
06-10 14:20:52.787  2564  2564 I DeepNoDisturbSM: IdleState: default msg.what=11
06-10 14:20:52.977   595   598 I vold    : TrimTask running tasks: 0
06-10 14:20:52.980  2577  2723 E KernelCpuSpeedReader: Failed to read cpu-freq: /sys/devices/system/cpu/cpu0/cpufreq/stats/time_in_state (No such file or directory)
06-10 14:20:52.980  2577  2723 E KernelCpuSpeedReader: Failed to read cpu-freq: /sys/devices/system/cpu/cpu4/cpufreq/stats/time_in_state (No such file or directory)
06-10 14:20:52.984  1413  1413 I chatty  : uid=1000 system_server expire 11 lines
06-10 14:20:53.012  2564  2729 I DeepNoDisturbP: handleStateChanged reason=2
06-10 14:20:53.012  2564  2729 I DeepNoDisturbSM: setScreenState isScreenOn=true
06-10 14:20:53.012  2564  2564 I DeepNoDisturbSM: IdleState processMessage msg.what=EVENT_SCREEN_ON
06-10 14:20:53.019  2564  2564 I DeepNoDisturbSM: isNetworkTypeSuitDeepNoDisturbMode networkType = 0
06-10 14:20:53.019  2564  2564 I DeepNoDisturbSM: isCorrectState=true mIsCallOn=false mGameStatus=0 defaultDataSubId=0 default4GSlotId=0 mIsDefaultDataOn=false mIsScreenOn=true deepNoDisturbModeProp=true isDeepNoDisturbSwitchOn=false isGameDndSwitchOn=true isNetworkTypeSuitDeepNoDisturbMode=false isAirplaneModeOn()=true
06-10 14:20:53.019  2564  2564 I DeepNoDisturbSM: isNeedEnterDeepNoDisturbMode false
06-10 14:20:53.019  2564  2564 D HwGameAssistantService: ScreenOnReceiver
06-10 14:21:02.833  1413  2214 I chatty  : uid=1000(system) WifiP2pService expire 4 lines
06-10 14:21:02.862  2564  2729 I DeepNoDisturbP: handleStateChanged reason=2
06-10 14:21:02.862  2564  2729 I DeepNoDisturbSM: setScreenState isScreenOn=false
06-10 14:21:02.862  2564  2564 I DeepNoDisturbSM: IdleState processMessage msg.what=EVENT_SCREEN_OFF
06-10 14:21:02.863  2564  2564 I DeepNoDisturbSM: IdleState: default msg.what=11
06-10 14:21:03.065   595   598 I vold    : TrimTask running tasks: 0
06-10 14:21:03.068  2577  2723 E KernelCpuSpeedReader: Failed to read cpu-freq: /sys/devices/system/cpu/cpu0/cpufreq/stats/time_in_state (No such file or directory)
06-10 14:21:03.068  2577  2723 E KernelCpuSpeedReader: Failed to read cpu-freq: /sys/devices/system/cpu/cpu4/cpufreq/stats/time_in_state (No such file or directory)
06-10 14:21:03.073  1413  1413 I chatty  : uid=1000 system_server expire 15 lines
06-10 14:21:03.074  1413  2214 I chatty  : uid=1000(system) WifiP2pService expire 10 lines
06-10 14:21:03.103  2564  2729 I DeepNoDisturbP: handleStateChanged reason=2
06-10 14:21:03.103  2564  2729 I DeepNoDisturbSM: setScreenState isScreenOn=true
06-10 14:21:03.103  2564  2564 I DeepNoDisturbSM: IdleState processMessage msg.what=EVENT_SCREEN_ON
06-10 14:21:03.110  2564  2564 I DeepNoDisturbSM: isNetworkTypeSuitDeepNoDisturbMode networkType = 0
06-10 14:21:03.110  2564  2564 I DeepNoDisturbSM: isCorrectState=true mIsCallOn=false mGameStatus=0 defaultDataSubId=0 default4GSlotId=0 mIsDefaultDataOn=false mIsScreenOn=true deepNoDisturbModeProp=true isDeepNoDisturbSwitchOn=false isGameDndSwitchOn=true isNetworkTypeSuitDeepNoDisturbMode=false isAirplaneModeOn()=true
06-10 14:21:03.110  2564  2564 I DeepNoDisturbSM: isNeedEnterDeepNoDisturbMode false
06-10 14:21:03.110  2564  2564 D HwGameAssistantService: ScreenOnReceiver
06-10 14:21:03.221  1413  2916 I chatty  : uid=1000(system) Binder:1413_D expire 12 lines
06-10 14:21:10.819  1413  1998 I chatty  : uid=1000(system) PowerManagerSer expire 28 lines
06-10 14:21:12.832  1413  7249 I chatty  : uid=1000(system) Binder:1413_15 expire 11 lines
06-10 14:21:12.834  1413  2191 I chatty  : uid=1000(system) CryptdConnector expire 5 lines
06-10 14:21:12.838  1413  1936 I chatty  : uid=1000(system) ActivityManager expire 5 lines
06-10 14:21:12.929  2564  2729 I DeepNoDisturbP: handleStateChanged reason=2
06-10 14:21:12.930  2564  2729 I DeepNoDisturbSM: setScreenState isScreenOn=false
06-10 14:21:12.930  2564  2564 I DeepNoDisturbSM: IdleState processMessage msg.what=EVENT_SCREEN_OFF
06-10 14:21:12.930  2564  2564 I DeepNoDisturbSM: IdleState: default msg.what=11
06-10 14:21:12.968  1413  3369 I chatty  : uid=1000(system) HwDeviceUsageCo expire 5 lines
06-10 14:21:13.074  1413  1937 I chatty  : uid=1000(system) android.ui expire 5 lines
06-10 14:21:13.129  1413  7782 I chatty  : uid=1000(system) Binder:1413_16 expire 7 lines
06-10 14:21:13.139  1413  2188 I chatty  : uid=1000(system) StorageManagerS expire 4 lines
06-10 14:21:13.139   595   598 I vold    : TrimTask running tasks: 0
06-10 14:21:13.141  1413  2190 I chatty  : uid=1000(system) VoldConnector expire 4 lines
06-10 14:21:13.142  2577  2723 E KernelCpuSpeedReader: Failed to read cpu-freq: /sys/devices/system/cpu/cpu0/cpufreq/stats/time_in_state (No such file or directory)
06-10 14:21:13.143  2577  2723 E KernelCpuSpeedReader: Failed to read cpu-freq: /sys/devices/system/cpu/cpu4/cpufreq/stats/time_in_state (No such file or directory)
