06-10 14:21:13.177  2564  2729 I DeepNoDisturbP: handleStateChanged reason=2
06-10 14:21:13.177  2564  2729 I DeepNoDisturbSM: setScreenState isScreenOn=true
06-10 14:21:13.177  2564  2564 I DeepNoDisturbSM: IdleState processMessage msg.what=EVENT_SCREEN_ON
06-10 14:21:13.183  2564  2564 I DeepNoDisturbSM: isNetworkTypeSuitDeepNoDisturbMode networkType = 0
06-10 14:21:13.183  2564  2564 I DeepNoDisturbSM: isCorrectState=true mIsCallOn=false mGameStatus=0 defaultDataSubId=0 default4GSlotId=0 mIsDefaultDataOn=false mIsScreenOn=true deepNoDisturbModeProp=true isDeepNoDisturbSwitchOn=false isGameDndSwitchOn=true isNetworkTypeSuitDeepNoDisturbMode=false isAirplaneModeOn()=true
06-10 14:21:13.183  2564  2564 I DeepNoDisturbSM: isNeedEnterDeepNoDisturbMode false
06-10 14:21:13.183  2564  2564 D HwGameAssistantService: ScreenOnReceiver
06-10 14:21:15.603  1413  3112 I chatty  : uid=1000(system) Binder:1413_E expire 2 lines
06-10 14:21:22.948  1413 13890 I chatty  : uid=1000(system) Binder:1413_1C expire 20 lines
06-10 14:21:22.988  1413  1413 I chatty  : uid=1000 system_server expire 13 lines
06-10 14:21:22.988  1413  2214 I chatty  : uid=1000(system) WifiP2pService expire 11 lines
06-10 14:21:23.014  2564  2729 I DeepNoDisturbP: handleStateChanged reason=2
06-10 14:21:23.014  2564  2729 I DeepNoDisturbSM: setScreenState isScreenOn=false
06-10 14:21:23.015  2564  2564 I DeepNoDisturbSM: IdleState processMessage msg.what=EVENT_SCREEN_OFF
06-10 14:21:23.015  2564  2564 I DeepNoDisturbSM: IdleState: default msg.what=11
06-10 14:21:23.214   595   598 I vold    : TrimTask running tasks: 0
06-10 14:21:23.217  2577  2723 E KernelCpuSpeedReader: Failed to read cpu-freq: /sys/devices/system/cpu/cpu0/cpufreq/stats/time_in_state (No such file or directory)
06-10 14:21:23.217  2577  2723 E KernelCpuSpeedReader: Failed to read cpu-freq: /sys/devices/system/cpu/cpu4/cpufreq/stats/time_in_state (No such file or directory)
06-10 14:21:23.249  2564  2729 I DeepNoDisturbP: handleStateChanged reason=2
06-10 14:21:23.249  2564  2729 I DeepNoDisturbSM: setScreenState isScreenOn=true
06-10 14:21:23.249  2564  2564 I DeepNoDisturbSM: IdleState processMessage msg.what=EVENT_SCREEN_ON
06-10 14:21:23.255  2564  2564 I DeepNoDisturbSM: isNetworkTypeSuitDeepNoDisturbMode networkType = 0
06-10 14:21:23.256  2564  2564 I DeepNoDisturbSM: isCorrectState=true mIsCallOn=false mGameStatus=0 defaultDataSubId=0 default4GSlotId=0 mIsDefaultDataOn=false mIsScreenOn=true deepNoDisturbModeProp=true isDeepNoDisturbSwitchOn=false isGameDndSwitchOn=true isNetworkTypeSuitDeepNoDisturbMode=false isAirplaneModeOn()=true
06-10 14:21:23.256  2564  2564 I DeepNoDisturbSM: isNeedEnterDeepNoDisturbMode false
06-10 14:21:23.256  2564  2564 D HwGameAssistantService: ScreenOnReceiver
06-10 14:21:23.366  1413  7249 I chatty  : uid=1000(system) Binder:1413_15 expire 3 lines
06-10 14:21:29.003  1413  2467 I chatty  : uid=1000(system) watchdog expire 1 line
06-10 14:21:30.953  1413  1998 I chatty  : uid=1000(system) PowerManagerSer expire 28 lines
06-10 14:21:32.972  1413  2559 I chatty  : uid=1000(system) Binder:1413_7 expire 3 lines
06-10 14:21:33.020  1413  6374 I chatty  : uid=1000(system) Binder:1413_13 expire 9 lines
06-10 14:21:33.074  2564  2729 I DeepNoDisturbP: handleStateChanged reason=2
06-10 14:21:33.075  2564  2729 I DeepNoDisturbSM: setScreenState isScreenOn=false
06-10 14:21:33.075  2564  2564 I DeepNoDisturbSM: IdleState processMessage msg.what=EVENT_SCREEN_OFF
06-10 14:21:33.075  2564  2564 I DeepNoDisturbSM: IdleState: default msg.what=11
06-10 14:21:33.151  1413  1413 I chatty  : uid=1000 system_server expire 10 lines
06-10 14:21:33.271   595   598 I vold    : TrimTask running tasks: 0
06-10 14:21:33.274  2577  2723 E KernelCpuSpeedReader: Failed to read cpu-freq: /sys/devices/system/cpu/cpu0/cpufreq/stats/time_in_state (No such file or directory)
06-10 14:21:33.274  2577  2723 E KernelCpuSpeedReader: Failed to read cpu-freq: /sys/devices/system/cpu/cpu4/cpufreq/stats/time_in_state (No such file or directory)
06-10 14:21:33.279  1413  2214 I chatty  : uid=1000(system) WifiP2pService expire 10 lines
06-10 14:21:33.308  2564  2729 I DeepNoDisturbP: handleStateChanged reason=2
06-10 14:21:33.308  2564  2729 I DeepNoDisturbSM: setScreenState isScreenOn=true
06-10 14:21:33.309  2564  2564 I DeepNoDisturbSM: IdleState processMessage msg.what=EVENT_SCREEN_ON
06-10 14:21:33.316  2564  2564 I DeepNoDisturbSM: isNetworkTypeSuitDeepNoDisturbMode networkType = 0
06-10 14:21:33.316  2564  2564 I DeepNoDisturbSM: isCorrectState=true mIsCallOn=false mGameStatus=0 defaultDataSubId=0 default4GSlotId=0 mIsDefaultDataOn=false mIsScreenOn=true deepNoDisturbModeProp=true isDeepNoDisturbSwitchOn=false isGameDndSwitchOn=true isNetworkTypeSuitDeepNoDisturbMode=false isAirplaneModeOn()=true
06-10 14:21:33.316  2564  2564 I DeepNoDisturbSM: isNeedEnterDeepNoDisturbMode false
06-10 14:21:33.316  2564  2564 D HwGameAssistantService: ScreenOnReceiver
06-10 14:21:43.136  2564  2729 I DeepNoDisturbP: handleStateChanged reason=2
06-10 14:21:43.136  2564  2729 I DeepNoDisturbSM: setScreenState isScreenOn=false
06-10 14:21:43.136  2564  2564 I DeepNoDisturbSM: IdleState processMessage msg.what=EVENT_SCREEN_OFF
06-10 14:21:43.136  2564  2564 I DeepNoDisturbSM: IdleState: default msg.what=11
06-10 14:21:43.334   595   598 I vold    : TrimTask running tasks: 0
06-10 14:21:43.337  2577  2723 E KernelCpuSpeedReader: Failed to read cpu-freq: /sys/devices/system/cpu/cpu0/cpufreq/stats/time_in_state (No such file or directory)
06-10 14:21:43.337  2577  2723 E KernelCpuSpeedReader: Failed to read cpu-freq: /sys/devices/system/cpu/cpu4/cpufreq/stats/time_in_state (No such file or directory)
06-10 14:21:43.341  1413  1413 I chatty  : uid=1000 system_server expire 9 lines
06-10 14:21:43.369  2564  2729 I DeepNoDisturbP: handleStateChanged reason=2
06-10 14:21:43.369  2564  2729 I DeepNoDisturbSM: setScreenState isScreenOn=true
06-10 14:21:43.369  2564  2564 I DeepNoDisturbSM: IdleState processMessage msg.what=EVENT_SCREEN_ON
06-10 14:21:43.375  2564  2564 I DeepNoDisturbSM: isNetworkTypeSuitDeepNoDisturbMode networkType = 0
06-10 14:21:43.375  2564  2564 I DeepNoDisturbSM: isCorrectState=true mIsCallOn=false mGameStatus=0 defaultDataSubId=0 default4GSlotId=0 mIsDefaultDataOn=false mIsScreenOn=true deepNoDisturbModeProp=true isDeepNoDisturbSwitchOn=false isGameDndSwitchOn=true isNetworkTypeSuitDeepNoDisturbMode=false isAirplaneModeOn()=true
06-10 14:21:43.375  2564  2564 I DeepNoDisturbSM: isNeedEnterDeepNoDisturbMode false
06-10 14:21:43.376  2564  2564 D HwGameAssistantService: ScreenOnReceiver
06-10 14:21:51.086  1413  1998 I chatty  : uid=1000(system) PowerManagerSer expire 14 lines
06-10 14:21:53.178  1413  2214 I chatty  : uid=1000(system) WifiP2pService expire 11 lines
06-10 14:21:53.203  2564  2729 I DeepNoDisturbP: handleStateChanged reason=2
06-10 14:21:53.203  2564  2729 I DeepNoDisturbSM: setScreenState isScreenOn=false
06-10 14:21:53.203  2564  2564 I DeepNoDisturbSM: IdleState processMessage msg.what=EVENT_SCREEN_OFF
06-10 14:21:53.203  2564  2564 I DeepNoDisturbSM: IdleState: default msg.what=11
06-10 14:21:53.413  1413  2188 I chatty  : uid=1000(system) StorageManagerS expire 5 lines
06-10 14:21:53.414   595   598 I vold    : TrimTask running tasks: 0
06-10 14:21:53.415  1413  2190 I chatty  : uid=1000(system) VoldConnector expire 5 lines
06-10 14:21:53.416  2577  2723 E KernelCpuSpeedReader: Failed to read cpu-freq: /sys/devices/system/cpu/cpu0/cpufreq/stats/time_in_state (No such file or directory)
06-10 14:21:53.416  2577  2723 E KernelCpuSpeedReader: Failed to read cpu-freq: /sys/devices/system/cpu/cpu4/cpufreq/stats/time_in_state (No such file or directory)
06-10 14:21:53.420  1413  1413 I chatty  : uid=1000 system_server expire 11 lines
06-10 14:21:53.447  2564  2729 I DeepNoDisturbP: handleStateChanged reason=2
06-10 14:21:53.447  2564  2729 I DeepNoDisturbSM: setScreenState isScreenOn=true
06-10 14:21:53.448  2564  2564 I DeepNoDisturbSM: IdleState processMessage msg.what=EVENT_SCREEN_ON
06-10 14:21:53.453  2564  2564 I DeepNoDisturbSM: isNetworkTypeSuitDeepNoDisturbMode networkType = 0
06-10 14:21:53.453  2564  2564 I DeepNoDisturbSM: isCorrectState=true mIsCallOn=false mGameStatus=0 defaultDataSubId=0 default4GSlotId=0 mIsDefaultDataOn=false mIsScreenOn=true deepNoDisturbModeProp=true isDeepNoDisturbSwitchOn=false isGameDndSwitchOn=true isNetworkTypeSuitDeepNoDisturbMode=false isAirplaneModeOn()=true
06-10 14:21:53.453  2564  2564 I DeepNoDisturbSM: isNeedEnterDeepNoDisturbMode false
06-10 14:21:53.454  2564  2564 D HwGameAssistantService: ScreenOnReceiver
06-10 14:21:53.564  1413  7249 I chatty  : uid=1000(system) Binder:1413_15 expire 3 lines
06-10 14:21:59.006  1413  2467 I chatty  : uid=1000(system) watchdog expire 2 lines
06-10 14:22:01.163  1413  1998 I chatty  : uid=1000(system) PowerManagerSer expire 28 lines
06-10 14:22:03.163  1413  1936 I chatty  : uid=1000(system) ActivityManager expire 5 lines
06-10 14:22:03.171  1413  2559 I chatty  : uid=1000(system) Binder:1413_7 expire 14 lines
06-10 14:22:03.173  1413  2191 I chatty  : uid=1000(system) CryptdConnector expire 5 lines
06-10 14:22:03.288  2564  2729 I DeepNoDisturbP: handleStateChanged reason=2
06-10 14:22:03.288  2564  2729 I DeepNoDisturbSM: setScreenState isScreenOn=false
06-10 14:22:03.289  2564  2564 I DeepNoDisturbSM: IdleState processMessage msg.what=EVENT_SCREEN_OFF
06-10 14:22:03.289  2564  2564 I DeepNoDisturbSM: IdleState: default msg.what=11
06-10 14:22:03.325  1413  3369 I chatty  : uid=1000(system) HwDeviceUsageCo expire 4 lines
06-10 14:22:03.431  1413  1937 I chatty  : uid=1000(system) android.ui expire 4 lines
06-10 14:22:03.473  1413  7782 I chatty  : uid=1000(system) Binder:1413_16 expire 6 lines
06-10 14:22:03.484   595   598 I vold    : TrimTask running tasks: 0
06-10 14:22:03.486  2577  2723 E KernelCpuSpeedReader: Failed to read cpu-freq: /sys/devices/system/cpu/cpu0/cpufreq/stats/time_in_state (No such file or directory)
06-10 14:22:03.487  2577  2723 E KernelCpuSpeedReader: Failed to read cpu-freq: /sys/devices/system/cpu/cpu4/cpufreq/stats/time_in_state (No such file or directory)
06-10 14:22:03.491  1413  1413 I chatty  : uid=1000 system_server expire 15 lines
06-10 14:22:03.492  1413  2214 I chatty  : uid=1000(system) WifiP2pService expire 10 lines
06-10 14:22:03.521  2564  2729 I DeepNoDisturbP: handleStateChanged reason=2
06-10 14:22:03.521  2564  2729 I DeepNoDisturbSM: setScreenState isScreenOn=true
06-10 14:22:03.521  2564  2564 I DeepNoDisturbSM: IdleState processMessage msg.what=EVENT_SCREEN_ON
06-10 14:22:03.527  2564  2564 I DeepNoDisturbSM: isNetworkTypeSuitDeepNoDisturbMode networkType = 0
06-10 14:22:03.527  2564  2564 I DeepNoDisturbSM: isCorrectState=true mIsCallOn=false mGameStatus=0 defaultDataSubId=0 default4GSlotId=0 mIsDefaultDataOn=false mIsScreenOn=true deepNoDisturbModeProp=true isDeepNoDisturbSwitchOn=false isGameDndSwitchOn=true isNetworkTypeSuitDeepNoDisturbMode=false isAirplaneModeOn()=true
06-10 14:22:03.527  2564  2564 I DeepNoDisturbSM: isNeedEnterDeepNoDisturbMode false
06-10 14:22:03.527  2564  2564 D HwGameAssistantService: ScreenOnReceiver
06-10 14:22:13.296  1413  2575 I chatty  : uid=1000(system) Binder:1413_9 expire 8 lines
06-10 14:22:13.359  2564  2729 I DeepNoDisturbP: handleStateChanged reason=2
06-10 14:22:13.359  2564  2729 I DeepNoDisturbSM: setScreenState isScreenOn=false
06-10 14:22:13.359  2564  2564 I DeepNoDisturbSM: IdleState processMessage msg.what=EVENT_SCREEN_OFF
06-10 14:22:13.359  2564  2564 I DeepNoDisturbSM: IdleState: default msg.what=11
06-10 14:22:13.557   595   598 I vold    : TrimTask running tasks: 0
06-10 14:22:13.560  2577  2723 E KernelCpuSpeedReader: Failed to read cpu-freq: /sys/devices/system/cpu/cpu0/cpufreq/stats/time_in_state (No such file or directory)
06-10 14:22:13.560  2577  2723 E KernelCpuSpeedReader: Failed to read cpu-freq: /sys/devices/system/cpu/cpu4/cpufreq/stats/time_in_state (No such file or directory)
06-10 14:22:13.594  2564  2729 I DeepNoDisturbP: handleStateChanged reason=2
06-10 14:22:13.594  2564  2729 I DeepNoDisturbSM: setScreenState isScreenOn=true
06-10 14:22:13.594  2564  2564 I DeepNoDisturbSM: IdleState processMessage msg.what=EVENT_SCREEN_ON
06-10 14:22:13.600  2564  2564 I DeepNoDisturbSM: isNetworkTypeSuitDeepNoDisturbMode networkType = 0
06-10 14:22:13.601  2564  2564 I DeepNoDisturbSM: isCorrectState=true mIsCallOn=false mGameStatus=0 defaultDataSubId=0 default4GSlotId=0 mIsDefaultDataOn=false mIsScreenOn=true deepNoDisturbModeProp=true isDeepNoDisturbSwitchOn=false isGameDndSwitchOn=true isNetworkTypeSuitDeepNoDisturbMode=false isAirplaneModeOn()=true
06-10 14:22:13.601  2564  2564 I DeepNoDisturbSM: isNeedEnterDeepNoDisturbMode false
06-10 14:22:13.601  2564  2564 D HwGameAssistantService: ScreenOnReceiver
06-10 14:22:13.711  1413  6374 I chatty  : uid=1000(system) Binder:1413_13 expire 3 lines
06-10 14:22:21.313  1413  1998 I chatty  : uid=1000(system) PowerManagerSer expire 15 lines
06-10 14:22:23.325  1413  2916 I chatty  : uid=1000(system) Binder:1413_D expire 12 lines
06-10 14:22:23.390  1413  1413 I chatty  : uid=1000 system_server expire 13 lines
06-10 14:22:23.390  1413  2214 I chatty  : uid=1000(system) WifiP2pService expire 11 lines
06-10 14:22:23.418  2564  2729 I DeepNoDisturbP: handleStateChanged reason=2
06-10 14:22:23.418  2564  2729 I DeepNoDisturbSM: setScreenState isScreenOn=false
06-10 14:22:23.418  2564  2564 I DeepNoDisturbSM: IdleState processMessage msg.what=EVENT_SCREEN_OFF
06-10 14:22:23.418  2564  2564 I DeepNoDisturbSM: IdleState: default msg.what=11
06-10 14:22:23.624  1413  2559 I chatty  : uid=1000(system) Binder:1413_7 expire 1 line
06-10 14:22:23.633   595   598 I vold    : TrimTask running tasks: 0
06-10 14:22:23.635  2577  2723 E KernelCpuSpeedReader: Failed to read cpu-freq: /sys/devices/system/cpu/cpu0/cpufreq/stats/time_in_state (No such file or directory)
06-10 14:22:23.635  2577  2723 E KernelCpuSpeedReader: Failed to read cpu-freq: /sys/devices/system/cpu/cpu4/cpufreq/stats/time_in_state (No such file or directory)
06-10 14:22:23.671  2564  2729 I DeepNoDisturbP: handleStateChanged reason=2
06-10 14:22:23.671  2564  2729 I DeepNoDisturbSM: setScreenState isScreenOn=true
06-10 14:22:23.671  2564  2564 I DeepNoDisturbSM: IdleState processMessage msg.what=EVENT_SCREEN_ON
06-10 14:22:23.677  2564  2564 I DeepNoDisturbSM: isNetworkTypeSuitDeepNoDisturbMode networkType = 0
06-10 14:22:23.677  2564  2564 I DeepNoDisturbSM: isCorrectState=true mIsCallOn=false mGameStatus=0 defaultDataSubId=0 default4GSlotId=0 mIsDefaultDataOn=false mIsScreenOn=true deepNoDisturbModeProp=true isDeepNoDisturbSwitchOn=false isGameDndSwitchOn=true isNetworkTypeSuitDeepNoDisturbMode=false isAirplaneModeOn()=true
06-10 14:22:23.677  2564  2564 I DeepNoDisturbSM: isNeedEnterDeepNoDisturbMode false
06-10 14:22:23.678  2564  2564 D HwGameAssistantService: ScreenOnReceiver
06-10 14:22:31.972  2577  2723 E KernelCpuSpeedReader: Failed to read cpu-freq: /sys/devices/system/cpu/cpu0/cpufreq/stats/time_in_state (No such file or directory)
06-10 14:22:31.972  2577  2723 E KernelCpuSpeedReader: Failed to read cpu-freq: /sys/devices/system/cpu/cpu4/cpufreq/stats/time_in_state (No such file or directory)
06-10 14:22:33.363  1413  1998 I chatty  : uid=1000(system) PowerManagerSer expire 20 lines
06-10 14:22:33.444  1413 13890 I chatty  : uid=1000(system) Binder:1413_1C expire 8 lines
06-10 14:22:33.501  2564  2729 I DeepNoDisturbP: handleStateChanged reason=2
06-10 14:22:33.502  2564  2729 I DeepNoDisturbSM: setScreenState isScreenOn=false
06-10 14:22:33.502  2564  2564 I DeepNoDisturbSM: IdleState processMessage msg.what=EVENT_SCREEN_OFF
06-10 14:22:33.502  2564  2564 I DeepNoDisturbSM: IdleState: default msg.what=11
06-10 14:22:33.576  1413  1413 I chatty  : uid=1000 system_server expire 7 lines
06-10 14:22:33.706   595   598 I vold    : TrimTask running tasks: 0
06-10 14:22:33.708  2577  2723 E KernelCpuSpeedReader: Failed to read cpu-freq: /sys/devices/system/cpu/cpu0/cpufreq/stats/time_in_state (No such file or directory)
06-10 14:22:33.708  2577  2723 E KernelCpuSpeedReader: Failed to read cpu-freq: /sys/devices/system/cpu/cpu4/cpufreq/stats/time_in_state (No such file or directory)
06-10 14:22:33.714  1413  2214 I chatty  : uid=1000(system) WifiP2pService expire 3 lines
06-10 14:22:33.741  2564  2729 I DeepNoDisturbP: handleStateChanged reason=2
06-10 14:22:33.741  2564  2729 I DeepNoDisturbSM: setScreenState isScreenOn=true
06-10 14:22:33.742  2564  2564 I DeepNoDisturbSM: IdleState processMessage msg.what=EVENT_SCREEN_ON
06-10 14:22:33.749  2564  2564 I DeepNoDisturbSM: isNetworkTypeSuitDeepNoDisturbMode networkType = 0
06-10 14:22:33.749  2564  2564 I DeepNoDisturbSM: isCorrectState=true mIsCallOn=false mGameStatus=0 defaultDataSubId=0 default4GSlotId=0 mIsDefaultDataOn=false mIsScreenOn=true deepNoDisturbModeProp=true isDeepNoDisturbSwitchOn=false isGameDndSwitchOn=true isNetworkTypeSuitDeepNoDisturbMode=false isAirplaneModeOn()=true
06-10 14:22:33.749  2564  2564 I DeepNoDisturbSM: isNeedEnterDeepNoDisturbMode false
06-10 14:22:33.749  2564  2564 D HwGameAssistantService: ScreenOnReceiver
06-10 14:22:43.480  1413  2916 I chatty  : uid=1000(system) Binder:1413_D expire 14 lines
06-10 14:22:43.501  1413  1998 I chatty  : uid=1000(system) PowerManagerSer expire 21 lines
06-10 14:22:43.515  1413  7249 I chatty  : uid=1000(system) Binder:1413_15 expire 10 lines
06-10 14:22:43.538  1413  1413 I chatty  : uid=1000 system_server expire 11 lines
06-10 14:22:43.538  1413  2214 I chatty  : uid=1000(system) WifiP2pService expire 11 lines
06-10 14:22:43.566  2564  2729 I DeepNoDisturbP: handleStateChanged reason=2
06-10 14:22:43.566  2564  2729 I DeepNoDisturbSM: setScreenState isScreenOn=false
06-10 14:22:43.566  2564  2564 I DeepNoDisturbSM: IdleState processMessage msg.what=EVENT_SCREEN_OFF
06-10 14:22:43.566  2564  2564 I DeepNoDisturbSM: IdleState: default msg.what=11
06-10 14:22:43.615  1413  3369 I chatty  : uid=1000(system) HwDeviceUsageCo expire 4 lines
06-10 14:22:43.717  1413  1937 I chatty  : uid=1000(system) android.ui expire 4 lines
06-10 14:22:43.770  1413  2559 I chatty  : uid=1000(system) Binder:1413_7 expire 1 line
06-10 14:22:43.778  1413  2188 I chatty  : uid=1000(system) StorageManagerS expire 4 lines
06-10 14:22:43.779   595   598 I vold    : TrimTask running tasks: 0
06-10 14:22:43.780  1413  2190 I chatty  : uid=1000(system) VoldConnector expire 4 lines
06-10 14:22:43.781  2577  2723 E KernelCpuSpeedReader: Failed to read cpu-freq: /sys/devices/system/cpu/cpu0/cpufreq/stats/time_in_state (No such file or directory)
06-10 14:22:43.781  2577  2723 E KernelCpuSpeedReader: Failed to read cpu-freq: /sys/devices/system/cpu/cpu4/cpufreq/stats/time_in_state (No such file or directory)
06-10 14:22:43.816  2564  2729 I DeepNoDisturbP: handleStateChanged reason=2
06-10 14:22:43.816  2564  2729 I DeepNoDisturbSM: setScreenState isScreenOn=true
06-10 14:22:43.817  2564  2564 I DeepNoDisturbSM: IdleState processMessage msg.what=EVENT_SCREEN_ON
06-10 14:22:43.824  2564  2564 I DeepNoDisturbSM: isNetworkTypeSuitDeepNoDisturbMode networkType = 0
06-10 14:22:43.824  2564  2564 I DeepNoDisturbSM: isCorrectState=true mIsCallOn=false mGameStatus=0 defaultDataSubId=0 default4GSlotId=0 mIsDefaultDataOn=false mIsScreenOn=true deepNoDisturbModeProp=true isDeepNoDisturbSwitchOn=false isGameDndSwitchOn=true isNetworkTypeSuitDeepNoDisturbMode=false isAirplaneModeOn()=true
06-10 14:22:43.824  2564  2564 I DeepNoDisturbSM: isNeedEnterDeepNoDisturbMode false
06-10 14:22:43.824  2564  2564 D HwGameAssistantService: ScreenOnReceiver
06-10 14:22:53.542  1413  2191 I chatty  : uid=1000(system) CryptdConnector expire 4 lines
06-10 14:22:53.554  1413  1936 I chatty  : uid=1000(system) ActivityManager expire 4 lines
06-10 14:22:53.640  2564  2729 I DeepNoDisturbP: handleStateChanged reason=2
06-10 14:22:53.640  2564  2729 I DeepNoDisturbSM: setScreenState isScreenOn=false
06-10 14:22:53.640  2564  2564 I DeepNoDisturbSM: IdleState processMessage msg.what=EVENT_SCREEN_OFF
06-10 14:22:53.640  2564  2564 I DeepNoDisturbSM: IdleState: default msg.what=11
06-10 14:22:53.724  1413  1413 I chatty  : uid=1000 system_server expire 12 lines
06-10 14:22:53.849  1413  2575 I chatty  : uid=1000(system) Binder:1413_9 expire 3 lines
06-10 14:22:53.859   595   598 I vold    : TrimTask running tasks: 0
06-10 14:22:53.862  2577  2723 E KernelCpuSpeedReader: Failed to read cpu-freq: /sys/devices/system/cpu/cpu0/cpufreq/stats/time_in_state (No such file or directory)
06-10 14:22:53.862  2577  2723 E KernelCpuSpeedReader: Failed to read cpu-freq: /sys/devices/system/cpu/cpu4/cpufreq/stats/time_in_state (No such file or directory)
06-10 14:22:53.867  1413  2214 I chatty  : uid=1000(system) WifiP2pService expire 10 lines
06-10 14:22:53.893  2564  2729 I DeepNoDisturbP: handleStateChanged reason=2
06-10 14:22:53.893  2564  2729 I DeepNoDisturbSM: setScreenState isScreenOn=true
06-10 14:22:53.893  2564  2564 I DeepNoDisturbSM: IdleState processMessage msg.what=EVENT_SCREEN_ON
06-10 14:22:53.900  2564  2564 I DeepNoDisturbSM: isNetworkTypeSuitDeepNoDisturbMode networkType = 0
06-10 14:22:53.900  2564  2564 I DeepNoDisturbSM: isCorrectState=true mIsCallOn=false mGameStatus=0 defaultDataSubId=0 default4GSlotId=0 mIsDefaultDataOn=false mIsScreenOn=true deepNoDisturbModeProp=true isDeepNoDisturbSwitchOn=false isGameDndSwitchOn=true isNetworkTypeSuitDeepNoDisturbMode=false isAirplaneModeOn()=true
06-10 14:22:53.900  2564  2564 I DeepNoDisturbSM: isNeedEnterDeepNoDisturbMode false
06-10 14:22:53.900  2564  2564 D HwGameAssistantService: ScreenOnReceiver
06-10 14:22:59.013  1413  2467 I chatty  : uid=1000(system) watchdog expire 1 line
06-10 14:23:01.595  1413  1998 I chatty  : uid=1000(system) PowerManagerSer expire 28 lines
06-10 14:23:03.611  1413 13890 I chatty  : uid=1000(system) Binder:1413_1C expire 19 lines
06-10 14:23:03.714  2564  2729 I DeepNoDisturbP: handleStateChanged reason=2
06-10 14:23:03.714  2564  2729 I DeepNoDisturbSM: setScreenState isScreenOn=false
06-10 14:23:03.714  2564  2564 I DeepNoDisturbSM: IdleState processMessage msg.what=EVENT_SCREEN_OFF
06-10 14:23:03.714  2564  2564 I DeepNoDisturbSM: IdleState: default msg.what=11
06-10 14:23:03.926  1413  2916 I chatty  : uid=1000(system) Binder:1413_D expire 2 lines
06-10 14:23:03.935   595   598 I vold    : TrimTask running tasks: 0
06-10 14:23:03.937  2577  2723 E KernelCpuSpeedReader: Failed to read cpu-freq: /sys/devices/system/cpu/cpu0/cpufreq/stats/time_in_state (No such file or directory)
06-10 14:23:03.938  2577  2723 E KernelCpuSpeedReader: Failed to read cpu-freq: /sys/devices/system/cpu/cpu4/cpufreq/stats/time_in_state (No such file or directory)
06-10 14:23:03.942  1413  1413 I chatty  : uid=1000 system_server expire 15 lines
06-10 14:23:03.969  2564  2729 I DeepNoDisturbP: handleStateChanged reason=2
06-10 14:23:03.969  2564  2729 I DeepNoDisturbSM: setScreenState isScreenOn=true
06-10 14:23:03.969  2564  2564 I DeepNoDisturbSM: IdleState processMessage msg.what=EVENT_SCREEN_ON
06-10 14:23:03.976  2564  2564 I DeepNoDisturbSM: isNetworkTypeSuitDeepNoDisturbMode networkType = 0
06-10 14:23:03.976  2564  2564 I DeepNoDisturbSM: isCorrectState=true mIsCallOn=false mGameStatus=0 defaultDataSubId=0 default4GSlotId=0 mIsDefaultDataOn=false mIsScreenOn=true deepNoDisturbModeProp=true isDeepNoDisturbSwitchOn=false isGameDndSwitchOn=true isNetworkTypeSuitDeepNoDisturbMode=false isAirplaneModeOn()=true
06-10 14:23:03.976  2564  2564 I DeepNoDisturbSM: isNeedEnterDeepNoDisturbMode false
06-10 14:23:03.976  2564  2564 D HwGameAssistantService: ScreenOnReceiver
06-10 14:23:13.693  1413  3112 I chatty  : uid=1000(system) Binder:1413_E expire 3 lines
06-10 14:23:13.753  1413  2214 I chatty  : uid=1000(system) WifiP2pService expire 7 lines
06-10 14:23:13.781  2564  2729 I DeepNoDisturbP: handleStateChanged reason=2
06-10 14:23:13.781  2564  2729 I DeepNoDisturbSM: setScreenState isScreenOn=false
06-10 14:23:13.781  2564  2564 I DeepNoDisturbSM: IdleState processMessage msg.what=EVENT_SCREEN_OFF
06-10 14:23:13.781  2564  2564 I DeepNoDisturbSM: IdleState: default msg.what=11
06-10 14:23:14.015  1413  7249 I chatty  : uid=1000(system) Binder:1413_15 expire 1 line
06-10 14:23:14.024   595   598 I vold    : TrimTask running tasks: 0
06-10 14:23:14.027  2577  2723 E KernelCpuSpeedReader: Failed to read cpu-freq: /sys/devices/system/cpu/cpu0/cpufreq/stats/time_in_state (No such file or directory)
06-10 14:23:14.027  2577  2723 E KernelCpuSpeedReader: Failed to read cpu-freq: /sys/devices/system/cpu/cpu4/cpufreq/stats/time_in_state (No such file or directory)
06-10 14:23:14.058  2564  2729 I DeepNoDisturbP: handleStateChanged reason=2
06-10 14:23:14.058  2564  2729 I DeepNoDisturbSM: setScreenState isScreenOn=true
06-10 14:23:14.058  2564  2564 I DeepNoDisturbSM: IdleState processMessage msg.what=EVENT_SCREEN_ON
06-10 14:23:14.065  2564  2564 I DeepNoDisturbSM: isNetworkTypeSuitDeepNoDisturbMode networkType = 0
06-10 14:23:14.065  2564  2564 I DeepNoDisturbSM: isCorrectState=true mIsCallOn=false mGameStatus=0 defaultDataSubId=0 default4GSlotId=0 mIsDefaultDataOn=false mIsScreenOn=true deepNoDisturbModeProp=true isDeepNoDisturbSwitchOn=false isGameDndSwitchOn=true isNetworkTypeSuitDeepNoDisturbMode=false isAirplaneModeOn()=true
06-10 14:23:14.065  2564  2564 I DeepNoDisturbSM: isNeedEnterDeepNoDisturbMode false
06-10 14:23:14.065  2564  2564 D HwGameAssistantService: ScreenOnReceiver
06-10 14:23:21.746  1413  1998 I chatty  : uid=1000(system) PowerManagerSer expire 12 lines
06-10 14:23:23.761  1413 13890 I chatty  : uid=1000(system) Binder:1413_1C expire 3 lines
06-10 14:23:23.800  1413  7782 I chatty  : uid=1000(system) Binder:1413_16 expire 11 lines
06-10 14:23:23.821  1413  1998 I chatty  : uid=1000(system) PowerManagerSer expire 16 lines
06-10 14:23:23.829  1413  1413 I chatty  : uid=1000 system_server expire 13 lines
06-10 14:23:23.829  1413  2214 I chatty  : uid=1000(system) WifiP2pService expire 11 lines
06-10 14:23:23.854  2564  2729 I DeepNoDisturbP: handleStateChanged reason=2
06-10 14:23:23.855  2564  2729 I DeepNoDisturbSM: setScreenState isScreenOn=false
06-10 14:23:23.855  2564  2564 I DeepNoDisturbSM: IdleState processMessage msg.what=EVENT_SCREEN_OFF
06-10 14:23:23.855  2564  2564 I DeepNoDisturbSM: IdleState: default msg.what=11
06-10 14:23:23.905  1413  3369 I chatty  : uid=1000(system) HwDeviceUsageCo expire 4 lines
06-10 14:23:24.001  1413  1937 I chatty  : uid=1000(system) android.ui expire 4 lines
06-10 14:23:24.057  1413  2916 I chatty  : uid=1000(system) Binder:1413_D expire 2 lines
06-10 14:23:24.066  1413  2188 I chatty  : uid=1000(system) StorageManagerS expire 4 lines
06-10 14:23:24.067   595   598 I vold    : TrimTask running tasks: 0
06-10 14:23:24.068  1413  2190 I chatty  : uid=1000(system) VoldConnector expire 4 lines
06-10 14:23:24.070  2577  2723 E KernelCpuSpeedReader: Failed to read cpu-freq: /sys/devices/system/cpu/cpu0/cpufreq/stats/time_in_state (No such file or directory)
06-10 14:23:24.070  2577  2723 E KernelCpuSpeedReader: Failed to read cpu-freq: /sys/devices/system/cpu/cpu4/cpufreq/stats/time_in_state (No such file or directory)
06-10 14:23:24.101  2564  2729 I DeepNoDisturbP: handleStateChanged reason=2
06-10 14:23:24.101  2564  2729 I DeepNoDisturbSM: setScreenState isScreenOn=true
06-10 14:23:24.101  2564  2564 I DeepNoDisturbSM: IdleState processMessage msg.what=EVENT_SCREEN_ON
06-10 14:23:24.108  2564  2564 I DeepNoDisturbSM: isNetworkTypeSuitDeepNoDisturbMode networkType = 0
06-10 14:23:24.108  2564  2564 I DeepNoDisturbSM: isCorrectState=true mIsCallOn=false mGameStatus=0 defaultDataSubId=0 default4GSlotId=0 mIsDefaultDataOn=false mIsScreenOn=true deepNoDisturbModeProp=true isDeepNoDisturbSwitchOn=false isGameDndSwitchOn=true isNetworkTypeSuitDeepNoDisturbMode=false isAirplaneModeOn()=true
06-10 14:23:24.108  2564  2564 I DeepNoDisturbSM: isNeedEnterDeepNoDisturbMode false
06-10 14:23:24.108  2564  2564 D HwGameAssistantService: ScreenOnReceiver
06-10 14:23:24.218  1413  2559 I chatty  : uid=1000(system) Binder:1413_7 expire 8 lines
06-10 14:23:29.016  1413  2467 I chatty  : uid=1000(system) watchdog expire 2 lines
06-10 14:23:31.937  1413  3112 I chatty  : uid=1000(system) Binder:1413_E expire 1 line
06-10 14:23:33.831  1413  1936 I chatty  : uid=1000(system) ActivityManager expire 4 lines
06-10 14:23:33.833  1413  2191 I chatty  : uid=1000(system) CryptdConnector expire 4 lines
06-10 14:23:33.871  1413  2575 I chatty  : uid=1000(system) Binder:1413_9 expire 10 lines
06-10 14:23:33.927  2564  2729 I DeepNoDisturbP: handleStateChanged reason=2
06-10 14:23:33.927  2564  2729 I DeepNoDisturbSM: setScreenState isScreenOn=false
06-10 14:23:33.927  2564  2564 I DeepNoDisturbSM: IdleState processMessage msg.what=EVENT_SCREEN_OFF
06-10 14:23:33.927  2564  2564 I DeepNoDisturbSM: IdleState: default msg.what=11
06-10 14:23:34.004  1413  1413 I chatty  : uid=1000 system_server expire 12 lines
06-10 14:23:34.121  1413  7782 I chatty  : uid=1000(system) Binder:1413_16 expire 9 lines
06-10 14:23:34.131   595   598 I vold    : TrimTask running tasks: 0
06-10 14:23:34.134  2577  2723 E KernelCpuSpeedReader: Failed to read cpu-freq: /sys/devices/system/cpu/cpu0/cpufreq/stats/time_in_state (No such file or directory)
06-10 14:23:34.134  2577  2723 E KernelCpuSpeedReader: Failed to read cpu-freq: /sys/devices/system/cpu/cpu4/cpufreq/stats/time_in_state (No such file or directory)
06-10 14:23:34.137  1413  2214 I chatty  : uid=1000(system) WifiP2pService expire 10 lines
06-10 14:23:34.164  2564  2729 I DeepNoDisturbP: handleStateChanged reason=2
06-10 14:23:34.164  2564  2729 I DeepNoDisturbSM: setScreenState isScreenOn=true
06-10 14:23:34.164  2564  2564 I DeepNoDisturbSM: IdleState processMessage msg.what=EVENT_SCREEN_ON
06-10 14:23:34.169  2564  2564 I DeepNoDisturbSM: isNetworkTypeSuitDeepNoDisturbMode networkType = 0
06-10 14:23:34.170  2564  2564 I DeepNoDisturbSM: isCorrectState=true mIsCallOn=false mGameStatus=0 defaultDataSubId=0 default4GSlotId=0 mIsDefaultDataOn=false mIsScreenOn=true deepNoDisturbModeProp=true isDeepNoDisturbSwitchOn=false isGameDndSwitchOn=true isNetworkTypeSuitDeepNoDisturbMode=false isAirplaneModeOn()=true
06-10 14:23:34.170  2564  2564 I DeepNoDisturbSM: isNeedEnterDeepNoDisturbMode false
06-10 14:23:34.170  2564  2564 D HwGameAssistantService: ScreenOnReceiver
06-10 14:23:34.279  1413  6374 I chatty  : uid=1000(system) Binder:1413_13 expire 1 line
06-10 14:23:37.209   881   915 W SchedPolicy: add_tid_to_cgroup failed to write '31167' (Permission denied); fd=6
06-10 14:23:37.209   881   915 E SchedPolicy: set_cpuset_policy failed err=-22, tid=31167, policy=1
06-10 14:23:37.712   881   915 W SchedPolicy: add_tid_to_cgroup failed to write '31172' (Permission denied); fd=6
06-10 14:23:37.712   881   915 E SchedPolicy: set_cpuset_policy failed err=-22, tid=31172, policy=1
06-10 14:23:41.880  1413  1998 I chatty  : uid=1000(system) PowerManagerSer expire 28 lines
06-10 14:23:43.994  2564  2729 I DeepNoDisturbP: handleStateChanged reason=2
06-10 14:23:43.994  2564  2729 I DeepNoDisturbSM: setScreenState isScreenOn=false
06-10 14:23:43.994  2564  2564 I DeepNoDisturbSM: IdleState processMessage msg.what=EVENT_SCREEN_OFF
06-10 14:23:43.994  2564  2564 I DeepNoDisturbSM: IdleState: default msg.what=11
06-10 14:23:44.194  1413 13890 I chatty  : uid=1000(system) Binder:1413_1C expire 5 lines
06-10 14:23:44.204   595   598 I vold    : TrimTask running tasks: 0
06-10 14:23:44.207  2577  2723 E KernelCpuSpeedReader: Failed to read cpu-freq: /sys/devices/system/cpu/cpu0/cpufreq/stats/time_in_state (No such file or directory)
06-10 14:23:44.207  2577  2723 E KernelCpuSpeedReader: Failed to read cpu-freq: /sys/devices/system/cpu/cpu4/cpufreq/stats/time_in_state (No such file or directory)
06-10 14:23:44.211  1413  1413 I chatty  : uid=1000 system_server expire 15 lines
06-10 14:23:44.238  2564  2729 I DeepNoDisturbP: handleStateChanged reason=2
06-10 14:23:44.238  2564  2729 I DeepNoDisturbSM: setScreenState isScreenOn=true
06-10 14:23:44.238  2564  2564 I DeepNoDisturbSM: IdleState processMessage msg.what=EVENT_SCREEN_ON
06-10 14:23:44.245  2564  2564 I DeepNoDisturbSM: isNetworkTypeSuitDeepNoDisturbMode networkType = 0
06-10 14:23:44.245  2564  2564 I DeepNoDisturbSM: isCorrectState=true mIsCallOn=false mGameStatus=0 defaultDataSubId=0 default4GSlotId=0 mIsDefaultDataOn=false mIsScreenOn=true deepNoDisturbModeProp=true isDeepNoDisturbSwitchOn=false isGameDndSwitchOn=true isNetworkTypeSuitDeepNoDisturbMode=false isAirplaneModeOn()=true
06-10 14:23:44.245  2564  2564 I DeepNoDisturbSM: isNeedEnterDeepNoDisturbMode false
06-10 14:23:44.245  2564  2564 D HwGameAssistantService: ScreenOnReceiver
06-10 14:23:53.968  1413  7249 I chatty  : uid=1000(system) Binder:1413_15 expire 12 lines
06-10 14:23:54.045  1413  2214 I chatty  : uid=1000(system) WifiP2pService expire 7 lines
06-10 14:23:54.081  2564  2729 I DeepNoDisturbP: handleStateChanged reason=2
06-10 14:23:54.081  2564  2729 I DeepNoDisturbSM: setScreenState isScreenOn=false
06-10 14:23:54.082  2564  2564 I DeepNoDisturbSM: IdleState processMessage msg.what=EVENT_SCREEN_OFF
06-10 14:23:54.082  2564  2564 I DeepNoDisturbSM: IdleState: default msg.what=11
06-10 14:23:54.327   595   598 I vold    : TrimTask running tasks: 0
06-10 14:23:54.330  2577  2723 E KernelCpuSpeedReader: Failed to read cpu-freq: /sys/devices/system/cpu/cpu0/cpufreq/stats/time_in_state (No such file or directory)
06-10 14:23:54.330  2577  2723 E KernelCpuSpeedReader: Failed to read cpu-freq: /sys/devices/system/cpu/cpu4/cpufreq/stats/time_in_state (No such file or directory)
06-10 14:23:54.364  2564  2729 I DeepNoDisturbP: handleStateChanged reason=2
06-10 14:23:54.364  2564  2729 I DeepNoDisturbSM: setScreenState isScreenOn=true
06-10 14:23:54.364  2564  2564 I DeepNoDisturbSM: IdleState processMessage msg.what=EVENT_SCREEN_ON
06-10 14:23:54.370  2564  2564 I DeepNoDisturbSM: isNetworkTypeSuitDeepNoDisturbMode networkType = 0
06-10 14:23:54.370  2564  2564 I DeepNoDisturbSM: isCorrectState=true mIsCallOn=false mGameStatus=0 defaultDataSubId=0 default4GSlotId=0 mIsDefaultDataOn=false mIsScreenOn=true deepNoDisturbModeProp=true isDeepNoDisturbSwitchOn=false isGameDndSwitchOn=true isNetworkTypeSuitDeepNoDisturbMode=false isAirplaneModeOn()=true
06-10 14:23:54.370  2564  2564 I DeepNoDisturbSM: isNeedEnterDeepNoDisturbMode false
06-10 14:23:54.370  2564  2564 D HwGameAssistantService: ScreenOnReceiver
06-10 14:24:00.010  1413  1413 I chatty  : uid=1000 system_server expire 2 lines
06-10 14:24:02.030  1413  1998 I chatty  : uid=1000(system) PowerManagerSer expire 32 lines
06-10 14:24:04.090  1413 13890 I chatty  : uid=1000(system) Binder:1413_1C expire 8 lines
06-10 14:24:04.116  1413  1413 I chatty  : uid=1000 system_server expire 15 lines
06-10 14:24:04.116  1413  2214 I chatty  : uid=1000(system) WifiP2pService expire 11 lines
06-10 14:24:04.143  2564  2729 I DeepNoDisturbP: handleStateChanged reason=2
06-10 14:24:04.144  2564  2729 I DeepNoDisturbSM: setScreenState isScreenOn=false
06-10 14:24:04.144  2564  2564 I DeepNoDisturbSM: IdleState processMessage msg.what=EVENT_SCREEN_OFF
06-10 14:24:04.144  2564  2564 I DeepNoDisturbSM: IdleState: default msg.what=11
06-10 14:24:04.189  1413  3369 I chatty  : uid=1000(system) HwDeviceUsageCo expire 2 lines
06-10 14:24:04.292  1413  1937 I chatty  : uid=1000(system) android.ui expire 2 lines
06-10 14:24:04.333  1413  7249 I chatty  : uid=1000(system) Binder:1413_15 expire 10 lines
06-10 14:24:04.341  1413  2188 I chatty  : uid=1000(system) StorageManagerS expire 1 line
06-10 14:24:04.342   595   598 I vold    : TrimTask running tasks: 0
06-10 14:24:04.343  1413  2190 I chatty  : uid=1000(system) VoldConnector expire 1 line
06-10 14:24:04.344  2577  2723 E KernelCpuSpeedReader: Failed to read cpu-freq: /sys/devices/system/cpu/cpu0/cpufreq/stats/time_in_state (No such file or directory)
06-10 14:24:04.344  2577  2723 E KernelCpuSpeedReader: Failed to read cpu-freq: /sys/devices/system/cpu/cpu4/cpufreq/stats/time_in_state (No such file or directory)
06-10 14:24:04.375  2564  2729 I DeepNoDisturbP: handleStateChanged reason=2
06-10 14:24:04.375  2564  2729 I DeepNoDisturbSM: setScreenState isScreenOn=true
06-10 14:24:04.376  2564  2564 I DeepNoDisturbSM: IdleState processMessage msg.what=EVENT_SCREEN_ON
06-10 14:24:04.382  2564  2564 I DeepNoDisturbSM: isNetworkTypeSuitDeepNoDisturbMode networkType = 0
06-10 14:24:04.382  2564  2564 I DeepNoDisturbSM: isCorrectState=true mIsCallOn=false mGameStatus=0 defaultDataSubId=0 default4GSlotId=0 mIsDefaultDataOn=false mIsScreenOn=true deepNoDisturbModeProp=true isDeepNoDisturbSwitchOn=false isGameDndSwitchOn=true isNetworkTypeSuitDeepNoDisturbMode=false isAirplaneModeOn()=true
06-10 14:24:04.382  2564  2564 I DeepNoDisturbSM: isNeedEnterDeepNoDisturbMode false
06-10 14:24:04.382  2564  2564 D HwGameAssistantService: ScreenOnReceiver
06-10 14:24:04.494  1413  2916 I chatty  : uid=1000(system) Binder:1413_D expire 4 lines
06-10 14:24:14.116  1413  1936 I chatty  : uid=1000(system) ActivityManager expire 11 lines
06-10 14:24:14.126  1413  2191 I chatty  : uid=1000(system) CryptdConnector expire 1 line
06-10 14:24:14.342  1413  1981 I chatty  : uid=1000(system) android.display expire 1 line
06-10 14:24:14.622  2564  2729 I DeepNoDisturbP: handleStateChanged reason=2
06-10 14:24:14.622  2564  2729 I DeepNoDisturbSM: setScreenState isScreenOn=false
06-10 14:24:14.622  2564  2564 I DeepNoDisturbSM: IdleState processMessage msg.what=EVENT_SCREEN_OFF
06-10 14:24:14.623  2564  2564 I DeepNoDisturbSM: IdleState: default msg.what=11
06-10 14:24:14.826  1413  1446 I chatty  : uid=1000(system) Binder:1413_1 expire 5 lines
06-10 14:24:29.021  1413  2467 I chatty  : uid=1000(system) watchdog expire 12 lines
06-10 14:24:32.021  2577  2723 E KernelCpuSpeedReader: Failed to read cpu-freq: /sys/devices/system/cpu/cpu0/cpufreq/stats/time_in_state (No such file or directory)
06-10 14:24:32.022  2577  2723 E KernelCpuSpeedReader: Failed to read cpu-freq: /sys/devices/system/cpu/cpu4/cpufreq/stats/time_in_state (No such file or directory)
06-10 14:24:37.809  1413  2559 I chatty  : uid=1000(system) Binder:1413_7 expire 10 lines
06-10 14:24:37.818  1413  1413 I chatty  : uid=1000 system_server expire 14 lines
06-10 14:26:32.104  2577  2723 E KernelCpuSpeedReader: Failed to read cpu-freq: /sys/devices/system/cpu/cpu0/cpufreq/stats/time_in_state (No such file or directory)
06-10 14:26:32.104  2577  2723 E KernelCpuSpeedReader: Failed to read cpu-freq: /sys/devices/system/cpu/cpu4/cpufreq/stats/time_in_state (No such file or directory)
06-10 14:28:32.190  2577  2723 E KernelCpuSpeedReader: Failed to read cpu-freq: /sys/devices/system/cpu/cpu0/cpufreq/stats/time_in_state (No such file or directory)
06-10 14:28:32.190  2577  2723 E KernelCpuSpeedReader: Failed to read cpu-freq: /sys/devices/system/cpu/cpu4/cpufreq/stats/time_in_state (No such file or directory)
06-10 14:29:19.963  1413  1413 I chatty  : uid=1000 system_server expire 10 lines
06-10 14:30:00.074  1413  1928 I chatty  : uid=1000(system) android.bg expire 5 lines
06-10 14:30:00.156  1413  2193 I chatty  : uid=1000(system) NetdConnector expire 2 lines
06-10 14:30:00.166  2577  7005 E KernelCpuSpeedReader: Failed to read cpu-freq: /sys/devices/system/cpu/cpu0/cpufreq/stats/time_in_state (No such file or directory)
06-10 14:30:00.167  2577  7005 E KernelCpuSpeedReader: Failed to read cpu-freq: /sys/devices/system/cpu/cpu4/cpufreq/stats/time_in_state (No such file or directory)
06-10 14:30:29.062  1413  2467 I chatty  : uid=1000(system) watchdog expire 13 lines
06-10 14:30:32.254  2577  2723 E KernelCpuSpeedReader: Failed to read cpu-freq: /sys/devices/system/cpu/cpu0/cpufreq/stats/time_in_state (No such file or directory)
06-10 14:30:32.255  2577  2723 E KernelCpuSpeedReader: Failed to read cpu-freq: /sys/devices/system/cpu/cpu4/cpufreq/stats/time_in_state (No such file or directory)
06-10 14:32:32.330  2577  2723 E KernelCpuSpeedReader: Failed to read cpu-freq: /sys/devices/system/cpu/cpu0/cpufreq/stats/time_in_state (No such file or directory)
06-10 14:32:32.331  2577  2723 E KernelCpuSpeedReader: Failed to read cpu-freq: /sys/devices/system/cpu/cpu4/cpufreq/stats/time_in_state (No such file or directory)
06-10 14:33:13.053  1413  1950 I chatty  : uid=1000(system) batterystats-wo expire 4 lines
06-10 14:33:20.205  1413  1413 I chatty  : uid=1000 system_server expire 12 lines
06-10 14:33:43.160  1413  2267 I chatty  : uid=1000(system) StatisticsCHRMs expire 4 lines
06-10 14:34:32.410  2577  2723 E KernelCpuSpeedReader: Failed to read cpu-freq: /sys/devices/system/cpu/cpu0/cpufreq/stats/time_in_state (No such file or directory)
06-10 14:34:32.410  2577  2723 E KernelCpuSpeedReader: Failed to read cpu-freq: /sys/devices/system/cpu/cpu4/cpufreq/stats/time_in_state (No such file or directory)
06-10 14:36:32.473  2577  2723 E KernelCpuSpeedReader: Failed to read cpu-freq: /sys/devices/system/cpu/cpu0/cpufreq/stats/time_in_state (No such file or directory)
06-10 14:36:32.473  2577  2723 E KernelCpuSpeedReader: Failed to read cpu-freq: /sys/devices/system/cpu/cpu4/cpufreq/stats/time_in_state (No such file or directory)
06-10 14:36:56.291  1413  2559 I chatty  : uid=1000(system) Binder:1413_7 expire 1 line
06-10 14:36:59.104  1413  2467 I chatty  : uid=1000(system) watchdog expire 3 lines
06-10 14:37:01.223  1413  1936 I chatty  : uid=1000(system) ActivityManager expire 11 lines
06-10 14:38:19.877  1413  2559 I chatty  : uid=1000(system) Binder:1413_7 expire 10 lines
06-10 14:38:19.900  1413  1413 I chatty  : uid=1000 system_server expire 10 lines
06-10 14:38:29.113  1413  2467 I chatty  : uid=1000(system) watchdog expire 13 lines
06-10 14:38:32.552  2577  2723 E KernelCpuSpeedReader: Failed to read cpu-freq: /sys/devices/system/cpu/cpu0/cpufreq/stats/time_in_state (No such file or directory)
06-10 14:38:32.553  2577  2723 E KernelCpuSpeedReader: Failed to read cpu-freq: /sys/devices/system/cpu/cpu4/cpufreq/stats/time_in_state (No such file or directory)
06-10 14:39:19.920  1413  7249 I chatty  : uid=1000(system) Binder:1413_15 expire 5 lines
06-10 14:40:32.631  2577  2723 E KernelCpuSpeedReader: Failed to read cpu-freq: /sys/devices/system/cpu/cpu0/cpufreq/stats/time_in_state (No such file or directory)
06-10 14:40:32.632  2577  2723 E KernelCpuSpeedReader: Failed to read cpu-freq: /sys/devices/system/cpu/cpu4/cpufreq/stats/time_in_state (No such file or directory)
06-10 14:42:20.083  1413  7782 I chatty  : uid=1000(system) Binder:1413_16 expire 8 lines
06-10 14:42:32.708  2577  2723 E KernelCpuSpeedReader: Failed to read cpu-freq: /sys/devices/system/cpu/cpu0/cpufreq/stats/time_in_state (No such file or directory)
06-10 14:42:32.709  2577  2723 E KernelCpuSpeedReader: Failed to read cpu-freq: /sys/devices/system/cpu/cpu4/cpufreq/stats/time_in_state (No such file or directory)
06-10 14:43:20.169  1413  1413 I chatty  : uid=1000 system_server expire 13 lines
06-10 14:44:32.784  2577  2723 E KernelCpuSpeedReader: Failed to read cpu-freq: /sys/devices/system/cpu/cpu0/cpufreq/stats/time_in_state (No such file or directory)
06-10 14:44:32.784  2577  2723 E KernelCpuSpeedReader: Failed to read cpu-freq: /sys/devices/system/cpu/cpu4/cpufreq/stats/time_in_state (No such file or directory)
06-10 14:44:59.157  1413  2467 I chatty  : uid=1000(system) watchdog expire 12 lines
06-10 14:46:32.853  2577  2723 E KernelCpuSpeedReader: Failed to read cpu-freq: /sys/devices/system/cpu/cpu0/cpufreq/stats/time_in_state (No such file or directory)
06-10 14:46:32.854  2577  2723 E KernelCpuSpeedReader: Failed to read cpu-freq: /sys/devices/system/cpu/cpu4/cpufreq/stats/time_in_state (No such file or directory)
06-10 14:47:19.017  1413  2195 I chatty  : uid=1000(system) NetworkStats expire 7 lines
06-10 14:47:19.071  1413  2193 I chatty  : uid=1000(system) NetdConnector expire 10 lines
06-10 14:47:19.328  1413  1928 I chatty  : uid=1000(system) android.bg expire 7 lines
06-10 14:48:32.956  2577  2723 E KernelCpuSpeedReader: Failed to read cpu-freq: /sys/devices/system/cpu/cpu0/cpufreq/stats/time_in_state (No such file or directory)
06-10 14:48:32.957  2577  2723 E KernelCpuSpeedReader: Failed to read cpu-freq: /sys/devices/system/cpu/cpu4/cpufreq/stats/time_in_state (No such file or directory)
06-10 14:48:58.468  1413  2193 I chatty  : uid=1000(system) NetdConnector expire 2 lines
06-10 14:48:58.477  1413  1979 I chatty  : uid=1000(system) android.fg expire 2 lines
06-10 14:49:19.955  1413  1413 I chatty  : uid=1000 system_server expire 12 lines
06-10 14:50:33.042  2577  2723 E KernelCpuSpeedReader: Failed to read cpu-freq: /sys/devices/system/cpu/cpu0/cpufreq/stats/time_in_state (No such file or directory)
06-10 14:50:33.043  2577  2723 E KernelCpuSpeedReader: Failed to read cpu-freq: /sys/devices/system/cpu/cpu4/cpufreq/stats/time_in_state (No such file or directory)
06-10 14:50:59.200  1413  2467 I chatty  : uid=1000(system) watchdog expire 12 lines
06-10 14:52:33.114  2577  2723 E KernelCpuSpeedReader: Failed to read cpu-freq: /sys/devices/system/cpu/cpu0/cpufreq/stats/time_in_state (No such file or directory)
06-10 14:52:33.115  2577  2723 E KernelCpuSpeedReader: Failed to read cpu-freq: /sys/devices/system/cpu/cpu4/cpufreq/stats/time_in_state (No such file or directory)
06-10 14:54:33.194  2577  2723 E KernelCpuSpeedReader: Failed to read cpu-freq: /sys/devices/system/cpu/cpu0/cpufreq/stats/time_in_state (No such file or directory)
06-10 14:54:33.195  2577  2723 E KernelCpuSpeedReader: Failed to read cpu-freq: /sys/devices/system/cpu/cpu4/cpufreq/stats/time_in_state (No such file or directory)
06-10 14:56:20.382  1413  1413 I chatty  : uid=1000 system_server expire 10 lines
06-10 14:56:33.270  2577  2723 E KernelCpuSpeedReader: Failed to read cpu-freq: /sys/devices/system/cpu/cpu0/cpufreq/stats/time_in_state (No such file or directory)
06-10 14:56:33.271  2577  2723 E KernelCpuSpeedReader: Failed to read cpu-freq: /sys/devices/system/cpu/cpu4/cpufreq/stats/time_in_state (No such file or directory)
06-10 14:56:59.244  1413  2467 I chatty  : uid=1000(system) watchdog expire 12 lines
06-10 14:57:20.439  1413  2559 I chatty  : uid=1000(system) Binder:1413_7 expire 7 lines
06-10 14:58:33.349  2577  2723 E KernelCpuSpeedReader: Failed to read cpu-freq: /sys/devices/system/cpu/cpu0/cpufreq/stats/time_in_state (No such file or directory)
06-10 14:58:33.350  2577  2723 E KernelCpuSpeedReader: Failed to read cpu-freq: /sys/devices/system/cpu/cpu4/cpufreq/stats/time_in_state (No such file or directory)
06-10 15:00:00.187  2577  2596 E KernelCpuSpeedReader: Failed to read cpu-freq: /sys/devices/system/cpu/cpu0/cpufreq/stats/time_in_state (No such file or directory)
06-10 15:00:00.188  2577  2596 E KernelCpuSpeedReader: Failed to read cpu-freq: /sys/devices/system/cpu/cpu4/cpufreq/stats/time_in_state (No such file or directory)
06-10 15:00:33.424  2577  2723 E KernelCpuSpeedReader: Failed to read cpu-freq: /sys/devices/system/cpu/cpu0/cpufreq/stats/time_in_state (No such file or directory)
06-10 15:00:33.424  2577  2723 E KernelCpuSpeedReader: Failed to read cpu-freq: /sys/devices/system/cpu/cpu4/cpufreq/stats/time_in_state (No such file or directory)
06-10 15:01:20.073  1413  1413 I chatty  : uid=1000 system_server expire 8 lines
06-10 15:02:33.555  2577  2723 E KernelCpuSpeedReader: Failed to read cpu-freq: /sys/devices/system/cpu/cpu0/cpufreq/stats/time_in_state (No such file or directory)
06-10 15:02:33.556  2577  2723 E KernelCpuSpeedReader: Failed to read cpu-freq: /sys/devices/system/cpu/cpu4/cpufreq/stats/time_in_state (No such file or directory)
06-10 15:02:59.283  1413  2467 I chatty  : uid=1000(system) watchdog expire 7 lines
06-10 15:03:13.114  1413  1950 I chatty  : uid=1000(system) batterystats-wo expire 4 lines
06-10 15:03:43.174  1413  2267 I chatty  : uid=1000(system) StatisticsCHRMs expire 8 lines
06-10 15:04:33.630  2577  2723 E KernelCpuSpeedReader: Failed to read cpu-freq: /sys/devices/system/cpu/cpu0/cpufreq/stats/time_in_state (No such file or directory)
06-10 15:04:33.631  2577  2723 E KernelCpuSpeedReader: Failed to read cpu-freq: /sys/devices/system/cpu/cpu4/cpufreq/stats/time_in_state (No such file or directory)
06-10 15:06:29.306  1413  2467 I chatty  : uid=1000(system) watchdog expire 13 lines
06-10 15:06:33.699  2577  2723 E KernelCpuSpeedReader: Failed to read cpu-freq: /sys/devices/system/cpu/cpu0/cpufreq/stats/time_in_state (No such file or directory)
06-10 15:06:33.700  2577  2723 E KernelCpuSpeedReader: Failed to read cpu-freq: /sys/devices/system/cpu/cpu4/cpufreq/stats/time_in_state (No such file or directory)
06-10 15:07:20.497  1413  2559 I chatty  : uid=1000(system) Binder:1413_7 expire 8 lines
06-10 15:07:20.536  1413  1413 I chatty  : uid=1000 system_server expire 12 lines
06-10 15:08:33.832  2577  2723 E KernelCpuSpeedReader: Failed to read cpu-freq: /sys/devices/system/cpu/cpu0/cpufreq/stats/time_in_state (No such file or directory)
06-10 15:08:33.833  2577  2723 E KernelCpuSpeedReader: Failed to read cpu-freq: /sys/devices/system/cpu/cpu4/cpufreq/stats/time_in_state (No such file or directory)
06-10 15:10:33.910  2577  2723 E KernelCpuSpeedReader: Failed to read cpu-freq: /sys/devices/system/cpu/cpu0/cpufreq/stats/time_in_state (No such file or directory)
06-10 15:10:33.912  2577  2723 E KernelCpuSpeedReader: Failed to read cpu-freq: /sys/devices/system/cpu/cpu4/cpufreq/stats/time_in_state (No such file or directory)
06-10 15:12:20.062  1413  7249 I chatty  : uid=1000(system) Binder:1413_15 expire 11 lines
06-10 15:12:33.991  2577  2723 E KernelCpuSpeedReader: Failed to read cpu-freq: /sys/devices/system/cpu/cpu0/cpufreq/stats/time_in_state (No such file or directory)
