06-10 15:12:33.992  2577  2723 E KernelCpuSpeedReader: Failed to read cpu-freq: /sys/devices/system/cpu/cpu4/cpufreq/stats/time_in_state (No such file or directory)
06-10 15:12:59.349  1413  2467 I chatty  : uid=1000(system) watchdog expire 12 lines
06-10 15:14:34.071  2577  2723 E KernelCpuSpeedReader: Failed to read cpu-freq: /sys/devices/system/cpu/cpu0/cpufreq/stats/time_in_state (No such file or directory)
06-10 15:14:34.072  2577  2723 E KernelCpuSpeedReader: Failed to read cpu-freq: /sys/devices/system/cpu/cpu4/cpufreq/stats/time_in_state (No such file or directory)
06-10 15:15:20.303  1413  1413 I chatty  : uid=1000 system_server expire 13 lines
06-10 15:16:34.212  2577  2723 E KernelCpuSpeedReader: Failed to read cpu-freq: /sys/devices/system/cpu/cpu0/cpufreq/stats/time_in_state (No such file or directory)
06-10 15:16:34.212  2577  2723 E KernelCpuSpeedReader: Failed to read cpu-freq: /sys/devices/system/cpu/cpu4/cpufreq/stats/time_in_state (No such file or directory)
06-10 15:17:19.002  1413  7782 I chatty  : uid=1000(system) Binder:1413_16 expire 16 lines
06-10 15:17:19.007  1413  2195 I chatty  : uid=1000(system) NetworkStats expire 7 lines
06-10 15:17:19.061  1413  2193 I chatty  : uid=1000(system) NetdConnector expire 10 lines
06-10 15:17:20.130  1413  1928 I chatty  : uid=1000(system) android.bg expire 10 lines
06-10 15:17:23.996  1413  1936 I chatty  : uid=1000(system) ActivityManager expire 12 lines
06-10 15:18:34.292  2577  2723 E KernelCpuSpeedReader: Failed to read cpu-freq: /sys/devices/system/cpu/cpu0/cpufreq/stats/time_in_state (No such file or directory)
06-10 15:18:34.293  2577  2723 E KernelCpuSpeedReader: Failed to read cpu-freq: /sys/devices/system/cpu/cpu4/cpufreq/stats/time_in_state (No such file or directory)
06-10 15:18:59.389  1413  2467 I chatty  : uid=1000(system) watchdog expire 12 lines
06-10 15:19:14.366  1413  2193 I chatty  : uid=1000(system) NetdConnector expire 2 lines
06-10 15:19:14.374  1413  1979 I chatty  : uid=1000(system) android.fg expire 2 lines
06-10 15:20:34.371  2577  2723 E KernelCpuSpeedReader: Failed to read cpu-freq: /sys/devices/system/cpu/cpu0/cpufreq/stats/time_in_state (No such file or directory)
06-10 15:20:34.372  2577  2723 E KernelCpuSpeedReader: Failed to read cpu-freq: /sys/devices/system/cpu/cpu4/cpufreq/stats/time_in_state (No such file or directory)
06-10 15:21:20.083  1413  1413 I chatty  : uid=1000 system_server expire 10 lines
06-10 15:22:34.504  2577  2723 E KernelCpuSpeedReader: Failed to read cpu-freq: /sys/devices/system/cpu/cpu0/cpufreq/stats/time_in_state (No such file or directory)
06-10 15:22:34.505  2577  2723 E KernelCpuSpeedReader: Failed to read cpu-freq: /sys/devices/system/cpu/cpu4/cpufreq/stats/time_in_state (No such file or directory)
06-10 15:24:34.574  2577  2723 E KernelCpuSpeedReader: Failed to read cpu-freq: /sys/devices/system/cpu/cpu0/cpufreq/stats/time_in_state (No such file or directory)
06-10 15:24:34.575  2577  2723 E KernelCpuSpeedReader: Failed to read cpu-freq: /sys/devices/system/cpu/cpu4/cpufreq/stats/time_in_state (No such file or directory)
06-10 15:24:59.429  1413  2467 I chatty  : uid=1000(system) watchdog expire 12 lines
06-10 15:26:34.738  2577  2723 E KernelCpuSpeedReader: Failed to read cpu-freq: /sys/devices/system/cpu/cpu0/cpufreq/stats/time_in_state (No such file or directory)
06-10 15:26:34.739  2577  2723 E KernelCpuSpeedReader: Failed to read cpu-freq: /sys/devices/system/cpu/cpu4/cpufreq/stats/time_in_state (No such file or directory)
06-10 15:28:34.814  2577  2723 E KernelCpuSpeedReader: Failed to read cpu-freq: /sys/devices/system/cpu/cpu0/cpufreq/stats/time_in_state (No such file or directory)
06-10 15:28:34.815  2577  2723 E KernelCpuSpeedReader: Failed to read cpu-freq: /sys/devices/system/cpu/cpu4/cpufreq/stats/time_in_state (No such file or directory)
06-10 15:30:34.899  2577  2723 E KernelCpuSpeedReader: Failed to read cpu-freq: /sys/devices/system/cpu/cpu0/cpufreq/stats/time_in_state (No such file or directory)
06-10 15:30:34.900  2577  2723 E KernelCpuSpeedReader: Failed to read cpu-freq: /sys/devices/system/cpu/cpu4/cpufreq/stats/time_in_state (No such file or directory)
06-10 15:30:59.468  1413  2467 I chatty  : uid=1000(system) watchdog expire 12 lines
06-10 15:32:25.294  1413  1446 I chatty  : uid=1000(system) Binder:1413_1 expire 2 lines
06-10 15:32:25.378  2577 24588 E KernelCpuSpeedReader: Failed to read cpu-freq: /sys/devices/system/cpu/cpu0/cpufreq/stats/time_in_state (No such file or directory)
06-10 15:32:25.379  2577 24588 E KernelCpuSpeedReader: Failed to read cpu-freq: /sys/devices/system/cpu/cpu4/cpufreq/stats/time_in_state (No such file or directory)
06-10 15:32:37.483  1413  1413 I chatty  : uid=1000 system_server expire 11 lines
06-10 15:33:13.120  1413  1950 I chatty  : uid=1000(system) batterystats-wo expire 4 lines
06-10 15:34:35.058  2577  2723 E KernelCpuSpeedReader: Failed to read cpu-freq: /sys/devices/system/cpu/cpu0/cpufreq/stats/time_in_state (No such file or directory)
06-10 15:34:35.058  2577  2723 E KernelCpuSpeedReader: Failed to read cpu-freq: /sys/devices/system/cpu/cpu4/cpufreq/stats/time_in_state (No such file or directory)
06-10 15:35:20.292  1413  1413 I chatty  : uid=1000 system_server expire 10 lines
06-10 15:36:35.123  2577  2723 E KernelCpuSpeedReader: Failed to read cpu-freq: /sys/devices/system/cpu/cpu0/cpufreq/stats/time_in_state (No such file or directory)
06-10 15:36:35.124  2577  2723 E KernelCpuSpeedReader: Failed to read cpu-freq: /sys/devices/system/cpu/cpu4/cpufreq/stats/time_in_state (No such file or directory)
06-10 15:36:59.507  1413  2467 I chatty  : uid=1000(system) watchdog expire 7 lines
06-10 15:37:19.217  2577  6452 W ContextImpl: Calling a method in the system process without a qualified user: android.app.ContextImpl.sendBroadcast:1131 android.content.ContextWrapper.sendBroadcast:442 com.huawei.iaware.userhabit.NRTUserHabitTrainManager$NRTUserHabitHandler.handleTrain:411 com.huawei.iaware.userhabit.NRTUserHabitTrainManager$NRTUserHabitHandler.handleMessage:255 android.os.Handler.dispatchMessage:109 
06-10 15:37:24.069  1413  1936 I chatty  : uid=1000(system) ActivityManager expire 2 lines
06-10 15:38:35.258  2577  2723 E KernelCpuSpeedReader: Failed to read cpu-freq: /sys/devices/system/cpu/cpu0/cpufreq/stats/time_in_state (No such file or directory)
06-10 15:38:35.258  2577  2723 E KernelCpuSpeedReader: Failed to read cpu-freq: /sys/devices/system/cpu/cpu4/cpufreq/stats/time_in_state (No such file or directory)
06-10 15:39:19.914  1413  7782 I chatty  : uid=1000(system) Binder:1413_16 expire 18 lines
06-10 15:40:29.532  1413  2467 I chatty  : uid=1000(system) watchdog expire 37 lines
06-10 15:40:35.334  2577  2723 I chatty  : uid=1000(system) core expire 20 lines
06-10 15:42:20.087  1413  1413 I chatty  : uid=1000 system_server expire 41 lines
06-10 15:43:20.130  1413  7249 I chatty  : uid=1000(system) Binder:1413_15 expire 19 lines
06-10 15:47:20.425  1413  1446 I chatty  : uid=1000(system) Binder:1413_1 expire 16 lines
06-10 15:49:40.495  1413  2193 I chatty  : uid=1000(system) NetdConnector expire 12 lines
06-10 15:49:40.504  1413  1979 I chatty  : uid=1000(system) android.fg expire 2 lines
06-10 15:58:54.995  1413  2141 I chatty  : uid=1000(system) UEventObserver expire 12 lines
06-10 15:58:55.053  1413  1950 I chatty  : uid=1000(system) batterystats-wo expire 6 lines
06-10 15:58:55.053  1413  2140 I chatty  : uid=1000(system) HwBatteryServic expire 5 lines
06-10 15:58:55.082  2349  2349 W PowerUI : unknown intent: Intent { act=android.intent.action.ACTION_POWER_CONNECTED flg=0x4000010 (has extras) }
06-10 15:58:55.093  2577  2723 I chatty  : uid=1000(system) core expire 2 lines
06-10 15:58:55.105  1413  2916 I chatty  : uid=1000(system) Binder:1413_D expire 7 lines
06-10 15:58:55.111  1413  1998 I chatty  : uid=1000(system) PowerManagerSer expire 49 lines
06-10 15:58:55.113  1413  2575 I chatty  : uid=1000(system) Binder:1413_9 expire 18 lines
06-10 15:58:55.133 31997 31997 D ActivityThread: Attach thread to application
06-10 15:58:55.153  1413  3369 I chatty  : uid=1000(system) HwDeviceUsageCo expire 10 lines
06-10 15:58:55.162  1413  2135 I chatty  : uid=1000(system) android.anim expire 9 lines
06-10 15:58:55.170 32011 32011 D ActivityThread: Attach thread to application
06-10 15:58:55.179  1413  1981 I chatty  : uid=1000(system) android.display expire 5 lines
06-10 15:58:55.200  1413  2559 I chatty  : uid=1000(system) Binder:1413_7 expire 18 lines
06-10 15:58:55.224  2508  2508 W ContextImpl: Calling a method in the system process without a qualified user: android.app.ContextImpl.stopService:1720 android.content.ContextWrapper.stopService:667 com.huawei.systemmanager.spacecleanner.autoclean.AutoCleanService.stopSelfService:116 com.huawei.systemmanager.spacecleanner.hivision.AutoHiVisionService.onStartCommand:47 android.app.ActivityThread.handleServiceArgs:4140 
06-10 15:58:55.225  2508 32036 W ContextImpl: Calling a method in the system process without a qualified user: android.app.ContextImpl.stopService:1720 android.content.ContextWrapper.stopService:667 com.huawei.systemmanager.spacecleanner.autoclean.AutoCleanService.stopSelfService:116 com.huawei.systemmanager.spacecleanner.hivision.AutoHiVisionService.lambda$-com_huawei_systemmanager_spacecleanner_hivision_AutoHiVisionService_lambda$0:25 com.huawei.systemmanager.spacecleanner.hivision.-$Lambda$nxzswPQxpMbVwIpd4jdraj2kRKk.$m$0:4 
06-10 15:58:55.227  1413  1413 I chatty  : uid=1000 system_server expire 71 lines
06-10 15:58:55.358  1413  1937 I chatty  : uid=1000(system) android.ui expire 11 lines
06-10 15:58:55.470  1413  2188 I chatty  : uid=1000(system) StorageManagerS expire 10 lines
06-10 15:58:55.471   595   598 I vold    : TrimTask running tasks: 0
06-10 15:58:55.472  1413  2190 I chatty  : uid=1000(system) VoldConnector expire 10 lines
06-10 15:58:55.481  1413  2214 I chatty  : uid=1000(system) WifiP2pService expire 14 lines
06-10 15:58:55.558  2564  2729 I chatty  : uid=1000(system) HwCommBoosterTh expire 2 lines
06-10 15:58:55.559  2564  2564 I chatty  : uid=1000(system) com.huawei.systemserver expire 7 lines
06-10 15:58:55.867  1413  1936 I chatty  : uid=1000(system) ActivityManager expire 6 lines
06-10 15:58:56.015  1413  6374 I chatty  : uid=1000(system) Binder:1413_13 expire 10 lines
06-10 15:58:56.439  1413  1928 I chatty  : uid=1000(system) android.bg expire 2 lines
06-10 15:58:59.653  1413  2467 I chatty  : uid=1000(system) watchdog expire 5 lines
06-10 15:59:02.724 32168 32168 D ActivityThread: Attach thread to application
06-10 15:59:03.223  1413  7782 I chatty  : uid=1000(system) Binder:1413_16 expire 4 lines
06-10 15:59:05.360  1413  2191 I chatty  : uid=1000(system) CryptdConnector expire 13 lines
06-10 15:59:05.526  1413  2366 I chatty  : uid=1000(system) Binder:1413_5 expire 10 lines
06-10 15:59:05.871  2564  2729 I chatty  : uid=1000(system) HwCommBoosterTh expire 4 lines
06-10 15:59:05.916  2508  2508 W ContextImpl: Calling a method in the system process without a qualified user: android.app.ContextImpl.stopService:1720 android.content.ContextWrapper.stopService:667 com.huawei.systemmanager.spacecleanner.autoclean.AutoCleanService.stopSelfService:116 com.huawei.systemmanager.spacecleanner.hivision.AutoHiVisionService.onStartCommand:47 android.app.ActivityThread.handleServiceArgs:4140 
06-10 15:59:05.917  2508 32213 W ContextImpl: Calling a method in the system process without a qualified user: android.app.ContextImpl.stopService:1720 android.content.ContextWrapper.stopService:667 com.huawei.systemmanager.spacecleanner.autoclean.AutoCleanService.stopSelfService:116 com.huawei.systemmanager.spacecleanner.hivision.AutoHiVisionService.lambda$-com_huawei_systemmanager_spacecleanner_hivision_AutoHiVisionService_lambda$0:25 com.huawei.systemmanager.spacecleanner.hivision.-$Lambda$nxzswPQxpMbVwIpd4jdraj2kRKk.$m$0:4 
06-10 15:59:05.921  1413  2146 I chatty  : uid=1000(system) Binder:1413_3 expire 7 lines
06-10 15:59:05.972  1413 13890 I chatty  : uid=1000(system) Binder:1413_1C expire 10 lines
06-10 15:59:06.404   595   598 I vold    : TrimTask running tasks: 0
06-10 15:59:06.449  2564  2564 I chatty  : uid=1000(system) com.huawei.systemserver expire 5 lines
06-10 15:59:15.924  1413 19732 I chatty  : uid=1000(system) Binder:1413_20 expire 11 lines
06-10 15:59:15.990  2564  2729 I chatty  : uid=1000(system) HwCommBoosterTh expire 4 lines
06-10 15:59:15.991  2564  2564 I chatty  : uid=1000(system) com.huawei.systemserver expire 9 lines
06-10 15:59:16.065  1413  1413 I chatty  : uid=1000 system_server expire 10 lines
06-10 15:59:16.455   595   598 I vold    : TrimTask running tasks: 0
06-10 15:59:16.468  1413  2214 I chatty  : uid=1000(system) WifiP2pService expire 10 lines
06-10 15:59:23.952  1413  1998 I chatty  : uid=1000(system) PowerManagerSer expire 28 lines
06-10 15:59:25.953  1413  2575 I chatty  : uid=1000(system) Binder:1413_9 expire 21 lines
06-10 15:59:25.973  1413  2614 I chatty  : uid=1000(system) Binder:1413_C expire 10 lines
06-10 15:59:26.033  2564  2729 I chatty  : uid=1000(system) HwCommBoosterTh expire 4 lines
06-10 15:59:26.527   595   598 I vold    : TrimTask running tasks: 0
06-10 15:59:26.554  1413  1413 I chatty  : uid=1000 system_server expire 16 lines
06-10 15:59:26.587  2564  2564 I chatty  : uid=1000(system) com.huawei.systemserver expire 5 lines
06-10 15:59:36.071  1413  2214 I chatty  : uid=1000(system) WifiP2pService expire 18 lines
06-10 15:59:36.113  2564  2729 I chatty  : uid=1000(system) HwCommBoosterTh expire 3 lines
06-10 15:59:36.113  2564  2564 I chatty  : uid=1000(system) com.huawei.systemserver expire 6 lines
06-10 15:59:36.523  1413  2366 I chatty  : uid=1000(system) Binder:1413_5 expire 7 lines
06-10 15:59:36.564   595   598 I vold    : TrimTask running tasks: 0
06-10 15:59:36.609  2564  2729 I chatty  : uid=1000(system) HwCommBoosterTh expire 3 lines
06-10 15:59:36.617  2564  2564 I chatty  : uid=1000(system) com.huawei.systemserver expire 4 lines
06-10 15:59:44.018  1413  1998 I chatty  : uid=1000(system) PowerManagerSer expire 28 lines
06-10 15:59:46.084  1413  2614 I chatty  : uid=1000(system) Binder:1413_C expire 18 lines
06-10 15:59:46.141  1413  1413 I chatty  : uid=1000 system_server expire 14 lines
06-10 15:59:46.555  1413  2559 I chatty  : uid=1000(system) Binder:1413_7 expire 15 lines
06-10 15:59:46.595   595   598 I vold    : TrimTask running tasks: 0
06-10 15:59:46.650  2564  2729 I chatty  : uid=1000(system) HwCommBoosterTh expire 2 lines
06-10 15:59:46.659  2564  2564 I DeepNoDisturbSM: isNetworkTypeSuitDeepNoDisturbMode networkType = 0
06-10 15:59:46.660  2564  2564 I DeepNoDisturbSM: isCorrectState=true mIsCallOn=false mGameStatus=0 defaultDataSubId=0 default4GSlotId=0 mIsDefaultDataOn=false mIsScreenOn=true deepNoDisturbModeProp=true isDeepNoDisturbSwitchOn=false isGameDndSwitchOn=true isNetworkTypeSuitDeepNoDisturbMode=false isAirplaneModeOn()=true
06-10 15:59:46.660  2564  2564 I DeepNoDisturbSM: isNeedEnterDeepNoDisturbMode false
06-10 15:59:46.660  2564  2564 D HwGameAssistantService: ScreenOnReceiver
06-10 15:59:56.246  2564  2729 I DeepNoDisturbP: handleStateChanged reason=2
06-10 15:59:56.247  2564  2729 I DeepNoDisturbSM: setScreenState isScreenOn=false
06-10 15:59:56.247  2564  2564 I DeepNoDisturbSM: IdleState processMessage msg.what=EVENT_SCREEN_OFF
06-10 15:59:56.247  2564  2564 I DeepNoDisturbSM: IdleState: default msg.what=11
06-10 15:59:56.279  1413  1413 I chatty  : uid=1000 system_server expire 14 lines
06-10 15:59:56.612   595   598 I vold    : TrimTask running tasks: 0
06-10 15:59:56.621  1413  2214 I chatty  : uid=1000(system) WifiP2pService expire 14 lines
06-10 15:59:56.661  2564  2729 I DeepNoDisturbP: handleStateChanged reason=2
06-10 15:59:56.661  2564  2729 I DeepNoDisturbSM: setScreenState isScreenOn=true
06-10 15:59:56.661  2564  2564 I DeepNoDisturbSM: IdleState processMessage msg.what=EVENT_SCREEN_ON
06-10 15:59:56.669  2564  2564 I DeepNoDisturbSM: isNetworkTypeSuitDeepNoDisturbMode networkType = 0
06-10 15:59:56.669  2564  2564 I DeepNoDisturbSM: isCorrectState=true mIsCallOn=false mGameStatus=0 defaultDataSubId=0 default4GSlotId=0 mIsDefaultDataOn=false mIsScreenOn=true deepNoDisturbModeProp=true isDeepNoDisturbSwitchOn=false isGameDndSwitchOn=true isNetworkTypeSuitDeepNoDisturbMode=false isAirplaneModeOn()=true
06-10 15:59:56.669  2564  2564 I DeepNoDisturbSM: isNeedEnterDeepNoDisturbMode false
06-10 15:59:56.669  2564  2564 D HwGameAssistantService: ScreenOnReceiver
06-10 15:59:56.816  1413  2614 I chatty  : uid=1000(system) Binder:1413_C expire 5 lines
06-10 15:59:59.928  1413  1446 I chatty  : uid=1000(system) Binder:1413_1 expire 11 lines
06-10 16:00:04.151  1413  1998 I chatty  : uid=1000(system) PowerManagerSer expire 28 lines
06-10 16:00:06.269  2564  2729 I DeepNoDisturbP: handleStateChanged reason=2
06-10 16:00:06.269  2564  2729 I DeepNoDisturbSM: setScreenState isScreenOn=false
06-10 16:00:06.269  2564  2564 I DeepNoDisturbSM: IdleState processMessage msg.what=EVENT_SCREEN_OFF
06-10 16:00:06.269  2564  2564 I DeepNoDisturbSM: IdleState: default msg.what=11
06-10 16:00:06.555   595   598 I vold    : TrimTask running tasks: 0
06-10 16:00:06.577  1413  1413 I chatty  : uid=1000 system_server expire 15 lines
06-10 16:00:06.604  2564  2729 I DeepNoDisturbP: handleStateChanged reason=2
06-10 16:00:06.604  2564  2729 I DeepNoDisturbSM: setScreenState isScreenOn=true
06-10 16:00:06.604  2564  2564 I DeepNoDisturbSM: IdleState processMessage msg.what=EVENT_SCREEN_ON
06-10 16:00:06.611  2564  2564 I DeepNoDisturbSM: isNetworkTypeSuitDeepNoDisturbMode networkType = 0
06-10 16:00:06.611  2564  2564 I DeepNoDisturbSM: isCorrectState=true mIsCallOn=false mGameStatus=0 defaultDataSubId=0 default4GSlotId=0 mIsDefaultDataOn=false mIsScreenOn=true deepNoDisturbModeProp=true isDeepNoDisturbSwitchOn=false isGameDndSwitchOn=true isNetworkTypeSuitDeepNoDisturbMode=false isAirplaneModeOn()=true
06-10 16:00:06.611  2564  2564 I DeepNoDisturbSM: isNeedEnterDeepNoDisturbMode false
06-10 16:00:06.612  2564  2564 D HwGameAssistantService: ScreenOnReceiver
06-10 16:00:16.355  2564  2729 I DeepNoDisturbP: handleStateChanged reason=2
06-10 16:00:16.355  2564  2729 I DeepNoDisturbSM: setScreenState isScreenOn=false
06-10 16:00:16.356  2564  2564 I DeepNoDisturbSM: IdleState processMessage msg.what=EVENT_SCREEN_OFF
06-10 16:00:16.356  2564  2564 I DeepNoDisturbSM: IdleState: default msg.what=11
06-10 16:00:16.658   595   598 I vold    : TrimTask running tasks: 0
06-10 16:00:16.667  1413  2214 I chatty  : uid=1000(system) WifiP2pService expire 10 lines
06-10 16:00:16.695  2564  2729 I DeepNoDisturbP: handleStateChanged reason=2
06-10 16:00:16.695  2564  2729 I DeepNoDisturbSM: setScreenState isScreenOn=true
06-10 16:00:16.695  2564  2564 I DeepNoDisturbSM: IdleState processMessage msg.what=EVENT_SCREEN_ON
06-10 16:00:16.702  2564  2564 I DeepNoDisturbSM: isNetworkTypeSuitDeepNoDisturbMode networkType = 0
06-10 16:00:16.702  2564  2564 I DeepNoDisturbSM: isCorrectState=true mIsCallOn=false mGameStatus=0 defaultDataSubId=0 default4GSlotId=0 mIsDefaultDataOn=false mIsScreenOn=true deepNoDisturbModeProp=true isDeepNoDisturbSwitchOn=false isGameDndSwitchOn=true isNetworkTypeSuitDeepNoDisturbMode=false isAirplaneModeOn()=true
06-10 16:00:16.702  2564  2564 I DeepNoDisturbSM: isNeedEnterDeepNoDisturbMode false
06-10 16:00:16.703  2564  2564 D HwGameAssistantService: ScreenOnReceiver
06-10 16:00:16.860  1413  1446 I chatty  : uid=1000(system) Binder:1413_1 expire 9 lines
06-10 16:00:24.319  1413  1998 I chatty  : uid=1000(system) PowerManagerSer expire 42 lines
06-10 16:00:26.394  1413  1413 I chatty  : uid=1000 system_server expire 11 lines
06-10 16:00:26.437  2564  2729 I DeepNoDisturbP: handleStateChanged reason=2
06-10 16:00:26.438  2564  2729 I DeepNoDisturbSM: setScreenState isScreenOn=false
06-10 16:00:26.438  2564  2564 I DeepNoDisturbSM: IdleState processMessage msg.what=EVENT_SCREEN_OFF
06-10 16:00:26.438  2564  2564 I DeepNoDisturbSM: IdleState: default msg.what=11
06-10 16:00:26.748   595   598 I vold    : TrimTask running tasks: 0
06-10 16:00:26.803  2564  2729 I DeepNoDisturbP: handleStateChanged reason=2
06-10 16:00:26.803  2564  2729 I DeepNoDisturbSM: setScreenState isScreenOn=true
06-10 16:00:26.803  2564  2564 I DeepNoDisturbSM: IdleState processMessage msg.what=EVENT_SCREEN_ON
06-10 16:00:26.813  2564  2564 I DeepNoDisturbSM: isNetworkTypeSuitDeepNoDisturbMode networkType = 0
06-10 16:00:26.813  2564  2564 I DeepNoDisturbSM: isCorrectState=true mIsCallOn=false mGameStatus=0 defaultDataSubId=0 default4GSlotId=0 mIsDefaultDataOn=false mIsScreenOn=true deepNoDisturbModeProp=true isDeepNoDisturbSwitchOn=false isGameDndSwitchOn=true isNetworkTypeSuitDeepNoDisturbMode=false isAirplaneModeOn()=true
06-10 16:00:26.813  2564  2564 I DeepNoDisturbSM: isNeedEnterDeepNoDisturbMode false
06-10 16:00:26.813  2564  2564 D HwGameAssistantService: ScreenOnReceiver
06-10 16:00:36.492  1413  2214 I chatty  : uid=1000(system) WifiP2pService expire 11 lines
06-10 16:00:36.521  2564  2729 I DeepNoDisturbP: handleStateChanged reason=2
06-10 16:00:36.521  2564  2729 I DeepNoDisturbSM: setScreenState isScreenOn=false
06-10 16:00:36.521  2564  2564 I DeepNoDisturbSM: IdleState processMessage msg.what=EVENT_SCREEN_OFF
06-10 16:00:36.521  2564  2564 I DeepNoDisturbSM: IdleState: default msg.what=11
06-10 16:00:36.566  1413  3369 I chatty  : uid=1000(system) HwDeviceUsageCo expire 3 lines
06-10 16:00:36.591  1413  1413 I chatty  : uid=1000 system_server expire 11 lines
06-10 16:00:36.661  1413  1937 I chatty  : uid=1000(system) android.ui expire 3 lines
06-10 16:00:36.778  1413 13890 I chatty  : uid=1000(system) Binder:1413_1C expire 1 line
06-10 16:00:36.808  1413  2188 I chatty  : uid=1000(system) StorageManagerS expire 3 lines
06-10 16:00:36.809   595   598 I vold    : TrimTask running tasks: 0
06-10 16:00:36.810  1413  2190 I chatty  : uid=1000(system) VoldConnector expire 3 lines
06-10 16:00:36.844  2564  2729 I DeepNoDisturbP: handleStateChanged reason=2
06-10 16:00:36.845  2564  2729 I DeepNoDisturbSM: setScreenState isScreenOn=true
06-10 16:00:36.845  2564  2564 I DeepNoDisturbSM: IdleState processMessage msg.what=EVENT_SCREEN_ON
06-10 16:00:36.852  2564  2564 I DeepNoDisturbSM: isNetworkTypeSuitDeepNoDisturbMode networkType = 0
06-10 16:00:36.852  2564  2564 I DeepNoDisturbSM: isCorrectState=true mIsCallOn=false mGameStatus=0 defaultDataSubId=0 default4GSlotId=0 mIsDefaultDataOn=false mIsScreenOn=true deepNoDisturbModeProp=true isDeepNoDisturbSwitchOn=false isGameDndSwitchOn=true isNetworkTypeSuitDeepNoDisturbMode=false isAirplaneModeOn()=true
06-10 16:00:36.852  2564  2564 I DeepNoDisturbSM: isNeedEnterDeepNoDisturbMode false
06-10 16:00:36.852  2564  2564 D HwGameAssistantService: ScreenOnReceiver
06-10 16:00:46.521  1413 19732 I chatty  : uid=1000(system) Binder:1413_20 expire 10 lines
06-10 16:00:46.619  2564  2729 I DeepNoDisturbP: handleStateChanged reason=2
06-10 16:00:46.619  2564  2729 I DeepNoDisturbSM: setScreenState isScreenOn=false
06-10 16:00:46.619  2564  2564 I DeepNoDisturbSM: IdleState processMessage msg.what=EVENT_SCREEN_OFF
06-10 16:00:46.619  2564  2564 I DeepNoDisturbSM: IdleState: default msg.what=11
06-10 16:00:46.646  1413  1413 I chatty  : uid=1000 system_server expire 17 lines
06-10 16:00:46.964   595   598 I vold    : TrimTask running tasks: 0
06-10 16:00:46.974  1413  2214 I chatty  : uid=1000(system) WifiP2pService expire 10 lines
06-10 16:00:47.003  2564  2729 I DeepNoDisturbP: handleStateChanged reason=2
06-10 16:00:47.003  2564  2729 I DeepNoDisturbSM: setScreenState isScreenOn=true
06-10 16:00:47.003  2564  2564 I DeepNoDisturbSM: IdleState processMessage msg.what=EVENT_SCREEN_ON
06-10 16:00:47.012  2564  2564 I DeepNoDisturbSM: isNetworkTypeSuitDeepNoDisturbMode networkType = 0
06-10 16:00:47.012  2564  2564 I DeepNoDisturbSM: isCorrectState=true mIsCallOn=false mGameStatus=0 defaultDataSubId=0 default4GSlotId=0 mIsDefaultDataOn=false mIsScreenOn=true deepNoDisturbModeProp=true isDeepNoDisturbSwitchOn=false isGameDndSwitchOn=true isNetworkTypeSuitDeepNoDisturbMode=false isAirplaneModeOn()=true
06-10 16:00:47.012  2564  2564 I DeepNoDisturbSM: isNeedEnterDeepNoDisturbMode false
06-10 16:00:47.012  2564  2564 D HwGameAssistantService: ScreenOnReceiver
06-10 16:00:54.558  1413  1998 I chatty  : uid=1000(system) PowerManagerSer expire 28 lines
06-10 16:00:55.707  1413  2195 I chatty  : uid=1000(system) NetworkStats expire 7 lines
06-10 16:00:55.810  1413  2575 I chatty  : uid=1000(system) Binder:1413_9 expire 2 lines
06-10 16:00:55.905  2577  7005 I chatty  : uid=1000(system) Binder:2577_D expire 2 lines
06-10 16:00:56.645  1413  2614 I chatty  : uid=1000(system) Binder:1413_C expire 13 lines
06-10 16:00:56.712  2564  2729 I DeepNoDisturbP: handleStateChanged reason=2
06-10 16:00:56.713  2564  2729 I DeepNoDisturbSM: setScreenState isScreenOn=false
06-10 16:00:56.713  2564  2564 I DeepNoDisturbSM: IdleState processMessage msg.what=EVENT_SCREEN_OFF
06-10 16:00:56.713  2564  2564 I DeepNoDisturbSM: IdleState: default msg.what=11
06-10 16:00:56.778  1413  1413 I chatty  : uid=1000 system_server expire 28 lines
06-10 16:00:57.022   595   598 I vold    : TrimTask running tasks: 0
06-10 16:00:57.056  2564  2729 I DeepNoDisturbP: handleStateChanged reason=2
06-10 16:00:57.056  2564  2729 I DeepNoDisturbSM: setScreenState isScreenOn=true
06-10 16:00:57.056  2564  2564 I DeepNoDisturbSM: IdleState processMessage msg.what=EVENT_SCREEN_ON
06-10 16:00:57.062  2564  2564 I DeepNoDisturbSM: isNetworkTypeSuitDeepNoDisturbMode networkType = 0
06-10 16:00:57.063  2564  2564 I DeepNoDisturbSM: isCorrectState=true mIsCallOn=false mGameStatus=0 defaultDataSubId=0 default4GSlotId=0 mIsDefaultDataOn=false mIsScreenOn=true deepNoDisturbModeProp=true isDeepNoDisturbSwitchOn=false isGameDndSwitchOn=true isNetworkTypeSuitDeepNoDisturbMode=false isAirplaneModeOn()=true
06-10 16:00:57.063  2564  2564 I DeepNoDisturbSM: isNeedEnterDeepNoDisturbMode false
06-10 16:00:57.063  2564  2564 D HwGameAssistantService: ScreenOnReceiver
06-10 16:00:57.219  1413  2559 I chatty  : uid=1000(system) Binder:1413_7 expire 14 lines
06-10 16:01:00.059  1413 19732 I chatty  : uid=1000(system) Binder:1413_20 expire 4 lines
06-10 16:01:06.772  1413  2214 I chatty  : uid=1000(system) WifiP2pService expire 11 lines
06-10 16:01:06.799  2564  2729 I DeepNoDisturbP: handleStateChanged reason=2
06-10 16:01:06.799  2564  2729 I DeepNoDisturbSM: setScreenState isScreenOn=false
06-10 16:01:06.800  2564  2564 I DeepNoDisturbSM: IdleState processMessage msg.what=EVENT_SCREEN_OFF
06-10 16:01:06.800  2564  2564 I DeepNoDisturbSM: IdleState: default msg.what=11
06-10 16:01:06.827  1413  2141 I chatty  : uid=1000(system) UEventObserver expire 14 lines
06-10 16:01:06.841  1413 13890 I chatty  : uid=1000(system) Binder:1413_1C expire 12 lines
06-10 16:01:06.907  1413  3369 I chatty  : uid=1000(system) HwDeviceUsageCo expire 3 lines
06-10 16:01:06.944  1413  1937 I chatty  : uid=1000(system) android.ui expire 3 lines
06-10 16:01:07.148  1413  2188 I chatty  : uid=1000(system) StorageManagerS expire 2 lines
06-10 16:01:07.149   595   598 I vold    : TrimTask running tasks: 0
06-10 16:01:07.150  1413  2190 I chatty  : uid=1000(system) VoldConnector expire 2 lines
06-10 16:01:07.203  2564  2729 I DeepNoDisturbP: handleStateChanged reason=2
06-10 16:01:07.203  2564  2729 I DeepNoDisturbSM: setScreenState isScreenOn=true
06-10 16:01:07.203  2564  2564 I DeepNoDisturbSM: IdleState processMessage msg.what=EVENT_SCREEN_ON
06-10 16:01:07.210  2564  2564 I DeepNoDisturbSM: isNetworkTypeSuitDeepNoDisturbMode networkType = 0
06-10 16:01:07.210  2564  2564 I DeepNoDisturbSM: isCorrectState=true mIsCallOn=false mGameStatus=0 defaultDataSubId=0 default4GSlotId=0 mIsDefaultDataOn=false mIsScreenOn=true deepNoDisturbModeProp=true isDeepNoDisturbSwitchOn=false isGameDndSwitchOn=true isNetworkTypeSuitDeepNoDisturbMode=false isAirplaneModeOn()=true
06-10 16:01:07.210  2564  2564 I DeepNoDisturbSM: isNeedEnterDeepNoDisturbMode false
06-10 16:01:07.210  2564  2564 D HwGameAssistantService: ScreenOnReceiver
06-10 16:01:14.759  1413  1998 I chatty  : uid=1000(system) PowerManagerSer expire 33 lines
06-10 16:01:16.768  1413  2191 I chatty  : uid=1000(system) CryptdConnector expire 2 lines
06-10 16:01:16.880  2564  2729 I DeepNoDisturbP: handleStateChanged reason=2
06-10 16:01:16.880  2564  2729 I DeepNoDisturbSM: setScreenState isScreenOn=false
06-10 16:01:16.881  2564  2564 I DeepNoDisturbSM: IdleState processMessage msg.what=EVENT_SCREEN_OFF
06-10 16:01:16.881  2564  2564 I DeepNoDisturbSM: IdleState: default msg.what=11
06-10 16:01:16.917  1413  2366 I chatty  : uid=1000(system) Binder:1413_5 expire 1 line
06-10 16:01:16.921  1413  1413 I chatty  : uid=1000 system_server expire 21 lines
06-10 16:01:17.221   595   598 I vold    : TrimTask running tasks: 0
06-10 16:01:17.230  1413  2214 I chatty  : uid=1000(system) WifiP2pService expire 7 lines
06-10 16:01:17.258  2564  2729 I DeepNoDisturbP: handleStateChanged reason=2
06-10 16:01:17.259  2564  2729 I DeepNoDisturbSM: setScreenState isScreenOn=true
06-10 16:01:17.259  2564  2564 I DeepNoDisturbSM: IdleState processMessage msg.what=EVENT_SCREEN_ON
06-10 16:01:17.264  2564  2564 I DeepNoDisturbSM: isNetworkTypeSuitDeepNoDisturbMode networkType = 0
06-10 16:01:17.264  2564  2564 I DeepNoDisturbSM: isCorrectState=true mIsCallOn=false mGameStatus=0 defaultDataSubId=0 default4GSlotId=0 mIsDefaultDataOn=false mIsScreenOn=true deepNoDisturbModeProp=true isDeepNoDisturbSwitchOn=false isGameDndSwitchOn=true isNetworkTypeSuitDeepNoDisturbMode=false isAirplaneModeOn()=true
06-10 16:01:17.264  2564  2564 I DeepNoDisturbSM: isNeedEnterDeepNoDisturbMode false
06-10 16:01:17.265  2564  2564 D HwGameAssistantService: ScreenOnReceiver
06-10 16:01:17.438  1413 13890 I chatty  : uid=1000(system) Binder:1413_1C expire 5 lines
06-10 16:01:18.934  1413  2146 I chatty  : uid=1000(system) Binder:1413_3 expire 6 lines
06-10 16:01:18.944  1413  1950 I chatty  : uid=1000(system) batterystats-wo expire 11 lines
06-10 16:01:18.948  2577  2723 I chatty  : uid=1000(system) core expire 12 lines
06-10 16:01:18.950  2349  2349 W PowerUI : unknown intent: Intent { act=android.intent.action.ACTION_POWER_DISCONNECTED flg=0x4000010 (has extras) }
06-10 16:01:18.971  1413  1928 I chatty  : uid=1000(system) android.bg expire 1 line
06-10 16:01:18.984  1413  2193 I chatty  : uid=1000(system) NetdConnector expire 2 lines
06-10 16:01:19.004  1413  2559 I chatty  : uid=1000(system) Binder:1413_7 expire 3 lines
06-10 16:01:19.356 22226 22226 W ContextImpl: Calling a method in the system process without a qualified user: android.app.ContextImpl.startService:1708 android.content.ContextWrapper.startService:657 android.content.ContextWrapper.startService:657 com.android.settings.deviceinfo.UsbReceiver.startUsbService:286 com.android.settings.deviceinfo.UsbReceiver.onUsbStateReceive:161 
06-10 16:01:19.364 22226 22226 W ContextImpl: Calling a method in the system process without a qualified user: android.app.ContextImpl.startService:1708 android.content.ContextWrapper.startService:657 android.content.ContextWrapper.startService:657 com.android.settings.deviceinfo.UsbReceiver.startUsbService:286 com.android.settings.deviceinfo.UsbReceiver.onUsbStateReceive:218 
06-10 16:01:20.348  1413  1979 I chatty  : uid=1000(system) android.fg expire 1 line
06-10 16:01:20.423  1413  3112 I chatty  : uid=1000(system) Binder:1413_E expire 20 lines
06-10 16:01:29.000  1413  7782 I chatty  : uid=1000(system) Binder:1413_16 expire 5 lines
06-10 16:01:29.231  1413  1981 I chatty  : uid=1000(system) android.display expire 1 line
06-10 16:01:29.537  2564  2729 I DeepNoDisturbP: handleStateChanged reason=2
06-10 16:01:29.538  2564  2729 I DeepNoDisturbSM: setScreenState isScreenOn=false
06-10 16:01:29.538  2564  2564 I DeepNoDisturbSM: IdleState processMessage msg.what=EVENT_SCREEN_OFF
06-10 16:01:29.538  2564  2564 I DeepNoDisturbSM: IdleState: default msg.what=11
06-10 16:01:29.667  1413  2467 I chatty  : uid=1000(system) watchdog expire 17 lines
06-10 16:01:34.257  1413  1936 I chatty  : uid=1000(system) ActivityManager expire 11 lines
06-10 16:02:23.794  1413  1413 I chatty  : uid=1000 system_server expire 31 lines
06-10 16:02:23.857  1413  2575 I chatty  : uid=1000(system) Binder:1413_9 expire 15 lines
06-10 16:03:43.362  1413  2267 I chatty  : uid=1000(system) StatisticsCHRMs expire 4 lines
06-10 16:05:31.088  2577  2723 I chatty  : uid=1000(system) core expire 14 lines
06-10 16:05:39.577  1413  1936 I chatty  : uid=1000(system) ActivityManager expire 30 lines
06-10 16:06:38.414  1413  2315 I chatty  : uid=1000(system) Binder:1413_4 expire 8 lines
06-10 16:06:56.216  1413  1928 I chatty  : uid=1000(system) android.bg expire 10 lines
06-10 16:06:56.298  1413  2193 I chatty  : uid=1000(system) NetdConnector expire 16 lines
06-10 16:07:42.212  1413  1413 I chatty  : uid=1000 system_server expire 71 lines
06-10 16:09:59.718  1413  2467 I chatty  : uid=1000(system) watchdog expire 21 lines
06-10 16:10:29.851  1413 13890 I chatty  : uid=1000(system) Binder:1413_1C expire 8 lines
06-10 16:10:54.546  1413  2146 I chatty  : uid=1000(system) Binder:1413_3 expire 19 lines
06-10 16:16:16.949  1413  7782 I chatty  : uid=1000(system) Binder:1413_16 expire 4 lines
06-10 16:17:38.724  1413  2225 I chatty  : uid=1000(system) onProviders.ECP expire 8 lines
06-10 16:17:38.805   492   492 D ActivityThread: Attach thread to application
06-10 16:17:38.811  1413  2197 I chatty  : uid=1000(system) tworkPolicy.uid expire 2 lines
06-10 16:18:19.455  1413  2575 I chatty  : uid=1000(system) Binder:1413_9 expire 11 lines
06-10 16:19:31.624  2577  2723 I chatty  : uid=1000(system) core expire 11 lines
06-10 16:20:19.598  1413 15496 I chatty  : uid=1000(system) Binder:1413_1D expire 13 lines
06-10 16:20:19.622  1413  1413 I chatty  : uid=1000 system_server expire 46 lines
06-10 16:20:29.789  1413  2467 I chatty  : uid=1000(system) watchdog expire 23 lines
06-10 16:20:41.662  1413  1936 I chatty  : uid=1000(system) ActivityManager expire 24 lines
06-10 16:22:47.233  1413  3112 I chatty  : uid=1000(system) Binder:1413_E expire 8 lines
06-10 16:27:09.387  1413  8373 I chatty  : uid=1000(system) Binder:1413_18 expire 7 lines
06-10 16:27:25.824  1413  2195 I chatty  : uid=1000(system) NetworkStats expire 7 lines
06-10 16:27:25.984   912   912 D ActivityThread: Attach thread to application
06-10 16:27:26.684  1006  1006 D ActivityThread: Attach thread to application
06-10 16:27:26.818  1006  1006 W ContextImpl: Calling a method in the system process without a qualified user: android.app.ContextImpl.startService:1708 android.content.ContextWrapper.startService:657 com.huawei.library.stat.client.HsmStatProxy.startMainService:300 com.huawei.systemmanager.SystemManagerApplication.startServices:204 com.huawei.systemmanager.SystemManagerApplication.onCreate:150 
06-10 16:27:26.822  1006  1006 W ContextImpl: Calling a method in the system process without a qualified user: android.app.ContextImpl.startService:1708 android.content.ContextWrapper.startService:657 com.huawei.systemmanager.SystemManagerApplication.startPermissionService:286 com.huawei.systemmanager.SystemManagerApplication.startServices:205 com.huawei.systemmanager.SystemManagerApplication.onCreate:150 
06-10 16:27:26.823  1413  2146 I chatty  : uid=1000(system) Binder:1413_3 expire 6 lines
06-10 16:27:26.827  1006  1006 W ContextImpl: Calling a method in the system process without a qualified user: android.app.ContextImpl.startService:1708 android.content.ContextWrapper.startService:657 com.huawei.systemmanager.SystemManagerApplication.startBgStaticsService:308 com.huawei.systemmanager.SystemManagerApplication.startServices:210 com.huawei.systemmanager.SystemManagerApplication.onCreate:150 
06-10 16:27:26.830  1006  1006 W ContextImpl: Calling a method in the system process without a qualified user: android.app.ContextImpl.startService:1708 android.content.ContextWrapper.startService:657 com.huawei.systemmanager.SystemManagerApplication.startDeviceStorageMonitorService:315 com.huawei.systemmanager.SystemManagerApplication.startServices:212 com.huawei.systemmanager.SystemManagerApplication.onCreate:150 
06-10 16:27:26.832  1006  1006 W ContextImpl: Calling a method in the system process without a qualified user: android.app.ContextImpl.startService:1708 android.content.ContextWrapper.startService:657 com.huawei.systemmanager.SystemManagerApplication.startSpaceCleanService:336 com.huawei.systemmanager.SystemManagerApplication.startServices:216 com.huawei.systemmanager.SystemManagerApplication.onCreate:150 
06-10 16:27:26.834  1006  1006 W ContextImpl: Calling a method in the system process without a qualified user: android.app.ContextImpl.startService:1708 android.content.ContextWrapper.startService:657 com.huawei.systemmanager.SystemManagerApplication.startSmartControlResidentService:346 com.huawei.systemmanager.SystemManagerApplication.startServices:219 com.huawei.systemmanager.SystemManagerApplication.onCreate:150 
06-10 16:27:26.836  1006  1006 W ContextImpl: Calling a method in the system process without a qualified user: android.app.ContextImpl.startService:1708 android.content.ContextWrapper.startService:657 com.huawei.systemmanager.SystemManagerApplication.startAntivirusService:353 com.huawei.systemmanager.SystemManagerApplication.startServices:220 com.huawei.systemmanager.SystemManagerApplication.onCreate:150 
06-10 16:27:26.845  1006  1006 W ContextImpl: Calling a method in the system process without a qualified user: android.app.ContextImpl.startService:1708 android.content.ContextWrapper.startService:657 com.huawei.systemmanager.SystemManagerApplication.startCoreService:241 com.huawei.systemmanager.SystemManagerApplication.startServices:222 com.huawei.systemmanager.SystemManagerApplication.onCreate:150 
06-10 16:27:26.936  1006  1075 W ContextImpl: Calling a method in the system process without a qualified user: android.app.ContextImpl.startService:1708 android.content.ContextWrapper.startService:657 tmsdk.common.TMSDKContext.start:153 tmsdk.common.TMSDKContext.access$000:0 tmsdk.common.TMSDKContext$1.run:0 
06-10 16:27:26.941  1006  1006 W ContextImpl: Calling a method in the system process without a qualified user: android.app.ContextImpl.bindService:1788 android.content.ContextWrapper.bindService:691 com.huawei.library.stat.client.HsmStatProxy.bindService:268 com.huawei.library.stat.client.HsmStatProxy.-wrap0:0 com.huawei.library.stat.client.HsmStatProxy$1.handleMessage:67 
06-10 16:27:26.954  1006  1078 W ContextImpl: Calling a method in the system process without a qualified user: android.app.ContextImpl.startService:1708 android.content.ContextWrapper.startService:657 com.huawei.systemmanager.spacecleanner.receiver.SpaceCleanReceiver.checkRarelyUsedApp:101 com.huawei.systemmanager.spacecleanner.receiver.SpaceCleanReceiver.doInBackground:47 java.lang.reflect.Method.invoke:-2 
06-10 16:27:26.968  1413  1413 I chatty  : uid=1000 system_server expire 28 lines
06-10 16:27:27.047  2577  7005 I chatty  : uid=1000(system) Binder:2577_D expire 2 lines
06-10 16:28:15.148  1413 15496 I chatty  : uid=1000(system) Binder:1413_1D expire 10 lines
06-10 16:30:31.972  1413  1936 I chatty  : uid=1000(system) ActivityManager expire 23 lines
06-10 16:31:32.063  2577  2723 I chatty  : uid=1000(system) core expire 11 lines
06-10 16:31:59.866  1413  2467 I chatty  : uid=1000(system) watchdog expire 17 lines
06-10 16:33:13.173  1413  1950 I chatty  : uid=1000(system) batterystats-wo expire 4 lines
06-10 16:33:43.469  1413  2267 I chatty  : uid=1000(system) StatisticsCHRMs expire 4 lines
06-10 16:33:45.495  1413  1413 I chatty  : uid=1000 system_server expire 34 lines
06-10 16:33:45.576  1413  2315 I chatty  : uid=1000(system) Binder:1413_4 expire 26 lines
06-10 16:35:19.196  1413  2146 I chatty  : uid=1000(system) Binder:1413_3 expire 3 lines
06-10 16:35:58.424  1413  8373 I chatty  : uid=1000(system) Binder:1413_18 expire 10 lines
06-10 16:36:56.235  1413  1928 I chatty  : uid=1000(system) android.bg expire 3 lines
06-10 16:36:56.292  1413  7782 I chatty  : uid=1000(system) Binder:1413_16 expire 9 lines
06-10 16:40:14.303  1413  2186 I chatty  : uid=1000(system) InputReader expire 9 lines
06-10 16:40:14.308  1413  1998 I chatty  : uid=1000(system) PowerManagerSer expire 10 lines
06-10 16:40:14.325  1413  2188 I chatty  : uid=1000(system) StorageManagerS expire 1 line
06-10 16:40:14.326   595   598 I vold    : TrimTask running tasks: 0
06-10 16:40:14.327  1413  2190 I chatty  : uid=1000(system) VoldConnector expire 1 line
06-10 16:40:14.342  1413  1413 I chatty  : uid=1000 system_server expire 14 lines
06-10 16:40:14.343  1413  2214 I chatty  : uid=1000(system) WifiP2pService expire 6 lines
06-10 16:40:14.343  1413  2135 I chatty  : uid=1000(system) android.anim expire 14 lines
06-10 16:40:14.350  1413  1981 I chatty  : uid=1000(system) android.display expire 2 lines
06-10 16:40:14.396  2564  2729 I DeepNoDisturbP: handleStateChanged reason=2
06-10 16:40:14.396  2564  2729 I DeepNoDisturbSM: setScreenState isScreenOn=true
06-10 16:40:14.397  2564  2564 I DeepNoDisturbSM: IdleState processMessage msg.what=EVENT_SCREEN_ON
06-10 16:40:14.406  2564  2564 I DeepNoDisturbSM: isNetworkTypeSuitDeepNoDisturbMode networkType = 0
06-10 16:40:14.407  2564  2564 I DeepNoDisturbSM: isCorrectState=true mIsCallOn=false mGameStatus=0 defaultDataSubId=0 default4GSlotId=0 mIsDefaultDataOn=false mIsScreenOn=true deepNoDisturbModeProp=true isDeepNoDisturbSwitchOn=false isGameDndSwitchOn=true isNetworkTypeSuitDeepNoDisturbMode=false isAirplaneModeOn()=true
06-10 16:40:14.407  2564  2564 I DeepNoDisturbSM: isNeedEnterDeepNoDisturbMode false
06-10 16:40:14.407  2564  2564 D HwGameAssistantService: ScreenOnReceiver
06-10 16:40:14.423  1413  2193 I chatty  : uid=1000(system) NetdConnector expire 5 lines
06-10 16:40:14.541  1413  1937 I chatty  : uid=1000(system) android.ui expire 1 line
06-10 16:40:14.550  1413  2614 I chatty  : uid=1000(system) Binder:1413_C expire 12 lines
06-10 16:40:15.246  1413  1985 I chatty  : uid=1000(system) HwGameAssistant expire 2 lines
06-10 16:40:15.247  1413  1932 I chatty  : uid=1000(system) HwActivityManag expire 12 lines
06-10 16:40:15.316  2349  2349 V KeyguardDisplayManager: hide
06-10 16:40:15.322  2349  2349 V KeyguardViewMediator: updateInputRestrictedLocked 1 isInputApp = false, inputRestricted = false
06-10 16:40:15.332  1413  2575 I chatty  : uid=1000(system) Binder:1413_9 expire 2 lines
06-10 16:40:16.928  1413 10956 I chatty  : uid=1000(system) Binder:1413_1B expire 7 lines
06-10 16:40:16.972  1413 13890 I chatty  : uid=1000(system) Binder:1413_1C expire 12 lines
06-10 16:40:17.008  1413  1642 I chatty  : uid=1000 system_server expire 1 line
06-10 16:40:17.011  1629  1629 D ActivityThread: Attach thread to application
06-10 16:40:17.039  2577  2723 I chatty  : uid=1000(system) core expire 11 lines
06-10 16:40:17.062  2508  3120 I HwNetworkPolicyManager: getHwUidPolicy uid = 10291 policy = 0
06-10 16:40:20.219  1413  8373 I chatty  : uid=1000(system) Binder:1413_18 expire 12 lines
06-10 16:40:20.451  1413  2217 I chatty  : uid=1000(system) ConnectivitySer expire 68 lines
06-10 16:40:20.936  1413  2193 I chatty  : uid=1000(system) NetdConnector expire 23 lines
06-10 16:40:20.943  1413  7782 I chatty  : uid=1000(system) Binder:1413_16 expire 30 lines
06-10 16:40:21.041  1413 13890 I chatty  : uid=1000(system) Binder:1413_1C expire 19 lines
06-10 16:40:21.660  1413  2575 I chatty  : uid=1000(system) Binder:1413_9 expire 9 lines
06-10 16:40:21.669  2349  8956 I CommandQueue: updateBarBgColor
06-10 16:40:21.669  2349  8956 D CommandQueue: CommandQueue, setBarBackgroundColor
06-10 16:40:22.211  1413  2135 I chatty  : uid=1000(system) android.anim expire 13 lines
06-10 16:40:22.214  1413  1981 I chatty  : uid=1000(system) android.display expire 10 lines
06-10 16:40:22.445  1413 10956 I chatty  : uid=1000(system) Binder:1413_1B expire 11 lines
06-10 16:40:25.340  1413  1413 I chatty  : uid=1000 system_server expire 64 lines
06-10 16:40:26.786  1413  2185 I chatty  : uid=1000(system) InputDispatcher expire 12 lines
06-10 16:40:27.303  1413  2614 I chatty  : uid=1000(system) Binder:1413_C expire 9 lines
06-10 16:40:28.271  1413  2227 I chatty  : uid=1000(system) AudioService expire 21 lines
06-10 16:40:29.921  1413  2467 I chatty  : uid=1000(system) watchdog expire 8 lines
06-10 16:40:32.886   754   754 I vendor.huawei.hardware.wifi@1.1-service: Wifi HAL started
06-10 16:40:32.898   754   754 E vendor.huawei.hardware.wifi@1.1-service: change driver state enter , state =start: Broken pipe
06-10 16:40:33.108  1413  1979 I chatty  : uid=1000(system) android.fg expire 35 lines
06-10 16:40:33.122  1413  2195 I chatty  : uid=1000(system) NetworkStats expire 41 lines
06-10 16:40:33.191   877   877 I wificond: create scanner for interface with index: 26
06-10 16:40:33.191   877   877 I wificond: subscribe scan result for interface with index: 26
06-10 16:40:33.252   877   877 E wificond: No Offload Service available
06-10 16:40:33.252   877   877 I wificond: Offload HAL not supported 
06-10 16:40:33.254  1413  2199 I chatty  : uid=1000(system) WifiStateMachin expire 17 lines
06-10 16:40:33.256  3448  3448 D ActivityThread: Attach thread to application
06-10 16:40:33.257  1413  2193 I chatty  : uid=1000(system) NetdConnector expire 194 lines
06-10 16:40:33.271   877   877 W wificond: enter StartSupplicant ...
06-10 16:40:33.280   877   877 W wificond: wifi_start_supplicant try to wait start
06-10 16:40:33.453  1413  1980 I chatty  : uid=1000(system) android.io expire 27 lines
06-10 16:40:33.498  3495  3495 D ActivityThread: Attach thread to application
06-10 16:40:33.792  1413  2214 I chatty  : uid=1000(system) WifiP2pService expire 40 lines
06-10 16:40:33.859  1413  2212 I chatty  : uid=1000(system) WifiScanningSer expire 4 lines
06-10 16:40:33.918  3580  3580 D ActivityThread: Attach thread to application
06-10 16:40:34.156  3682  3682 D ActivityThread: Attach thread to application
06-10 16:40:34.187  3696  3696 D ActivityThread: Attach thread to application
06-10 16:40:34.207   877   877 W wificond: Scan is not started. Ignore abort request
06-10 16:40:34.271  1413  1936 I chatty  : uid=1000(system) ActivityManager expire 16 lines
06-10 16:40:34.536  1413  2207 I chatty  : uid=1000(system) IpManager.wlan0 expire 7 lines
06-10 16:40:34.585  3682  3682 W SettingsEx: SettingsEx.Systemex.getLong deprecated use Settings.System.getLong instead ;callers=com.huawei.iconnect.ConnectService.init:195 com.huawei.iconnect.ConnectService.-wrap8:0 com.huawei.iconnect.ConnectService$ServiceHandler.handleMessage:1028 
06-10 16:40:34.588  3682  3682 W SettingsEx: SettingsEx.Systemex.getLong deprecated use Settings.System.getLong instead ;callers=com.huawei.iconnect.ConnectService.init:196 com.huawei.iconnect.ConnectService.-wrap8:0 com.huawei.iconnect.ConnectService$ServiceHandler.handleMessage:1028 
06-10 16:40:34.590  3682  3682 W SettingsEx: SettingsEx.Systemex.getInt deprecated use Settings.System.getInt instead ;callers=com.huawei.iconnect.cache.CachedTrackedDevices.init:80 com.huawei.iconnect.cache.CachedTrackedDevices.<init>:65 com.huawei.iconnect.ConnectService.init:200 
06-10 16:40:34.590  3682  3682 W SettingsEx: SettingsEx.Systemex.getLong deprecated use Settings.System.getLong instead ;callers=com.huawei.iconnect.cache.CachedTrackedDevices.init:81 com.huawei.iconnect.cache.CachedTrackedDevices.<init>:65 com.huawei.iconnect.ConnectService.init:200 
06-10 16:40:34.611  3448  3448 W ContextImpl: Calling a method in the system process without a qualified user: android.app.ContextImpl.bindService:1788 android.content.ContextWrapper.bindService:691 com.huawei.android.hwshare.common.HwShareAdapter.startBindHwNearby:669 com.huawei.android.hwshare.common.HwShareAdapter.registerReceiver:466 com.huawei.android.hwshare.common.HwShareAdapter.setDiscoverableState:155 
06-10 16:40:34.620 22226 22226 W ContextImpl: Calling a method in the system process without a qualified user: android.app.ContextImpl.startService:1708 android.content.ContextWrapper.startService:657 android.content.ContextWrapper.startService:657 com.android.settings.bluetooth.DockEventReceiver.beginStartingService:161 com.android.settings.bluetooth.DockEventReceiver.onReceive:141 
06-10 16:40:34.646  1413  3803 I chatty  : uid=1000(system) DhcpClient expire 13 lines
06-10 16:40:34.650  1413  2146 I chatty  : uid=1000(system) Binder:1413_3 expire 20 lines
06-10 16:40:34.671  1413 15496 I chatty  : uid=1000(system) Binder:1413_1D expire 16 lines
06-10 16:40:34.936  3495  3593 W SettingsEx: SettingsEx.Systemex.getInt deprecated use Settings.System.getInt instead ;callers=com.android.bluetooth.btservice.AdapterService.getReservedFilter:2392 com.android.bluetooth.gatt.ScanManager$ScanNative.initFilterIndexStack:1241 com.android.bluetooth.gatt.ScanManager$ScanNative.startRegularScan:667 
06-10 16:40:35.123   612   618 E NetlinkEvent: NetlinkEvent::FindParam(): Parameter 'INTERFACE' not found
06-10 16:40:35.123   612   618 E NetlinkEvent: NetlinkEvent::FindParam(): Parameter 'STATE' not found
06-10 16:40:35.123   612   618 E NetlinkEvent: NetlinkEvent::FindParam(): Parameter 'TIME_NS' not found
06-10 16:40:35.123   612   618 E NetlinkEvent: NetlinkEvent::FindParam(): Parameter 'UID' not found
06-10 16:40:35.139  1413  2196 I chatty  : uid=1000(system) NetworkPolicy expire 4 lines
06-10 16:40:35.146  1413  2476 I chatty  : uid=1000(system) NetworkTimeUpda expire 2 lines
06-10 16:40:35.164  1413  2315 I chatty  : uid=1000(system) Binder:1413_4 expire 23 lines
06-10 16:40:35.266  3883  3883 D ActivityThread: Attach thread to application
