06-10 18:17:36.086  2577  2723 E KernelCpuSpeedReader: Failed to read cpu-freq: /sys/devices/system/cpu/cpu0/cpufreq/stats/time_in_state (No such file or directory)
06-10 18:17:36.087  2577  2723 E KernelCpuSpeedReader: Failed to read cpu-freq: /sys/devices/system/cpu/cpu4/cpufreq/stats/time_in_state (No such file or directory)
06-10 18:17:40.642  1413  1936 I chatty  : uid=1000(system) ActivityManager expire 10 lines
06-10 18:17:59.733  1413  1413 I chatty  : uid=1000 system_server expire 10 lines
06-10 18:19:13.732  1413  2193 I chatty  : uid=1000(system) NetdConnector expire 12 lines
06-10 18:19:36.150  2577  2723 E KernelCpuSpeedReader: Failed to read cpu-freq: /sys/devices/system/cpu/cpu0/cpufreq/stats/time_in_state (No such file or directory)
06-10 18:19:36.151  2577  2723 E KernelCpuSpeedReader: Failed to read cpu-freq: /sys/devices/system/cpu/cpu4/cpufreq/stats/time_in_state (No such file or directory)
06-10 18:19:48.724  1413  8379 I chatty  : uid=1000(system) Binder:1413_19 expire 5 lines
06-10 18:19:48.735  1413  1413 I chatty  : uid=1000 system_server expire 10 lines
06-10 18:20:00.451  1413  2467 I chatty  : uid=1000(system) watchdog expire 6 lines
06-10 18:20:55.428  1413 19726 I chatty  : uid=1000(system) Binder:1413_1F expire 3 lines
06-10 18:21:36.226  2577  2723 E KernelCpuSpeedReader: Failed to read cpu-freq: /sys/devices/system/cpu/cpu0/cpufreq/stats/time_in_state (No such file or directory)
06-10 18:21:36.227  2577  2723 E KernelCpuSpeedReader: Failed to read cpu-freq: /sys/devices/system/cpu/cpu4/cpufreq/stats/time_in_state (No such file or directory)
06-10 18:22:02.141  1413  1413 I chatty  : uid=1000 system_server expire 11 lines
06-10 18:22:05.618  1413  2195 I chatty  : uid=1000(system) NetworkStats expire 7 lines
06-10 18:22:05.624  1413  1928 I chatty  : uid=1000(system) android.bg expire 5 lines
06-10 18:22:05.751 16553 16553 D ActivityThread: Attach thread to application
06-10 18:22:06.369 16553 16553 W ContextImpl: Calling a method in the system process without a qualified user: android.app.ContextImpl.startService:1708 android.content.ContextWrapper.startService:657 android.content.ContextWrapper.startService:657 com.huawei.hiwibd.android.trigger.HiWiTrigger.startHiWIService:146 com.huawei.hiwibd.android.trigger.HiWiReceiver$1.handleMessage:28 
06-10 18:22:07.158  1413  1936 I chatty  : uid=1000(system) ActivityManager expire 4 lines
06-10 18:22:10.805  1413  2193 I chatty  : uid=1000(system) NetdConnector expire 3 lines
06-10 18:22:10.821  1413  2196 I chatty  : uid=1000(system) NetworkPolicy expire 1 line
06-10 18:22:43.981  1413  2193 I chatty  : uid=1000(system) NetdConnector expire 11 lines
06-10 18:22:43.982  1413  1979 I chatty  : uid=1000(system) android.fg expire 10 lines
06-10 18:22:44.081  1413  8379 I chatty  : uid=1000(system) Binder:1413_19 expire 6 lines
06-10 18:22:44.096  1413  7249 I chatty  : uid=1000(system) Binder:1413_15 expire 10 lines
06-10 18:22:48.934  1413  1936 I chatty  : uid=1000(system) ActivityManager expire 12 lines
06-10 18:22:49.665 16553 16582 D ActivityThread: Loading provider com.huawei.bd.provider.BDProvider: com.huawei.bd.db.BDProvider
06-10 18:22:49.811 16553 16582 W ContextImpl: Calling a method in the system process without a qualified user: android.app.ContextImpl.startService:1708 com.huawei.bd.db.BDProvider.onCreate:53 android.content.ContentProvider.attachInfo:1920 android.content.ContentProvider.attachInfo:1894 android.app.ActivityThread.installProvider:7234 
06-10 18:23:00.468  1413  2467 I chatty  : uid=1000(system) watchdog expire 10 lines
06-10 18:23:09.020  1413  1413 I chatty  : uid=1000 system_server expire 14 lines
06-10 18:23:09.111  1413  3112 I chatty  : uid=1000(system) Binder:1413_E expire 14 lines
06-10 18:23:36.317  2577  2723 E KernelCpuSpeedReader: Failed to read cpu-freq: /sys/devices/system/cpu/cpu0/cpufreq/stats/time_in_state (No such file or directory)
06-10 18:23:36.318  2577  2723 E KernelCpuSpeedReader: Failed to read cpu-freq: /sys/devices/system/cpu/cpu4/cpufreq/stats/time_in_state (No such file or directory)
06-10 18:24:16.111  1413  2559 I chatty  : uid=1000(system) Binder:1413_7 expire 6 lines
06-10 18:25:36.398  2577  2723 E KernelCpuSpeedReader: Failed to read cpu-freq: /sys/devices/system/cpu/cpu0/cpufreq/stats/time_in_state (No such file or directory)
06-10 18:25:36.399  2577  2723 E KernelCpuSpeedReader: Failed to read cpu-freq: /sys/devices/system/cpu/cpu4/cpufreq/stats/time_in_state (No such file or directory)
06-10 18:26:06.086  1413  1413 I chatty  : uid=1000 system_server expire 18 lines
06-10 18:27:36.472  2577  2723 E KernelCpuSpeedReader: Failed to read cpu-freq: /sys/devices/system/cpu/cpu0/cpufreq/stats/time_in_state (No such file or directory)
06-10 18:27:36.472  2577  2723 E KernelCpuSpeedReader: Failed to read cpu-freq: /sys/devices/system/cpu/cpu4/cpufreq/stats/time_in_state (No such file or directory)
06-10 18:27:42.613  1413  1936 I chatty  : uid=1000(system) ActivityManager expire 10 lines
06-10 18:27:50.431  1413  2193 I chatty  : uid=1000(system) NetdConnector expire 8 lines
06-10 18:28:00.497  1413  2467 I chatty  : uid=1000(system) watchdog expire 6 lines
06-10 18:29:36.570  2577  2723 E KernelCpuSpeedReader: Failed to read cpu-freq: /sys/devices/system/cpu/cpu0/cpufreq/stats/time_in_state (No such file or directory)
06-10 18:29:36.571  2577  2723 E KernelCpuSpeedReader: Failed to read cpu-freq: /sys/devices/system/cpu/cpu4/cpufreq/stats/time_in_state (No such file or directory)
06-10 18:29:44.281  1413  1413 I chatty  : uid=1000 system_server expire 6 lines
06-10 18:30:43.121  1413  1928 I chatty  : uid=1000(system) android.bg expire 1 line
06-10 18:30:43.125  2577  9305 E KernelCpuSpeedReader: Failed to read cpu-freq: /sys/devices/system/cpu/cpu0/cpufreq/stats/time_in_state (No such file or directory)
06-10 18:30:43.125  2577  9305 E KernelCpuSpeedReader: Failed to read cpu-freq: /sys/devices/system/cpu/cpu4/cpufreq/stats/time_in_state (No such file or directory)
06-10 18:30:43.146  1413  3112 I chatty  : uid=1000(system) Binder:1413_E expire 7 lines
06-10 18:30:43.346  2525  4027 W ContextImpl: Calling a method in the system process without a qualified user: android.app.ContextImpl.sendBroadcast:1131 com.huawei.android.chr.statistics.TelStatusService.updateStatisticDB:763 com.huawei.android.chr.statistics.TelStatusService.triggerStatsReport:652 com.huawei.android.chr.statistics.TelStatusService.triggerAllStatsReport:660 com.huawei.android.chr.statistics.TelStatusManager.triggerAllStatsReport:363 
06-10 18:30:43.401  2525  4027 W ContextImpl: Calling a method in the system process without a qualified user: android.app.ContextImpl.sendBroadcast:1131 com.huawei.android.chr.statistics.TelStatusService.updateStatisticDB:763 com.huawei.android.chr.statistics.TelStatusService.triggerStatsReport:652 com.huawei.android.chr.statistics.TelStatusService.triggerAllStatsReport:660 com.huawei.android.chr.statistics.TelStatusManager.triggerAllStatsReport:363 
06-10 18:30:43.410  1413  2559 I chatty  : uid=1000(system) Binder:1413_7 expire 10 lines
06-10 18:30:44.909  1413  2193 I chatty  : uid=1000(system) NetdConnector expire 8 lines
06-10 18:30:44.915  1413  1979 I chatty  : uid=1000(system) android.fg expire 3 lines
06-10 18:30:44.966  6055  6084 W ContextImpl: Calling a method in the system process without a qualified user: android.app.ContextImpl.sendBroadcast:1110 android.content.ContextWrapper.sendBroadcast:437 com.huawei.android.pushagent.utils.d.gb:761 com.huawei.android.pushagent.model.a.e.hw:117 com.huawei.android.pushagent.model.a.e.hn:89 
06-10 18:30:44.968  1413  1936 I chatty  : uid=1000(system) ActivityManager expire 10 lines
06-10 18:30:45.016 16707 16707 D ActivityThread: Attach thread to application
06-10 18:30:45.257  1413  1413 I chatty  : uid=1000 system_server expire 16 lines
06-10 18:30:45.771  1413 16735 I chatty  : uid=1000 system_server expire 2 lines
06-10 18:30:49.912  1413  1446 I chatty  : uid=1000(system) Binder:1413_1 expire 4 lines
06-10 18:31:00.516  1413  2467 I chatty  : uid=1000(system) watchdog expire 2 lines
06-10 18:31:14.644  1413  2186 I chatty  : uid=1000(system) InputReader expire 9 lines
06-10 18:31:14.650  1413  1998 I chatty  : uid=1000(system) PowerManagerSer expire 10 lines
06-10 18:31:14.667  1413  2188 I chatty  : uid=1000(system) StorageManagerS expire 1 line
06-10 18:31:14.669   595   598 I vold    : TrimTask running tasks: 0
06-10 18:31:14.670  2577  2723 E KernelCpuSpeedReader: Failed to read cpu-freq: /sys/devices/system/cpu/cpu0/cpufreq/stats/time_in_state (No such file or directory)
06-10 18:31:14.670  1413  2190 I chatty  : uid=1000(system) VoldConnector expire 1 line
06-10 18:31:14.671  2577  2723 E KernelCpuSpeedReader: Failed to read cpu-freq: /sys/devices/system/cpu/cpu4/cpufreq/stats/time_in_state (No such file or directory)
06-10 18:31:14.681  1413  7249 I chatty  : uid=1000(system) Binder:1413_15 expire 1 line
06-10 18:31:14.684  1413  2135 I chatty  : uid=1000(system) android.anim expire 14 lines
06-10 18:31:14.692  1413  1981 I chatty  : uid=1000(system) android.display expire 2 lines
06-10 18:31:14.701  1413  8379 I chatty  : uid=1000(system) Binder:1413_19 expire 11 lines
06-10 18:31:14.717  1413  2199 I chatty  : uid=1000(system) WifiStateMachin expire 1 line
06-10 18:31:14.739  1413  2214 I chatty  : uid=1000(system) WifiP2pService expire 10 lines
06-10 18:31:14.752  1413  1928 I chatty  : uid=1000(system) android.bg expire 1 line
06-10 18:31:14.782  2564  2729 I DeepNoDisturbP: handleStateChanged reason=2
06-10 18:31:14.782  2564  2729 I DeepNoDisturbSM: setScreenState isScreenOn=true
06-10 18:31:14.782  2564  2564 I DeepNoDisturbSM: IdleState processMessage msg.what=EVENT_SCREEN_ON
06-10 18:31:14.784  2564  2564 I DeepNoDisturbSM: isWifiConnected = true
06-10 18:31:14.789  2564  2564 I DeepNoDisturbSM: isNetworkTypeSuitDeepNoDisturbMode networkType = 0
06-10 18:31:14.789  2564  2564 I DeepNoDisturbSM: isCorrectState=true mIsCallOn=false mGameStatus=0 defaultDataSubId=0 default4GSlotId=0 mIsDefaultDataOn=false mIsScreenOn=true deepNoDisturbModeProp=true isDeepNoDisturbSwitchOn=false isGameDndSwitchOn=true isNetworkTypeSuitDeepNoDisturbMode=false isAirplaneModeOn()=true
06-10 18:31:14.789  2564  2564 I DeepNoDisturbSM: isNeedEnterDeepNoDisturbMode false
06-10 18:31:14.789  2564  2564 D HwGameAssistantService: ScreenOnReceiver
06-10 18:31:14.790  1413  1413 I chatty  : uid=1000 system_server expire 35 lines
06-10 18:31:14.879  1413 19726 I chatty  : uid=1000(system) Binder:1413_1F expire 5 lines
06-10 18:31:14.880  1413  1937 I chatty  : uid=1000(system) android.ui expire 2 lines
06-10 18:31:22.267  1413  4416 I chatty  : uid=1000(system) Binder:1413_F expire 20 lines
06-10 18:31:22.313  1413  1985 I chatty  : uid=1000(system) HwGameAssistant expire 1 line
06-10 18:31:22.314  1413  1932 I chatty  : uid=1000(system) HwActivityManag expire 6 lines
06-10 18:31:22.373  2349  2349 V KeyguardDisplayManager: hide
06-10 18:31:22.379  2349  2349 V KeyguardViewMediator: updateInputRestrictedLocked 1 isInputApp = false, inputRestricted = false
06-10 18:31:22.389  1413  1936 I chatty  : uid=1000(system) ActivityManager expire 1 line
06-10 18:31:30.549  1413 15496 I chatty  : uid=1000(system) Binder:1413_1D expire 7 lines
06-10 18:31:30.632  1413  4416 I ActivityManager: Start proc 16800:abc.def.ghi/u0a296 for activity abc.def.ghi/.MainActivity
06-10 18:31:30.635  1413  4416 V WindowManager: No longer Stopped: AppWindowToken{5d8e9e6 token=Token{4f81041 ActivityRecord{63abb28 u0 abc.def.ghi/.MainActivity t122}}}
06-10 18:31:30.635  1413  4416 V ActivityManager: startProcess: name=abc.def.ghi app=ProcessRecord{539be72 16800:abc.def.ghi/u0a296} knownToBeDead=true thread=null pid=16800
06-10 18:31:30.635  1413 16805 D PackageManager: resolve intent for uid:1000, matchs:2, res:ResolveInfo{cdea9ca com.huawei.android.launcher/.unihome.UniHomeLauncher m=0x108000}
06-10 18:31:30.644  1413  2135 I WindowManager: rotationForOrientationLw(orient=-1, last=0); user=0 USER_ROTATION_LOCKED
06-10 18:31:30.644  1413  2135 D HwPhoneWindowManager: face_rotation: not enabled,use sensor real
06-10 18:31:30.644  1413  2135 D HwPhoneWindowManager: face_rotation:real sensor rotation = -1
06-10 18:31:30.644  1413  2135 D HwPhoneWindowManager: face_rotation: rotation = 0
06-10 18:31:30.644  1413  2135 I WindowManager: Selected orientation -1, got rotation 0 which has compatible metrics
06-10 18:31:30.669  1413  2135 D WindowManager: finishDrawingWindow: Window{5271135 u0 Splash Screen abc.def.ghi} mDrawState=DRAW_PENDING
06-10 18:31:30.696 16800 16800 D ActivityThread: Attach thread to application
06-10 18:31:30.703  1413 15496 V WindowManager: No longer Stopped: AppWindowToken{5d8e9e6 token=Token{4f81041 ActivityRecord{63abb28 u0 abc.def.ghi/.MainActivity t122}}}
06-10 18:31:30.708  1413 15496 W HwActivityManagerServiceEx: appSwitch from: com.huawei.android.launcher to: abc.def.ghi
06-10 18:31:30.708  1413  1932 W HwActivityManagerServiceEx: HwActivityNotifier end call android.app.IHwActivityNotifier$Stub$Proxy@c0a7c85 for appSwitch under user 0 cost 0
06-10 18:31:30.709  1413  1932 W HwActivityManagerServiceEx: HwActivityNotifier end call android.app.IHwActivityNotifier$Stub$Proxy@645bada for appSwitch under user 0 cost 1
06-10 18:31:30.709  1413  1932 W HwActivityManagerServiceEx: HwActivityNotifier end call android.app.IHwActivityNotifier$Stub$Proxy@93b2b0b for appSwitch under user 0 cost 0
06-10 18:31:30.711  1413 15496 V WindowManager: No longer Stopped: AppWindowToken{5d8e9e6 token=Token{4f81041 ActivityRecord{63abb28 u0 abc.def.ghi/.MainActivity t122}}}
06-10 18:31:30.713  2577  2723 E KernelCpuSpeedReader: Failed to read cpu-freq: /sys/devices/system/cpu/cpu0/cpufreq/stats/time_in_state (No such file or directory)
06-10 18:31:30.714  2577  2723 E KernelCpuSpeedReader: Failed to read cpu-freq: /sys/devices/system/cpu/cpu4/cpufreq/stats/time_in_state (No such file or directory)
06-10 18:31:30.715  1413 15496 V WindowManager: Checking 1 opening apps (frozen=false timeout=false)...
06-10 18:31:30.715  1413 15496 V WindowManager: Check opening app=AppWindowToken{5d8e9e6 token=Token{4f81041 ActivityRecord{63abb28 u0 abc.def.ghi/.MainActivity t122}}}: allDrawn=false startingDisplayed=true startingMoved=false isRelaunching()=false
06-10 18:31:30.715  1413 15496 I WindowManager: closing apps count = 1
06-10 18:31:30.724  1413 15496 D ActivityManager: EVENT_APP_ACTIVITY_DISPLAYED_BEGIN: abc.def.ghi/.MainActivity
06-10 18:31:30.732  1413  3112 I HwNetworkPolicy: onTransact, code = 203
06-10 18:31:30.733  2508  3120 I HwNetworkPolicyManager: getHwUidPolicy uid = 10296 policy = 0
06-10 18:31:30.846  1413  2135 V WindowManager: Exit animation finished in Window{990f77b u0 com.huawei.android.launcher/com.huawei.android.launcher.unihome.UniHomeLauncher EXITING}: remove=false
06-10 18:31:30.850 16800 16800 V ActivityThread: Skipping new config:{1.0 ?mcc?mnc [zh_CN_#Hans] ldltr sw360dp w360dp h692dp 320dpi nrml long port finger -keyb/v/h -nav/h appBounds=Rect(0, 0 - 720, 1440) nonFullScreen=0 suim:1 s.89}, config:{1.0 ?mcc?mnc [zh_CN_#Hans] ldltr sw360dp w360dp h692dp 320dpi nrml long port finger -keyb/v/h -nav/h appBounds=Rect(0, 0 - 720, 1440) nonFullScreen=0 suim:1 s.89} for app:abc.def.ghi
06-10 18:31:30.910 16800 16800 V ActivityThread: callActivityOnCreate
06-10 18:31:30.958  1413  1447 I ActivityManager: START u0 {act=android.content.pm.action.REQUEST_PERMISSIONS hwFlg=0x10 pkg=com.android.packageinstaller cmp=com.android.packageinstaller/.permission.ui.GrantPermissionsActivity (has extras)} from uid 10296
06-10 18:31:30.961  1413  1447 I ActivityManager: ActivityRecord info: ActivityInfo{e620901 com.android.packageinstaller.permission.ui.GrantPermissionsActivity}
06-10 18:31:30.961  1413  1447 I HwActivityManagerServiceEx: packageName:com.android.packageinstaller,requestCode:1,isIntercepted:false,userId:0,callingPackage:abc.def.ghi
06-10 18:31:30.976  1413  1447 V WindowManager: addAppToken: AppWindowToken{cc48bb1 token=Token{3273e58 ActivityRecord{ec6073b u0 com.android.packageinstaller/.permission.ui.GrantPermissionsActivity t122}}} controller={TaskWindowContainerController taskId=122} at 2147483647
06-10 18:31:31.151  1413  1447 V ActivityManager: startProcess: name=abc.def.ghi:mainService app=null knownToBeDead=true thread=null pid=-1
06-10 18:31:31.165  1413  1447 I ActivityManager: Start proc 16829:abc.def.ghi:mainService/u0a296 for service abc.def.ghi/.MainService
06-10 18:31:31.193 16800 16800 D ActivityThread: add activity client record, r= ActivityRecord{af403d3 token=android.os.BinderProxy@a0d2844 {abc.def.ghi/abc.def.ghi.MainActivity}} token= android.os.BinderProxy@a0d2844
06-10 18:31:31.224 16829 16829 D ActivityThread: Attach thread to application
06-10 18:31:31.227  1413  1447 D ActivityManager: attachApplicationLocked add top running activity: ActivityRecord{ec6073b u0 com.android.packageinstaller/.permission.ui.GrantPermissionsActivity t122}
06-10 18:31:31.227  1413  1447 V WindowManager: No longer Stopped: AppWindowToken{cc48bb1 token=Token{3273e58 ActivityRecord{ec6073b u0 com.android.packageinstaller/.permission.ui.GrantPermissionsActivity t122}}}
06-10 18:31:31.228  1413  1447 V ActivityManager: startProcess: name=com.android.packageinstaller app=null knownToBeDead=true thread=null pid=-1
06-10 18:31:31.241  1413  1447 I ActivityManager: Start proc 16847:com.android.packageinstaller/u0a37 for activity com.android.packageinstaller/.permission.ui.GrantPermissionsActivity
06-10 18:31:31.251  1413  1446 E WindowManager: App trying to use insecure INPUT_FEATURE_NO_INPUT_CHANNEL flag. Ignoring
06-10 18:31:31.252  1413  1446 V WindowManager: Adding Window{7b0370f u0 abc.def.ghi/abc.def.ghi.MainActivity} to AppWindowToken{5d8e9e6 token=Token{4f81041 ActivityRecord{63abb28 u0 abc.def.ghi/.MainActivity t122}}}
06-10 18:31:31.253  1413  1446 V WindowManager: addWindow: New client android.os.BinderProxy@35f246e: window=Window{7b0370f u0 abc.def.ghi/abc.def.ghi.MainActivity} Callers=com.android.server.wm.HwWindowManagerService.addWindow:606 com.android.server.wm.Session.addToDisplay:204 android.view.IWindowSession$Stub.onTransact:124 com.android.server.wm.Session.onTransact:165 android.os.Binder.execTransact:698 
06-10 18:31:31.253  1413  1981 V ActivityManager: startProcess: name=com.android.packageinstaller app=ProcessRecord{e738070 16847:com.android.packageinstaller/u0a37} knownToBeDead=true thread=null pid=16847
06-10 18:31:31.255  1413  8379 D HwGameAssistantController: pid=16800, uid=10296, component=ComponentInfo{abc.def.ghi/abc.def.ghi.MainActivity}
06-10 18:31:31.255  1413  1985 D HwGameAssistantController: UPDATE: mCurFgPkg=abc.def.ghi, mCurFgPid=16800, mCurIsGame=false
06-10 18:31:31.256  1413  1932 W HwActivityManagerServiceEx: HwActivityNotifier end call android.app.IHwActivityNotifier$Stub$Proxy@ad0dde8 for activityLifeState under user 0 cost 0
06-10 18:31:31.256  1413  1932 W HwActivityManagerServiceEx: HwActivityNotifier end call android.app.IHwActivityNotifier$Stub$Proxy@7fb5c01 for activityLifeState under user 0 cost 0
06-10 18:31:31.256  1413  1932 W HwActivityManagerServiceEx: HwActivityNotifier end call android.app.IHwActivityNotifier$Stub$Proxy@779089f for activityLifeState under user 0 cost 0
06-10 18:31:31.260  1413  1446 V ActivityManager: startProcess: name=com.android.packageinstaller app=ProcessRecord{e738070 16847:com.android.packageinstaller/u0a37} knownToBeDead=true thread=null pid=16847
06-10 18:31:31.262  1413  1446 V ActivityManager: startProcess: name=com.android.packageinstaller app=ProcessRecord{e738070 16847:com.android.packageinstaller/u0a37} knownToBeDead=true thread=null pid=16847
06-10 18:31:31.265 16847 16847 D ActivityThread: Attach thread to application
06-10 18:31:31.272  1413  1447 V WindowManager: No longer Stopped: AppWindowToken{cc48bb1 token=Token{3273e58 ActivityRecord{ec6073b u0 com.android.packageinstaller/.permission.ui.GrantPermissionsActivity t122}}}
06-10 18:31:31.275  1413  8379 D PackageManager: resolve intent for uid:10296, matchs:2, res:ResolveInfo{b68339c com.huawei.android.launcher/.unihome.UniHomeLauncher m=0x108000}
06-10 18:31:31.282  1413  1447 W HwActivityManagerServiceEx: appSwitch from: abc.def.ghi to: com.android.packageinstaller
06-10 18:31:31.283  1413  1932 W HwActivityManagerServiceEx: HwActivityNotifier end call android.app.IHwActivityNotifier$Stub$Proxy@c0a7c85 for appSwitch under user 0 cost 1
06-10 18:31:31.283  1413  1932 W HwActivityManagerServiceEx: HwActivityNotifier end call android.app.IHwActivityNotifier$Stub$Proxy@645bada for appSwitch under user 0 cost 0
06-10 18:31:31.283  1413  1932 W HwActivityManagerServiceEx: HwActivityNotifier end call android.app.IHwActivityNotifier$Stub$Proxy@93b2b0b for appSwitch under user 0 cost 0
06-10 18:31:31.283  1413  1447 V WindowManager: No longer Stopped: AppWindowToken{cc48bb1 token=Token{3273e58 ActivityRecord{ec6073b u0 com.android.packageinstaller/.permission.ui.GrantPermissionsActivity t122}}}
06-10 18:31:31.284  2577  2723 E KernelCpuSpeedReader: Failed to read cpu-freq: /sys/devices/system/cpu/cpu0/cpufreq/stats/time_in_state (No such file or directory)
06-10 18:31:31.285  2577  2723 E KernelCpuSpeedReader: Failed to read cpu-freq: /sys/devices/system/cpu/cpu4/cpufreq/stats/time_in_state (No such file or directory)
06-10 18:31:31.287  1413  1447 V WindowManager: Checking 1 opening apps (frozen=false timeout=false)...
06-10 18:31:31.287  1413  1447 V WindowManager: Check opening app=AppWindowToken{cc48bb1 token=Token{3273e58 ActivityRecord{ec6073b u0 com.android.packageinstaller/.permission.ui.GrantPermissionsActivity t122}}}: allDrawn=false startingDisplayed=false startingMoved=false isRelaunching()=false
06-10 18:31:31.289  1413  1447 D ActivityManager: EVENT_APP_ACTIVITY_DISPLAYED_BEGIN: com.android.packageinstaller/.permission.ui.GrantPermissionsActivity
06-10 18:31:31.303  1413  1446 I HwNetworkPolicy: onTransact, code = 203
06-10 18:31:31.303  2508  3120 I HwNetworkPolicyManager: getHwUidPolicy uid = 10037 policy = 0
06-10 18:31:31.308  1413  1446 V WindowManager: Checking 1 opening apps (frozen=false timeout=false)...
06-10 18:31:31.308  1413  1446 V WindowManager: Check opening app=AppWindowToken{cc48bb1 token=Token{3273e58 ActivityRecord{ec6073b u0 com.android.packageinstaller/.permission.ui.GrantPermissionsActivity t122}}}: allDrawn=false startingDisplayed=false startingMoved=false isRelaunching()=false
06-10 18:31:31.309  1413  1446 V WindowManager: Relayout window turning screen on: Window{7b0370f u0 abc.def.ghi/abc.def.ghi.MainActivity}
06-10 18:31:31.315  1413  1446 V WindowManager: findFocusedWindow: AppWindowToken{5d8e9e6 token=Token{4f81041 ActivityRecord{63abb28 u0 abc.def.ghi/.MainActivity t122}}} below Reached focused app=AppWindowToken{cc48bb1 token=Token{3273e58 ActivityRecord{ec6073b u0 com.android.packageinstaller/.permission.ui.GrantPermissionsActivity t122}}}
06-10 18:31:31.319  1413  1446 V WindowManager: Checking 1 opening apps (frozen=false timeout=false)...
06-10 18:31:31.319  1413  1446 V WindowManager: Check opening app=AppWindowToken{cc48bb1 token=Token{3273e58 ActivityRecord{ec6073b u0 com.android.packageinstaller/.permission.ui.GrantPermissionsActivity t122}}}: allDrawn=false startingDisplayed=false startingMoved=false isRelaunching()=false
06-10 18:31:31.378 16847 16847 V ActivityThread: Skipping new config:{1.0 ?mcc?mnc [zh_CN_#Hans] ldltr sw360dp w360dp h692dp 320dpi nrml long port finger -keyb/v/h -nav/h appBounds=Rect(0, 0 - 720, 1440) nonFullScreen=0 suim:1 s.89}, config:{1.0 ?mcc?mnc [zh_CN_#Hans] ldltr sw360dp w360dp h692dp 320dpi nrml long port finger -keyb/v/h -nav/h appBounds=Rect(0, 0 - 720, 1440) nonFullScreen=0 suim:1 s.89} for app:com.android.packageinstaller
06-10 18:31:31.381  1413  1413 V HwNotificationManagerService: isHwSoundAllow pkg=abc.def.ghi, channelId=abc.def.ghi.mainService, userId=0, cfg=1
06-10 18:31:31.382  1413  1413 V HwNotificationManagerService: isHwVibrateAllow pkg=abc.def.ghi, channelId=abc.def.ghi.mainService, userId=0, cfg=1
06-10 18:31:31.400  1413  4416 W ProcBatteryStats: timer is running , not start, name: abc.def.ghi, uid: 10296, tag: abc.def.ghi:Tag
06-10 18:31:31.403  1413  1413 V HwNotificationManagerService: isHwSoundAllow pkg=abc.def.ghi, channelId=abc.def.ghi.alarmService, userId=0, cfg=1
06-10 18:31:31.403  1413  1413 V HwNotificationManagerService: isHwVibrateAllow pkg=abc.def.ghi, channelId=abc.def.ghi.alarmService, userId=0, cfg=1
06-10 18:31:31.409  1413  1413 V HwNotificationManagerService: isHwSoundAllow pkg=abc.def.ghi, channelId=abc.def.ghi.mainService, userId=0, cfg=1
06-10 18:31:31.409  1413  1413 V HwNotificationManagerService: isHwVibrateAllow pkg=abc.def.ghi, channelId=abc.def.ghi.mainService, userId=0, cfg=1
06-10 18:31:31.412  1413  1446 I ActivityManager: START u0 {flg=0x10000000 hwFlg=0x10 cmp=abc.def.ghi/.MainService_Activity (has extras)} from uid 10296
06-10 18:31:31.413  1413  1446 I ActivityManager: ActivityRecord info: ActivityInfo{e5806f4 abc.def.ghi.MainService_Activity}
06-10 18:31:31.413  1413  1446 I HwActivityManagerServiceEx: packageName:abc.def.ghi,requestCode:-1,isIntercepted:false,userId:0,callingPackage:abc.def.ghi
06-10 18:31:31.413  1413  1446 I HwActivityManagerServiceEx: is not cold start
06-10 18:31:31.417  1413  1446 V WindowManager: findFocusedWindow: AppWindowToken{5d8e9e6 token=Token{4f81041 ActivityRecord{63abb28 u0 abc.def.ghi/.MainActivity t122}}} below Reached focused app=AppWindowToken{cc48bb1 token=Token{3273e58 ActivityRecord{ec6073b u0 com.android.packageinstaller/.permission.ui.GrantPermissionsActivity t122}}}
06-10 18:31:31.419  1413  1446 V WindowManager: findFocusedWindow: AppWindowToken{5d8e9e6 token=Token{4f81041 ActivityRecord{63abb28 u0 abc.def.ghi/.MainActivity t122}}} below Reached focused app=AppWindowToken{cc48bb1 token=Token{3273e58 ActivityRecord{ec6073b u0 com.android.packageinstaller/.permission.ui.GrantPermissionsActivity t122}}}
06-10 18:31:31.422  1413  1446 V WindowManager: addAppToken: AppWindowToken{c3352b token=Token{15d197a ActivityRecord{1bfb1a5 u0 abc.def.ghi/.MainService_Activity t122}}} controller={TaskWindowContainerController taskId=122} at 2147483647
06-10 18:31:31.441 16847 16847 V ActivityThread: callActivityOnCreate
06-10 18:31:31.465  1413 19726 I AlarmManager: remove alarm.operation :69ee77b according to operation:3bdf907
06-10 18:31:31.466  1413 19726 D SmartHeartBeat: isPendingPackage, false, pkg:com.android.deskclock, action:com.android.deskclock.ALARM_ALERT,not pending alarm with AlarmClockInfo
06-10 18:31:31.472  1413 19726 D WindowManager: finishDrawingWindow: Window{7b0370f u0 abc.def.ghi/abc.def.ghi.MainActivity} mDrawState=DRAW_PENDING
06-10 18:31:31.491  1413  2135 V WindowManager: removeIfPossible: Window{5271135 u0 Splash Screen abc.def.ghi} callers=com.android.server.wm.WindowState.removeIfPossible:2027 com.android.server.wm.WindowManagerService.removeWindow:2098 com.android.server.wm.Session.remove:224 android.view.ViewRootImpl.dispatchDetachedFromWindow:3822 android.view.ViewRootImpl.doDie:7023 
06-10 18:31:31.492  1413  2135 V WindowManager: Not removing Window{5271135 u0 Splash Screen abc.def.ghi EXITING} due to exit animation 
06-10 18:31:31.492  1413  2135 V WindowManager: findFocusedWindow: AppWindowToken{5d8e9e6 token=Token{4f81041 ActivityRecord{63abb28 u0 abc.def.ghi/.MainActivity t122}}} below Reached focused app=AppWindowToken{cc48bb1 token=Token{3273e58 ActivityRecord{ec6073b u0 com.android.packageinstaller/.permission.ui.GrantPermissionsActivity t122}}}
06-10 18:31:31.533  1413 19726 D WindowManager: finishDrawingWindow: Window{7b0370f u0 abc.def.ghi/abc.def.ghi.MainActivity} mDrawState=HAS_DRAWN
06-10 18:31:31.597  1413  2135 V WindowManager: Exit animation finished in Window{5271135 u0 Splash Screen abc.def.ghi EXITING}: remove=true
06-10 18:31:31.598  1413  2135 E WindowManager: win=Window{5271135 u0 Splash Screen abc.def.ghi EXITING} destroySurfaces: appStopped=false win.mWindowRemovalAllowed=true win.mRemoveOnExit=true
06-10 18:31:31.599  1413  2135 V WindowManager: postWindowRemoveCleanupLocked: Window{5271135 u0 Splash Screen abc.def.ghi}
06-10 18:31:31.599  1413  2135 V WindowManager: Removing Window{5271135 u0 Splash Screen abc.def.ghi} from AppWindowToken{5d8e9e6 token=Token{4f81041 ActivityRecord{63abb28 u0 abc.def.ghi/.MainActivity t122}}}
06-10 18:31:31.614 16847 16847 D ActivityThread: add activity client record, r= ActivityRecord{3d25500 token=android.os.BinderProxy@2f71214 {com.android.packageinstaller/com.android.packageinstaller.permission.ui.GrantPermissionsActivity}} token= android.os.BinderProxy@2f71214
06-10 18:31:31.620  1413 19726 E WindowManager: App trying to use insecure INPUT_FEATURE_NO_INPUT_CHANNEL flag. Ignoring
06-10 18:31:31.621  1413 19726 V WindowManager: Adding Window{41fbf1b u0 Toast} to WindowToken{7a0c8b8 android.os.Binder@493851e}
06-10 18:31:31.622  1413 19726 V WindowManager: addWindow: New client android.os.BinderProxy@5eed52a: window=Window{41fbf1b u0 Toast} Callers=com.android.server.wm.HwWindowManagerService.addWindow:606 com.android.server.wm.Session.addToDisplay:204 android.view.IWindowSession$Stub.onTransact:124 com.android.server.wm.Session.onTransact:165 android.os.Binder.execTransact:698 
06-10 18:31:31.623  1413  1446 V WindowManager: No longer Stopped: AppWindowToken{c3352b token=Token{15d197a ActivityRecord{1bfb1a5 u0 abc.def.ghi/.MainService_Activity t122}}}
06-10 18:31:31.631  1413  1446 W HwActivityManagerServiceEx: appSwitch from: com.android.packageinstaller to: abc.def.ghi
06-10 18:31:31.631  1413  1932 W HwActivityManagerServiceEx: HwActivityNotifier end call android.app.IHwActivityNotifier$Stub$Proxy@c0a7c85 for appSwitch under user 0 cost 0
06-10 18:31:31.631  1413  1446 V WindowManager: findFocusedWindow: AppWindowToken{5d8e9e6 token=Token{4f81041 ActivityRecord{63abb28 u0 abc.def.ghi/.MainActivity t122}}} below Reached focused app=AppWindowToken{c3352b token=Token{15d197a ActivityRecord{1bfb1a5 u0 abc.def.ghi/.MainService_Activity t122}}}
06-10 18:31:31.632  1413  1932 W HwActivityManagerServiceEx: HwActivityNotifier end call android.app.IHwActivityNotifier$Stub$Proxy@645bada for appSwitch under user 0 cost 1
06-10 18:31:31.632  1413  1446 V WindowManager: No longer Stopped: AppWindowToken{c3352b token=Token{15d197a ActivityRecord{1bfb1a5 u0 abc.def.ghi/.MainService_Activity t122}}}
06-10 18:31:31.632  1413  1932 W HwActivityManagerServiceEx: HwActivityNotifier end call android.app.IHwActivityNotifier$Stub$Proxy@93b2b0b for appSwitch under user 0 cost 0
06-10 18:31:31.633  2577  2723 E KernelCpuSpeedReader: Failed to read cpu-freq: /sys/devices/system/cpu/cpu0/cpufreq/stats/time_in_state (No such file or directory)
06-10 18:31:31.633  2577  2723 E KernelCpuSpeedReader: Failed to read cpu-freq: /sys/devices/system/cpu/cpu4/cpufreq/stats/time_in_state (No such file or directory)
06-10 18:31:31.633  1413  1446 D ActivityManager: EVENT_APP_ACTIVITY_DISPLAYED_BEGIN: abc.def.ghi/.MainService_Activity
06-10 18:31:31.638  1413  1446 V WindowManager: Checking 1 opening apps (frozen=false timeout=false)...
06-10 18:31:31.638  1413  1446 V WindowManager: Check opening app=AppWindowToken{c3352b token=Token{15d197a ActivityRecord{1bfb1a5 u0 abc.def.ghi/.MainService_Activity t122}}}: allDrawn=false startingDisplayed=false startingMoved=false isRelaunching()=false
06-10 18:31:31.650  1413  8379 I HwNetworkPolicy: onTransact, code = 203
06-10 18:31:31.650  2508  3120 I HwNetworkPolicyManager: getHwUidPolicy uid = 10296 policy = 0
06-10 18:31:31.664 16829 16829 W ViewRootImpl[Toast]: EGLdebug relayoutWindow Surface isSurface(name=null)  (appName =abc.def.ghi) ( mSurfaceControllerIsValid =false) (mNativeObject  =0)/@0xa0d2844,viewVisibility is0
06-10 18:31:31.669  1413  8379 V WindowManager: Checking 1 opening apps (frozen=false timeout=false)...
06-10 18:31:31.669  1413  8379 V WindowManager: Check opening app=AppWindowToken{c3352b token=Token{15d197a ActivityRecord{1bfb1a5 u0 abc.def.ghi/.MainService_Activity t122}}}: allDrawn=false startingDisplayed=false startingMoved=false isRelaunching()=false
06-10 18:31:31.674  1413  8379 W WindowManager: EGLdebug surface name is Toastsurface is Surface(name=null)  (appName =null) ( mSurfaceControllerIsValid =true) (mNativeObject  =754b9d2000)/@0x2edb691
06-10 18:31:31.674  1413  8379 V WindowManager: findFocusedWindow: AppWindowToken{5d8e9e6 token=Token{4f81041 ActivityRecord{63abb28 u0 abc.def.ghi/.MainActivity t122}}} below Reached focused app=AppWindowToken{c3352b token=Token{15d197a ActivityRecord{1bfb1a5 u0 abc.def.ghi/.MainService_Activity t122}}}
06-10 18:31:31.678  1413  8379 V WindowManager: Checking 1 opening apps (frozen=false timeout=false)...
06-10 18:31:31.678  1413  8379 V WindowManager: Check opening app=AppWindowToken{c3352b token=Token{15d197a ActivityRecord{1bfb1a5 u0 abc.def.ghi/.MainService_Activity t122}}}: allDrawn=false startingDisplayed=false startingMoved=false isRelaunching()=false
06-10 18:31:31.683 16829 16829 W ViewRootImpl[Toast]: EGLdebug relayoutWindow Surface isSurface(name=null)  (appName =abc.def.ghi) ( mSurfaceControllerIsValid =true) (mNativeObject  =755e4c7000)/@0xa0d2844,relayoutResult is7
06-10 18:31:31.703 16829 16829 V ActivityThread: Skipping new config:{1.0 ?mcc?mnc [zh_CN_#Hans] ldltr sw360dp w360dp h692dp 320dpi nrml long port finger -keyb/v/h -nav/h appBounds=Rect(0, 0 - 720, 1440) nonFullScreen=0 suim:1 s.89}, config:{1.0 ?mcc?mnc [zh_CN_#Hans] ldltr sw360dp w360dp h692dp 320dpi nrml long port finger -keyb/v/h -nav/h appBounds=Rect(0, 0 - 720, 1440) nonFullScreen=0 suim:1 s.89} for app:abc.def.ghi
06-10 18:31:31.728 16829 16829 V ActivityThread: callActivityOnCreate
06-10 18:31:31.739  1413  7249 I ActivityManager: START u0 {act=android.content.pm.action.REQUEST_PERMISSIONS hwFlg=0x10 pkg=com.android.packageinstaller cmp=com.android.packageinstaller/.permission.ui.GrantPermissionsActivity (has extras)} from uid 10296
06-10 18:31:31.741  1413  7249 I ActivityManager: ActivityRecord info: ActivityInfo{e620901 com.android.packageinstaller.permission.ui.GrantPermissionsActivity}
06-10 18:31:31.741  1413  7249 I HwActivityManagerServiceEx: packageName:com.android.packageinstaller,requestCode:1,isIntercepted:false,userId:0,callingPackage:abc.def.ghi
06-10 18:31:31.742  1413  7249 V WindowManager: findFocusedWindow: AppWindowToken{5d8e9e6 token=Token{4f81041 ActivityRecord{63abb28 u0 abc.def.ghi/.MainActivity t122}}} below Reached focused app=AppWindowToken{c3352b token=Token{15d197a ActivityRecord{1bfb1a5 u0 abc.def.ghi/.MainService_Activity t122}}}
06-10 18:31:31.744  1413  7249 V WindowManager: addAppToken: AppWindowToken{ff5b864 token=Token{f131f7 ActivityRecord{1fd19f6 u0 com.android.packageinstaller/.permission.ui.GrantPermissionsActivity t122}}} controller={TaskWindowContainerController taskId=122} at 2147483647
06-10 18:31:31.790 16829 16829 D ActivityThread: add activity client record, r= ActivityRecord{88f540c token=android.os.BinderProxy@d530a6b {abc.def.ghi/abc.def.ghi.MainService_Activity}} token= android.os.BinderProxy@d530a6b
06-10 18:31:31.820  1413  8379 D WindowManager: finishDrawingWindow: Window{41fbf1b u0 Toast} mDrawState=DRAW_PENDING
06-10 18:31:31.835  1413  8379 V WindowManager: No longer Stopped: AppWindowToken{ff5b864 token=Token{f131f7 ActivityRecord{1fd19f6 u0 com.android.packageinstaller/.permission.ui.GrantPermissionsActivity t122}}}
06-10 18:31:31.843  1413  8379 W HwActivityManagerServiceEx: appSwitch from: abc.def.ghi to: com.android.packageinstaller
06-10 18:31:31.843  1413  1932 W HwActivityManagerServiceEx: HwActivityNotifier end call android.app.IHwActivityNotifier$Stub$Proxy@c0a7c85 for appSwitch under user 0 cost 0
06-10 18:31:31.843  1413  8379 V WindowManager: findFocusedWindow: AppWindowToken{5d8e9e6 token=Token{4f81041 ActivityRecord{63abb28 u0 abc.def.ghi/.MainActivity t122}}} below Reached focused app=AppWindowToken{ff5b864 token=Token{f131f7 ActivityRecord{1fd19f6 u0 com.android.packageinstaller/.permission.ui.GrantPermissionsActivity t122}}}
06-10 18:31:31.844  1413  1932 W HwActivityManagerServiceEx: HwActivityNotifier end call android.app.IHwActivityNotifier$Stub$Proxy@645bada for appSwitch under user 0 cost 1
06-10 18:31:31.844 16847 16847 V ActivityThread: Skipping new config:{1.0 ?mcc?mnc [zh_CN_#Hans] ldltr sw360dp w360dp h692dp 320dpi nrml long port finger -keyb/v/h -nav/h appBounds=Rect(0, 0 - 720, 1440) nonFullScreen=0 suim:1 s.89}, config:{1.0 ?mcc?mnc [zh_CN_#Hans] ldltr sw360dp w360dp h692dp 320dpi nrml long port finger -keyb/v/h -nav/h appBounds=Rect(0, 0 - 720, 1440) nonFullScreen=0 suim:1 s.89} for app:com.android.packageinstaller
06-10 18:31:31.844  1413  8379 V WindowManager: No longer Stopped: AppWindowToken{ff5b864 token=Token{f131f7 ActivityRecord{1fd19f6 u0 com.android.packageinstaller/.permission.ui.GrantPermissionsActivity t122}}}
06-10 18:31:31.844  1413  1932 W HwActivityManagerServiceEx: HwActivityNotifier end call android.app.IHwActivityNotifier$Stub$Proxy@93b2b0b for appSwitch under user 0 cost 0
06-10 18:31:31.845  2577  2723 E KernelCpuSpeedReader: Failed to read cpu-freq: /sys/devices/system/cpu/cpu0/cpufreq/stats/time_in_state (No such file or directory)
06-10 18:31:31.845  2577  2723 E KernelCpuSpeedReader: Failed to read cpu-freq: /sys/devices/system/cpu/cpu4/cpufreq/stats/time_in_state (No such file or directory)
06-10 18:31:31.846  1413  8379 D ActivityManager: EVENT_APP_ACTIVITY_DISPLAYED_BEGIN: com.android.packageinstaller/.permission.ui.GrantPermissionsActivity
06-10 18:31:31.850  1413  8379 V WindowManager: Checking 1 opening apps (frozen=false timeout=false)...
06-10 18:31:31.850  1413  8379 V WindowManager: Check opening app=AppWindowToken{ff5b864 token=Token{f131f7 ActivityRecord{1fd19f6 u0 com.android.packageinstaller/.permission.ui.GrantPermissionsActivity t122}}}: allDrawn=false startingDisplayed=false startingMoved=false isRelaunching()=false
06-10 18:31:31.856 16847 16847 V ActivityThread: callActivityOnCreate
06-10 18:31:31.857  1413  1446 D WindowManager: finishDrawingWindow: Window{41fbf1b u0 Toast} mDrawState=HAS_DRAWN
06-10 18:31:31.894 16847 16847 D ActivityThread: add activity client record, r= ActivityRecord{c8910ad token=android.os.BinderProxy@4746139 {com.android.packageinstaller/com.android.packageinstaller.permission.ui.GrantPermissionsActivity}} token= android.os.BinderProxy@4746139
06-10 18:31:31.897  1413  1447 D ActivityManager: allPausedActivitiesComplete: r=ActivityRecord{1fd19f6 u0 com.android.packageinstaller/.permission.ui.GrantPermissionsActivity t122 f} state=FINISHING
06-10 18:31:31.900  1413  1447 V WindowManager: No longer Stopped: AppWindowToken{5d8e9e6 token=Token{4f81041 ActivityRecord{63abb28 u0 abc.def.ghi/.MainActivity t122}}}
06-10 18:31:31.900  1413  1447 W HwActivityManagerServiceEx: appSwitch from: com.android.packageinstaller to: abc.def.ghi
06-10 18:31:31.901  1413  1932 W HwActivityManagerServiceEx: HwActivityNotifier end call android.app.IHwActivityNotifier$Stub$Proxy@c0a7c85 for appSwitch under user 0 cost 1
06-10 18:31:31.901  1413  1932 W HwActivityManagerServiceEx: HwActivityNotifier end call android.app.IHwActivityNotifier$Stub$Proxy@645bada for appSwitch under user 0 cost 0
06-10 18:31:31.901  1413  1447 V HwPhoneWindowManager: updateSystemUiColorLw window=Window{7b0370f u0 abc.def.ghi/abc.def.ghi.MainActivity},EmuiStyle=0,StatusBarColor=0xff757575,NavigationBarColor=0xfffcfcfc, mLastIsEmuiLightStyle=-1, mForceNotchStatusBar=false
06-10 18:31:31.901  1413  1932 W HwActivityManagerServiceEx: HwActivityNotifier end call android.app.IHwActivityNotifier$Stub$Proxy@93b2b0b for appSwitch under user 0 cost 0
06-10 18:31:31.902  2349  3245 I CommandQueue: updateBarBgColor
06-10 18:31:31.902  2349  3245 D CommandQueue: CommandQueue, setBarBackgroundColor
06-10 18:31:31.906  2577  2723 E KernelCpuSpeedReader: Failed to read cpu-freq: /sys/devices/system/cpu/cpu0/cpufreq/stats/time_in_state (No such file or directory)
06-10 18:31:31.907  2577  2723 E KernelCpuSpeedReader: Failed to read cpu-freq: /sys/devices/system/cpu/cpu4/cpufreq/stats/time_in_state (No such file or directory)
06-10 18:31:31.913  1413  1447 D ActivityManager: handleOccludedChanged mOccluded: true
06-10 18:31:31.913  1413  1447 D WindowManager: setKeyguardOccluded occluded=true showing=false changed=true
06-10 18:31:31.914  1413  1447 V WindowManager: notifyAppResumed: wasStopped=false AppWindowToken{5d8e9e6 token=Token{4f81041 ActivityRecord{63abb28 u0 abc.def.ghi/.MainActivity t122}}}
06-10 18:31:31.914  1413  1447 V WindowManager: No longer Stopped: AppWindowToken{5d8e9e6 token=Token{4f81041 ActivityRecord{63abb28 u0 abc.def.ghi/.MainActivity t122}}}
06-10 18:31:31.919  1413  1447 V WindowManager: Checking 1 opening apps (frozen=false timeout=false)...
06-10 18:31:31.919  1413  1447 V WindowManager: Check opening app=AppWindowToken{5d8e9e6 token=Token{4f81041 ActivityRecord{63abb28 u0 abc.def.ghi/.MainActivity t122}}}: allDrawn=true startingDisplayed=false startingMoved=false isRelaunching()=false
06-10 18:31:31.919  1413  1447 I WindowManager: closing apps count = 3
06-10 18:31:31.942  1413  4416 D HwGameAssistantController: pid=16800, uid=10296, component=ComponentInfo{abc.def.ghi/abc.def.ghi.MainActivity}
06-10 18:31:31.943  1413  1985 D HwGameAssistantController: UPDATE: mCurFgPkg=abc.def.ghi, mCurFgPid=16800, mCurIsGame=false
06-10 18:31:31.943  1413  1932 W HwActivityManagerServiceEx: HwActivityNotifier end call android.app.IHwActivityNotifier$Stub$Proxy@ad0dde8 for activityLifeState under user 0 cost 0
06-10 18:31:31.943  1413  1932 W HwActivityManagerServiceEx: HwActivityNotifier end call android.app.IHwActivityNotifier$Stub$Proxy@7fb5c01 for activityLifeState under user 0 cost 0
06-10 18:31:31.943  1413  1932 W HwActivityManagerServiceEx: HwActivityNotifier end call android.app.IHwActivityNotifier$Stub$Proxy@779089f for activityLifeState under user 0 cost 0
06-10 18:31:31.950  1413  4416 V WindowManager: Relayout window turning screen on: Window{7b0370f u0 abc.def.ghi/abc.def.ghi.MainActivity}
06-10 18:31:31.964 16829 16829 D ActivityThread: Remove activity client record, r= ActivityRecord{88f540c token=android.os.BinderProxy@d530a6b {abc.def.ghi/abc.def.ghi.MainService_Activity}} token= android.os.BinderProxy@d530a6b
06-10 18:31:31.982  1413  4416 I ActivityManager: Killing 10458:com.huawei.hwid.container1/u0a57 (adj 906): empty for 4949s
06-10 18:31:31.984 16847 16847 D ActivityThread: Remove activity client record, r= ActivityRecord{3d25500 token=android.os.BinderProxy@2f71214 {com.android.packageinstaller/com.android.packageinstaller.permission.ui.GrantPermissionsActivity}} token= android.os.BinderProxy@2f71214
06-10 18:31:31.985  1413  4416 V WindowManager: removeAppToken: AppWindowToken{c3352b token=Token{15d197a ActivityRecord{1bfb1a5 u0 abc.def.ghi/.MainService_Activity t122}}} delayed=false Callers=com.android.server.wm.DisplayContent.removeAppToken:1027 com.android.server.wm.AppWindowContainerController.removeContainer:317 com.android.server.am.ActivityRecord.removeWindowContainer:1082 com.android.server.am.ActivityStack.removeActivityFromHistoryLocked:4616 
06-10 18:31:31.985 16847 16847 D ActivityThread: Remove activity client record, r= ActivityRecord{c8910ad token=android.os.BinderProxy@4746139 {com.android.packageinstaller/com.android.packageinstaller.permission.ui.GrantPermissionsActivity}} token= android.os.BinderProxy@4746139
06-10 18:31:31.986  1413  3112 V WindowManager: notifyAppStopped: AppWindowToken{7d47c02 token=Token{a94694d ActivityRecord{453e0e4 u0 com.huawei.android.launcher/.unihome.UniHomeLauncher t1}}}
06-10 18:31:31.986  1413  3112 E WindowManager: win=Window{990f77b u0 com.huawei.android.launcher/com.huawei.android.launcher.unihome.UniHomeLauncher} destroySurfaces: appStopped=true win.mWindowRemovalAllowed=false win.mRemoveOnExit=false
06-10 18:31:31.989  1413  7249 V WindowManager: removeAppToken: AppWindowToken{cc48bb1 token=Token{3273e58 ActivityRecord{ec6073b u0 com.android.packageinstaller/.permission.ui.GrantPermissionsActivity t122}}} delayed=false Callers=com.android.server.wm.DisplayContent.removeAppToken:1027 com.android.server.wm.AppWindowContainerController.removeContainer:317 com.android.server.am.ActivityRecord.removeWindowContainer:1082 com.android.server.am.ActivityStack.removeActivityFromHistoryLocked:4616 
06-10 18:31:31.990  1413  1447 V WindowManager: removeAppToken: AppWindowToken{ff5b864 token=Token{f131f7 ActivityRecord{1fd19f6 u0 com.android.packageinstaller/.permission.ui.GrantPermissionsActivity t122}}} delayed=false Callers=com.android.server.wm.DisplayContent.removeAppToken:1027 com.android.server.wm.AppWindowContainerController.removeContainer:317 com.android.server.am.ActivityRecord.removeWindowContainer:1082 com.android.server.am.ActivityStack.removeActivityFromHistoryLocked:4616 
06-10 18:31:32.008  1413  1447 D ActivityManager: cleanUpApplicationRecord app: ProcessRecord{cdf55af 10458:com.huawei.hwid.container1/u0a57}, app.bad: false, restarting: false, allowRestart: true
06-10 18:31:32.510  1413  1413 I HwAudioService: check HiRes Icon false
06-10 18:31:33.607  1413  1413 V WindowManager: removeIfPossible: Window{41fbf1b u0 Toast} callers=com.android.server.wm.WindowState.removeIfPossible:2027 com.android.server.wm.WindowToken.removeAllWindowsIfPossible:139 com.android.server.wm.WindowManagerService$LocalService.removeWindowToken:8818 com.android.server.notification.NotificationManagerService.cancelToastLocked:5159 com.android.server.notification.NotificationManagerService.handleTimeout:5188 
06-10 18:31:33.610  1413  1413 V WindowManager: Not removing Window{41fbf1b u0 Toast EXITING} due to exit animation 
06-10 18:31:33.615  1413  1413 W WindowManager: removeWindowToken: Attempted to remove non-existing token: android.os.Binder@493851e
06-10 18:31:33.618  1413  1447 V WindowManager: removeIfPossible: Window{41fbf1b u0 Toast EXITING} callers=com.android.server.wm.WindowState.removeIfPossible:2027 com.android.server.wm.WindowManagerService.removeWindow:2098 com.android.server.wm.Session.remove:224 android.view.IWindowSession$Stub.onTransact:242 com.android.server.wm.Session.onTransact:165 
06-10 18:31:33.618  1413  1447 V WindowManager: Not removing Window{41fbf1b u0 Toast EXITING} due to exit animation 
06-10 18:31:33.688  1413  2135 V WindowManager: Exit animation finished in Window{41fbf1b u0 Toast EXITING}: remove=true
06-10 18:31:33.705  1413  2135 V WindowManager: postWindowRemoveCleanupLocked: Window{41fbf1b u0 Toast}
06-10 18:31:33.706  1413  2135 V WindowManager: Removing Window{41fbf1b u0 Toast} from WindowToken{7a0c8b8 android.os.Binder@493851e}
06-10 18:31:36.517  1413  8379 W ProcBatteryStats: timer is running , not start, name: abc.def.ghi, uid: 10296, tag: abc.def.ghi:Tag
06-10 18:31:36.531  1413  1413 V HwNotificationManagerService: isHwSoundAllow pkg=abc.def.ghi, channelId=abc.def.ghi.alarmService, userId=0, cfg=1
06-10 18:31:36.533  1413  1413 V HwNotificationManagerService: isHwVibrateAllow pkg=abc.def.ghi, channelId=abc.def.ghi.alarmService, userId=0, cfg=1
06-10 18:31:36.642  2577  2723 E KernelCpuSpeedReader: Failed to read cpu-freq: /sys/devices/system/cpu/cpu0/cpufreq/stats/time_in_state (No such file or directory)
06-10 18:31:36.642  2577  2723 E KernelCpuSpeedReader: Failed to read cpu-freq: /sys/devices/system/cpu/cpu4/cpufreq/stats/time_in_state (No such file or directory)
06-10 18:31:36.657  2577  2723 E KernelCpuSpeedReader: Failed to read cpu-freq: /sys/devices/system/cpu/cpu0/cpufreq/stats/time_in_state (No such file or directory)
06-10 18:31:36.658  2577  2723 E KernelCpuSpeedReader: Failed to read cpu-freq: /sys/devices/system/cpu/cpu4/cpufreq/stats/time_in_state (No such file or directory)
06-10 18:31:48.538  1413  2185 D HwGameAssistantController: Keycontrol mode is 2 for user 0
06-10 18:31:48.586  1413  2185 D HwGameAssistantController: Keycontrol mode is 2 for user 0
06-10 18:31:48.711  1413 19726 I WindowManager: WIN DEATH: Window{7b0370f u0 abc.def.ghi/abc.def.ghi.MainActivity}
06-10 18:31:48.711  1413 19726 V WindowManager: removeIfPossible: Window{7b0370f u0 abc.def.ghi/abc.def.ghi.MainActivity} callers=com.android.server.wm.WindowState.-wrap1:0 com.android.server.wm.WindowState$DeathRecipient.binderDied:2607 android.os.BinderProxy.sendDeathNotice:858 <bottom of call stack> <bottom of call stack> 
06-10 18:31:48.711  1413  4686 I ActivityManager: Process abc.def.ghi (pid 16800) has died: fore TOP 
06-10 18:31:48.711  1413 19726 W WindowManager: Keyguard is occluded and there is no window in AppWindowToken{5d8e9e6 token=Token{4f81041 ActivityRecord{63abb28 u0 abc.def.ghi/.MainActivity t122}}}
06-10 18:31:48.712  1413  4686 D ActivityManager: cleanUpApplicationRecord app: ProcessRecord{539be72 16800:abc.def.ghi/u0a296}, app.bad: false, restarting: false, allowRestart: true
06-10 18:31:48.712  1413 19726 W WindowManager: Exception thrown when updateSurfaceStatusWindowStateAnimator{a9c86e7 abc.def.ghi/abc.def.ghi.MainActivity}: android.os.DeadObjectException
06-10 18:31:48.712  1413 19726 V WindowManager: postWindowRemoveCleanupLocked: Window{7b0370f u0 abc.def.ghi/abc.def.ghi.MainActivity}
06-10 18:31:48.713  1413 19726 V WindowManager: Removing Window{7b0370f u0 abc.def.ghi/abc.def.ghi.MainActivity} from AppWindowToken{5d8e9e6 token=Token{4f81041 ActivityRecord{63abb28 u0 abc.def.ghi/.MainActivity t122}}}
