06-10 18:32:32.026  2349  2349 W FillLightViewManager: handleMessage 100
06-10 18:32:32.026  2349  2349 D FillLightViewManager: nothing to do 100
06-10 18:32:32.026  2349  2349 W HwLockScreenPanel: Handle message: 100
06-10 18:32:32.027  2349  2349 I GlobalContext: Work is scheduled. com.android.systemui.battery.-$Lambda$lfi2AU3i1xDKGC7m-gvD3SF2XpQ@e3f5086
06-10 18:32:32.027  1413  1413 D WifiService: onReceive, action:android.intent.action.BATTERY_CHANGED
06-10 18:32:32.027  1413  1413 D WifiService: ACTION_BATTERY_CHANGED pluggedType: 0
06-10 18:32:32.028  1413  1413 I Telecom-ChargingStatusManager: onChargingStatusChanged, mIsCharging: true -> false
06-10 18:32:32.028   874 15630 E MediaPlayerService: getDuration returned -2147483648
06-10 18:32:32.028   874 15630 D NuPlayerDriver: reset(0xea824380) at state 0
06-10 18:32:32.029   874 15630 D NuPlayerDriver: updateMetrics(0xea824380) from destructor at state 0
06-10 18:32:32.030  2564  2642 E HsmCoreServiceImpl: onTransact in code is: 102
06-10 18:32:32.030  2564  2642 W MediaProcessHandler: processOp uid 1000 is not concerned!
06-10 18:32:32.030  2564  2642 I MediaProcessHandler: executedCallBack opType: 1 mMediaStatusObservers.size=0
06-10 18:32:32.030  2349  2349 I KeyguardUtils: fpPath=sys/class/hw_power/charger/charge_data/chargerType, value=0
06-10 18:32:32.031   862  8378 D AudioFlinger: event 163 
06-10 18:32:32.035  2577  2723 E KernelCpuSpeedReader: Failed to read cpu-freq: /sys/devices/system/cpu/cpu0/cpufreq/stats/time_in_state (No such file or directory)
06-10 18:32:32.035  2577  2723 E KernelCpuSpeedReader: Failed to read cpu-freq: /sys/devices/system/cpu/cpu4/cpufreq/stats/time_in_state (No such file or directory)
06-10 18:32:32.036  2349  2349 I KeyguardUtils: fpPath=sys/class/hw_power/charger/charge_data/chargerType, value=0
06-10 18:32:32.036  3495  3799 I bt_btif bt interface: read_energy_info
06-10 18:32:32.038  1413  2601 I chatty  : uid=1000(system) Binder:1413_A expire 1 line
06-10 18:32:32.038  1413  1928 D NetdConnector: SND -> {4733 firewall enable_chain standby}
06-10 18:32:32.041  2349  2349 I KeyguardUtils: fpPath=sys/class/hw_power/charger/charge_data/chargerType, value=0
06-10 18:32:32.045  1413  2193 D NetdConnector: RCV <- {200 4733 Firewall command succeeded}
06-10 18:32:32.048  2349  2349 I KeyguardUtils: fpPath=sys/class/hw_power/charger/charge_data/chargerType, value=0
06-10 18:32:32.049   880   934 E dubaid  : [CpuHandler.cpp] readFreqTime# Failed to open cpufreq node of cluster: 0
06-10 18:32:32.049   880   934 E dubaid  : [CpuHandler.cpp] accountingComponentData# Invalid delta time: Cluster0 total frequency time: 0
06-10 18:32:32.046  1413  2193 D NetdConnector: RCV <- {200 4733 Firewall command succeeded}
06-10 18:32:32.052  1413  1950 E KernelCpuSpeedReader: Failed to read cpu-freq: /sys/devices/system/cpu/cpu0/cpufreq/stats/time_in_state (No such file or directory)
06-10 18:32:32.053  1413  1950 E KernelCpuSpeedReader: Failed to read cpu-freq: /sys/devices/system/cpu/cpu4/cpufreq/stats/time_in_state (No such file or directory)
06-10 18:32:32.054  2349  2349 W HwKeyguardDragHelper: AnimationBlocked
06-10 18:32:32.069  1413  1950 E KernelCpuSpeedReader: Failed to read cpu-freq: /sys/devices/system/cpu/cpu0/cpufreq/stats/time_in_state (No such file or directory)
06-10 18:32:32.069  1413  1950 E KernelCpuSpeedReader: Failed to read cpu-freq: /sys/devices/system/cpu/cpu4/cpufreq/stats/time_in_state (No such file or directory)
06-10 18:32:32.075  1413 19726 I chatty  : uid=1000(system) Binder:1413_1F expire 4 lines
06-10 18:32:32.075 17089 17089 D UsbSettingsService: handleMessage, msg.what = 2
06-10 18:32:32.079 16996 17258 I chatty  : uid=10089(com.huawei.appmarket) expire 1 line
06-10 18:32:32.080  1413 19726 D JobServiceContext: doCallback of : JobStatus{94aa613 #u0a89/200002 com.huawei.appmarket/.service.alarm.control.HiAppPowerConnectChangeService u=0 s=10089 TIME=none:-365ms READY} v:VERB_EXECUTING
06-10 18:32:32.084 16996 17126 I chatty  : uid=10089(com.huawei.appmarket) logger expire 1 line
06-10 18:32:32.086  1413 19726 I ActivityManager: Killing 12713:com.huawei.camera/u0a23 (adj 906): empty for 3956s
06-10 18:32:32.087 17089 17089 D         : android_bluetooth_BluetoothAddressNative_isLibReady: android_bluetooth_BluetoothAddressNative_isLibReady .
06-10 18:32:32.087 17089 17089 D         :  
06-10 18:32:32.090 17089 17089 D         : BluetoothAddressNative_getMacAddress in
06-10 18:32:32.094 16996 17265 I chatty  : uid=10089(com.huawei.appmarket) NK_request_4 expire 1 line
06-10 18:32:32.098 16996 17262 I chatty  : uid=10089(com.huawei.appmarket) NK_request_2 expire 1 line
06-10 18:32:32.098 16996 17264 I chatty  : uid=10089(com.huawei.appmarket) NK_request_3 expire 1 line
06-10 18:32:32.098 16996 17265 I chatty  : uid=10089(com.huawei.appmarket) NK_request_4 expire 1 line
06-10 18:32:32.101  1413  8379 D ActivityManager: cleanUpApplicationRecord app: ProcessRecord{501195f 12713:com.huawei.camera/u0a23}, app.bad: false, restarting: false, allowRestart: true
06-10 18:32:32.102   879 18547 E SystemDriver: binderDied(174): instance[0x0x7fddf09960]. 
06-10 18:32:32.102 16996 17264 I chatty  : uid=10089(com.huawei.appmarket) NK_request_3 expire 1 line
06-10 18:32:32.103 16996 17262 I chatty  : uid=10089(com.huawei.appmarket) NK_request_2 expire 1 line
06-10 18:32:32.103  2564  2642 E HsmCoreServiceImpl: onTransact in code is: 102
06-10 18:32:32.104  2564  2642 I MediaProcessHandler: processOp opType: 1, uid: 10023, pid: 12713
06-10 18:32:32.104  2564  2642 W MediaProcessHandler: remove target not exist, maybe the UI process: uid: 10023, pid: 12713
06-10 18:32:32.104  2564  2642 I MediaProcessHandler: executedCallBack opType: 1 mMediaStatusObservers.size=0
06-10 18:32:32.104  1413  2161 I chatty  : uid=1000(system) sManagerService expire 2 lines
06-10 18:32:32.105   858   858 W hvdcp_opti: type=1400 audit(0.0:170709): avc: denied { read } for name="dp_dm" dev="sysfs" ino=39780 scontext=u:r:hvdcp:s0 tcontext=u:object_r:sysfs:s0 tclass=file permissive=0
06-10 18:32:32.105   858   858 W hvdcp_opti: type=1400 audit(0.0:170710): avc: denied { read } for name="input_current_limited" dev="sysfs" ino=39781 scontext=u:r:hvdcp:s0 tcontext=u:object_r:sysfs:s0 tclass=file permissive=0
06-10 18:32:32.105   858   858 W hvdcp_opti: type=1400 audit(0.0:170711): avc: denied { read } for name="input_current_limited" dev="sysfs" ino=39781 scontext=u:r:hvdcp:s0 tcontext=u:object_r:sysfs:s0 tclass=file permissive=0
06-10 18:32:32.105   858   858 W hvdcp_opti: type=1400 audit(0.0:170712): avc: denied { read } for name="charge_type" dev="sysfs" ino=39752 scontext=u:r:hvdcp:s0 tcontext=u:object_r:sysfs:s0 tclass=file permissive=0
06-10 18:32:32.105   858   858 W hvdcp_opti: type=1400 audit(0.0:170713): avc: denied { read } for name="die_health" dev="sysfs" ino=39786 scontext=u:r:hvdcp:s0 tcontext=u:object_r:sysfs:s0 tclass=file permissive=0
06-10 18:32:32.105  2577  6535 I chatty  : uid=1000(system) GameSdkManagerT expire 2 lines
06-10 18:32:32.105 32551 32559 E adbd    : remote usb: 1 - write terminated: No such device
06-10 18:32:32.106 32551 32560 E adbd    : remote usb: read terminated (message): No such device
06-10 18:32:32.106 32551 32560 I adbd    : closing functionfs transport
06-10 18:32:32.107 32551 32553 I adbd    : initializing functionfs
06-10 18:32:32.109   879 18547 E CGlobalSession: binderDied(45): instance[0x0x7b31431c00]. 
06-10 18:32:32.109   879 18547 I CGlobalSession: binderDied(47): instance[0x0x7b31431c00].uid:1047!
06-10 18:32:32.120 16829 16839 I zygote64: Debugger is no longer active
06-10 18:32:32.120 10635 10643 I zygote64: Debugger is no longer active
06-10 18:32:32.127 16996 17265 I chatty  : uid=10089(com.huawei.appmarket) NK_request_4 expire 1 line
06-10 18:32:32.135   858   858 W hvdcp_opti: type=1400 audit(0.0:170714): avc: denied { read } for name="dp_dm" dev="sysfs" ino=39780 scontext=u:r:hvdcp:s0 tcontext=u:object_r:sysfs:s0 tclass=file permissive=0
06-10 18:32:32.135   858   858 W hvdcp_opti: type=1400 audit(0.0:170715): avc: denied { read } for name="input_current_limited" dev="sysfs" ino=39781 scontext=u:r:hvdcp:s0 tcontext=u:object_r:sysfs:s0 tclass=file permissive=0
06-10 18:32:32.135   858   858 W hvdcp_opti: type=1400 audit(0.0:170716): avc: denied { read } for name="input_current_limited" dev="sysfs" ino=39781 scontext=u:r:hvdcp:s0 tcontext=u:object_r:sysfs:s0 tclass=file permissive=0
06-10 18:32:32.135   858   858 W hvdcp_opti: type=1400 audit(0.0:170717): avc: denied { read } for name="charge_type" dev="sysfs" ino=39752 scontext=u:r:hvdcp:s0 tcontext=u:object_r:sysfs:s0 tclass=file permissive=0
06-10 18:32:32.135   858   858 W hvdcp_opti: type=1400 audit(0.0:170718): avc: denied { read } for name="die_health" dev="sysfs" ino=39786 scontext=u:r:hvdcp:s0 tcontext=u:object_r:sysfs:s0 tclass=file permissive=0
06-10 18:32:32.135 32552 32554 W libc    : Set property "sys.usb.ffs_hdb.ready" to "1"
06-10 18:32:32.138   858   858 W hvdcp_opti: type=1400 audit(0.0:170719): avc: denied { read } for name="dp_dm" dev="sysfs" ino=39780 scontext=u:r:hvdcp:s0 tcontext=u:object_r:sysfs:s0 tclass=file permissive=0
06-10 18:32:32.138   858   858 W hvdcp_opti: type=1400 audit(0.0:170720): avc: denied { read } for name="input_current_limited" dev="sysfs" ino=39781 scontext=u:r:hvdcp:s0 tcontext=u:object_r:sysfs:s0 tclass=file permissive=0
06-10 18:32:32.138   858   858 W hvdcp_opti: type=1400 audit(0.0:170721): avc: denied { read } for name="input_current_limited" dev="sysfs" ino=39781 scontext=u:r:hvdcp:s0 tcontext=u:object_r:sysfs:s0 tclass=file permissive=0
06-10 18:32:32.138   858   858 W hvdcp_opti: type=1400 audit(0.0:170722): avc: denied { read } for name="charge_type" dev="sysfs" ino=39752 scontext=u:r:hvdcp:s0 tcontext=u:object_r:sysfs:s0 tclass=file permissive=0
06-10 18:32:32.138   858   858 W hvdcp_opti: type=1400 audit(0.0:170723): avc: denied { read } for name="die_health" dev="sysfs" ino=39786 scontext=u:r:hvdcp:s0 tcontext=u:object_r:sysfs:s0 tclass=file permissive=0
06-10 18:32:32.138   576   576 E         : analysis_oeminfo_for_tar_and_key_sign: bad buf_len:256, key_sign_len:256 and tar_value_len:12
06-10 18:32:32.138   576   576 E         : analysis_oeminfo_for_const_target_lenth: failed to get the sign type and tar value
06-10 18:32:32.138   576   576 E         : analysis_oeminfo_for_all_signed_data: failed to analysis_oeminfo_for_const_target_lenth
06-10 18:32:32.138   576   576 E         : verify_the_oeminfo_data_for_signed:fail to analysis oeminfo
06-10 18:32:32.138   576   576 E         : get_original_data_by_fun_tag_and_sign_type:fail to analysis oeminfo
06-10 18:32:32.138   576   576 E         : get_original_data_by_index: failed to memcpy_s sign_type_ptr and sec_ret:0
06-10 18:32:32.144   481   481 E         : cannot open /dev/nve0, errno 2
06-10 18:32:32.144   481   481 E         : 
06-10 18:32:32.144   481   481 E         : nvm_operation, opr 6 fail, ret = -1
06-10 18:32:32.144   481   481 E         : 
06-10 18:32:32.144   481   481 E         : pid 576, opration nvm_read and ret -1 FAIL
06-10 18:32:32.144   481   481 E         : 
06-10 18:32:32.145   576   576 E         : oinv_recv_return:RET_FAIL return
06-10 18:32:32.145   576   576 E         : hweiOperaNVWR: process data failed
06-10 18:32:32.145   576   576 E         : read_bt_address: failed to read BT MAC ADRESS and ret_nv:1
06-10 18:32:32.145   576   576 E         : read_bt_address_cached: failed to get bt
06-10 18:32:32.148 17089 17089 E         : read nv failed retNv = -1,will read from oem
06-10 18:32:32.148 17089 17089 D         : read_mac_from_oem in
06-10 18:32:32.162  2525  2720 D BDLog   : BD.BDRecorder:LocalInfoEvent {infoID:131093, content=3252563255603167_5qmkyMJvm9g0sIi0OO8Pqw==
06-10 18:32:32.162  2525  2720 D BDLog   : , priority=15}
06-10 18:32:32.163 17089 17089 V HwWidgetFactory: : successes to get AllImpl object and return....
06-10 18:32:32.163 17089 17089 D UsbSettingsService: showMtpDialog : mode = 0
06-10 18:32:32.164 17089 17089 V HwPolicyFactory: : success to get AllImpl object and return....
06-10 18:32:32.181 17089 17089 D HwGalleryCacheManagerImpl: mIsEffect:false
06-10 18:32:32.183 17089 17089 D HwWechatOptimizeImpl: mIsEffect:false
06-10 18:32:32.186 17220 17291 D Gallery_Common_DisplayEngine: init()
06-10 18:32:32.186 17220 17220 D Gallery_Common_StorageMonitorProvider: StorageMonitorProvider onCreate
06-10 18:32:32.188 17220 17291 D Gallery_Common_DisplayEngineCmdInterface: DisplayEngineCmdInterface() enter
06-10 18:32:32.188 17220 17291 D Gallery_Common_DisplayEngineCmdInterface: DisplayEngineCmdInterface() exit
06-10 18:32:32.197 17220 17220 D Gallery :  FyuseSDK.init
06-10 18:32:32.209 16996 17284 I chatty  : uid=10089(com.huawei.appmarket) expire 2 lines
06-10 18:32:32.209 16996 17284 W ReflectUtil: NoSuchMethodException: getVSimSubId
06-10 18:32:32.210 16996 17284 W ReflectUtil: NoSuchMethodException: getNetworkOperator
06-10 18:32:32.210 16996 17284 W ReflectUtil: NoSuchMethodException: hasIccCardForVSim
06-10 18:32:32.216 17220 17220 W zygote64: Class com.fyusion.sdk.common.a failed lock verification and will run slower.
06-10 18:32:32.217 17220 17220 W zygote64: Common causes for lock verification issues are non-optimized dex code
06-10 18:32:32.217 17220 17220 W zygote64: and incorrect proguard optimizations.
06-10 18:32:32.217 17089 17089 D CubicBezierInterpolator: CubicBezierInterpolator  mControlPoint1x = 0.23, mControlPoint1y = 0.06, mControlPoint2x = 0.09, mControlPoint2y = 0.97
06-10 18:32:32.218 17089 17089 D CubicBezierInterpolator: CubicBezierInterpolator  mControlPoint1x = 0.6, mControlPoint1y = 0.9, mControlPoint2x = 0.8, mControlPoint2y = 1.0
06-10 18:32:32.218 16996 17261 I SecurityComp10200303: SX509TM: checkServerTrusted begin,size=2,authType=ECDHE_RSA
06-10 18:32:32.219 16996 17260 I SecurityComp10200303: SX509TM: checkServerTrusted begin,size=2,authType=ECDHE_RSA
06-10 18:32:32.219 17089 17089 D CubicBezierInterpolator: CubicBezierInterpolator  mControlPoint1x = 0.23, mControlPoint1y = 0.06, mControlPoint2x = 0.09, mControlPoint2y = 0.97
06-10 18:32:32.219 17089 17089 D CubicBezierInterpolator: CubicBezierInterpolator  mControlPoint1x = 0.6, mControlPoint1y = 0.9, mControlPoint2x = 0.8, mControlPoint2y = 1.0
06-10 18:32:32.219 16996 17260 I SecurityComp10200303: SX509TM: check server i=0
06-10 18:32:32.219 16996 17260 I SecurityComp10200303: SX509TM: client root ca size=31
06-10 18:32:32.222 16996 17261 I SecurityComp10200303: SX509TM: check server i=0
06-10 18:32:32.223 16996 17261 I SecurityComp10200303: SX509TM: client root ca size=31
06-10 18:32:32.225 17089 17089 W HwPhoneLayoutInflater: onCreateView : ClassNotFoundException, In this case we want to let the base class take a crack at it
06-10 18:32:32.232 17220 17220 D Gallery : isMainProcess true
06-10 18:32:32.232 17220 17220 E Gallery_cloud_CloudAlbumSdkHelper: Cloud album service not bind ... 
06-10 18:32:32.233 17220 17220 D Gallery_cloud_CloudAlbumSdkHelper: initCloudAlbumSdk start 
06-10 18:32:32.234 17220 17220 D Gallery_cloud_CloudAlbumSdkHelper: init
06-10 18:32:32.234 17220 17220 E Gallery_cloud_CloudAlbumSdkHelper: Cloud album service not bind ... 
06-10 18:32:32.235 17220 17220 D CloudAlbumSDK[8.1.1.101].CloudAlbumSDK: init
06-10 18:32:32.235 17220 17303 I com.fyusion.sdk.common: 2024-06-10T18:32:32.234+0800 [Auth]: Fyuse SDK version: 1.02.24-rel7 | '4dd9b23ea' | 2017-08-08T21:21:58-07:00 | Vislib: A-SDK-1.03-01 | cc0bb74a3 | 1.0.5
06-10 18:32:32.238 17220 17220 D CloudAlbumSDK[8.1.1.101].CloudAlbumSDK: Handler size add to: 1
06-10 18:32:32.238 17220 17220 D CloudAlbumSDK[8.1.1.101].CloudAlbumSDK: Handler size add to: 2
06-10 18:32:32.240 17220 17220 D CloudAlbumSDK[8.1.1.101].CloudAlbumSDK: Handler size add to: 3
06-10 18:32:32.242 17089 17089 D HwRTBlurUtils: check blur style for HwPhoneWindow, themeResId : 0x0206002b, context : android.view.ContextThemeWrapper@e445be3, Nhwext : 10, get Blur : disable with , android.graphics.drawable.NinePatchDrawable@bac79e0
06-10 18:32:32.246 16996 17261 I SecurityComp10200303: SX509TM: checkServerTrusted end, CN=GlobalSign, O=GlobalSign, OU=GlobalSign Root CA - R3
06-10 18:32:32.246 16996 17260 I SecurityComp10200303: SX509TM: checkServerTrusted end, CN=GlobalSign, O=GlobalSign, OU=GlobalSign Root CA - R3
06-10 18:32:32.246  2577  2949 I chatty  : uid=1000(system) actions handler expire 1 line
06-10 18:32:32.250 16996 17261 I SecurityComp10200303: : verify: certificate is : CN=cges-drcn.cg.dbankcloud.com,O=Huawei Software Technologies Co.\, Ltd.,L=Nanjing,ST=Jiangsu,C=CN
06-10 18:32:32.250 16996 17260 I SecurityComp10200303: : verify: certificate is : CN=appgallery.cloud.huawei.com,O=Huawei Software Technologies Co.\, Ltd.,L=Nanjing,ST=Jiangsu,C=CN
06-10 18:32:32.251 16996 17126 W HiApp.ReqK/ServerUrlLoader: RepTaskHandler{3534} async loadUrl, targetServer = server.store, method = client.queryClientMessageStrategy
06-10 18:32:32.252 16996 17284 W NK_GrsApi: RepTaskHandler|network.grs.GrsApi|4|GrsApi.grsSdkInit is @Deprecated,  And Only Application Can Call Once
06-10 18:32:32.253 16996 17284 I NK_e    : RepTaskHandler|network.grs.h.e|30|isSpExpire false.
06-10 18:32:32.253 16996 17284 I NK_a    : RepTaskHandler|network.grs.a|20|GrsClientManager.getUrlsLocal: Get URL from GRS Server Cache
06-10 18:32:32.254 16996 17284 I NK_a    : RepTaskHandler|network.grs.a|63|GrsClientManager.ayncGetGrsUrls：Return [com.huawei.appmarketV05] Urls: {*D*V*O*A*N*:*h*t*s*\*\*d*v*l*p*r*h*a*e*.*o*"*"*O*U*A*I*:*h*t*s*\*\*f*r*m*a*i*d*c*.*o*.*b*n*c*o*d*c*m*/*p*g*t*w*y*/*,*J*S*:*h*t*s*\*\*j*s*d*c*.*o*.*b*n*c*o*d*c*\*g*m*s*r*e*\*a*i*/*,*D*"*"*t*p*:*/*/*p*g*l*e*y*h*a*e*.*o*\*p*r*o*a*I*f*L*s*"*"*H*A*C*N*"*"*t*p*:*/*/*p*d*-*-*r*n*d*a*k*d*.*n*/*l*/*p*d*\*t*s*\*c*e*k*a*k*,*D*S*:*h*t*s*\*\*d*s*d*c*.*o*.*b*n*c*o*d*c*\*d*s*/*p*n*p*"*"*G*S*:*h*t*s*\*\*c*e*-*r*n*c*.*b*n*c*o*d*c*\*g*m*s*r*e*\*a*i*/*,*U*"*"*t*p*:*/*/*t*r*-*r*n*h*s*a*e*d*a*k*l*u*.*o*\*u*\*a*i*/*,*P*S*E*"*"*t*p*:*/*/*5*o*t*n*-*r*n*d*a*k*d*.*n*/*c*5*/*P*\*H*P*S*r*n*p*r*n*y*/*n*e*.*t*l*\*h*m*"*"*A*P*S*D*M*I*"*"*f*r*m*d*c*.*o*.*i*l*u*.*o*"*"*A*E*E*"*"*t*p*:*/*/*w*p*d*c*.*o*.*b*n*c*o*d*c*m*/*,*C*S*O*P*A*N*"*"*t*p*:*/*/*s*-*o*p*a*n*d*c*.*l*t*o*m*d*a*k*l*u*.*n*,*C*P*C*A*E*V*C*"*"*t*p*:*/*/*s*-*d*p*e*-*r*n*s*c*r*t*.*b*n*c*o*d*c*"*"*W*:*h*t*s*\*\*w*p*d*c*.*i*p*c*.*b*n*c*o*d*c*m*/*,*C*P*C*A*S*R*T*O*:*h*t*s*\*\*c*n*e*t*e*t*r*t*-*r*n*d*a*k*d*.*n*,*C*P*C*A*S*R*F*U*"*"*t*p*:*/*/*o*t*n*c*n*e*-*w*d*c*.*b*n*c*n*c*"*"*E*I*N*:*D*1*,*C*P*C*A*S*R*O*E*:*h*t*s*\*\*c*n*e*t*e*t*r*d*c*.*b*n*c*n*c*"*"*E*"*"*t*p*:*/*/*s*d*c*.*a*e*d*a*k*l*u*.*o*\*"*"*A*T*H*J*U*L*H*E*"*"*t*p*:*/*/*o*t*n*c*n*e*-*d*d*c*.*b*n*c*n*c*"*"*A*D*M*I*"*"*t*p*:*/*/*d*c*o*d*h*a*e*.*o*"*"*T*R*"*"*t*p*:*/*/*t*r*-*r*n*h*s*a*e*d*a*k*l*u*.*o*\*h*m*r*e*\*a*i*/*,*F*R*M*A*"*"*t*p*:*/*/*f*r*m*d*c*.*o*.*b*n*c*o*d*c*\*"*"*G*"*"*t*p*:*/*/*o*u*-*p*-*r*n*j*s*d*a*k*l*u*.*o*\*a*i*a*e*a*\*"*"*T*H*S*"*"*t*r*-*r*n*h*s*a*e*d*a*k*l*u*.*o*"*"*A*L*R*D*M*I*"*"*t*p*:*/*/*p*g*l*e*y*c*o*d*h*a*e*.*o*"*"*W*P*:*h*t*s*\*\*g*a*-*r*n*g*m*.*b*n*c*o*d*c*m*/*}
06-10 18:32:32.254 16996 17284 I NK_a    : RepTaskHandler|network.grs.a|85|ayncGetGrsUrls: {*D*V*O*A*N*:*h*t*s*\*\*d*v*l*p*r*h*a*e*.*o*"*"*O*U*A*I*:*h*t*s*\*\*f*r*m*a*i*d*c*.*o*.*b*n*c*o*d*c*m*/*p*g*t*w*y*/*,*J*S*:*h*t*s*\*\*j*s*d*c*.*o*.*b*n*c*o*d*c*\*g*m*s*r*e*\*a*i*/*,*D*"*"*t*p*:*/*/*p*g*l*e*y*h*a*e*.*o*\*p*r*o*a*I*f*L*s*"*"*H*A*C*N*"*"*t*p*:*/*/*p*d*-*-*r*n*d*a*k*d*.*n*/*l*/*p*d*\*t*s*\*c*e*k*a*k*,*D*S*:*h*t*s*\*\*d*s*d*c*.*o*.*b*n*c*o*d*c*\*d*s*/*p*n*p*"*"*G*S*:*h*t*s*\*\*c*e*-*r*n*c*.*b*n*c*o*d*c*\*g*m*s*r*e*\*a*i*/*,*U*"*"*t*p*:*/*/*t*r*-*r*n*h*s*a*e*d*a*k*l*u*.*o*\*u*\*a*i*/*,*P*S*E*"*"*t*p*:*/*/*5*o*t*n*-*r*n*d*a*k*d*.*n*/*c*5*/*P*\*H*P*S*r*n*p*r*n*y*/*n*e*.*t*l*\*h*m*"*"*A*P*S*D*M*I*"*"*f*r*m*d*c*.*o*.*i*l*u*.*o*"*"*A*E*E*"*"*t*p*:*/*/*w*p*d*c*.*o*.*b*n*c*o*d*c*m*/*,*C*S*O*P*A*N*"*"*t*p*:*/*/*s*-*o*p*a*n*d*c*.*l*t*o*m*d*a*k*l*u*.*n*,*C*P*C*A*E*V*C*"*"*t*p*:*/*/*s*-*d*p*e*-*r*n*s*c*r*t*.*b*n*c*o*d*c*"*"*W*:*h*t*s*\*\*w*p*d*c*.*i*p*c*.*b*n*c*o*d*c*m*/*,*C*P*C*A*S*R*T*O*:*h*t*s*\*\*c*n*e*t*e*t*r*t*-*r*n*d*a*k*d*.*n*,*C*P*C*A*S*R*F*U*"*"*t*p*:*/*/*o*t*n*c*n*e*-*w*d*c*.*b*n*c*n*c*"*"*E*I*N*:*D*1*,*C*P*C*A*S*R*O*E*:*h*t*s*\*\*c*n*e*t*e*t*r*d*c*.*b*n*c*n*c*"*"*E*"*"*t*p*:*/*/*s*d*c*.*a*e*d*a*k*l*u*.*o*\*"*"*A*T*H*J*U*L*H*E*"*"*t*p*:*/*/*o*t*n*c*n*e*-*d*d*c*.*b*n*c*n*c*"*"*A*D*M*I*"*"*t*p*:*/*/*d*c*o*d*h*a*e*.*o*"*"*T*R*"*"*t*p*:*/*/*t*r*-*r*n*h*s*a*e*d*a*k*l*u*.*o*\*h*m*r*e*\*a*i*/*,*F*R*M*A*"*"*t*p*:*/*/*f*r*m*d*c*.*o*.*b*n*c*o*d*c*\*"*"*G*"*"*t*p*:*/*/*o*u*-*p*-*r*n*j*s*d*a*k*l*u*.*o*\*a*i*a*e*a*\*"*"*T*H*S*"*"*t*r*-*r*n*h*s*a*e*d*a*k*l*u*.*o*"*"*A*L*R*D*M*I*"*"*t*p*:*/*/*p*g*l*e*y*c*o*d*h*a*e*.*o*"*"*W*P*:*h*t*s*\*\*g*a*-*r*n*g*m*.*b*n*c*o*d*c*m*/*}
06-10 18:32:32.255 17220 17291 D DE I -de: native_init:61: Loading algorithms
06-10 18:32:32.255 17220 17291 D DE I -de: initLogSwitch:24: isProductDebuggable=0, isDebugLogOn=0
06-10 18:32:32.259 17089 17089 I hwaps   : HwAps: JNI_OnLoad
06-10 18:32:32.260 17220 17220 D CloudAlbumSDK[8.1.1.101].CloudAlbumSDK: Handler size add to: 4
06-10 18:32:32.262 17220 17220 D CloudAlbumSDK[8.1.1.101].CloudAlbumSDK: Handler size add to: 5
06-10 18:32:32.262 17220 17220 D CloudAlbumSDK[8.1.1.101].CloudAlbumServiceProtocol: begin connectService
06-10 18:32:32.264  1413  2315 V ActivityManager: startProcess: name=com.huawei.hidisk app=null knownToBeDead=true thread=null pid=-1
06-10 18:32:32.265  1413  8379 V WindowManager: Adding Window{f4b5ffe u0 com.android.settings} to WindowToken{2f97e0a android.os.BinderProxy@8e0afb9}
06-10 18:32:32.267  1413  8379 V WindowManager: addWindow: New client android.os.BinderProxy@8e0afb9: window=Window{f4b5ffe u0 com.android.settings} Callers=com.android.server.wm.HwWindowManagerService.addWindow:606 com.android.server.wm.Session.addToDisplay:204 android.view.IWindowSession$Stub.onTransact:124 com.android.server.wm.Session.onTransact:165 android.os.Binder.execTransact:698 
06-10 18:32:32.270 16996 17314 I HslPackageManager: Get Hsl Package Manager.
06-10 18:32:32.270 16996 17314 I HslPackageManager: is Support Hsl false
06-10 18:32:32.271 17089 17317 I PressGestureDetector: HiTouch restricted: Sub windows restricted.
06-10 18:32:32.275 16996 17126 W HiApp.GRPL/GameResourcePreLoad: RepTaskHandler{3534} deleteFile failed
06-10 18:32:32.284 17089 17089 W HwPhoneLayoutInflater: onCreateView : ClassNotFoundException, In this case we want to let the base class take a crack at it
06-10 18:32:32.284 17319 17319 I         : power log dlsym ok
06-10 18:32:32.284 17089 17089 W HwPhoneLayoutInflater: onCreateView : ClassNotFoundException, In this case we want to let the base class take a crack at it
06-10 18:32:32.285  1413  2315 I ActivityManager: Start proc 17319:com.huawei.hidisk/1001 for service com.huawei.hidisk/com.huawei.android.hicloud.album.service.CloudAlbumSdkService
06-10 18:32:32.285 17220 17291 I Gallery_Common_DisplayEngine: init() getCapability mEnable=true, mWideColorGamutSupported=false
06-10 18:32:32.286 17220 17220 D Gallery_cloud_CloudAlbumSdkHelper: initCloudAlbumSdk end 
06-10 18:32:32.286 17220 17291 I Gallery_cloud_PhotoShareUtils: storage size: 24G
06-10 18:32:32.291 17220 17220 D Gallery_Common_NotchScreenManager: Register NotchScreen ContentObserver
06-10 18:32:32.291 16996 17284 I FormalHASDK: HAImpl==> onEvent. TAG:_default_config_tag, TYPE:1, eventId:2310100101
06-10 18:32:32.293 16996 17126 W HiApp.CollectAppUsageTask: RepTaskHandler{3534} usage stat list is empty!!!
06-10 18:32:32.296 17220 17220 D Gallery_Common_NotchScreenManager: NotchScreen switch changed, now state is: 0
06-10 18:32:32.300 17220 17330 I Gallery_Common_DisplayEngine: Screen=1520x720
06-10 18:32:32.300 17220 17245 E MemoryLeakMonitorManager: MemoryLeakMonitor.jar is not exist!
06-10 18:32:32.302 16996 17332 I SecurityComp10200303: GCMKS: load key
06-10 18:32:32.302 17220 17220 E Minikin : Could not get cmap table size!
06-10 18:32:32.304 17220 17220 D PowerStateReceiver: onReceive intent=Intent { act=android.intent.action.ACTION_POWER_CONNECTED flg=0x4000010 cmp=com.android.gallery3d/com.huawei.gallery.phonestatus.PowerStateReceiver (has extras) } action=android.intent.action.ACTION_POWER_CONNECTED
06-10 18:32:32.305 17220 17291 E Gallery_Common_TouchForceManager: NoSuchMethodException com.huawei.android.app.Activity failed
06-10 18:32:32.305 17089 17089 W HwWidgetFactoryImpl: checkMark no drawable was found!
06-10 18:32:32.307 17220 17220 D PowerStateReceiver: battery = 79
06-10 18:32:32.310 17089 17089 W HwWidgetFactoryImpl: checkMark no drawable was found!
06-10 18:32:32.317 17319 17319 D ActivityThread: Attach thread to application
06-10 18:32:32.321 17089 17089 I chatty  : uid=1000(system) com.android.settings identical 26 lines
06-10 18:32:32.331 16996 17126 W HiApp.Dev/GmsSupportUtil: ConcurrentGlobalQueue#3{3469} not found :com.google.android.gms
06-10 18:32:32.332 16996 17126 W HiApp.Dev/GmsSupportUtil: ConcurrentGlobalQueue#3{3469} Google Play services is missing：com.google.android.gms
06-10 18:32:32.332 16996 17126 W HiApp.Dev/GetGaidHelper: ConcurrentGlobalQueue#3{3469} not support gms.
06-10 18:32:32.340 17220 17220 D PowerStateReceiver: battery = 79
06-10 18:32:32.340 17220 17220 D PowerStateReceiver: battery current is 79
06-10 18:32:32.341   574   574 E SELinux : avc:  denied  { find } for interface=vendor.huawei.hardware.hwsched::ISched sid=u:r:surfaceflinger:s0 pid=774 scontext=u:r:surfaceflinger:s0 tcontext=u:object_r:default_android_hwservice:s0 tclass=hwservice_manager permissive=0
06-10 18:32:32.342   774   774 E BufferQueueProducer: [] [hwsched]Can not get hwsched service
06-10 18:32:32.342   774   774 E BufferQueueProducer: [] [hwsched] Sched_config_cust.xml is not exit or file is invalid!
06-10 18:32:32.342   774   774 E BufferQueueProducer: [] [hwsched] LoadFile error, path:(null), error code:3
06-10 18:32:32.344 17220 17345 D PowerStateReceiver: innerGalleryStorage is null
06-10 18:32:32.349 17220 17330 D Gallery_Common_HwColorPickerUtil: screenWidth = 720, screenHeight = 1520
06-10 18:32:32.354 17220 17291 D Gallery_Common_HwCustUtilsWrapper: start init HwCustUtils
06-10 18:32:32.354 17220 17291 D Gallery_Common_HwCustUtilsWrapper: init HwCustUtils success !!!
06-10 18:32:32.355 17220 17291 D Gallery_Common_HwCustUtilsWrapper: method find result public static java.lang.Object com.huawei.cust.HwCustUtils.createObj(java.lang.Class,java.lang.Object[])
06-10 18:32:32.362 17220 17331 V HwWidgetFactory: : successes to get AllImpl object and return....
06-10 18:32:32.362 17220 17330 I HwApiCacheMangerEx: apicache path=/storage/emulated/0 state=mounted key=com.android.gallery3d#10024#512
06-10 18:32:32.364 17220 17220 D CloudLocalSyncService: localSync = -1  cloudSync = -1
06-10 18:32:32.365 17220 17220 E RecycleClearService: startRecycleClearService   forceStart = true, sClearDone = true
06-10 18:32:32.365  1413  4416 I ActivityManager: Killing 13729:com.android.systemui:screenshot/u0a26 (adj 906): empty for 3010s
06-10 18:32:32.371 16996 17126 E HiApp.Dev/DevUtilsEx: CORE_THREAD_POOL-0{3549} initHwDeviceFeatures: No static method getHwSystemAvailableFeatures()[Landroid/content/pm/FeatureInfo; in class Lcom/huawei/android/app/PackageManagerEx; or its super classes (declaration of 'com.huawei.android.app.PackageManagerEx' appears in /system/framework/hwframework.jar)
06-10 18:32:32.383 17220 17330 D GalleryStorageManager: updateOuterGalleryStorageList innerGalleryStorage:Path:/storage/emulated/0, mounted:true, name:设备, galleryStorageList:[]
06-10 18:32:32.383 17220 17220 D Gallery_Merge_MergeClassifyDataService: request start ClassifyDataMergeService
06-10 18:32:32.384 16996 17126 W HiApp.PreloadReportDataController: RepTaskHandler{3534} preloadAppReportInfos is empty
06-10 18:32:32.387 17220 17331 D Gallery_Fyuse3D_FyuseFile: sExistFyuse false
06-10 18:32:32.398   862  8378 D AudioFlinger: event 163 
06-10 18:32:32.398   862  8378 I AudioMixer: Pid:862 deleteTrackName(5)
06-10 18:32:32.398 17220 17330 E FontFamily: Error mapping font file /system/fonts/slim.ttf
06-10 18:32:32.398  1413  2146 D ActivityManager: cleanUpApplicationRecord app: ProcessRecord{ffef382 13729:com.android.systemui:screenshot/u0a26}, app.bad: false, restarting: false, allowRestart: true
06-10 18:32:32.398 17220 17330 W Gallery_Common_GalleryUtils: the font Slim is not exist!
06-10 18:32:32.400  2577  2723 I chatty  : uid=1000(system) core expire 2 lines
06-10 18:32:32.401  2577  6535 I chatty  : uid=1000(system) GameSdkManagerT expire 2 lines
06-10 18:32:32.402  2564 12310 E HsmCoreServiceImpl: onTransact in code is: 102
06-10 18:32:32.402  2564 12310 I MediaProcessHandler: processOp opType: 1, uid: 10026, pid: 13729
06-10 18:32:32.402  2564 12310 W MediaProcessHandler: remove target not exist, maybe the UI process: uid: 10026, pid: 13729
06-10 18:32:32.402  2564 12310 I MediaProcessHandler: executedCallBack opType: 1 mMediaStatusObservers.size=0
06-10 18:32:32.403 17319 17319 I chatty  : uid=1001(radio) com.huawei.hidisk expire 36 lines
06-10 18:32:32.405 17220 17220 D RecycleClearService: --schedule-- [onStartCommand] start RecycleClearService.
06-10 18:32:32.405   876   876 E Thermal-daemon: [ap] temp_new :27  temp_old :26
06-10 18:32:32.406  2577 24588 I chatty  : uid=1000(system) Binder:2577_B expire 1 line
06-10 18:32:32.407   876   876 E Thermal-daemon: Report temperature: [ap] temp :27  report_threshold:1
06-10 18:32:32.407  1413  1981 W ActivityManager: setHasOverlayUi called on unknown pid: 13729
06-10 18:32:32.410 17220 17355 D PhoneState: charge is false
06-10 18:32:32.411 17220 17220 D Gallery_Merge_MergeClassifyDataService: merge service started.
06-10 18:32:32.412 17220 17357 W Gallery_Merge_MergeClassifyDataService: classify data status : true, true
06-10 18:32:32.412 17220 17220 D RecycleClearService: --schedule-- RecycleClearService onDestroy
06-10 18:32:32.417 16996 17284 I FormalHASDK: HAImpl==> onEvent. TAG:_default_config_tag, TYPE:0, eventId:1010600202
06-10 18:32:32.421 16996 17284 I HslPackageManager: Get Hsl Package Manager.
06-10 18:32:32.421 16996 17284 I HslPackageManager: is Support Hsl false
06-10 18:32:32.425 17220 17357 I Gallery_Common_GalleryDBHelper: database version : 100000112
06-10 18:32:32.447  2577  2577 I chatty  : uid=1000(system) com.huawei.powergenie expire 1 line
06-10 18:32:32.448  2577  6413 I ThermalTraceTool: file:/sys/class/power_supply/Mains/online,fileExists:false,fileCanRead:false
06-10 18:32:32.448  2577  6413 I ThermalTraceTool: file:/sys/class/power_supply/USB/online,fileExists:false,fileCanRead:false
06-10 18:32:32.453 16996 17314 I HMSSDK_HMSPackageManager: DSS signature check success
06-10 18:32:32.454 16996 17314 I HMSSDK_HMSPackageManager: aidlService pkgName: com.huawei.hwid
06-10 18:32:32.455 16996 17314 I HMSSDK_HMSPackageManager: Enter getHMSPackageNameForMultiService
06-10 18:32:32.456  1413 15496 D WindowManager: finishDrawingWindow: Window{f4b5ffe u0 com.android.settings} mDrawState=DRAW_PENDING
06-10 18:32:32.459 16996 17314 I HMSSDK_HMSPackageManager: <initHmsPackageInfoForMultiService> Succeed to find HMS apk: com.huawei.hwid version: 61300351
06-10 18:32:32.461 16996 17314 I HMSSDK_HMSPackageManager: Enter getHMSPackageName
06-10 18:32:32.464 17220 17330 V Gallery_cloud_PhotoShareUtils: com.huawei.hidisk result = true
06-10 18:32:32.464 16996 17363 I HMSSDK_HMSPackageManager: enter asyncOnceCheckMDMState
06-10 18:32:32.469 17220 17330 V Gallery_cloud_PhotoShareUtils: sRefreshHandler initialized
06-10 18:32:32.470 16996 17363 I HMSSDK_HMSPackageManager: enter checkHmsIsSpoof
06-10 18:32:32.470 17220 17330 V Gallery_cloud_PhotoShareUtils: Initialize finished
06-10 18:32:32.470 17220 17330 D Gallery : Initial Photoshare
06-10 18:32:32.472 17220 17330 D Gallery_Common_HwCustUtilsWrapper: method find result public static java.lang.Object com.huawei.cust.HwCustUtils.createObj(java.lang.Class,java.lang.Object[])
06-10 18:32:32.474 17220 17330 D MediaSetUtils: innerGalleryStorage:Path:/storage/emulated/0, mounted:true, name:设备, outerGalleryStorageList:[]
06-10 18:32:32.477  1413  2135 I chatty  : uid=1000(system) android.anim expire 1 line
06-10 18:32:32.482  1413  2315 D WindowManager: finishDrawingWindow: Window{f4b5ffe u0 com.android.settings} mDrawState=HAS_DRAWN
06-10 18:32:32.487  2577  2577 I MsgReceiver: intent action: android.hardware.usb.action.USB_STATE
06-10 18:32:32.487  2577  6413 I ThermalTraceTool: file:/sys/class/power_supply/Mains/online,fileExists:false,fileCanRead:false
06-10 18:32:32.487  2577  6413 I ThermalTraceTool: file:/sys/class/power_supply/USB/online,fileExists:false,fileCanRead:false
06-10 18:32:32.489 17220 17366 D Gallery_Common_StorageService: precess pre check storage info.
06-10 18:32:32.489 16996 17314 I HMSSDK_HMSPackageManager: DSS signature check success
06-10 18:32:32.491 16996 17314 I HMSSDK_HMSPackageManager: <initHmsPackageInfo> Succeed to find HMS apk: com.huawei.hwid version: 61300351
06-10 18:32:32.491 17089 17089 D UsbSettingsService: send refresh content message to refresh usb notification
06-10 18:32:32.492 17005 17005 D AutoCache: onReceive intent=Intent { act=android.intent.action.ACTION_POWER_CONNECTED flg=0x4000010 cmp=com.android.providers.media/com.huawei.media.autocachethumbnail.PowerStateReceiver (has extras) } action=android.intent.action.ACTION_POWER_CONNECTED
06-10 18:32:32.494 16996 17363 I HMSSDK_ReadApkFileUtil: verifyMDMSignatureV3 verify successful!
06-10 18:32:32.497 17220 17330 D PhoneState: battery level is 79
06-10 18:32:32.498 17220 17330 D Gallery_Common_SelectedPhotos: is chinese: true, is network Usable: true, is Battery ok: true
06-10 18:32:32.498 17005 17005 V AutoCache: registerPowerBroadcastReceiver: sPowerRegisterState is true, cxt is android.app.Application@a3385b9
06-10 18:32:32.503 17005 17005 V AutoCache: registerBatteryBroadcastReceiver: sBatteryRegisterState is true, cxt is android.app.Application@a3385b9
06-10 18:32:32.503 17005 17005 D MtpReceiver: Debug MTP:ACTION_USB_STATE 
06-10 18:32:32.503 17005 17005 D MtpReceiver: Debug MTP:handleUsbState, configured is [false] connected is [true] mtpEnabled is [false] ptpEnabled is [false] unlocked is [false] configChanged is [false]
06-10 18:32:32.503 17005 17005 D MtpReceiver: Debug MTP:stop MTP service 
06-10 18:32:32.504 17005 17354 D MediaScannerService: get the sharedversionNumber from SharedPreferences is 109
06-10 18:32:32.506 17220 17368 D NetworkSecurityConfig: No Network Security Config specified, using platform default
06-10 18:32:32.508 32551 32553 I adbd    : functionfs successfully initialized
06-10 18:32:32.508 32551 32553 I adbd    : registering usb transport
06-10 18:32:32.509 17005 17354 I HWSERVICES: hwnative_get_component:libstagefright,Scanner
06-10 18:32:32.512 17005 17354 I StagefrightMediaScannerEx: StagefrightMediaScanner Constructor
06-10 18:32:32.535 17005 17354 I Sniffer_JNI: native init sucessfully!
06-10 18:32:32.535 17005 17354 I Sniffer_JNI: native_setup sucessfully!
06-10 18:32:32.540 16996 17363 I HMSSDK_HMSPackageManager: quit checkHmsIsSpoof state: SUCCESS
06-10 18:32:32.541 16996 17363 I HMSSDK_HMSPackageManager: quit asyncOnceCheckMDMState
06-10 18:32:32.541 17005 17005 D MtpReceiver: handleUsbState stopService status=false
06-10 18:32:32.544 17005 17354 D MediaScanner: setStorageEjectFlag flag = 0
06-10 18:32:32.544 17005 17005 V AutoCache: unRegisterBatteryBroadcastReceiver: sBatteryRegisterState is false, cxt is android.app.Application@a3385b9
06-10 18:32:32.544 17005 17354 D MediaScannerService: mediascanner init blacklist and in use BlackListVersionNumber = 109
06-10 18:32:32.545 17005 17354 I HWSERVICES: hwnative_get_component:libstagefright,Scanner
06-10 18:32:32.546 17005 17354 I StagefrightMediaScannerEx: StagefrightMediaScanner Constructor
06-10 18:32:32.547 17005 17354 D MediaScanner: setStorageEjectFlag flag = 0
06-10 18:32:32.555 17220 17357 W Gallery_Merge_MergeClassifyDataService: classify data is downloading. should merge later
06-10 18:32:32.557 16996 17314 I NK_PolicyService: CORE_THREAD_POOL-0|httpclient.excutor.ProcessPolicyNetworkService|19|options = {"enable_concurrent_connect":true,"concurrent_connect_delay":500,"ha_tag":"_default_config_tag","enable_privacy_policy":"true","follow_redirects":true,"follow_ssl_redirects":true,"smallpkt_fec":true,"smallpkt_fec_initiallevel":0,"tls_zero_rtt":"true","max_server_configs_stored_properties":50,"storage_path":"\/data\/data\/com.huawei.appmarket\/files\/network\/"}
06-10 18:32:32.559 17089 17089 D UsbReceiver: initialize UsbSettingsService!
06-10 18:32:32.559 17089 17089 D UsbReceiver: ACTION_USB_STATE arrived!
06-10 18:32:32.559 17089 17089 D UsbReceiver: onUsbStateReceive chargingOnly = true, usbConnected = true
06-10 18:32:32.559 17089 17089 D UsbReceiver: ACTION_USB_STATE:usbConnected = true, usbState=manufacture,adb, chargingOnly = true, isLegacyCharging = false
06-10 18:32:32.559 17089 17089 D UsbReceiver: start usb settings service
06-10 18:32:32.559 17089 17089 W ContextImpl: Calling a method in the system process without a qualified user: android.app.ContextImpl.startService:1708 android.content.ContextWrapper.startService:657 android.content.ContextWrapper.startService:657 com.android.settings.deviceinfo.UsbReceiver.startUsbService:286 com.android.settings.deviceinfo.UsbReceiver.onUsbStateReceive:161 
06-10 18:32:32.560 16996 17314 I NK_CronetNegotiateManager: CORE_THREAD_POOL-0|embedded.d2|22|module name is huawei_module_quic_pro
06-10 18:32:32.560 17220 17220 D Gallery_Merge_MergeClassifyDataService: merge service stopped.
06-10 18:32:32.561  1413  2141 D HwBatteryService: onUEvent fcpStatus = 0,scpStatus =0,ovpStatus=0
06-10 18:32:32.562  1413 15496 D ActivityManager: Installing in existing process ProcessRecord{d38e75 17319:com.huawei.hidisk/1001}, pubProviders.size():30, pubProviders.containsKey(com.huawei.android.cg.provider.AlbumProvider):true
06-10 18:32:32.562  1413  2141 I HwBatteryService: quick charge status : 0
06-10 18:32:32.562  1413 15496 V ActivityManager_MU: Waiting to start provider ContentProviderRecord{a2d4009 u0 com.huawei.hidisk/com.huawei.android.cg.provider.AlbumProvider} launchingApp=ProcessRecord{d38e75 17319:com.huawei.hidisk/1001} caller pid= 17220
06-10 18:32:32.564 16996 17375 I dynamic-api_HQUICManager: 16996-17375|null|com.huawei.hms.hquic.HQUICManager|b|4|Start to load hQUIC :
06-10 18:32:32.565 16996 17375 I dynamic-api_DynamicModule: 16996-17375|null|com.huawei.hms.feature.dynamic.DynamicModule|b|4|dynamic-api version: 10025300
06-10 18:32:32.565 17089 17089 D UsbReceiver: start usb settings service
06-10 18:32:32.566 17089 17089 W ContextImpl: Calling a method in the system process without a qualified user: android.app.ContextImpl.startService:1708 android.content.ContextWrapper.startService:657 android.content.ContextWrapper.startService:657 com.android.settings.deviceinfo.UsbReceiver.startUsbService:286 com.android.settings.deviceinfo.UsbReceiver.onUsbStateReceive:208 
06-10 18:32:32.568 16996 17375 I dynamic-api_HMSPkgManager: 16996-17375|null|com.huawei.hms.feature.dynamic.f.c|a|56|The HMS Core is installed, pkgName:com.huawei.hwid
06-10 18:32:32.568 17089 17089 E libc    : Access denied finding property "persist.sys.usb.config"
06-10 18:32:32.568 17089 17089 D UsbSettingsService: onStartCommand, action = null
06-10 18:32:32.570  1413  2146 V BroadcastQueue: Finished with ordered broadcast BroadcastRecord{3e28bc8 u-1 android.hardware.usb.action.USB_STATE}
06-10 18:32:32.571 17089 17089 D UsbSettingsService: onStartCommand, action = null
06-10 18:32:32.573 16996 17227 I NK_DomainRelationModel: CORE_THREAD_POOL-0 ->NK_AiExec_0|ai.n|98|prefetch size:1
06-10 18:32:32.573  9406  9713 I ModuleQueryProvider: [HMSCore ModuleQueryProvider.java:1] Enter call, method: huawei_module_dynamicloader
06-10 18:32:32.573 16996 17227 I NK_CountryCodeBean: CORE_THREAD_POOL-0 ->NK_AiExec_0|network.grs.local.model.CountryCodeBean|18|get issue_country code from VENDOR_COUNTRY
06-10 18:32:32.573 16996 17314 I NK_CountryCodeBean: CORE_THREAD_POOL-0|network.grs.local.model.CountryCodeBean|18|get issue_country code from VENDOR_COUNTRY
06-10 18:32:32.574  9406  9713 I fwkit_kims: [fwkit KIMSServiceController.java:1378] getAPIBundle: huawei_module_dynamicloader,null
06-10 18:32:32.575 16996 17314 I NK_OkReqTsk: CORE_THREAD_POOL-0|embedded.g3|284|the request has used the okhttp! 
06-10 18:32:32.576   765   765 W libc    : Set property "sys.check.usbupdate" to "start"
06-10 18:32:32.577 17005 17005 D MtpReceiver: Debug MTP:ACTION_USB_STATE 
06-10 18:32:32.577 17005 17005 D MtpReceiver: Debug MTP:handleUsbState, configured is [true] connected is [true] mtpEnabled is [false] ptpEnabled is [false] unlocked is [false] configChanged is [false]
06-10 18:32:32.577 17005 17005 D MtpReceiver: Debug MTP:stop MTP service 
06-10 18:32:32.577  9406  9713 I fwkit_kims: [fwkit KIMSServiceController.java:1410] caller:com.huawei.appmarket targetSdk:30
06-10 18:32:32.577 16996 17314 I NK_DNManager: CORE_THREAD_POOL-0|embedded.t|89|store-drcn.hispace.dbankcloud.com resolve source:LocalDns,result:{'A', exist, createTime=1718015551817, LocalDns, 1}
06-10 18:32:32.581  1413  4686 D BatteryService: power connected,isWirelessCharge:false
06-10 18:32:32.581 17220 17220 D Gallery_Common_GalleryMediaObserver: Gallery Provider onCreate with observer com.huawei.gallery.provider.GalleryMediaObserver@eebfd41
06-10 18:32:32.581  1413  4686 I BatteryService: normal charge status : 1
06-10 18:32:32.582   747   747 D qdlights: set_speaker_light_locked: get  property HWDUB-Q 
06-10 18:32:32.582   880  2167 I dubaid  : [PollingRoutine.cpp] notifyPolling# Polling routine start, timestamp: 1718015552581, reason: 6
06-10 18:32:32.583   747   747 D qdlights: write_init ok
06-10 18:32:32.583   747   747 I chatty  : uid=1000(system) light@2.0-servi identical 1 line
06-10 18:32:32.583   747   747 D qdlights: write_init ok
06-10 18:32:32.583   747   747 D qdlights: set_speaker_light_locked mode=0, colorRGB=FFFFFF00, onMS=0, offMS=0, rc=0
06-10 18:32:32.588   880  1992 I dubaid  : [BatteryHandler.cpp] onChargerOnlineChanged# Battery charge state: 1
06-10 18:32:32.590  2577  2577 I MsgReceiver: intent action: android.intent.action.ACTION_POWER_CONNECTED
06-10 18:32:32.591   757   757 V LocSvc_HIDL_IzatSubscription: [powerConnectStatusUpdate][575] [HS] <<<<= [HC]
06-10 18:32:32.591  2577  2723 I DeviceStateService: power connected.
06-10 18:32:32.591  2349  2349 W PowerUI : unknown intent: Intent { act=android.intent.action.ACTION_POWER_CONNECTED flg=0x4000010 (has extras) }
06-10 18:32:32.591  2577  2723 I GameCenterRecognise: power connect, game check start.
06-10 18:32:32.591  2577  2723 I NegFeedbackMonitor: stop feedback monitor.
06-10 18:32:32.591  2577  2723 W PG_DBS_TIMER: setRunning 1, mPastUptime: 9072194000, mPastRealtime: 9072194000, batteryUptime: 9072194000, batteryRealtime: 9072194000
06-10 18:32:32.591  2577  2723 W PG_DBS_TIMER: setRunning 1, mPastUptime: 3666836000, mPastRealtime: 3666836000, batteryUptime: 3666836000, batteryRealtime: 3666836000
06-10 18:32:32.592  1413  1413 I EntropyMixer: Writing entropy...
06-10 18:32:32.592  9406  9713 I fwkit_kims: [fwkit KIMSServiceController.java:1604] localLevel:11, apiLevel:11
06-10 18:32:32.592  2577  2723 E KernelCpuSpeedReader: Failed to read cpu-freq: /sys/devices/system/cpu/cpu0/cpufreq/stats/time_in_state (No such file or directory)
06-10 18:32:32.592  2577  2723 E KernelCpuSpeedReader: Failed to read cpu-freq: /sys/devices/system/cpu/cpu4/cpufreq/stats/time_in_state (No such file or directory)
06-10 18:32:32.592  2577  6413 I ThermalTraceTool: file:/sys/class/power_supply/Mains/online,fileExists:false,fileCanRead:false
06-10 18:32:32.592  2577  6413 I ThermalTraceTool: file:/sys/class/power_supply/USB/online,fileExists:false,fileCanRead:false
06-10 18:32:32.594  9406  9713 I fwkit_kims: [fwkit KIMSServiceController.java:1609] kitName: huawei_module_dynamicloader, version 10025301, type 3
06-10 18:32:32.594  9406  9406 I fwkit_sec_breaker: [fwkit SecBreaker.java:74] Process is empty
06-10 18:32:32.595 17005 17005 D MtpReceiver: handleUsbState stopService status=false
06-10 18:32:32.595  9406  9406 W fwkit_kit_breaker: [fwkit KitBreaker.java:343] infos invalid
06-10 18:32:32.596  9406  9997 I fwkit_kams_stubmanager: [fwkit StubManagerService.java:449] getSPNByComponent:com.huawei.hms.keyring, com.huawei.hms.keyring, true
06-10 18:32:32.596  9406  9406 I fwkit_kStore_alNew_PowerReceiver: [fwkit PowerConnectChangeReceiver.java:38] enter PowerConnectChangeReceiver:android.intent.action.ACTION_POWER_CONNECTED
06-10 18:32:32.596  9406  9997 I fwkit_kams_scheduler: [fwkit ProcessScheduler.java:423] ProPre:com.huawei.hwid.container2
06-10 18:32:32.596  9406  9406 I fwkit_ScreenStatusReceiver: [fwkit ScreenStatusReceiver.java:120] addStatusSubscriber key = ContinueScreenOffDetectComponent
06-10 18:32:32.596  9406  9997 I fwkit_kbct_dsp: [fwkit KitBroadcastDispatcher.java:640] action:android.intent.action.ACTION_POWER_CONNECTED,receiver:com.huawei.hms.keyring.credential.receiver.PowerReceiver|com.huawei.hwid.container2
06-10 18:32:32.597  9406  9997 I fwkit_kbct_dsp: [fwkit KitBroadcastDispatcher.java:703] proc not run
06-10 18:32:32.597  1413  1998 D PickUpWakeScreenManager: isPickupSensorSupport isSensorSupport = true
06-10 18:32:32.598  9406  9406 I fwkit_kStore_alNew_helper: [fwkit SilentTaskHelper.java:157] minUpgradeInterval: 7
06-10 18:32:32.598 17019 17083 I fwkit_kac_kitloader: [fwkit KitLoaderManager.java:216] kit loaded keyring_60900325 already exits, cost :0 ms
06-10 18:32:32.599  9406  9406 I fwkit_kStore_alNew_helper: [fwkit SilentTaskHelper.java:426] upgrade check start time: 2024/6/14 上午12:00
06-10 18:32:32.599  9406  9406 I fwkit_kStore_alNew_trigger_upgrade: [fwkit SilentUpgradeTask.java:337] isVersionCheckMoreThan7Day: false
06-10 18:32:32.600  9406  9406 I fwkit_ScreenStatusReceiver: [fwkit ScreenStatusReceiver.java:120] addStatusSubscriber key = ContinueScreenOffRebootCore
06-10 18:32:32.600  2349  2349 D KeyguardUpdateMonitor: received broadcast android.intent.action.BATTERY_CHANGED
06-10 18:32:32.600  9406  9406 I HwidPowerConnectedReceiver: [HwID_APK_log[6.13.0.351|6.12.0.306]core HwidPowerConnectedReceiver.java:74] HwidPowerConnectedReceiver onReceiveMsg
06-10 18:32:32.600  2349  2349 W KeyguardUpdateMonitor: ACTION_BATTERY_CHANGED AMP: 500000; Volt: 5000000
06-10 18:32:32.600  2349  2349 I HwKeyguardUpdateMonitor: block face Detect as Usb-Plugin
06-10 18:32:32.600  2349  2349 I KgBattery: (last-new)Status: null -> 1, chargeState=1 * branch=1
06-10 18:32:32.601  2349  2349 I GlobalContext: Work is scheduled. com.android.systemui.battery.-$Lambda$lfi2AU3i1xDKGC7m-gvD3SF2XpQ@e3f5086
06-10 18:32:32.601 17019 17019 I keyringKit-PowerReceiver: receive power connected br.
06-10 18:32:32.601  9406  9406 I HeartbeatCacheManager: [HwID_APK_log[6.13.0.351|6.12.0.306]core HeartbeatCacheManager.java:108] getLastReportTime is 1718006335153.
06-10 18:32:32.601 17220 17220 I Gallery_MediaSync_MediaSyncerHelper: register media observer
06-10 18:32:32.601  9406  9406 I HwidPowerConnectedReceiver: [HwID_APK_log[6.13.0.351|6.12.0.306]core HwidPowerConnectedReceiver.java:242] The time when the last Report is triggered is 1718006335153. 
06-10 18:32:32.601 17019 17019 I keyringKit-PowerReceiver: make syncing task run after some time.
06-10 18:32:32.602  9406  9406 I NetUtil : [HwID_APK_log[6.13.0.351|6.12.0.306]core NetUtil.java:29] enter networkIsAvaiable
06-10 18:32:32.603 17019 17118 I keyringKit-SyncingTask: isSyncingEnabledInConfig: false
06-10 18:32:32.605  2349  2349 I KeyguardUtils: fpPath=sys/class/hw_power/charger/charge_data/chargerType, value=0
06-10 18:32:32.608  3495  3799 I bt_btif bt interface: read_energy_info
06-10 18:32:32.608  2577  2723 W PG_DBS_MAIN: The charge now node is not existed!
06-10 18:32:32.609  9406  9406 I HwidPowerConnectedReceiver: [HwID_APK_log[6.13.0.351|6.12.0.306]core HwidPowerConnectedReceiver.java:111] The connectivity_action broadcast is received, and the heartbeat is started.
06-10 18:32:32.610  9406  9406 I HeartbeatCacheManager: [HwID_APK_log[6.13.0.351|6.12.0.306]core HeartbeatCacheManager.java:151] isHeartbeatSupport = true
06-10 18:32:32.610  9406  9406 I HeartbeatCacheManager: [HwID_APK_log[6.13.0.351|6.12.0.306]core HeartbeatCacheManager.java:189] GetHeartbeatTimeFromCache is 1717983181570.
06-10 18:32:32.611  2349  2349 I KeyguardUtils: fpPath=sys/class/hw_power/charger/charge_data/chargerType, value=0
06-10 18:32:32.612  2577  2577 I MsgReceiver: intent action: android.intent.action.BATTERY_CHANGED
06-10 18:32:32.612   880   934 E dubaid  : [CpuHandler.cpp] readFreqTime# Failed to open cpufreq node of cluster: 0
06-10 18:32:32.612   880   934 E dubaid  : [CpuHandler.cpp] accountingComponentData# Invalid delta time: Cluster0 total frequency time: 0
06-10 18:32:32.612  9406  9406 I HwidPowerConnectedReceiver: [HwID_APK_log[6.13.0.351|6.12.0.306]core HwidPowerConnectedReceiver.java:227] The time when the last heartbeat is triggered is 1717983181570.
06-10 18:32:32.615  1413  1413 D WifiService: onReceive, action:android.intent.action.BATTERY_CHANGED
06-10 18:32:32.615  1413  1413 D WifiService: ACTION_BATTERY_CHANGED pluggedType: 2
06-10 18:32:32.615  1413  1413 I Telecom-ChargingStatusManager: onChargingStatusChanged, mIsCharging: false -> true
06-10 18:32:32.615  2349  2349 I KeyguardUtils: fpPath=sys/class/hw_power/charger/charge_data/chargerType, value=0
06-10 18:32:32.615  1413  3369 E HwOEMInfoAdapter: writeByteArrayToOeminfo has run 
06-10 18:32:32.617 17089 17089 D UsbReceiver: initialize UsbSettingsService!
06-10 18:32:32.617  2577  2723 I BroadcastAdapter: send bg power warning: com.huawei.intent.action.RESET_BG_POWER, pkg: com.huawei.appmarket
06-10 18:32:32.617 17089 17089 D UsbReceiver: ACTION_USB_STATE arrived!
