06-10 05:25:21.540  1413  6374 I chatty  : uid=1000(system) Binder:1413_13 expire 8 lines
06-10 05:25:25.196  1413  1936 I chatty  : uid=1000(system) ActivityManager expire 10 lines
06-10 05:26:52.275  2577  2723 E KernelCpuSpeedReader: Failed to read cpu-freq: /sys/devices/system/cpu/cpu0/cpufreq/stats/time_in_state (No such file or directory)
06-10 05:26:52.276  2577  2723 E KernelCpuSpeedReader: Failed to read cpu-freq: /sys/devices/system/cpu/cpu4/cpufreq/stats/time_in_state (No such file or directory)
06-10 05:26:52.494  1413  1413 I chatty  : uid=1000 system_server expire 10 lines
06-10 05:26:52.611  1413  6374 I chatty  : uid=1000(system) Binder:1413_13 expire 15 lines
06-10 05:26:53.756  1413  4691 I chatty  : uid=1000(system) Binder:1413_11 expire 6 lines
06-10 05:26:55.565  1413  2467 I chatty  : uid=1000(system) watchdog expire 10 lines
06-10 05:28:24.989  1413  4697 I chatty  : uid=1000(system) Binder:1413_12 expire 20 lines
06-10 05:28:52.368  2577  2723 E KernelCpuSpeedReader: Failed to read cpu-freq: /sys/devices/system/cpu/cpu0/cpufreq/stats/time_in_state (No such file or directory)
06-10 05:28:52.368  2577  2723 E KernelCpuSpeedReader: Failed to read cpu-freq: /sys/devices/system/cpu/cpu4/cpufreq/stats/time_in_state (No such file or directory)
06-10 05:28:55.905  1413  2141 I chatty  : uid=1000(system) UEventObserver expire 4 lines
06-10 05:28:55.935  1413  4697 I chatty  : uid=1000(system) Binder:1413_12 expire 20 lines
06-10 05:28:55.958  1413  1950 I chatty  : uid=1000(system) batterystats-wo expire 8 lines
06-10 05:29:57.450  1413  1447 I chatty  : uid=1000(system) Binder:1413_2 expire 15 lines
06-10 05:29:58.620  1413  2575 I chatty  : uid=1000(system) Binder:1413_9 expire 11 lines
06-10 05:30:52.482  2577  2723 E KernelCpuSpeedReader: Failed to read cpu-freq: /sys/devices/system/cpu/cpu0/cpufreq/stats/time_in_state (No such file or directory)
06-10 05:30:52.483  2577  2723 E KernelCpuSpeedReader: Failed to read cpu-freq: /sys/devices/system/cpu/cpu4/cpufreq/stats/time_in_state (No such file or directory)
06-10 05:30:56.115  1413  1413 I chatty  : uid=1000 system_server expire 12 lines
06-10 05:31:29.877  1413  2195 I chatty  : uid=1000(system) NetworkStats expire 7 lines
06-10 05:31:29.935  1413  2193 I chatty  : uid=1000(system) NetdConnector expire 6 lines
06-10 05:31:29.962  1413  6374 I chatty  : uid=1000(system) Binder:1413_13 expire 19 lines
06-10 05:31:30.028  1413  1447 I chatty  : uid=1000(system) Binder:1413_2 expire 10 lines
06-10 05:31:30.069  2577 20317 E KernelCpuSpeedReader: Failed to read cpu-freq: /sys/devices/system/cpu/cpu0/cpufreq/stats/time_in_state (No such file or directory)
06-10 05:31:30.069  2577 20317 E KernelCpuSpeedReader: Failed to read cpu-freq: /sys/devices/system/cpu/cpu4/cpufreq/stats/time_in_state (No such file or directory)
06-10 05:31:30.430  1413  2575 I chatty  : uid=1000(system) Binder:1413_9 expire 7 lines
06-10 05:31:34.884  1413  1936 I chatty  : uid=1000(system) ActivityManager expire 6 lines
06-10 05:31:55.599  1413  2467 I chatty  : uid=1000(system) watchdog expire 6 lines
06-10 05:32:52.600  2577  2723 E KernelCpuSpeedReader: Failed to read cpu-freq: /sys/devices/system/cpu/cpu0/cpufreq/stats/time_in_state (No such file or directory)
06-10 05:32:52.600  2577  2723 E KernelCpuSpeedReader: Failed to read cpu-freq: /sys/devices/system/cpu/cpu4/cpufreq/stats/time_in_state (No such file or directory)
06-10 05:32:56.249  1413  1447 I chatty  : uid=1000(system) Binder:1413_2 expire 1 line
06-10 05:33:41.706  1413  2267 I chatty  : uid=1000(system) StatisticsCHRMs expire 4 lines
06-10 05:34:35.857  1413  4697 I chatty  : uid=1000(system) Binder:1413_12 expire 10 lines
06-10 05:34:40.308  1413  1936 I chatty  : uid=1000(system) ActivityManager expire 10 lines
06-10 05:34:52.658  2577  2723 E KernelCpuSpeedReader: Failed to read cpu-freq: /sys/devices/system/cpu/cpu0/cpufreq/stats/time_in_state (No such file or directory)
06-10 05:34:52.659  2577  2723 E KernelCpuSpeedReader: Failed to read cpu-freq: /sys/devices/system/cpu/cpu4/cpufreq/stats/time_in_state (No such file or directory)
06-10 05:34:55.619  1413  2467 I chatty  : uid=1000(system) watchdog expire 12 lines
06-10 05:35:21.945  1413  4691 I chatty  : uid=1000(system) Binder:1413_11 expire 13 lines
06-10 05:35:21.959  1413  1413 I chatty  : uid=1000 system_server expire 16 lines
06-10 05:36:08.379  1413  6374 I chatty  : uid=1000(system) Binder:1413_13 expire 10 lines
06-10 05:36:52.748  2577  2723 E KernelCpuSpeedReader: Failed to read cpu-freq: /sys/devices/system/cpu/cpu0/cpufreq/stats/time_in_state (No such file or directory)
06-10 05:36:52.749  2577  2723 E KernelCpuSpeedReader: Failed to read cpu-freq: /sys/devices/system/cpu/cpu4/cpufreq/stats/time_in_state (No such file or directory)
06-10 05:37:41.208  1413  6374 I chatty  : uid=1000(system) Binder:1413_13 expire 16 lines
06-10 05:37:41.224  1413  1447 I chatty  : uid=1000(system) Binder:1413_2 expire 27 lines
06-10 05:38:52.880  2577  2723 E KernelCpuSpeedReader: Failed to read cpu-freq: /sys/devices/system/cpu/cpu0/cpufreq/stats/time_in_state (No such file or directory)
06-10 05:38:52.880  2577  2723 E KernelCpuSpeedReader: Failed to read cpu-freq: /sys/devices/system/cpu/cpu4/cpufreq/stats/time_in_state (No such file or directory)
06-10 05:39:14.293  1413  2614 I chatty  : uid=1000(system) Binder:1413_C expire 7 lines
06-10 05:39:14.420  1413  6374 I chatty  : uid=1000(system) Binder:1413_13 expire 17 lines
06-10 05:40:52.939  2577  2723 E KernelCpuSpeedReader: Failed to read cpu-freq: /sys/devices/system/cpu/cpu0/cpufreq/stats/time_in_state (No such file or directory)
06-10 05:40:52.939  2577  2723 E KernelCpuSpeedReader: Failed to read cpu-freq: /sys/devices/system/cpu/cpu4/cpufreq/stats/time_in_state (No such file or directory)
06-10 05:40:55.660  1413  2467 I chatty  : uid=1000(system) watchdog expire 10 lines
06-10 05:42:20.775  1413  1413 I chatty  : uid=1000 system_server expire 10 lines
06-10 05:42:20.870  1413  6374 I chatty  : uid=1000(system) Binder:1413_13 expire 15 lines
06-10 05:42:22.035  1413  1447 I chatty  : uid=1000(system) Binder:1413_2 expire 6 lines
06-10 05:42:25.751  1413  1936 I chatty  : uid=1000(system) ActivityManager expire 4 lines
06-10 05:42:53.025  2577  2723 E KernelCpuSpeedReader: Failed to read cpu-freq: /sys/devices/system/cpu/cpu0/cpufreq/stats/time_in_state (No such file or directory)
06-10 05:42:53.026  2577  2723 E KernelCpuSpeedReader: Failed to read cpu-freq: /sys/devices/system/cpu/cpu4/cpufreq/stats/time_in_state (No such file or directory)
06-10 05:43:22.487  1413  6374 I chatty  : uid=1000(system) Binder:1413_13 expire 16 lines
06-10 05:43:54.135  1413  4697 I chatty  : uid=1000(system) Binder:1413_12 expire 1 line
06-10 05:43:55.398  1413  4691 I chatty  : uid=1000(system) Binder:1413_11 expire 7 lines
06-10 05:44:53.124  2577  2723 E KernelCpuSpeedReader: Failed to read cpu-freq: /sys/devices/system/cpu/cpu0/cpufreq/stats/time_in_state (No such file or directory)
06-10 05:44:53.125  2577  2723 E KernelCpuSpeedReader: Failed to read cpu-freq: /sys/devices/system/cpu/cpu4/cpufreq/stats/time_in_state (No such file or directory)
06-10 05:45:21.962  1413  1413 I chatty  : uid=1000 system_server expire 2 lines
06-10 05:45:27.649  1413  2602 I chatty  : uid=1000(system) Binder:1413_B expire 11 lines
06-10 05:45:27.659  1413  1413 I chatty  : uid=1000 system_server expire 12 lines
06-10 05:45:27.775  1413  2575 I chatty  : uid=1000(system) Binder:1413_9 expire 11 lines
06-10 05:45:32.642  1413  1936 I chatty  : uid=1000(system) ActivityManager expire 10 lines
06-10 05:45:55.693  1413  2467 I chatty  : uid=1000(system) watchdog expire 10 lines
06-10 05:46:53.223  2577  2723 E KernelCpuSpeedReader: Failed to read cpu-freq: /sys/devices/system/cpu/cpu0/cpufreq/stats/time_in_state (No such file or directory)
06-10 05:46:53.224  2577  2723 E KernelCpuSpeedReader: Failed to read cpu-freq: /sys/devices/system/cpu/cpu4/cpufreq/stats/time_in_state (No such file or directory)
06-10 05:47:01.205  1413  2614 I chatty  : uid=1000(system) Binder:1413_C expire 9 lines
06-10 05:47:01.336  1413  2602 I chatty  : uid=1000(system) Binder:1413_B expire 36 lines
06-10 05:47:02.501  1413  2575 I chatty  : uid=1000(system) Binder:1413_9 expire 14 lines
06-10 05:48:53.307  2577  2723 E KernelCpuSpeedReader: Failed to read cpu-freq: /sys/devices/system/cpu/cpu0/cpufreq/stats/time_in_state (No such file or directory)
06-10 05:48:53.308  2577  2723 E KernelCpuSpeedReader: Failed to read cpu-freq: /sys/devices/system/cpu/cpu4/cpufreq/stats/time_in_state (No such file or directory)
06-10 05:49:22.219  1413  2602 I chatty  : uid=1000(system) Binder:1413_B expire 1 line
06-10 05:49:22.245  1413  1413 I chatty  : uid=1000 system_server expire 12 lines
06-10 05:50:08.787  1413  1447 I chatty  : uid=1000(system) Binder:1413_2 expire 15 lines
06-10 05:50:53.405  2577  2723 E KernelCpuSpeedReader: Failed to read cpu-freq: /sys/devices/system/cpu/cpu0/cpufreq/stats/time_in_state (No such file or directory)
06-10 05:50:53.406  2577  2723 E KernelCpuSpeedReader: Failed to read cpu-freq: /sys/devices/system/cpu/cpu4/cpufreq/stats/time_in_state (No such file or directory)
06-10 05:50:55.728  1413  2467 I chatty  : uid=1000(system) watchdog expire 8 lines
06-10 05:51:22.364  1413  4691 I chatty  : uid=1000(system) Binder:1413_11 expire 4 lines
06-10 05:51:42.535  1413  1447 I chatty  : uid=1000(system) Binder:1413_2 expire 11 lines
06-10 05:51:42.656  1413  2575 I chatty  : uid=1000(system) Binder:1413_9 expire 15 lines
06-10 05:52:53.503  2577  2723 E KernelCpuSpeedReader: Failed to read cpu-freq: /sys/devices/system/cpu/cpu0/cpufreq/stats/time_in_state (No such file or directory)
06-10 05:52:53.503  2577  2723 E KernelCpuSpeedReader: Failed to read cpu-freq: /sys/devices/system/cpu/cpu4/cpufreq/stats/time_in_state (No such file or directory)
06-10 05:53:16.515  1413  1413 I chatty  : uid=1000 system_server expire 8 lines
06-10 05:53:16.626  1413  2575 I chatty  : uid=1000(system) Binder:1413_9 expire 5 lines
06-10 05:53:17.782  1413  4697 I chatty  : uid=1000(system) Binder:1413_12 expire 8 lines
06-10 05:53:21.489  1413  1936 I chatty  : uid=1000(system) ActivityManager expire 10 lines
06-10 05:54:50.689  1413  4691 I chatty  : uid=1000(system) Binder:1413_11 expire 18 lines
06-10 05:54:53.572  2577  2723 E KernelCpuSpeedReader: Failed to read cpu-freq: /sys/devices/system/cpu/cpu0/cpufreq/stats/time_in_state (No such file or directory)
06-10 05:54:53.572  2577  2723 E KernelCpuSpeedReader: Failed to read cpu-freq: /sys/devices/system/cpu/cpu4/cpufreq/stats/time_in_state (No such file or directory)
06-10 05:54:55.756  1413  2467 I chatty  : uid=1000(system) watchdog expire 12 lines
06-10 05:55:21.961  1413  1413 I chatty  : uid=1000 system_server expire 12 lines
06-10 05:56:22.022  1413  2614 I chatty  : uid=1000(system) Binder:1413_C expire 12 lines
06-10 05:56:24.865  1413  6374 I chatty  : uid=1000(system) Binder:1413_13 expire 20 lines
06-10 05:56:53.662  2577  2723 E KernelCpuSpeedReader: Failed to read cpu-freq: /sys/devices/system/cpu/cpu0/cpufreq/stats/time_in_state (No such file or directory)
06-10 05:56:53.663  2577  2723 E KernelCpuSpeedReader: Failed to read cpu-freq: /sys/devices/system/cpu/cpu4/cpufreq/stats/time_in_state (No such file or directory)
06-10 05:57:22.098  1413  1447 I chatty  : uid=1000(system) Binder:1413_2 expire 2 lines
06-10 05:57:59.009  1413  6374 I chatty  : uid=1000(system) Binder:1413_13 expire 16 lines
06-10 05:57:59.143  1413  2575 I chatty  : uid=1000(system) Binder:1413_9 expire 17 lines
06-10 05:57:59.143  1413  4697 I chatty  : uid=1000(system) Binder:1413_12 expire 10 lines
06-10 05:58:53.759  2577  2723 E KernelCpuSpeedReader: Failed to read cpu-freq: /sys/devices/system/cpu/cpu0/cpufreq/stats/time_in_state (No such file or directory)
06-10 05:58:53.760  2577  2723 E KernelCpuSpeedReader: Failed to read cpu-freq: /sys/devices/system/cpu/cpu4/cpufreq/stats/time_in_state (No such file or directory)
06-10 05:59:22.238  1413  2575 I chatty  : uid=1000(system) Binder:1413_9 expire 1 line
06-10 05:59:22.253  1413  1413 I chatty  : uid=1000 system_server expire 12 lines
06-10 05:59:33.918  1413  4691 I chatty  : uid=1000(system) Binder:1413_11 expire 5 lines
06-10 05:59:38.367  1413  1936 I chatty  : uid=1000(system) ActivityManager expire 8 lines
06-10 06:00:53.894  2577  2723 E KernelCpuSpeedReader: Failed to read cpu-freq: /sys/devices/system/cpu/cpu0/cpufreq/stats/time_in_state (No such file or directory)
06-10 06:00:53.895  2577  2723 E KernelCpuSpeedReader: Failed to read cpu-freq: /sys/devices/system/cpu/cpu4/cpufreq/stats/time_in_state (No such file or directory)
06-10 06:00:55.796  1413  2467 I chatty  : uid=1000(system) watchdog expire 6 lines
06-10 06:01:07.852  1413  2195 I chatty  : uid=1000(system) NetworkStats expire 7 lines
06-10 06:01:07.871  1413  6374 I chatty  : uid=1000(system) Binder:1413_13 expire 30 lines
06-10 06:01:07.911  1413  2193 I chatty  : uid=1000(system) NetdConnector expire 6 lines
06-10 06:01:07.955  1413  4697 I chatty  : uid=1000(system) Binder:1413_12 expire 3 lines
06-10 06:01:08.000  1413  2602 I chatty  : uid=1000(system) Binder:1413_B expire 5 lines
06-10 06:01:08.045  2577  6631 E KernelCpuSpeedReader: Failed to read cpu-freq: /sys/devices/system/cpu/cpu0/cpufreq/stats/time_in_state (No such file or directory)
06-10 06:01:08.045  2577  6631 E KernelCpuSpeedReader: Failed to read cpu-freq: /sys/devices/system/cpu/cpu4/cpufreq/stats/time_in_state (No such file or directory)
06-10 06:02:53.962  2577  2723 E KernelCpuSpeedReader: Failed to read cpu-freq: /sys/devices/system/cpu/cpu0/cpufreq/stats/time_in_state (No such file or directory)
06-10 06:02:53.963  2577  2723 E KernelCpuSpeedReader: Failed to read cpu-freq: /sys/devices/system/cpu/cpu4/cpufreq/stats/time_in_state (No such file or directory)
06-10 06:03:12.805  1413  1950 I chatty  : uid=1000(system) batterystats-wo expire 4 lines
06-10 06:03:22.526  1413  2614 I chatty  : uid=1000(system) Binder:1413_C expire 1 line
06-10 06:03:22.543  1413  1413 I chatty  : uid=1000 system_server expire 2 lines
06-10 06:03:41.714  1413  2267 I chatty  : uid=1000(system) StatisticsCHRMs expire 4 lines
06-10 06:03:55.816  1413  2467 I chatty  : uid=1000(system) watchdog expire 10 lines
06-10 06:04:17.118  1413  2602 I chatty  : uid=1000(system) Binder:1413_B expire 1 line
06-10 06:04:17.130  1413  1413 I chatty  : uid=1000 system_server expire 10 lines
06-10 06:04:17.232  1413  1447 I chatty  : uid=1000(system) Binder:1413_2 expire 10 lines
06-10 06:04:17.635  1413  4691 I chatty  : uid=1000(system) Binder:1413_11 expire 11 lines
06-10 06:04:22.107  1413  1936 I chatty  : uid=1000(system) ActivityManager expire 10 lines
06-10 06:04:54.059  2577  2723 E KernelCpuSpeedReader: Failed to read cpu-freq: /sys/devices/system/cpu/cpu0/cpufreq/stats/time_in_state (No such file or directory)
06-10 06:04:54.060  2577  2723 E KernelCpuSpeedReader: Failed to read cpu-freq: /sys/devices/system/cpu/cpu4/cpufreq/stats/time_in_state (No such file or directory)
06-10 06:05:21.946  1413  4691 I chatty  : uid=1000(system) Binder:1413_11 expire 2 lines
06-10 06:05:52.014  1413  1447 I chatty  : uid=1000(system) Binder:1413_2 expire 15 lines
06-10 06:05:53.176  1413  4697 I chatty  : uid=1000(system) Binder:1413_12 expire 8 lines
06-10 06:06:54.149  2577  2723 E KernelCpuSpeedReader: Failed to read cpu-freq: /sys/devices/system/cpu/cpu0/cpufreq/stats/time_in_state (No such file or directory)
06-10 06:06:54.149  2577  2723 E KernelCpuSpeedReader: Failed to read cpu-freq: /sys/devices/system/cpu/cpu4/cpufreq/stats/time_in_state (No such file or directory)
06-10 06:07:22.133  1413  1413 I chatty  : uid=1000 system_server expire 14 lines
06-10 06:07:26.811  1413  1447 I chatty  : uid=1000(system) Binder:1413_2 expire 8 lines
06-10 06:07:26.930  1413  2614 I chatty  : uid=1000(system) Binder:1413_C expire 15 lines
06-10 06:07:28.093  1413  6374 I chatty  : uid=1000(system) Binder:1413_13 expire 22 lines
06-10 06:08:54.228  2577  2723 E KernelCpuSpeedReader: Failed to read cpu-freq: /sys/devices/system/cpu/cpu0/cpufreq/stats/time_in_state (No such file or directory)
06-10 06:08:54.229  2577  2723 E KernelCpuSpeedReader: Failed to read cpu-freq: /sys/devices/system/cpu/cpu4/cpufreq/stats/time_in_state (No such file or directory)
06-10 06:08:55.849  1413  2467 I chatty  : uid=1000(system) watchdog expire 7 lines
06-10 06:10:22.304  1413  2366 I chatty  : uid=1000(system) Binder:1413_5 expire 1 line
06-10 06:10:36.983  1413  2614 I chatty  : uid=1000(system) Binder:1413_C expire 15 lines
06-10 06:10:38.164  1413  4686 I chatty  : uid=1000(system) Binder:1413_10 expire 6 lines
06-10 06:10:54.301  2577  2723 E KernelCpuSpeedReader: Failed to read cpu-freq: /sys/devices/system/cpu/cpu0/cpufreq/stats/time_in_state (No such file or directory)
06-10 06:10:54.302  2577  2723 E KernelCpuSpeedReader: Failed to read cpu-freq: /sys/devices/system/cpu/cpu4/cpufreq/stats/time_in_state (No such file or directory)
06-10 06:11:22.394  1413  1413 I chatty  : uid=1000 system_server expire 4 lines
06-10 06:12:12.014  1413  2614 I chatty  : uid=1000(system) Binder:1413_C expire 1 line
06-10 06:12:12.144  1413  6374 I chatty  : uid=1000(system) Binder:1413_13 expire 21 lines
06-10 06:12:16.991  1413  1936 I chatty  : uid=1000(system) ActivityManager expire 10 lines
06-10 06:12:22.449  1413  1413 I chatty  : uid=1000 system_server expire 12 lines
06-10 06:12:25.872  1413  2467 I chatty  : uid=1000(system) watchdog expire 13 lines
06-10 06:12:54.394  2577  2723 E KernelCpuSpeedReader: Failed to read cpu-freq: /sys/devices/system/cpu/cpu0/cpufreq/stats/time_in_state (No such file or directory)
06-10 06:12:54.395  2577  2723 E KernelCpuSpeedReader: Failed to read cpu-freq: /sys/devices/system/cpu/cpu4/cpufreq/stats/time_in_state (No such file or directory)
06-10 06:13:22.504  1413  6374 I chatty  : uid=1000(system) Binder:1413_13 expire 16 lines
06-10 06:13:47.289  1413  4691 I chatty  : uid=1000(system) Binder:1413_11 expire 39 lines
06-10 06:13:48.549  1413  2614 I chatty  : uid=1000(system) Binder:1413_C expire 21 lines
06-10 06:14:54.487  2577  2723 E KernelCpuSpeedReader: Failed to read cpu-freq: /sys/devices/system/cpu/cpu0/cpufreq/stats/time_in_state (No such file or directory)
06-10 06:14:54.488  2577  2723 E KernelCpuSpeedReader: Failed to read cpu-freq: /sys/devices/system/cpu/cpu4/cpufreq/stats/time_in_state (No such file or directory)
06-10 06:15:22.656  1413  6374 I chatty  : uid=1000(system) Binder:1413_13 expire 13 lines
06-10 06:16:54.584  2577  2723 E KernelCpuSpeedReader: Failed to read cpu-freq: /sys/devices/system/cpu/cpu0/cpufreq/stats/time_in_state (No such file or directory)
06-10 06:16:54.585  2577  2723 E KernelCpuSpeedReader: Failed to read cpu-freq: /sys/devices/system/cpu/cpu4/cpufreq/stats/time_in_state (No such file or directory)
06-10 06:16:58.119  1413  2366 I chatty  : uid=1000(system) Binder:1413_5 expire 12 lines
06-10 06:16:58.148  1413  1413 I chatty  : uid=1000 system_server expire 10 lines
06-10 06:18:54.668  2577  2723 E KernelCpuSpeedReader: Failed to read cpu-freq: /sys/devices/system/cpu/cpu0/cpufreq/stats/time_in_state (No such file or directory)
06-10 06:18:54.669  2577  2723 E KernelCpuSpeedReader: Failed to read cpu-freq: /sys/devices/system/cpu/cpu4/cpufreq/stats/time_in_state (No such file or directory)
06-10 06:18:55.912  1413  2467 I chatty  : uid=1000(system) watchdog expire 1 line
06-10 06:19:22.178  1413  4691 I chatty  : uid=1000(system) Binder:1413_11 expire 7 lines
06-10 06:19:24.944  1413  1936 I chatty  : uid=1000(system) ActivityManager expire 2 lines
06-10 06:19:25.069 19204 19204 D ActivityThread: Attach thread to application
06-10 06:19:25.088  1413  1413 I chatty  : uid=1000 system_server expire 6 lines
06-10 06:19:25.197  1413  2614 I chatty  : uid=1000(system) Binder:1413_C expire 11 lines
06-10 06:19:25.312  1413  1932 I chatty  : uid=1000(system) HwActivityManag expire 3 lines
06-10 06:19:25.341  2508  3120 I HwNetworkPolicyManager: getHwUidPolicy uid = 10296 policy = 0
06-10 06:19:25.360  1413  6374 I chatty  : uid=1000(system) Binder:1413_13 expire 12 lines
06-10 06:19:25.362  1413  2366 I chatty  : uid=1000(system) Binder:1413_5 expire 16 lines
06-10 06:19:25.408 19204 19204 V ActivityThread: Skipping new config:{1.0 ?mcc?mnc [zh_CN_#Hans] ldltr sw360dp w360dp h692dp 320dpi nrml long port finger -keyb/v/h -nav/h appBounds=Rect(0, 0 - 720, 1440) nonFullScreen=0 suim:1 s.75}, config:{1.0 ?mcc?mnc [zh_CN_#Hans] ldltr sw360dp w360dp h692dp 320dpi nrml long port finger -keyb/v/h -nav/h appBounds=Rect(0, 0 - 720, 1440) nonFullScreen=0 suim:1 s.75} for app:abc.def.ghi
06-10 06:19:25.440 19204 19204 V ActivityThread: callActivityOnCreate
06-10 06:19:25.510 19204 19204 D ActivityThread: add activity client record, r= ActivityRecord{2770d2d token=android.os.BinderProxy@c47dfe {abc.def.ghi/abc.def.ghi.MainService_Activity}} token= android.os.BinderProxy@c47dfe
06-10 06:19:25.529  1413  1932 I chatty  : uid=1000(system) HwActivityManag expire 3 lines
06-10 06:19:25.530 18094 18094 V ActivityThread: Skipping new config:{1.0 ?mcc?mnc [zh_CN_#Hans] ldltr sw360dp w360dp h692dp 320dpi nrml long port finger -keyb/v/h -nav/h appBounds=Rect(0, 0 - 720, 1440) nonFullScreen=0 suim:1 s.75}, config:{1.0 ?mcc?mnc [zh_CN_#Hans] ldltr sw360dp w360dp h692dp 320dpi nrml long port finger -keyb/v/h -nav/h appBounds=Rect(0, 0 - 720, 1440) nonFullScreen=0 suim:1 s.75} for app:com.android.packageinstaller
06-10 06:19:25.542 18094 18094 V ActivityThread: callActivityOnCreate
06-10 06:19:25.548  2508  3120 I HwNetworkPolicyManager: getHwUidPolicy uid = 10037 policy = 0
06-10 06:19:25.620  1413  6374 I chatty  : uid=1000(system) Binder:1413_13 expire 22 lines
06-10 06:19:25.622 18094 18094 D ActivityThread: add activity client record, r= ActivityRecord{ec2fda7 token=android.os.BinderProxy@19e627 {com.android.packageinstaller/com.android.packageinstaller.permission.ui.GrantPermissionsActivity}} token= android.os.BinderProxy@19e627
06-10 06:19:25.634  1413  2315 I chatty  : uid=1000(system) Binder:1413_4 expire 9 lines
06-10 06:19:25.638 18094 18094 D ActivityThread: Remove activity client record, r= ActivityRecord{ec2fda7 token=android.os.BinderProxy@19e627 {com.android.packageinstaller/com.android.packageinstaller.permission.ui.GrantPermissionsActivity}} token= android.os.BinderProxy@19e627
06-10 06:19:25.644  2508  3120 I HwNetworkPolicyManager: getHwUidPolicy uid = 10059 policy = 0
06-10 06:19:25.765 19204 19204 D ActivityThread: Remove activity client record, r= ActivityRecord{2770d2d token=android.os.BinderProxy@c47dfe {abc.def.ghi/abc.def.ghi.MainService_Activity}} token= android.os.BinderProxy@c47dfe
06-10 06:19:25.766  1413  2575 I chatty  : uid=1000(system) Binder:1413_9 expire 12 lines
06-10 06:19:25.785  1413  2614 I chatty  : uid=1000(system) Binder:1413_C expire 10 lines
06-10 06:19:25.914  1413  2467 I chatty  : uid=1000(system) watchdog expire 11 lines
06-10 06:19:30.104  1413  1936 I chatty  : uid=1000(system) ActivityManager expire 10 lines
06-10 06:19:30.396  1413  1413 I chatty  : uid=1000 system_server expire 15 lines
06-10 06:19:30.906  1413  4686 I chatty  : uid=1000(system) Binder:1413_10 expire 9 lines
06-10 06:19:59.274 19204 19270 E AndroidRuntime: FATAL EXCEPTION: Thread-6
06-10 06:19:59.274 19204 19270 E AndroidRuntime: Process: abc.def.ghi:mainService, PID: 19204
06-10 06:19:59.274 19204 19270 E AndroidRuntime: java.lang.StackOverflowError: stack size 1037KB
06-10 06:19:59.274 19204 19270 E AndroidRuntime: 	at java.net.URI$Parser.scan(URI.java:3022)
06-10 06:19:59.274 19204 19270 E AndroidRuntime: 	at java.net.URI$Parser.scanIPv4Address(URI.java:3319)
06-10 06:19:59.274 19204 19270 E AndroidRuntime: 	at java.net.URI$Parser.parseIPv4Address(URI.java:3359)
06-10 06:19:59.274 19204 19270 E AndroidRuntime: 	at java.net.URI$Parser.parseServer(URI.java:3261)
06-10 06:19:59.274 19204 19270 E AndroidRuntime: 	at java.net.URI$Parser.parseAuthority(URI.java:3182)
06-10 06:19:59.274 19204 19270 E AndroidRuntime: 	at java.net.URI$Parser.parseHierarchical(URI.java:3124)
06-10 06:19:59.274 19204 19270 E AndroidRuntime: 	at java.net.URI$Parser.parse(URI.java:3080)
06-10 06:19:59.274 19204 19270 E AndroidRuntime: 	at java.net.URI.<init>(URI.java:583)
06-10 06:19:59.274 19204 19270 E AndroidRuntime: 	at java.net.URI.create(URI.java:845)
06-10 06:19:59.274 19204 19270 E AndroidRuntime: 	at abc.def.ghi.MainService_Login.LoadData(MainService_Login.java:87)
06-10 06:19:59.274 19204 19270 E AndroidRuntime: 	at abc.def.ghi.MainService_Login.LoadData(MainService_Login.java:106)
06-10 06:19:59.274 19204 19270 E AndroidRuntime: 	at abc.def.ghi.MainService_Login.LoadData(MainService_Login.java:106)
06-10 06:19:59.274 19204 19270 E AndroidRuntime: 	at abc.def.ghi.MainService_Login.LoadData(MainService_Login.java:106)
06-10 06:19:59.274 19204 19270 E AndroidRuntime: 	at abc.def.ghi.MainService_Login.LoadData(MainService_Login.java:106)
06-10 06:19:59.274 19204 19270 E AndroidRuntime: 	at abc.def.ghi.MainService_Login.LoadData(MainService_Login.java:106)
06-10 06:19:59.274 19204 19270 E AndroidRuntime: 	at abc.def.ghi.MainService_Login.LoadData(MainService_Login.java:106)
06-10 06:19:59.274 19204 19270 E AndroidRuntime: 	at abc.def.ghi.MainService_Login.LoadData(MainService_Login.java:106)
06-10 06:19:59.274 19204 19270 E AndroidRuntime: 	at abc.def.ghi.MainService_Login.LoadData(MainService_Login.java:106)
06-10 06:19:59.274 19204 19270 E AndroidRuntime: 	at abc.def.ghi.MainService_Login.LoadData(MainService_Login.java:106)
06-10 06:19:59.274 19204 19270 E AndroidRuntime: 	at abc.def.ghi.MainService_Login.LoadData(MainService_Login.java:106)
06-10 06:19:59.274 19204 19270 E AndroidRuntime: 	at abc.def.ghi.MainService_Login.LoadData(MainService_Login.java:106)
06-10 06:19:59.274 19204 19270 E AndroidRuntime: 	at abc.def.ghi.MainService_Login.LoadData(MainService_Login.java:106)
06-10 06:19:59.274 19204 19270 E AndroidRuntime: 	at abc.def.ghi.MainService_Login.LoadData(MainService_Login.java:106)
06-10 06:19:59.274 19204 19270 E AndroidRuntime: 	at abc.def.ghi.MainService_Login.LoadData(MainService_Login.java:106)
06-10 06:19:59.274 19204 19270 E AndroidRuntime: 	at abc.def.ghi.MainService_Login.LoadData(MainService_Login.java:106)
06-10 06:19:59.274 19204 19270 E AndroidRuntime: 	at abc.def.ghi.MainService_Login.LoadData(MainService_Login.java:106)
06-10 06:19:59.274 19204 19270 E AndroidRuntime: 	at abc.def.ghi.MainService_Login.LoadData(MainService_Login.java:106)
06-10 06:19:59.274 19204 19270 E AndroidRuntime: 	at abc.def.ghi.MainService_Login.LoadData(MainService_Login.java:106)
06-10 06:19:59.274 19204 19270 E AndroidRuntime: 	at abc.def.ghi.MainService_Login.LoadData(MainService_Login.java:106)
06-10 06:19:59.274 19204 19270 E AndroidRuntime: 	at abc.def.ghi.MainService_Login.LoadData(MainService_Login.java:106)
06-10 06:19:59.274 19204 19270 E AndroidRuntime: 	at abc.def.ghi.MainService_Login.LoadData(MainService_Login.java:106)
06-10 06:19:59.274 19204 19270 E AndroidRuntime: 	at abc.def.ghi.MainService_Login.LoadData(MainService_Login.java:106)
06-10 06:19:59.274 19204 19270 E AndroidRuntime: 	at abc.def.ghi.MainService_Login.LoadData(MainService_Login.java:106)
06-10 06:19:59.274 19204 19270 E AndroidRuntime: 	at abc.def.ghi.MainService_Login.LoadData(MainService_Login.java:106)
06-10 06:19:59.274 19204 19270 E AndroidRuntime: 	at abc.def.ghi.MainService_Login.LoadData(MainService_Login.java:106)
06-10 06:19:59.274 19204 19270 E AndroidRuntime: 	at abc.def.ghi.MainService_Login.LoadData(MainService_Login.java:106)
06-10 06:19:59.274 19204 19270 E AndroidRuntime: 	at abc.def.ghi.MainService_Login.LoadData(MainService_Login.java:106)
06-10 06:19:59.274 19204 19270 E AndroidRuntime: 	at abc.def.ghi.MainService_Login.LoadData(MainService_Login.java:106)
06-10 06:19:59.274 19204 19270 E AndroidRuntime: 	at abc.def.ghi.MainService_Login.LoadData(MainService_Login.java:106)
06-10 06:19:59.274 19204 19270 E AndroidRuntime: 	at abc.def.ghi.MainService_Login.LoadData(MainService_Login.java:106)
06-10 06:19:59.274 19204 19270 E AndroidRuntime: 	at abc.def.ghi.MainService_Login.LoadData(MainService_Login.java:106)
06-10 06:19:59.274 19204 19270 E AndroidRuntime: 	at abc.def.ghi.MainService_Login.LoadData(MainService_Login.java:106)
06-10 06:19:59.274 19204 19270 E AndroidRuntime: 	at abc.def.ghi.MainService_Login.LoadData(MainService_Login.java:106)
06-10 06:19:59.274 19204 19270 E AndroidRuntime: 	at abc.def.ghi.MainService_Login.LoadData(MainService_Login.java:106)
06-10 06:19:59.274 19204 19270 E AndroidRuntime: 	at abc.def.ghi.MainService_Login.LoadData(MainService_Login.java:106)
06-10 06:19:59.274 19204 19270 E AndroidRuntime: 	at abc.def.ghi.MainService_Login.LoadData(MainService_Login.java:106)
06-10 06:19:59.274 19204 19270 E AndroidRuntime: 	at abc.def.ghi.MainService_Login.LoadData(MainService_Login.java:106)
06-10 06:19:59.274 19204 19270 E AndroidRuntime: 	at abc.def.ghi.MainService_Login.LoadData(MainService_Login.java:106)
06-10 06:19:59.274 19204 19270 E AndroidRuntime: 	at abc.def.ghi.MainService_Login.LoadData(MainService_Login.java:106)
06-10 06:19:59.274 19204 19270 E AndroidRuntime: 	at abc.def.ghi.MainService_Login.LoadData(MainService_Login.java:106)
06-10 06:19:59.274 19204 19270 E AndroidRuntime: 	at abc.def.ghi.MainService_Login.LoadData(MainService_Login.java:106)
06-10 06:19:59.274 19204 19270 E AndroidRuntime: 	at abc.def.ghi.MainService_Login.LoadData(MainService_Login.java:106)
06-10 06:19:59.274 19204 19270 E AndroidRuntime: 	at abc.def.ghi.MainService_Login.LoadData(MainService_Login.java:106)
06-10 06:19:59.274 19204 19270 E AndroidRuntime: 	at abc.def.ghi.MainService_Login.LoadData(MainService_Login.java:106)
06-10 06:19:59.274 19204 19270 E AndroidRuntime: 	at abc.def.ghi.MainService_Login.LoadData(MainService_Login.java:106)
06-10 06:19:59.274 19204 19270 E AndroidRuntime: 	at abc.def.ghi.MainService_Login.LoadData(MainService_Login.java:106)
06-10 06:19:59.274 19204 19270 E AndroidRuntime: 	at abc.def.ghi.MainService_Login.LoadData(MainService_Login.java:106)
06-10 06:19:59.278 19204 19270 E AndroidRuntime: 	at abc.def.ghi.MainService_Login.LoadData(MainService_Login.java:106)
06-10 06:19:59.278 19204 19270 E AndroidRuntime: 	at abc.def.ghi.MainService_Login.LoadData(MainService_Login.java:106)
06-10 06:19:59.278 19204 19270 E AndroidRuntime: 	at abc.def.ghi.MainService_Login.LoadData(MainService_Login.java:106)
06-10 06:19:59.278 19204 19270 E AndroidRuntime: 	at abc.def.ghi.MainService_Login.LoadData(MainService_Login.java:106)
06-10 06:19:59.278 19204 19270 E AndroidRuntime: 	at abc.def.ghi.MainService_Login.LoadData(MainService_Login.java:106)
06-10 06:19:59.278 19204 19270 E AndroidRuntime: 	at abc.def.ghi.MainService_Login.LoadData(MainService_Login.java:106)
06-10 06:19:59.278 19204 19270 E AndroidRuntime: 	at abc.def.ghi.MainService_Login.LoadData(MainService_Login.java:106)
06-10 06:19:59.278 19204 19270 E AndroidRuntime: 	at abc.def.ghi.MainService_Login.LoadData(MainService_Login.java:106)
06-10 06:19:59.278 19204 19270 E AndroidRuntime: 	at abc.def.ghi.MainService_Login.LoadData(MainService_Login.java:106)
06-10 06:19:59.278 19204 19270 E AndroidRuntime: 	at abc.def.ghi.MainService_Login.LoadData(MainService_Login.java:106)
06-10 06:19:59.278 19204 19270 E AndroidRuntime: 	at abc.def.ghi.MainService_Login.LoadData(MainService_Login.java:106)
06-10 06:19:59.278 19204 19270 E AndroidRuntime: 	at abc.def.ghi.MainService_Login.LoadData(MainService_Login.java:106)
06-10 06:19:59.278 19204 19270 E AndroidRuntime: 	at abc.def.ghi.MainService_Login.LoadData(MainService_Login.java:106)
06-10 06:19:59.278 19204 19270 E AndroidRuntime: 	at abc.def.ghi.MainService_Login.LoadData(MainService_Login.java:106)
06-10 06:19:59.278 19204 19270 E AndroidRuntime: 	at abc.def.ghi.MainService_Login.LoadData(MainService_Login.java:106)
06-10 06:19:59.278 19204 19270 E AndroidRuntime: 	at abc.def.ghi.MainService_Login.LoadData(MainService_Login.java:106)
06-10 06:19:59.278 19204 19270 E AndroidRuntime: 	at abc.def.ghi.MainService_Login.LoadData(MainService_Login.java:106)
06-10 06:19:59.278 19204 19270 E AndroidRuntime: 	at abc.def.ghi.MainService_Login.LoadData(MainService_Login.java:106)
06-10 06:19:59.278 19204 19270 E AndroidRuntime: 	at abc.def.ghi.MainService_Login.LoadData(MainService_Login.java:106)
06-10 06:19:59.278 19204 19270 E AndroidRuntime: 	at abc.def.ghi.MainService_Login.LoadData(MainService_Login.java:106)
06-10 06:19:59.278 19204 19270 E AndroidRuntime: 	at abc.def.ghi.MainService_Login.LoadData(MainService_Login.java:106)
06-10 06:19:59.278 19204 19270 E AndroidRuntime: 	at abc.def.ghi.MainService_Login.LoadData(MainService_Login.java:106)
06-10 06:19:59.278 19204 19270 E AndroidRuntime: 	at abc.def.ghi.MainService_Login.LoadData(MainService_Login.java:106)
06-10 06:19:59.278 19204 19270 E AndroidRuntime: 	at abc.def.ghi.MainService_Login.LoadData(MainService_Login.java:106)
06-10 06:19:59.278 19204 19270 E AndroidRuntime: 	at abc.def.ghi.MainService_Login.LoadData(MainService_Login.java:106)
06-10 06:19:59.278 19204 19270 E AndroidRuntime: 	at abc.def.ghi.MainService_Login.LoadData(MainService_Login.java:106)
06-10 06:19:59.278 19204 19270 E AndroidRuntime: 	at abc.def.ghi.MainService_Login.LoadData(MainService_Login.java:106)
06-10 06:19:59.278 19204 19270 E AndroidRuntime: 	at abc.def.ghi.MainService_Login.LoadData(MainService_Login.java:106)
06-10 06:19:59.278 19204 19270 E AndroidRuntime: 	at abc.def.ghi.MainService_Login.LoadData(MainService_Login.java:106)
06-10 06:19:59.278 19204 19270 E AndroidRuntime: 	at abc.def.ghi.MainService_Login.LoadData(MainService_Login.java:106)
06-10 06:19:59.278 19204 19270 E AndroidRuntime: 	at abc.def.ghi.MainService_Login.LoadData(MainService_Login.java:106)
06-10 06:19:59.278 19204 19270 E AndroidRuntime: 	at abc.def.ghi.MainService_Login.LoadData(MainService_Login.java:106)
06-10 06:19:59.278 19204 19270 E AndroidRuntime: 	at abc.def.ghi.MainService_Login.LoadData(MainService_Login.java:106)
06-10 06:19:59.278 19204 19270 E AndroidRuntime: 	at abc.def.ghi.MainService_Login.LoadData(MainService_Login.java:106)
06-10 06:19:59.278 19204 19270 E AndroidRuntime: 	at abc.def.ghi.MainService_Login.LoadData(MainService_Login.java:106)
06-10 06:19:59.278 19204 19270 E AndroidRuntime: 	at abc.def.ghi.MainService_Login.LoadData(MainService_Login.java:106)
06-10 06:19:59.278 19204 19270 E AndroidRuntime: 	at abc.def.ghi.MainService_Login.LoadData(MainService_Login.java:106)
06-10 06:19:59.278 19204 19270 E AndroidRuntime: 	at abc.def.ghi.MainService_Login.LoadData(MainService_Login.java:106)
06-10 06:19:59.278 19204 19270 E AndroidRuntime: 	at abc.def.ghi.MainService_Login.LoadData(MainService_Login.java:106)
06-10 06:19:59.278 19204 19270 E AndroidRuntime: 	at abc.def.ghi.MainService_Login.LoadData(MainService_Login.java:106)
06-10 06:19:59.278 19204 19270 E AndroidRuntime: 	at abc.def.ghi.MainService_Login.LoadData(MainService_Login.java:106)
06-10 06:19:59.278 19204 19270 E AndroidRuntime: 	at abc.def.ghi.MainService_Login.LoadData(MainService_Login.java:106)
06-10 06:19:59.278 19204 19270 E AndroidRuntime: 	at abc.def.ghi.MainService_Login.LoadData(MainService_Login.java:106)
06-10 06:19:59.278 19204 19270 E AndroidRuntime: 	at abc.def.ghi.MainService_Login.LoadData(MainService_Login.java:106)
06-10 06:19:59.278 19204 19270 E AndroidRuntime: 	at abc.def.ghi.MainService_Login.LoadData(MainService_Login.java:106)
06-10 06:19:59.278 19204 19270 E AndroidRuntime: 	at abc.def.ghi.MainService_Login.LoadData(MainService_Login.java:106)
06-10 06:19:59.278 19204 19270 E AndroidRuntime: 	at abc.def.ghi.MainService_Login.LoadData(MainService_Login.java:106)
06-10 06:19:59.278 19204 19270 E AndroidRuntime: 	at abc.def.ghi.MainService_Login.LoadData(MainService_Login.java:106)
06-10 06:19:59.278 19204 19270 E AndroidRuntime: 	at abc.def.ghi.MainService_Login.LoadData(MainService_Login.java:106)
06-10 06:19:59.278 19204 19270 E AndroidRuntime: 	at abc.def.ghi.MainService_Login.LoadData(MainService_Login.java:106)
06-10 06:19:59.278 19204 19270 E AndroidRuntime: 	at abc.def.ghi.MainService_Login.LoadData(MainService_Login.java:106)
06-10 06:19:59.278 19204 19270 E AndroidRuntime: 	at abc.def.ghi.MainService_Login.LoadData(MainService_Login.java:106)
06-10 06:19:59.278 19204 19270 E AndroidRuntime: 	at abc.def.ghi.MainService_Login.LoadData(MainService_Login.java:106)
06-10 06:19:59.278 19204 19270 E AndroidRuntime: 	at abc.def.ghi.MainService_Login.LoadData(MainService_Login.java:106)
06-10 06:19:59.278 19204 19270 E AndroidRuntime: 	at abc.def.ghi.MainService_Login.LoadData(MainService_Login.java:106)
06-10 06:19:59.278 19204 19270 E AndroidRuntime: 	at abc.def.ghi.MainService_Login.LoadData(MainService_Login.java:106)
06-10 06:19:59.393 19204 19270 I chatty  : uid=10296 abc.def.ghi:mainService identical 100 lines
06-10 06:19:59.393 19204 19270 E AndroidRuntime: 	at abc.def.ghi.MainService_Login.LoadData(MainService_Login.java:106)
06-10 06:19:59.393 19204 19270 E AndroidRuntime: 	at abc.def.ghi.MainService_Login.LoadData(MainService_Login.java:106)
06-10 06:19:59.393 19204 19270 E AndroidRuntime: 	at abc.def.ghi.MainService_Login.LoadData(MainService_Login.java:106)
06-10 06:19:59.393 19204 19270 E AndroidRuntime: 	at abc.def.ghi.MainService_Login.LoadData(MainService_Login.java:106)
06-10 06:19:59.393 19204 19270 E AndroidRuntime: 	at abc.def.ghi.MainService_Login.LoadData(MainService_Login.java:106)
06-10 06:19:59.393 19204 19270 E AndroidRuntime: 	at abc.def.ghi.MainService_Login.LoadData(MainService_Login.java:106)
06-10 06:19:59.393 19204 19270 E AndroidRuntime: 	at abc.def.ghi.MainService_Login.LoadData(MainService_Login.java:106)
06-10 06:19:59.393 19204 19270 E AndroidRuntime: 	at abc.def.ghi.MainService_Login.LoadData(MainService_Login.java:106)
06-10 06:19:59.393 19204 19270 E AndroidRuntime: 	at abc.def.ghi.MainService_Login.LoadData(MainService_Login.java:106)
06-10 06:19:59.393 19204 19270 E AndroidRuntime: 	at abc.def.ghi.MainService_Login.LoadData(MainService_Login.java:106)
06-10 06:19:59.393 19204 19270 E AndroidRuntime: 	at abc.def.ghi.MainService_Login.LoadData(MainService_Login.java:106)
06-10 06:19:59.393 19204 19270 E AndroidRuntime: 	at abc.def.ghi.MainService_Login.LoadData(MainService_Login.java:106)
06-10 06:19:59.393 19204 19270 E AndroidRuntime: 	at abc.def.ghi.MainService_Login.LoadData(MainService_Login.java:106)
06-10 06:19:59.393 19204 19270 E AndroidRuntime: 	at abc.def.ghi.MainService_Login.LoadData(MainService_Login.java:106)
06-10 06:19:59.393 19204 19270 E AndroidRuntime: 	at abc.def.ghi.MainService_Login.LoadData(MainService_Login.java:106)
06-10 06:19:59.393 19204 19270 E AndroidRuntime: 	at abc.def.ghi.MainService_Login.LoadData(MainService_Login.java:106)
06-10 06:19:59.393 19204 19270 E AndroidRuntime: 	at abc.def.ghi.MainService_Login.LoadData(MainService_Login.java:106)
06-10 06:19:59.393 19204 19270 E AndroidRuntime: 	at abc.def.ghi.MainService_Login.LoadData(MainService_Login.java:106)
06-10 06:19:59.393 19204 19270 E AndroidRuntime: 	at abc.def.ghi.MainService_Login.LoadData(MainService_Login.java:106)
06-10 06:19:59.393 19204 19270 E AndroidRuntime: 	at abc.def.ghi.MainService_Login.LoadData(MainService_Login.java:106)
06-10 06:19:59.393 19204 19270 E AndroidRuntime: 	at abc.def.ghi.MainService_Login.LoadData(MainService_Login.java:106)
06-10 06:19:59.393 19204 19270 E AndroidRuntime: 	at abc.def.ghi.MainService_Login.LoadData(MainService_Login.java:106)
06-10 06:19:59.393 19204 19270 E AndroidRuntime: 	at abc.def.ghi.MainService_Login.LoadData(MainService_Login.java:106)
06-10 06:19:59.393 19204 19270 E AndroidRuntime: 	at abc.def.ghi.MainService_Login.LoadData(MainService_Login.java:106)
06-10 06:19:59.393 19204 19270 E AndroidRuntime: 	at abc.def.ghi.MainService_Login.LoadData(MainService_Login.java:106)
06-10 06:19:59.393 19204 19270 E AndroidRuntime: 	at abc.def.ghi.MainService_Login.LoadData(MainService_Login.java:106)
06-10 06:19:59.393 19204 19270 E AndroidRuntime: 	at abc.def.ghi.MainService_Login.LoadData(MainService_Login.java:106)
06-10 06:19:59.393 19204 19270 E AndroidRuntime: 	at abc.def.ghi.MainService_Login.LoadData(MainService_Login.java:106)
06-10 06:19:59.393 19204 19270 E AndroidRuntime: 	at abc.def.ghi.MainService_Login.LoadData(MainService_Login.java:106)
06-10 06:19:59.393 19204 19270 E AndroidRuntime: 	at abc.def.ghi.MainService_Login.LoadData(MainService_Login.java:106)
06-10 06:19:59.393 19204 19270 E AndroidRuntime: 	at abc.def.ghi.MainService_Login.LoadData(MainService_Login.java:106)
06-10 06:19:59.393 19204 19270 E AndroidRuntime: 	at abc.def.ghi.MainService_Login.LoadData(MainService_Login.java:106)
06-10 06:19:59.393 19204 19270 E AndroidRuntime: 	at abc.def.ghi.MainService_Login.LoadData(MainService_Login.java:106)
06-10 06:19:59.393 19204 19270 E AndroidRuntime: 	at abc.def.ghi.MainService_Login.LoadData(MainService_Login.java:106)
06-10 06:19:59.393 19204 19270 E AndroidRuntime: 	at abc.def.ghi.MainService_Login.LoadData(MainService_Login.java:106)
06-10 06:19:59.393 19204 19270 E AndroidRuntime: 	at abc.def.ghi.MainService_Login.LoadData(MainService_Login.java:106)
06-10 06:19:59.393 19204 19270 E AndroidRuntime: 	at abc.def.ghi.MainService_Login.LoadData(MainService_Login.java:106)
06-10 06:19:59.393 19204 19270 E AndroidRuntime: 	at abc.def.ghi.MainService_Login.LoadData(MainService_Login.java:106)
06-10 06:19:59.393 19204 19270 E AndroidRuntime: 	at abc.def.ghi.MainService_Login.LoadData(MainService_Login.java:106)
06-10 06:19:59.393 19204 19270 E AndroidRuntime: 	at abc.def.ghi.MainService_Login.LoadData(MainService_Login.java:106)
06-10 06:19:59.393 19204 19270 E AndroidRuntime: 	at abc.def.ghi.MainService_Login.LoadData(MainService_Login.java:106)
06-10 06:19:59.393 19204 19270 E AndroidRuntime: 	at abc.def.ghi.MainService_Login.LoadData(MainService_Login.java:106)
06-10 06:19:59.393 19204 19270 E AndroidRuntime: 	at abc.def.ghi.MainService_Login.LoadData(MainService_Login.java:106)
06-10 06:19:59.393 19204 19270 E AndroidRuntime: 	at abc.def.ghi.MainService_Login.LoadData(MainService_Login.java:106)
06-10 06:19:59.393 19204 19270 E AndroidRuntime: 	at abc.def.ghi.MainService_Login.LoadData(MainService_Login.java:106)
06-10 06:19:59.393 19204 19270 E AndroidRuntime: 	at abc.def.ghi.MainService_Login.LoadData(MainService_Login.java:106)
06-10 06:19:59.393 19204 19270 E AndroidRuntime: 	at abc.def.ghi.MainService_Login.LoadData(MainService_Login.java:106)
06-10 06:19:59.393 19204 19270 E AndroidRuntime: 	at abc.def.ghi.MainService_Login.LoadData(MainService_Login.java:106)
06-10 06:19:59.393 19204 19270 E AndroidRuntime: 	at abc.def.ghi.MainService_Login.LoadData(MainService_Login.java:106)
06-10 06:19:59.393 19204 19270 E AndroidRuntime: 	at abc.def.ghi.MainService_Login.LoadData(MainService_Login.java:106)
06-10 06:19:59.393 19204 19270 E AndroidRuntime: 	at abc.def.ghi.MainService_Login.LoadData(MainService_Login.java:106)
06-10 06:19:59.393 19204 19270 E AndroidRuntime: 	at abc.def.ghi.MainService_Login.LoadData(MainService_Login.java:106)
06-10 06:19:59.393 19204 19270 E AndroidRuntime: 	at abc.def.ghi.MainService_Login.LoadData(MainService_Login.java:106)
06-10 06:19:59.393 19204 19270 E AndroidRuntime: 	at abc.def.ghi.MainService_Login.LoadData(MainService_Login.java:106)
06-10 06:19:59.393 19204 19270 E AndroidRuntime: 	at abc.def.ghi.MainService_Login.LoadData(MainService_Login.java:106)
06-10 06:19:59.393 19204 19270 E AndroidRuntime: 	at abc.def.ghi.MainService_Login.LoadData(MainService_Login.java:106)
06-10 06:19:59.394 19204 19270 E AndroidRuntime: 	at abc.def.ghi.MainService_Login.LoadData(MainService_Login.java:106)
06-10 06:19:59.394 19204 19270 E AndroidRuntime: 	at abc.def.ghi.MainService_Login.LoadData(MainService_Login.java:106)
06-10 06:19:59.394 19204 19270 E AndroidRuntime: 	at abc.def.ghi.MainService_Login.LoadData(MainService_Login.java:106)
06-10 06:19:59.394 19204 19270 E AndroidRuntime: 	at abc.def.ghi.MainService_Login.LoadData(MainService_Login.java:106)
06-10 06:19:59.394 19204 19270 E AndroidRuntime: 	at abc.def.ghi.MainService_Login.LoadData(MainService_Login.java:106)
06-10 06:19:59.394 19204 19270 E AndroidRuntime: 	at abc.def.ghi.MainService_Login.LoadData(MainService_Login.java:106)
06-10 06:19:59.394 19204 19270 E AndroidRuntime: 	at abc.def.ghi.MainService_Login.LoadData(MainService_Login.java:106)
06-10 06:19:59.394 19204 19270 E AndroidRuntime: 	at abc.def.ghi.MainService_Login.LoadData(MainService_Login.java:106)
06-10 06:19:59.394 19204 19270 E AndroidRuntime: 	at abc.def.ghi.MainService_Login.LoadData(MainService_Login.java:106)
06-10 06:19:59.394 19204 19270 E AndroidRuntime: 	at abc.def.ghi.MainService_Login.LoadData(MainService_Login.java:106)
06-10 06:19:59.394 19204 19270 E AndroidRuntime: 	at abc.def.ghi.MainService_Login.LoadData(MainService_Login.java:106)
06-10 06:19:59.394 19204 19270 E AndroidRuntime: 	at abc.def.ghi.MainService_Login.LoadData(MainService_Login.java:106)
06-10 06:19:59.394 19204 19270 E AndroidRuntime: 	at abc.def.ghi.MainService_Login.LoadData(MainService_Login.java:106)
06-10 06:19:59.394 19204 19270 E AndroidRuntime: 	at abc.def.ghi.MainService_Login.LoadData(MainService_Login.java:106)
06-10 06:19:59.394 19204 19270 E AndroidRuntime: 	at abc.def.ghi.MainService_Login.LoadData(MainService_Login.java:106)
06-10 06:19:59.394 19204 19270 E AndroidRuntime: 	at abc.def.ghi.MainService_Login.LoadData(MainService_Login.java:106)
06-10 06:19:59.394 19204 19270 E AndroidRuntime: 	at abc.def.ghi.MainService_Login.LoadData(MainService_Login.java:106)
06-10 06:19:59.394 19204 19270 E AndroidRuntime: 	at abc.def.ghi.MainService_Login.access$000(MainService_Login.java:26)
06-10 06:19:59.394 19204 19270 E AndroidRuntime: 	at abc.def.ghi.MainService_Login$1.run(MainService_Login.java:68)
06-10 06:19:59.394 19204 19270 E AndroidRuntime: 	at java.lang.Thread.run(Thread.java:784)
06-10 06:19:59.535  1413  2602 I chatty  : uid=1000(system) Binder:1413_B expire 3 lines
06-10 06:20:54.738  2577  2723 E KernelCpuSpeedReader: Failed to read cpu-freq: /sys/devices/system/cpu/cpu0/cpufreq/stats/time_in_state (No such file or directory)
06-10 06:20:54.738  2577  2723 E KernelCpuSpeedReader: Failed to read cpu-freq: /sys/devices/system/cpu/cpu4/cpufreq/stats/time_in_state (No such file or directory)
06-10 06:21:06.261  1413  2575 I chatty  : uid=1000(system) Binder:1413_9 expire 16 lines
06-10 06:21:07.422  1413 15496 I chatty  : uid=1000(system) Binder:1413_1D expire 12 lines
06-10 06:21:11.137  1413  1936 I chatty  : uid=1000(system) ActivityManager expire 6 lines
06-10 06:22:54.808  2577  2723 E KernelCpuSpeedReader: Failed to read cpu-freq: /sys/devices/system/cpu/cpu0/cpufreq/stats/time_in_state (No such file or directory)
06-10 06:22:54.809  2577  2723 E KernelCpuSpeedReader: Failed to read cpu-freq: /sys/devices/system/cpu/cpu4/cpufreq/stats/time_in_state (No such file or directory)
06-10 06:23:22.465  1413 15496 I chatty  : uid=1000(system) Binder:1413_1D expire 17 lines
06-10 06:23:22.481  1413  1413 I chatty  : uid=1000 system_server expire 10 lines
06-10 06:24:18.015  1413  6374 I chatty  : uid=1000(system) Binder:1413_13 expire 8 lines
06-10 06:24:54.883  2577  2723 E KernelCpuSpeedReader: Failed to read cpu-freq: /sys/devices/system/cpu/cpu0/cpufreq/stats/time_in_state (No such file or directory)
06-10 06:24:54.884  2577  2723 E KernelCpuSpeedReader: Failed to read cpu-freq: /sys/devices/system/cpu/cpu4/cpufreq/stats/time_in_state (No such file or directory)
06-10 06:24:55.949  1413  2467 I chatty  : uid=1000(system) watchdog expire 2 lines
06-10 06:25:54.211  1413  4686 I chatty  : uid=1000(system) Binder:1413_10 expire 14 lines
06-10 06:25:55.399  1413 15496 I chatty  : uid=1000(system) Binder:1413_1D expire 15 lines
06-10 06:25:55.955  1413  2467 I chatty  : uid=1000(system) watchdog expire 10 lines
06-10 06:25:59.070  1413  1936 I chatty  : uid=1000(system) ActivityManager expire 10 lines
06-10 06:26:22.006  1413  1413 I chatty  : uid=1000 system_server expire 16 lines
06-10 06:26:54.962  2577  2723 E KernelCpuSpeedReader: Failed to read cpu-freq: /sys/devices/system/cpu/cpu0/cpufreq/stats/time_in_state (No such file or directory)
06-10 06:26:54.963  2577  2723 E KernelCpuSpeedReader: Failed to read cpu-freq: /sys/devices/system/cpu/cpu4/cpufreq/stats/time_in_state (No such file or directory)
06-10 06:27:22.065  1413  4686 I chatty  : uid=1000(system) Binder:1413_10 expire 2 lines
06-10 06:27:30.312  1413  7249 I chatty  : uid=1000(system) Binder:1413_15 expire 88 lines
06-10 06:27:30.323  1413  6374 I chatty  : uid=1000(system) Binder:1413_13 expire 10 lines
06-10 06:28:55.063  2577  2723 E KernelCpuSpeedReader: Failed to read cpu-freq: /sys/devices/system/cpu/cpu0/cpufreq/stats/time_in_state (No such file or directory)
06-10 06:28:55.064  2577  2723 E KernelCpuSpeedReader: Failed to read cpu-freq: /sys/devices/system/cpu/cpu4/cpufreq/stats/time_in_state (No such file or directory)
06-10 06:29:06.659  1413  6374 I chatty  : uid=1000(system) Binder:1413_13 expire 17 lines
06-10 06:29:07.811  1413  2575 I chatty  : uid=1000(system) Binder:1413_9 expire 8 lines
06-10 06:30:22.247  1413  2602 I chatty  : uid=1000(system) Binder:1413_B expire 7 lines
06-10 06:30:42.937  1413  2195 I chatty  : uid=1000(system) NetworkStats expire 9 lines
06-10 06:30:43.000  1413  2193 I chatty  : uid=1000(system) NetdConnector expire 6 lines
06-10 06:30:43.066  1413 15496 I chatty  : uid=1000(system) Binder:1413_1D expire 14 lines
06-10 06:30:43.085 23468 23468 D ActivityThread: Attach thread to application
