06-10 09:04:06.066  2577  2723 E KernelCpuSpeedReader: Failed to read cpu-freq: /sys/devices/system/cpu/cpu4/cpufreq/stats/time_in_state (No such file or directory)
06-10 09:04:06.066  1413  2190 I chatty  : uid=1000(system) VoldConnector expire 1 line
06-10 09:04:06.073  1413  1413 I chatty  : uid=1000 system_server expire 18 lines
06-10 09:04:06.074  1413  2214 I chatty  : uid=1000(system) WifiP2pService expire 6 lines
06-10 09:04:06.079  1413  4416 I chatty  : uid=1000(system) Binder:1413_F expire 2 lines
06-10 09:04:06.082  1413  2135 I chatty  : uid=1000(system) android.anim expire 16 lines
06-10 09:04:06.089  1413  1981 I chatty  : uid=1000(system) android.display expire 3 lines
06-10 09:04:06.147  2564  2729 I DeepNoDisturbP: handleStateChanged reason=2
06-10 09:04:06.147  2564  2729 I DeepNoDisturbSM: setScreenState isScreenOn=true
06-10 09:04:06.148  2564  2564 I DeepNoDisturbSM: IdleState processMessage msg.what=EVENT_SCREEN_ON
06-10 09:04:06.162  2564  2564 I DeepNoDisturbSM: isNetworkTypeSuitDeepNoDisturbMode networkType = 0
06-10 09:04:06.163  2564  2564 I DeepNoDisturbSM: isCorrectState=true mIsCallOn=false mGameStatus=0 defaultDataSubId=0 default4GSlotId=0 mIsDefaultDataOn=false mIsScreenOn=true deepNoDisturbModeProp=true isDeepNoDisturbSwitchOn=false isGameDndSwitchOn=true isNetworkTypeSuitDeepNoDisturbMode=false isAirplaneModeOn()=true
06-10 09:04:06.163  2564  2564 I DeepNoDisturbSM: isNeedEnterDeepNoDisturbMode false
06-10 09:04:06.163  2564  2564 D HwGameAssistantService: ScreenOnReceiver
06-10 09:04:06.280  1413  1937 I chatty  : uid=1000(system) android.ui expire 1 line
06-10 09:04:06.418  1413 16955 I chatty  : uid=1000(system) Binder:1413_1E expire 8 lines
06-10 09:04:08.501  1413  4686 I chatty  : uid=1000(system) Binder:1413_10 expire 4 lines
06-10 09:04:08.527  1413  1985 I chatty  : uid=1000(system) HwGameAssistant expire 2 lines
06-10 09:04:08.527  1413  1932 I chatty  : uid=1000(system) HwActivityManag expire 15 lines
06-10 09:04:08.614  2349  2349 V KeyguardDisplayManager: hide
06-10 09:04:08.621  2349  2349 V KeyguardViewMediator: updateInputRestrictedLocked 1 isInputApp = false, inputRestricted = false
06-10 09:04:08.632  1413  7249 I chatty  : uid=1000(system) Binder:1413_15 expire 16 lines
06-10 09:04:08.642  1413  1936 I chatty  : uid=1000(system) ActivityManager expire 3 lines
06-10 09:04:11.663  1413  2614 I chatty  : uid=1000(system) Binder:1413_C expire 26 lines
06-10 09:04:11.701  1413 27643 I chatty  : uid=1000 system_server expire 1 line
06-10 09:04:11.806 27644 27644 D ActivityThread: Attach thread to application
06-10 09:04:11.835  2577  2723 E KernelCpuSpeedReader: Failed to read cpu-freq: /sys/devices/system/cpu/cpu0/cpufreq/stats/time_in_state (No such file or directory)
06-10 09:04:11.835  2577  2723 E KernelCpuSpeedReader: Failed to read cpu-freq: /sys/devices/system/cpu/cpu4/cpufreq/stats/time_in_state (No such file or directory)
06-10 09:04:11.868  2508  3120 I HwNetworkPolicyManager: getHwUidPolicy uid = 10296 policy = 0
06-10 09:04:11.962 27644 27644 V ActivityThread: Skipping new config:{1.0 ?mcc?mnc [zh_CN_#Hans] ldltr sw360dp w360dp h692dp 320dpi nrml long port finger -keyb/v/h -nav/h appBounds=Rect(0, 0 - 720, 1440) nonFullScreen=0 suim:1 s.75}, config:{1.0 ?mcc?mnc [zh_CN_#Hans] ldltr sw360dp w360dp h692dp 320dpi nrml long port finger -keyb/v/h -nav/h appBounds=Rect(0, 0 - 720, 1440) nonFullScreen=0 suim:1 s.75} for app:abc.def.ghi
06-10 09:04:12.055 27644 27644 V ActivityThread: callActivityOnCreate
06-10 09:04:12.344 27644 27644 D ActivityThread: add activity client record, r= ActivityRecord{967f036 token=android.os.BinderProxy@6aa0c7b {abc.def.ghi/abc.def.ghi.MainActivity}} token= android.os.BinderProxy@6aa0c7b
06-10 09:04:12.378 27672 27672 D ActivityThread: Attach thread to application
06-10 09:04:12.430 27690 27690 D ActivityThread: Attach thread to application
06-10 09:04:12.461  2349  3196 I CommandQueue: updateBarBgColor
06-10 09:04:12.461  2349  3196 D CommandQueue: CommandQueue, setBarBackgroundColor
06-10 09:04:12.514  1413  2315 I chatty  : uid=1000(system) Binder:1413_4 expire 7 lines
06-10 09:04:12.533 27690 27690 V ActivityThread: Skipping new config:{1.0 ?mcc?mnc [zh_CN_#Hans] ldltr sw360dp w360dp h692dp 320dpi nrml long port finger -keyb/v/h -nav/h appBounds=Rect(0, 0 - 720, 1440) nonFullScreen=0 suim:1 s.75}, config:{1.0 ?mcc?mnc [zh_CN_#Hans] ldltr sw360dp w360dp h692dp 320dpi nrml long port finger -keyb/v/h -nav/h appBounds=Rect(0, 0 - 720, 1440) nonFullScreen=0 suim:1 s.75} for app:com.android.packageinstaller
06-10 09:04:12.539  2577  2723 E KernelCpuSpeedReader: Failed to read cpu-freq: /sys/devices/system/cpu/cpu0/cpufreq/stats/time_in_state (No such file or directory)
06-10 09:04:12.540  2577  2723 E KernelCpuSpeedReader: Failed to read cpu-freq: /sys/devices/system/cpu/cpu4/cpufreq/stats/time_in_state (No such file or directory)
06-10 09:04:12.566  1413  4691 I chatty  : uid=1000(system) Binder:1413_11 expire 2 lines
06-10 09:04:12.566  2508  3120 I HwNetworkPolicyManager: getHwUidPolicy uid = 10037 policy = 0
06-10 09:04:12.576 27690 27690 V ActivityThread: callActivityOnCreate
06-10 09:04:12.619  1413  2135 I chatty  : uid=1000(system) android.anim expire 22 lines
06-10 09:04:12.620  1413  4686 I chatty  : uid=1000(system) Binder:1413_10 expire 31 lines
06-10 09:04:12.645  1413  1447 I chatty  : uid=1000(system) Binder:1413_2 expire 7 lines
06-10 09:04:12.647  1413  1413 I chatty  : uid=1000 system_server expire 5 lines
06-10 09:04:12.667  1413  3112 I chatty  : uid=1000(system) Binder:1413_E expire 1 line
06-10 09:04:12.681  1413  2315 I chatty  : uid=1000(system) Binder:1413_4 expire 8 lines
06-10 09:04:12.696  1413  4697 I chatty  : uid=1000(system) Binder:1413_12 expire 37 lines
06-10 09:04:12.776 27690 27690 D ActivityThread: add activity client record, r= ActivityRecord{3d25500 token=android.os.BinderProxy@2f71214 {com.android.packageinstaller/com.android.packageinstaller.permission.ui.GrantPermissionsActivity}} token= android.os.BinderProxy@2f71214
06-10 09:04:12.807  1413  1932 I chatty  : uid=1000(system) HwActivityManag expire 12 lines
06-10 09:04:12.815  2577  2723 E KernelCpuSpeedReader: Failed to read cpu-freq: /sys/devices/system/cpu/cpu0/cpufreq/stats/time_in_state (No such file or directory)
06-10 09:04:12.816  2577  2723 E KernelCpuSpeedReader: Failed to read cpu-freq: /sys/devices/system/cpu/cpu4/cpufreq/stats/time_in_state (No such file or directory)
06-10 09:04:12.836  2508  3120 I HwNetworkPolicyManager: getHwUidPolicy uid = 10296 policy = 0
06-10 09:04:12.874 27644 27644 W ViewRootImpl[Toast]: EGLdebug relayoutWindow Surface isSurface(name=null)  (appName =abc.def.ghi) ( mSurfaceControllerIsValid =false) (mNativeObject  =0)/@0xb421379,viewVisibility is0
06-10 09:04:12.875 27672 27672 V ActivityThread: Skipping new config:{1.0 ?mcc?mnc [zh_CN_#Hans] ldltr sw360dp w360dp h692dp 320dpi nrml long port finger -keyb/v/h -nav/h appBounds=Rect(0, 0 - 720, 1440) nonFullScreen=0 suim:1 s.75}, config:{1.0 ?mcc?mnc [zh_CN_#Hans] ldltr sw360dp w360dp h692dp 320dpi nrml long port finger -keyb/v/h -nav/h appBounds=Rect(0, 0 - 720, 1440) nonFullScreen=0 suim:1 s.75} for app:abc.def.ghi
06-10 09:04:12.898 27644 27644 W ViewRootImpl[Toast]: EGLdebug relayoutWindow Surface isSurface(name=null)  (appName =abc.def.ghi) ( mSurfaceControllerIsValid =true) (mNativeObject  =755e55f000)/@0xb421379,relayoutResult is7
06-10 09:04:12.907 27672 27672 V ActivityThread: callActivityOnCreate
06-10 09:04:12.995 27672 27672 D ActivityThread: add activity client record, r= ActivityRecord{2770d2d token=android.os.BinderProxy@c47dfe {abc.def.ghi/abc.def.ghi.MainService_Activity}} token= android.os.BinderProxy@c47dfe
06-10 09:04:13.053 27690 27690 V ActivityThread: Skipping new config:{1.0 ?mcc?mnc [zh_CN_#Hans] ldltr sw360dp w360dp h692dp 320dpi nrml long port finger -keyb/v/h -nav/h appBounds=Rect(0, 0 - 720, 1440) nonFullScreen=0 suim:1 s.75}, config:{1.0 ?mcc?mnc [zh_CN_#Hans] ldltr sw360dp w360dp h692dp 320dpi nrml long port finger -keyb/v/h -nav/h appBounds=Rect(0, 0 - 720, 1440) nonFullScreen=0 suim:1 s.75} for app:com.android.packageinstaller
06-10 09:04:13.057  2577  2723 E KernelCpuSpeedReader: Failed to read cpu-freq: /sys/devices/system/cpu/cpu0/cpufreq/stats/time_in_state (No such file or directory)
06-10 09:04:13.057  2577  2723 E KernelCpuSpeedReader: Failed to read cpu-freq: /sys/devices/system/cpu/cpu4/cpufreq/stats/time_in_state (No such file or directory)
06-10 09:04:13.068 27690 27690 V ActivityThread: callActivityOnCreate
06-10 09:04:13.145 27690 27690 D ActivityThread: add activity client record, r= ActivityRecord{c8910ad token=android.os.BinderProxy@4746139 {com.android.packageinstaller/com.android.packageinstaller.permission.ui.GrantPermissionsActivity}} token= android.os.BinderProxy@4746139
06-10 09:04:13.149  1413 16955 I chatty  : uid=1000(system) Binder:1413_1E expire 16 lines
06-10 09:04:13.159 27672 27672 W ViewRootImpl[Toast]: EGLdebug relayoutWindow Surface isSurface(name=null)  (appName =abc.def.ghi) ( mSurfaceControllerIsValid =false) (mNativeObject  =0)/@0xd973bdc,viewVisibility is0
06-10 09:04:13.164  2577  2723 E KernelCpuSpeedReader: Failed to read cpu-freq: /sys/devices/system/cpu/cpu0/cpufreq/stats/time_in_state (No such file or directory)
06-10 09:04:13.165  2577  2723 E KernelCpuSpeedReader: Failed to read cpu-freq: /sys/devices/system/cpu/cpu4/cpufreq/stats/time_in_state (No such file or directory)
06-10 09:04:13.200 27672 27672 W ViewRootImpl[Toast]: EGLdebug relayoutWindow Surface isSurface(name=null)  (appName =abc.def.ghi) ( mSurfaceControllerIsValid =true) (mNativeObject  =755e4fc000)/@0xd973bdc,relayoutResult is7
06-10 09:04:13.228  1413  1985 I chatty  : uid=1000(system) HwGameAssistant expire 1 line
06-10 09:04:13.248  1413  2916 I chatty  : uid=1000(system) Binder:1413_D expire 15 lines
06-10 09:04:13.370 27672 27672 D ActivityThread: Remove activity client record, r= ActivityRecord{2770d2d token=android.os.BinderProxy@c47dfe {abc.def.ghi/abc.def.ghi.MainService_Activity}} token= android.os.BinderProxy@c47dfe
06-10 09:04:13.389 27690 27690 D ActivityThread: Remove activity client record, r= ActivityRecord{3d25500 token=android.os.BinderProxy@2f71214 {com.android.packageinstaller/com.android.packageinstaller.permission.ui.GrantPermissionsActivity}} token= android.os.BinderProxy@2f71214
06-10 09:04:13.393 27690 27690 D ActivityThread: Remove activity client record, r= ActivityRecord{c8910ad token=android.os.BinderProxy@4746139 {com.android.packageinstaller/com.android.packageinstaller.permission.ui.GrantPermissionsActivity}} token= android.os.BinderProxy@4746139
06-10 09:04:13.949  1413 16955 I chatty  : uid=1000(system) Binder:1413_1E expire 12 lines
06-10 09:04:15.046  1413  1413 I chatty  : uid=1000 system_server expire 10 lines
06-10 09:04:15.124  1413  2135 I chatty  : uid=1000(system) android.anim expire 12 lines
06-10 09:04:17.843  1413  4697 I chatty  : uid=1000(system) Binder:1413_12 expire 15 lines
06-10 09:04:17.987  1413  2315 I chatty  : uid=1000(system) Binder:1413_4 expire 19 lines
06-10 09:04:22.992 27672 27672 W ViewRootImpl[Toast]: EGLdebug relayoutWindow Surface isSurface(name=null)  (appName =abc.def.ghi) ( mSurfaceControllerIsValid =false) (mNativeObject  =0)/@0x34a39c8,viewVisibility is0
06-10 09:04:23.018 27672 27672 W ViewRootImpl[Toast]: EGLdebug relayoutWindow Surface isSurface(name=null)  (appName =abc.def.ghi) ( mSurfaceControllerIsValid =true) (mNativeObject  =755e4fc000)/@0x34a39c8,relayoutResult is7
06-10 09:04:27.002  1413  2467 I chatty  : uid=1000(system) watchdog expire 3 lines
06-10 09:04:33.037 27672 27672 W ViewRootImpl[Toast]: EGLdebug relayoutWindow Surface isSurface(name=null)  (appName =abc.def.ghi) ( mSurfaceControllerIsValid =false) (mNativeObject  =0)/@0xbad2a74,viewVisibility is0
06-10 09:04:33.067 27672 27672 W ViewRootImpl[Toast]: EGLdebug relayoutWindow Surface isSurface(name=null)  (appName =abc.def.ghi) ( mSurfaceControllerIsValid =true) (mNativeObject  =755e4fc000)/@0xbad2a74,relayoutResult is7
06-10 09:04:35.015  1413  1413 I chatty  : uid=1000 system_server expire 11 lines
06-10 09:04:43.075 27672 27672 W ViewRootImpl[Toast]: EGLdebug relayoutWindow Surface isSurface(name=null)  (appName =abc.def.ghi) ( mSurfaceControllerIsValid =false) (mNativeObject  =0)/@0xbac79e0,viewVisibility is0
06-10 09:04:43.090  1413  4697 I chatty  : uid=1000(system) Binder:1413_12 expire 14 lines
06-10 09:04:43.102 27672 27672 W ViewRootImpl[Toast]: EGLdebug relayoutWindow Surface isSurface(name=null)  (appName =abc.def.ghi) ( mSurfaceControllerIsValid =true) (mNativeObject  =755e4fc000)/@0xbac79e0,relayoutResult is7
06-10 09:04:53.139 27672 27672 W ViewRootImpl[Toast]: EGLdebug relayoutWindow Surface isSurface(name=null)  (appName =abc.def.ghi) ( mSurfaceControllerIsValid =false) (mNativeObject  =0)/@0x88f540c,viewVisibility is0
06-10 09:04:53.154  1413  2315 I chatty  : uid=1000(system) Binder:1413_4 expire 3 lines
06-10 09:04:53.165 27672 27672 W ViewRootImpl[Toast]: EGLdebug relayoutWindow Surface isSurface(name=null)  (appName =abc.def.ghi) ( mSurfaceControllerIsValid =true) (mNativeObject  =755e4fc000)/@0x88f540c,relayoutResult is7
06-10 09:04:55.175  1413  2135 I chatty  : uid=1000(system) android.anim expire 12 lines
06-10 09:05:01.829  2577  2723 E KernelCpuSpeedReader: Failed to read cpu-freq: /sys/devices/system/cpu/cpu0/cpufreq/stats/time_in_state (No such file or directory)
06-10 09:05:01.830  2577  2723 E KernelCpuSpeedReader: Failed to read cpu-freq: /sys/devices/system/cpu/cpu4/cpufreq/stats/time_in_state (No such file or directory)
06-10 09:05:01.855  2577  2723 E KernelCpuSpeedReader: Failed to read cpu-freq: /sys/devices/system/cpu/cpu0/cpufreq/stats/time_in_state (No such file or directory)
06-10 09:05:01.855  2577  2723 E KernelCpuSpeedReader: Failed to read cpu-freq: /sys/devices/system/cpu/cpu4/cpufreq/stats/time_in_state (No such file or directory)
06-10 09:05:03.154 27672 27672 W ViewRootImpl[Toast]: EGLdebug relayoutWindow Surface isSurface(name=null)  (appName =abc.def.ghi) ( mSurfaceControllerIsValid =false) (mNativeObject  =0)/@0x2e3a4f8,viewVisibility is0
06-10 09:05:03.178 27672 27672 W ViewRootImpl[Toast]: EGLdebug relayoutWindow Surface isSurface(name=null)  (appName =abc.def.ghi) ( mSurfaceControllerIsValid =true) (mNativeObject  =755e4fc000)/@0x2e3a4f8,relayoutResult is7
06-10 09:05:05.133  1413  1413 I chatty  : uid=1000 system_server expire 11 lines
06-10 09:05:13.190 27672 27672 W ViewRootImpl[Toast]: EGLdebug relayoutWindow Surface isSurface(name=null)  (appName =abc.def.ghi) ( mSurfaceControllerIsValid =false) (mNativeObject  =0)/@0x42a18a4,viewVisibility is0
06-10 09:05:13.203  1413  4697 I chatty  : uid=1000(system) Binder:1413_12 expire 6 lines
06-10 09:05:13.212 27672 27672 W ViewRootImpl[Toast]: EGLdebug relayoutWindow Surface isSurface(name=null)  (appName =abc.def.ghi) ( mSurfaceControllerIsValid =true) (mNativeObject  =755e4fc000)/@0x42a18a4,relayoutResult is7
06-10 09:05:23.228 27672 27672 W ViewRootImpl[Toast]: EGLdebug relayoutWindow Surface isSurface(name=null)  (appName =abc.def.ghi) ( mSurfaceControllerIsValid =false) (mNativeObject  =0)/@0xb421b10,viewVisibility is0
06-10 09:05:23.257 27672 27672 W ViewRootImpl[Toast]: EGLdebug relayoutWindow Surface isSurface(name=null)  (appName =abc.def.ghi) ( mSurfaceControllerIsValid =true) (mNativeObject  =755e4fc000)/@0xb421b10,relayoutResult is7
06-10 09:05:33.255  1413  2916 I chatty  : uid=1000(system) Binder:1413_D expire 24 lines
06-10 09:05:33.269 27672 27672 W ViewRootImpl[Toast]: EGLdebug relayoutWindow Surface isSurface(name=null)  (appName =abc.def.ghi) ( mSurfaceControllerIsValid =false) (mNativeObject  =0)/@0x395d83c,viewVisibility is0
06-10 09:05:33.289 27672 27672 W ViewRootImpl[Toast]: EGLdebug relayoutWindow Surface isSurface(name=null)  (appName =abc.def.ghi) ( mSurfaceControllerIsValid =true) (mNativeObject  =755e4fc000)/@0x395d83c,relayoutResult is7
06-10 09:05:33.311  1413  4697 I chatty  : uid=1000(system) Binder:1413_12 expire 11 lines
06-10 09:05:35.250  1413  1413 I chatty  : uid=1000 system_server expire 11 lines
06-10 09:05:35.325  1413  2135 I chatty  : uid=1000(system) android.anim expire 12 lines
06-10 09:05:43.295 27672 27672 W ViewRootImpl[Toast]: EGLdebug relayoutWindow Surface isSurface(name=null)  (appName =abc.def.ghi) ( mSurfaceControllerIsValid =false) (mNativeObject  =0)/@0x3063c28,viewVisibility is0
06-10 09:05:43.318 27672 27672 W ViewRootImpl[Toast]: EGLdebug relayoutWindow Surface isSurface(name=null)  (appName =abc.def.ghi) ( mSurfaceControllerIsValid =true) (mNativeObject  =755e4fc000)/@0x3063c28,relayoutResult is7
06-10 09:05:53.299  1413 16955 I chatty  : uid=1000(system) Binder:1413_1E expire 7 lines
06-10 09:05:53.319 27672 27672 W ViewRootImpl[Toast]: EGLdebug relayoutWindow Surface isSurface(name=null)  (appName =abc.def.ghi) ( mSurfaceControllerIsValid =false) (mNativeObject  =0)/@0xa96f2d4,viewVisibility is0
06-10 09:05:53.345 27672 27672 W ViewRootImpl[Toast]: EGLdebug relayoutWindow Surface isSurface(name=null)  (appName =abc.def.ghi) ( mSurfaceControllerIsValid =true) (mNativeObject  =755e4fc000)/@0xa96f2d4,relayoutResult is7
06-10 09:05:57.012  1413  2467 I chatty  : uid=1000(system) watchdog expire 1 line
06-10 09:06:03.330 27672 27672 W ViewRootImpl[Toast]: EGLdebug relayoutWindow Surface isSurface(name=null)  (appName =abc.def.ghi) ( mSurfaceControllerIsValid =false) (mNativeObject  =0)/@0x5da6840,viewVisibility is0
06-10 09:06:03.341  1413  4697 I chatty  : uid=1000(system) Binder:1413_12 expire 2 lines
06-10 09:06:03.350 27672 27672 W ViewRootImpl[Toast]: EGLdebug relayoutWindow Surface isSurface(name=null)  (appName =abc.def.ghi) ( mSurfaceControllerIsValid =true) (mNativeObject  =755e4fc000)/@0x5da6840,relayoutResult is7
06-10 09:06:03.403  1413  1413 I chatty  : uid=1000 system_server expire 10 lines
06-10 09:06:03.551  1413  2315 I chatty  : uid=1000(system) Binder:1413_4 expire 5 lines
06-10 09:06:06.064  2577  2723 E KernelCpuSpeedReader: Failed to read cpu-freq: /sys/devices/system/cpu/cpu0/cpufreq/stats/time_in_state (No such file or directory)
06-10 09:06:06.064  2577  2723 E KernelCpuSpeedReader: Failed to read cpu-freq: /sys/devices/system/cpu/cpu4/cpufreq/stats/time_in_state (No such file or directory)
06-10 09:06:13.368  1413  1447 I chatty  : uid=1000(system) Binder:1413_2 expire 8 lines
06-10 09:06:13.387 27672 27672 W ViewRootImpl[Toast]: EGLdebug relayoutWindow Surface isSurface(name=null)  (appName =abc.def.ghi) ( mSurfaceControllerIsValid =false) (mNativeObject  =0)/@0x51dc86c,viewVisibility is0
06-10 09:06:13.400  1413  2916 I chatty  : uid=1000(system) Binder:1413_D expire 5 lines
06-10 09:06:13.411 27672 27672 W ViewRootImpl[Toast]: EGLdebug relayoutWindow Surface isSurface(name=null)  (appName =abc.def.ghi) ( mSurfaceControllerIsValid =true) (mNativeObject  =755e4fc000)/@0x51dc86c,relayoutResult is7
06-10 09:06:15.441  1413  2135 I chatty  : uid=1000(system) android.anim expire 6 lines
06-10 09:06:23.415 27672 27672 W ViewRootImpl[Toast]: EGLdebug relayoutWindow Surface isSurface(name=null)  (appName =abc.def.ghi) ( mSurfaceControllerIsValid =false) (mNativeObject  =0)/@0xe54ff58,viewVisibility is0
06-10 09:06:23.434 27672 27672 W ViewRootImpl[Toast]: EGLdebug relayoutWindow Surface isSurface(name=null)  (appName =abc.def.ghi) ( mSurfaceControllerIsValid =true) (mNativeObject  =755e4fc000)/@0xe54ff58,relayoutResult is7
06-10 09:06:24.980  1413  2185 I chatty  : uid=1000(system) InputDispatcher expire 2 lines
06-10 09:06:25.130  1413  4686 I chatty  : uid=1000(system) Binder:1413_10 expire 12 lines
06-10 09:06:25.131  1413  4691 I chatty  : uid=1000(system) Binder:1413_11 expire 16 lines
06-10 09:06:25.161  1413  1932 I chatty  : uid=1000(system) HwActivityManag expire 6 lines
06-10 09:06:25.176  2577  2723 E KernelCpuSpeedReader: Failed to read cpu-freq: /sys/devices/system/cpu/cpu0/cpufreq/stats/time_in_state (No such file or directory)
06-10 09:06:25.177  2577  2723 E KernelCpuSpeedReader: Failed to read cpu-freq: /sys/devices/system/cpu/cpu4/cpufreq/stats/time_in_state (No such file or directory)
06-10 09:06:25.211  1413  1981 I chatty  : uid=1000(system) android.display expire 1 line
06-10 09:06:25.221  1413  1985 I chatty  : uid=1000(system) HwGameAssistant expire 1 line
06-10 09:06:25.224  1413  1936 I chatty  : uid=1000(system) ActivityManager expire 1 line
06-10 09:06:25.225  1413  2614 I chatty  : uid=1000(system) Binder:1413_C expire 1 line
06-10 09:06:25.225  2508  3120 I HwNetworkPolicyManager: getHwUidPolicy uid = 10059 policy = 0
06-10 09:06:25.270  1413 15496 I chatty  : uid=1000(system) Binder:1413_1D expire 1 line
06-10 09:06:25.307  2349  3196 I CommandQueue: updateBarBgColor
06-10 09:06:25.307  2349  3196 D CommandQueue: CommandQueue, setBarBackgroundColor
06-10 09:06:25.383  1413  1413 I chatty  : uid=1000 system_server expire 28 lines
06-10 09:06:25.438  1413  2575 I chatty  : uid=1000(system) Binder:1413_9 expire 6 lines
06-10 09:06:25.448  1413  2135 I chatty  : uid=1000(system) android.anim expire 3 lines
06-10 09:06:25.465 28012 28012 D ActivityThread: Attach thread to application
06-10 09:06:27.013  1413  2467 I chatty  : uid=1000(system) watchdog expire 1 line
06-10 09:06:28.418  1413 15496 I chatty  : uid=1000(system) Binder:1413_1D expire 5 lines
06-10 09:06:28.466   754   754 I vendor.huawei.hardware.wifi@1.1-service: Wifi HAL started
06-10 09:06:28.525   754   754 E vendor.huawei.hardware.wifi@1.1-service: change driver state enter , state =start: No such file or directory
06-10 09:06:28.729  1413  2193 I chatty  : uid=1000(system) NetdConnector expire 62 lines
06-10 09:06:28.732  1413  1979 I chatty  : uid=1000(system) android.fg expire 19 lines
06-10 09:06:28.752  1413  2195 I chatty  : uid=1000(system) NetworkStats expire 8 lines
06-10 09:06:28.766  1413  4686 I chatty  : uid=1000(system) Binder:1413_10 expire 1 line
06-10 09:06:28.829   877   877 I wificond: create scanner for interface with index: 24
06-10 09:06:28.829   877   877 I wificond: subscribe scan result for interface with index: 24
06-10 09:06:28.857   877   877 E wificond: No Offload Service available
06-10 09:06:28.857   877   877 I wificond: Offload HAL not supported 
06-10 09:06:28.862  1413  2199 I chatty  : uid=1000(system) WifiStateMachin expire 8 lines
06-10 09:06:28.878   877   877 W wificond: enter StartSupplicant ...
06-10 09:06:28.886   877   877 W wificond: wifi_start_supplicant try to wait start
06-10 09:06:29.229  1413  2214 I chatty  : uid=1000(system) WifiP2pService expire 40 lines
06-10 09:06:29.245  1413  1981 I chatty  : uid=1000(system) android.display expire 5 lines
06-10 09:06:29.305  1413  2212 I chatty  : uid=1000(system) WifiScanningSer expire 2 lines
06-10 09:06:29.330 28080 28080 D ActivityThread: Attach thread to application
06-10 09:06:29.471  1413  4691 I chatty  : uid=1000(system) Binder:1413_11 expire 1 line
06-10 09:06:29.581   877   877 W wificond: Scan is not started. Ignore abort request
06-10 09:06:29.620  1413  1936 I chatty  : uid=1000(system) ActivityManager expire 8 lines
06-10 09:06:29.893  1413  2217 I chatty  : uid=1000(system) ConnectivitySer expire 12 lines
06-10 09:06:29.911  1413  2207 I chatty  : uid=1000(system) IpManager.wlan0 expire 6 lines
06-10 09:06:30.026  1413 28100 I chatty  : uid=1000(system) DhcpClient expire 9 lines
06-10 09:06:30.205  1413  1979 I chatty  : uid=1000(system) android.fg expire 5 lines
06-10 09:06:30.212  1413  2207 I chatty  : uid=1000(system) IpManager.wlan0 expire 1 line
06-10 09:06:30.218  1413  2217 I chatty  : uid=1000(system) ConnectivitySer expire 73 lines
06-10 09:06:30.235  1413  2193 I chatty  : uid=1000(system) NetdConnector expire 35 lines
06-10 09:06:30.240  1413  2199 I chatty  : uid=1000(system) WifiStateMachin expire 9 lines
06-10 09:06:30.248  1413  1413 I chatty  : uid=1000 system_server expire 11 lines
06-10 09:06:30.261  1413  1936 I chatty  : uid=1000(system) ActivityManager expire 5 lines
06-10 09:06:30.268  1413  4691 I chatty  : uid=1000(system) Binder:1413_11 expire 5 lines
06-10 09:06:30.311  1413  3112 I chatty  : uid=1000(system) Binder:1413_E expire 3 lines
06-10 09:06:30.351   612   618 E NetlinkEvent: NetlinkEvent::FindParam(): Parameter 'INTERFACE' not found
06-10 09:06:30.352   612   618 E NetlinkEvent: NetlinkEvent::FindParam(): Parameter 'STATE' not found
06-10 09:06:30.352   612   618 E NetlinkEvent: NetlinkEvent::FindParam(): Parameter 'TIME_NS' not found
06-10 09:06:30.352   612   618 E NetlinkEvent: NetlinkEvent::FindParam(): Parameter 'UID' not found
06-10 09:06:30.384  1413  2196 I chatty  : uid=1000(system) NetworkPolicy expire 4 lines
06-10 09:06:30.574  1413 28098 I chatty  : uid=1000(system) NetworkMonitorN expire 2 lines
06-10 09:06:30.577 28119 28119 D ActivityThread: Attach thread to application
06-10 09:06:30.641  2594  2594 I Telephony-PstnPhoneCapabilitiesNotifier: handleVideoCapabilitesChanged. Video capability - false
06-10 09:06:30.706 28119 28119 W ContextImpl: Calling a method in the system process without a qualified user: android.app.ContextImpl.bindService:1788 android.content.ContextWrapper.bindService:691 com.huawei.hwid.api.common.a.e:217 com.huawei.hwid.api.common.a.d:204 com.huawei.hwid.api.common.a.b:32 
06-10 09:06:30.764  1413  2212 I chatty  : uid=1000(system) WifiScanningSer expire 1 line
06-10 09:06:30.777  1413  4697 I chatty  : uid=1000(system) Binder:1413_12 expire 8 lines
06-10 09:06:30.788 28127 28127 D ActivityThread: Attach thread to application
06-10 09:06:30.791  1413 15496 I chatty  : uid=1000(system) Binder:1413_1D expire 3 lines
06-10 09:06:30.801  1413  4416 I chatty  : uid=1000(system) Binder:1413_F expire 3 lines
06-10 09:06:30.913  1413  4686 I chatty  : uid=1000(system) Binder:1413_10 expire 3 lines
06-10 09:06:30.931  6055  6084 W ContextImpl: Calling a method in the system process without a qualified user: android.app.ContextImpl.sendBroadcast:1110 android.content.ContextWrapper.sendBroadcast:437 com.huawei.android.pushagent.model.channel.entity.a.c.qq:472 com.huawei.android.pushagent.model.channel.entity.a.c.qc:438 com.huawei.android.pushagent.model.channel.entity.a.qt:50 
06-10 09:06:31.119  1413  2562 I chatty  : uid=1000(system) Binder:1413_8 expire 5 lines
06-10 09:06:31.143  6055  6084 W ContextImpl: Calling a method in the system process without a qualified user: android.app.ContextImpl.sendBroadcast:1110 android.content.ContextWrapper.sendBroadcast:437 com.huawei.android.pushagent.utils.d.gb:761 com.huawei.android.pushagent.model.a.e.hw:117 com.huawei.android.pushagent.model.a.e.hn:89 
06-10 09:06:31.168  6055  6084 W ContextImpl: Calling a method in the system process without a qualified user: android.app.ContextImpl.sendBroadcast:1110 android.content.ContextWrapper.sendBroadcast:437 com.huawei.android.pushagent.utils.d.gb:761 com.huawei.android.pushagent.model.a.e.hw:117 com.huawei.android.pushagent.model.a.e.hn:89 
06-10 09:06:31.186  1413  2193 I chatty  : uid=1000(system) NetdConnector expire 75 lines
06-10 09:06:31.188  1413  1979 I chatty  : uid=1000(system) android.fg expire 4 lines
06-10 09:06:31.191  1413  2217 I chatty  : uid=1000(system) ConnectivitySer expire 96 lines
06-10 09:06:31.197  6055  6084 W ContextImpl: Calling a method in the system process without a qualified user: android.app.ContextImpl.sendBroadcast:1110 android.content.ContextWrapper.sendBroadcast:437 com.huawei.android.pushagent.utils.d.gb:761 com.huawei.android.pushagent.model.a.f.hx:92 com.huawei.android.pushagent.model.a.f.hn:70 
06-10 09:06:31.203 28189 28189 D ActivityThread: Attach thread to application
06-10 09:06:31.204  1413  4697 I chatty  : uid=1000(system) Binder:1413_12 expire 3 lines
06-10 09:06:31.280  1413  1413 I chatty  : uid=1000 system_server expire 3 lines
06-10 09:06:31.280  1413  4686 I chatty  : uid=1000(system) Binder:1413_10 expire 8 lines
06-10 09:06:31.306  1413  4416 I chatty  : uid=1000(system) Binder:1413_F expire 2 lines
06-10 09:06:31.313 28119 28119 W ContextImpl: Calling a method in the system process without a qualified user: android.app.ContextImpl.startService:1708 android.content.ContextWrapper.startService:657 com.huawei.trustcircle.tcis.TCUpdateService.startTCService:88 com.huawei.trustcircle.tcis.TCUpdateService.access$000:17 com.huawei.trustcircle.tcis.TCUpdateService$1.onResponse:59 
06-10 09:06:31.314  1413 15496 I chatty  : uid=1000(system) Binder:1413_1D expire 6 lines
06-10 09:06:31.424 28224 28224 D ActivityThread: Attach thread to application
06-10 09:06:31.673  1413  2212 I chatty  : uid=1000(system) WifiScanningSer expire 1 line
06-10 09:06:32.022  2508  2508 W ContextImpl: Calling a method in the system process without a qualified user: android.app.ContextImpl.startService:1708 android.content.ContextWrapper.startService:657 com.huawei.systemmanager.rainbow.client.background.service.CloudBroadcastHandlerService$1.onReceive:69 android.app.LoadedApk$ReceiverDispatcher$Args.lambda$-android_app_LoadedApk$ReceiverDispatcher$Args_59936:1459 android.app.-$Lambda$aS31cHIhRx41653CMnd4gZqshIQ.$m$7:4 
06-10 09:06:32.049 28224 28277 W PackageParser: Unknown element under <manifest>: queries at /data/user_de/0/com.huawei.android.hsf/modules/external/huawei_module_networkkit/70001303/com.huawei.hms.networkkit-70001303.apk Binary XML file line #14
06-10 09:06:32.117 28296 28296 D ActivityThread: Attach thread to application
06-10 09:06:32.666  1413  2217 I chatty  : uid=1000(system) ConnectivitySer expire 12 lines
06-10 09:06:32.680  1413  4697 I chatty  : uid=1000(system) Binder:1413_12 expire 14 lines
06-10 09:06:32.683  1413 28100 I chatty  : uid=1000(system) DhcpClient expire 4 lines
06-10 09:06:32.941  1413  4416 I chatty  : uid=1000(system) Binder:1413_F expire 2 lines
06-10 09:06:33.643  1413  1936 I chatty  : uid=1000(system) ActivityManager expire 2 lines
06-10 09:06:34.351  1413  4686 I chatty  : uid=1000(system) Binder:1413_10 expire 1 line
06-10 09:06:34.537  1413  2562 I chatty  : uid=1000(system) Binder:1413_8 expire 13 lines
06-10 09:06:34.565 28421 28421 D ActivityThread: Attach thread to application
06-10 09:06:35.917  1413 15496 I chatty  : uid=1000(system) Binder:1413_1D expire 4 lines
06-10 09:06:37.002  1413  1413 I chatty  : uid=1000 system_server expire 7 lines
06-10 09:06:38.397 28119 28119 W ContextImpl: Calling a method in the system process without a qualified user: android.app.ContextImpl.stopService:1720 android.content.ContextWrapper.stopService:667 com.huawei.trustcircle.TCSessionManager.onFinished:144 com.huawei.trustcircle.TCSessionLogin.finish:359 com.huawei.trustcircle.TCSessionLogin.onError:330 
06-10 09:06:40.052  1413  4691 I chatty  : uid=1000(system) Binder:1413_11 expire 28 lines
06-10 09:06:40.067  1413  1932 I chatty  : uid=1000(system) HwActivityManag expire 6 lines
06-10 09:06:40.077  1413  2135 I chatty  : uid=1000(system) android.anim expire 9 lines
06-10 09:06:40.087  1413 28521 I chatty  : uid=1000 system_server expire 1 line
06-10 09:06:40.159 28522 28522 D ActivityThread: Attach thread to application
06-10 09:06:40.177  2577  2723 E KernelCpuSpeedReader: Failed to read cpu-freq: /sys/devices/system/cpu/cpu0/cpufreq/stats/time_in_state (No such file or directory)
06-10 09:06:40.178  2577  2723 E KernelCpuSpeedReader: Failed to read cpu-freq: /sys/devices/system/cpu/cpu4/cpufreq/stats/time_in_state (No such file or directory)
06-10 09:06:40.198  1413  2602 I chatty  : uid=1000(system) Binder:1413_B expire 5 lines
06-10 09:06:40.199  2508  3120 I HwNetworkPolicyManager: getHwUidPolicy uid = 10296 policy = 0
06-10 09:06:40.291 28522 28522 V ActivityThread: Skipping new config:{1.0 ?mcc?mnc [zh_CN_#Hans] ldltr sw360dp w360dp h692dp 320dpi nrml long port finger -keyb/v/h -nav/h appBounds=Rect(0, 0 - 720, 1440) nonFullScreen=0 suim:1 s.75}, config:{1.0 ?mcc?mnc [zh_CN_#Hans] ldltr sw360dp w360dp h692dp 320dpi nrml long port finger -keyb/v/h -nav/h appBounds=Rect(0, 0 - 720, 1440) nonFullScreen=0 suim:1 s.75} for app:abc.def.ghi
06-10 09:06:40.343 28522 28522 V ActivityThread: callActivityOnCreate
06-10 09:06:40.587 28522 28522 D ActivityThread: add activity client record, r= ActivityRecord{42a18a4 token=android.os.BinderProxy@281395f {abc.def.ghi/abc.def.ghi.MainActivity}} token= android.os.BinderProxy@281395f
06-10 09:06:40.642  1413  1981 I chatty  : uid=1000(system) android.display expire 4 lines
06-10 09:06:40.715  1413  1985 I chatty  : uid=1000(system) HwGameAssistant expire 2 lines
06-10 09:06:40.715  1413  2476 I chatty  : uid=1000(system) NetworkTimeUpda expire 2 lines
06-10 09:06:40.718  1413  1932 I chatty  : uid=1000(system) HwActivityManag expire 12 lines
06-10 09:06:40.723  1413  2602 I chatty  : uid=1000(system) Binder:1413_B expire 16 lines
06-10 09:06:40.738 27672 27672 V ActivityThread: Skipping new config:{1.0 ?mcc?mnc [zh_CN_#Hans] ldltr sw360dp w360dp h692dp 320dpi nrml long port finger -keyb/v/h -nav/h appBounds=Rect(0, 0 - 720, 1440) nonFullScreen=0 suim:1 s.75}, config:{1.0 ?mcc?mnc [zh_CN_#Hans] ldltr sw360dp w360dp h692dp 320dpi nrml long port finger -keyb/v/h -nav/h appBounds=Rect(0, 0 - 720, 1440) nonFullScreen=0 suim:1 s.75} for app:abc.def.ghi
06-10 09:06:40.749  1413  4691 I chatty  : uid=1000(system) Binder:1413_11 expire 2 lines
06-10 09:06:40.750  2508  3120 I HwNetworkPolicyManager: getHwUidPolicy uid = 10296 policy = 0
06-10 09:06:40.753 27672 27672 V ActivityThread: callActivityOnCreate
06-10 09:06:40.764  1413  2562 I chatty  : uid=1000(system) Binder:1413_8 expire 12 lines
06-10 09:06:40.804 27672 27672 D ActivityThread: add activity client record, r= ActivityRecord{d326122 token=android.os.BinderProxy@c6b904 {abc.def.ghi/abc.def.ghi.MainService_Activity}} token= android.os.BinderProxy@c6b904
06-10 09:06:40.829 27690 27690 V ActivityThread: Skipping new config:{1.0 ?mcc?mnc [zh_CN_#Hans] ldltr sw360dp w360dp h692dp 320dpi nrml long port finger -keyb/v/h -nav/h appBounds=Rect(0, 0 - 720, 1440) nonFullScreen=0 suim:1 s.75}, config:{1.0 ?mcc?mnc [zh_CN_#Hans] ldltr sw360dp w360dp h692dp 320dpi nrml long port finger -keyb/v/h -nav/h appBounds=Rect(0, 0 - 720, 1440) nonFullScreen=0 suim:1 s.75} for app:com.android.packageinstaller
06-10 09:06:40.833  2577  2723 E KernelCpuSpeedReader: Failed to read cpu-freq: /sys/devices/system/cpu/cpu0/cpufreq/stats/time_in_state (No such file or directory)
06-10 09:06:40.834  2577  2723 E KernelCpuSpeedReader: Failed to read cpu-freq: /sys/devices/system/cpu/cpu4/cpufreq/stats/time_in_state (No such file or directory)
06-10 09:06:40.849 27690 27690 V ActivityThread: callActivityOnCreate
06-10 09:06:40.861  1413  4416 I chatty  : uid=1000(system) Binder:1413_F expire 7 lines
06-10 09:06:40.861  2508  3120 I HwNetworkPolicyManager: getHwUidPolicy uid = 10037 policy = 0
06-10 09:06:40.941  1413 15496 I chatty  : uid=1000(system) Binder:1413_1D expire 1 line
06-10 09:06:40.952  1413  2135 I chatty  : uid=1000(system) android.anim expire 7 lines
06-10 09:06:40.959 27690 27690 D ActivityThread: add activity client record, r= ActivityRecord{c6e7d62 token=android.os.BinderProxy@c3effe2 {com.android.packageinstaller/com.android.packageinstaller.permission.ui.GrantPermissionsActivity}} token= android.os.BinderProxy@c3effe2
06-10 09:06:40.959  1413  4697 I chatty  : uid=1000(system) Binder:1413_12 expire 23 lines
06-10 09:06:40.972 27690 27690 V ActivityThread: Skipping new config:{1.0 ?mcc?mnc [zh_CN_#Hans] ldltr sw360dp w360dp h692dp 320dpi nrml long port finger -keyb/v/h -nav/h appBounds=Rect(0, 0 - 720, 1440) nonFullScreen=0 suim:1 s.75}, config:{1.0 ?mcc?mnc [zh_CN_#Hans] ldltr sw360dp w360dp h692dp 320dpi nrml long port finger -keyb/v/h -nav/h appBounds=Rect(0, 0 - 720, 1440) nonFullScreen=0 suim:1 s.75} for app:com.android.packageinstaller
06-10 09:06:40.977 27690 27690 V ActivityThread: callActivityOnCreate
06-10 09:06:41.013 27690 27690 D ActivityThread: add activity client record, r= ActivityRecord{4139147 token=android.os.BinderProxy@10b6ef3 {com.android.packageinstaller/com.android.packageinstaller.permission.ui.GrantPermissionsActivity}} token= android.os.BinderProxy@10b6ef3
06-10 09:06:41.015  1413  2375 I chatty  : uid=1000(system) Binder:1413_6 expire 11 lines
06-10 09:06:41.017  2349  2695 I CommandQueue: updateBarBgColor
06-10 09:06:41.017  2349  2695 D CommandQueue: CommandQueue, setBarBackgroundColor
06-10 09:06:41.022  2577  2723 E KernelCpuSpeedReader: Failed to read cpu-freq: /sys/devices/system/cpu/cpu0/cpufreq/stats/time_in_state (No such file or directory)
06-10 09:06:41.022  2577  2723 E KernelCpuSpeedReader: Failed to read cpu-freq: /sys/devices/system/cpu/cpu4/cpufreq/stats/time_in_state (No such file or directory)
06-10 09:06:41.077  1413  2614 I chatty  : uid=1000(system) Binder:1413_C expire 1 line
06-10 09:06:41.093 27672 27672 D ActivityThread: Remove activity client record, r= ActivityRecord{d326122 token=android.os.BinderProxy@c6b904 {abc.def.ghi/abc.def.ghi.MainService_Activity}} token= android.os.BinderProxy@c6b904
06-10 09:06:41.108 27690 27690 D ActivityThread: Remove activity client record, r= ActivityRecord{c6e7d62 token=android.os.BinderProxy@c3effe2 {com.android.packageinstaller/com.android.packageinstaller.permission.ui.GrantPermissionsActivity}} token= android.os.BinderProxy@c3effe2
06-10 09:06:41.111  1413  3112 I chatty  : uid=1000(system) Binder:1413_E expire 2 lines
06-10 09:06:41.113 27690 27690 D ActivityThread: Remove activity client record, r= ActivityRecord{4139147 token=android.os.BinderProxy@10b6ef3 {com.android.packageinstaller/com.android.packageinstaller.permission.ui.GrantPermissionsActivity}} token= android.os.BinderProxy@10b6ef3
06-10 09:06:43.746 27672 27672 W ViewRootImpl[Toast]: EGLdebug relayoutWindow Surface isSurface(name=null)  (appName =abc.def.ghi) ( mSurfaceControllerIsValid =false) (mNativeObject  =0)/@0x7b96d6e,viewVisibility is0
06-10 09:06:43.763 27672 27672 W ViewRootImpl[Toast]: EGLdebug relayoutWindow Surface isSurface(name=null)  (appName =abc.def.ghi) ( mSurfaceControllerIsValid =true) (mNativeObject  =7550e96000)/@0x7b96d6e,relayoutResult is7
06-10 09:06:45.712  1413  1413 I chatty  : uid=1000 system_server expire 12 lines
06-10 09:06:45.730  1413  4697 I chatty  : uid=1000(system) Binder:1413_12 expire 16 lines
06-10 09:06:45.789  1413  2135 I chatty  : uid=1000(system) android.anim expire 9 lines
06-10 09:06:47.011  1413  2614 I chatty  : uid=1000(system) Binder:1413_C expire 10 lines
06-10 09:06:47.114  2508 28634 W ContextImpl: Calling a method in the system process without a qualified user: android.app.ContextImpl.sendBroadcast:1110 android.content.ContextWrapper.sendBroadcast:437 tmsdkobf.qk.a:37 tmsdkobf.qq$4$2$1.a:125 tmsdkobf.qk$1.a:175 
06-10 09:06:47.139  1413  4416 I chatty  : uid=1000(system) Binder:1413_F expire 16 lines
06-10 09:06:47.328  1413  1936 I chatty  : uid=1000(system) ActivityManager expire 5 lines
06-10 09:06:47.406 28643 28643 D ActivityThread: Attach thread to application
06-10 09:06:57.088  1413  2467 I chatty  : uid=1000(system) watchdog expire 1 line
06-10 09:07:00.170  1413  2375 I chatty  : uid=1000(system) Binder:1413_6 expire 4 lines
06-10 09:07:01.986  2577  2723 E KernelCpuSpeedReader: Failed to read cpu-freq: /sys/devices/system/cpu/cpu0/cpufreq/stats/time_in_state (No such file or directory)
06-10 09:07:01.987  2577  2723 E KernelCpuSpeedReader: Failed to read cpu-freq: /sys/devices/system/cpu/cpu4/cpufreq/stats/time_in_state (No such file or directory)
06-10 09:07:02.008  2577  2723 E KernelCpuSpeedReader: Failed to read cpu-freq: /sys/devices/system/cpu/cpu0/cpufreq/stats/time_in_state (No such file or directory)
06-10 09:07:02.009  2577  2723 E KernelCpuSpeedReader: Failed to read cpu-freq: /sys/devices/system/cpu/cpu4/cpufreq/stats/time_in_state (No such file or directory)
06-10 09:07:02.112  1413  2614 I chatty  : uid=1000(system) Binder:1413_C expire 1 line
06-10 09:07:02.112  1413  4686 I chatty  : uid=1000(system) Binder:1413_10 expire 3 lines
06-10 09:07:02.112  1413  4691 I chatty  : uid=1000(system) Binder:1413_11 expire 1 line
06-10 09:07:02.112  1413  2562 I chatty  : uid=1000(system) Binder:1413_8 expire 1 line
06-10 09:07:02.112  1413  4697 I chatty  : uid=1000(system) Binder:1413_12 expire 2 lines
06-10 09:07:02.113  1413  2217 I chatty  : uid=1000(system) ConnectivitySer expire 5 lines
06-10 09:07:02.122  1413  3112 I chatty  : uid=1000(system) Binder:1413_E expire 10 lines
06-10 09:07:05.784  1413  2185 I chatty  : uid=1000(system) InputDispatcher expire 23 lines
06-10 09:07:05.831  1413  1932 I chatty  : uid=1000(system) HwActivityManag expire 7 lines
06-10 09:07:05.838  2577  2723 E KernelCpuSpeedReader: Failed to read cpu-freq: /sys/devices/system/cpu/cpu0/cpufreq/stats/time_in_state (No such file or directory)
06-10 09:07:05.839  2577  2723 E KernelCpuSpeedReader: Failed to read cpu-freq: /sys/devices/system/cpu/cpu4/cpufreq/stats/time_in_state (No such file or directory)
06-10 09:07:05.896  1413 10949 I chatty  : uid=1000(system) Binder:1413_1A expire 8 lines
06-10 09:07:05.916  1413 10956 I chatty  : uid=1000(system) Binder:1413_1B expire 8 lines
06-10 09:07:05.917  1413  1985 I chatty  : uid=1000(system) HwGameAssistant expire 1 line
06-10 09:07:05.920  2508  3120 I HwNetworkPolicyManager: getHwUidPolicy uid = 10059 policy = 0
06-10 09:07:05.925  1413 19732 I chatty  : uid=1000(system) Binder:1413_20 expire 3 lines
06-10 09:07:06.006  2349  2695 I CommandQueue: updateBarBgColor
06-10 09:07:06.006  2349  2695 D CommandQueue: CommandQueue, setBarBackgroundColor
06-10 09:07:06.058 18561 18561 I ActivityThread: Removing dead content provider:android.content.ContentProviderProxy@94f08fb
06-10 09:07:11.365 28702 28702 D ActivityThread: Attach thread to application
06-10 09:07:12.779 28726 28726 D ActivityThread: Attach thread to application
06-10 09:07:19.484  1413  2141 I chatty  : uid=1000(system) UEventObserver expire 4 lines
06-10 09:07:19.537  1413  3112 I chatty  : uid=1000(system) Binder:1413_E expire 2 lines
06-10 09:07:19.574  1413  1950 I chatty  : uid=1000(system) batterystats-wo expire 3 lines
06-10 09:07:24.260  1413  1932 I chatty  : uid=1000(system) HwActivityManag expire 14 lines
06-10 09:07:24.265  2577  2723 E KernelCpuSpeedReader: Failed to read cpu-freq: /sys/devices/system/cpu/cpu0/cpufreq/stats/time_in_state (No such file or directory)
06-10 09:07:24.265  2577  2723 E KernelCpuSpeedReader: Failed to read cpu-freq: /sys/devices/system/cpu/cpu4/cpufreq/stats/time_in_state (No such file or directory)
06-10 09:07:24.275  1413 10956 I chatty  : uid=1000(system) Binder:1413_1B expire 14 lines
06-10 09:07:24.286  1413  1447 I chatty  : uid=1000(system) Binder:1413_2 expire 24 lines
06-10 09:07:24.329  1413  4416 I chatty  : uid=1000(system) Binder:1413_F expire 11 lines
06-10 09:07:24.330  1413  1985 I chatty  : uid=1000(system) HwGameAssistant expire 2 lines
06-10 09:07:24.337  2349  3196 I CommandQueue: updateBarBgColor
06-10 09:07:24.338  2349  3196 D CommandQueue: CommandQueue, setBarBackgroundColor
06-10 09:07:24.361  1413  2135 I chatty  : uid=1000(system) android.anim expire 25 lines
06-10 09:07:25.549  2577  2723 E KernelCpuSpeedReader: Failed to read cpu-freq: /sys/devices/system/cpu/cpu0/cpufreq/stats/time_in_state (No such file or directory)
06-10 09:07:25.550  2577  2723 E KernelCpuSpeedReader: Failed to read cpu-freq: /sys/devices/system/cpu/cpu4/cpufreq/stats/time_in_state (No such file or directory)
06-10 09:07:25.577  1413  8379 I chatty  : uid=1000(system) Binder:1413_19 expire 1 line
06-10 09:07:25.577  2508  3120 I HwNetworkPolicyManager: getHwUidPolicy uid = 10296 policy = 0
06-10 09:07:25.610  1413  4697 I chatty  : uid=1000(system) Binder:1413_12 expire 3 lines
06-10 09:07:25.614  2349  2912 I CommandQueue: updateBarBgColor
06-10 09:07:25.614  2349  2912 D CommandQueue: CommandQueue, setBarBackgroundColor
06-10 09:07:25.731  1413 10949 I chatty  : uid=1000(system) Binder:1413_1A expire 8 lines
06-10 09:07:27.090  1413  2467 I chatty  : uid=1000(system) watchdog expire 3 lines
06-10 09:07:49.260  1413  1413 I chatty  : uid=1000 system_server expire 6 lines
06-10 09:08:06.205  2577  2723 E KernelCpuSpeedReader: Failed to read cpu-freq: /sys/devices/system/cpu/cpu0/cpufreq/stats/time_in_state (No such file or directory)
06-10 09:08:06.206  2577  2723 E KernelCpuSpeedReader: Failed to read cpu-freq: /sys/devices/system/cpu/cpu4/cpufreq/stats/time_in_state (No such file or directory)
06-10 09:08:19.630  1413  1447 I chatty  : uid=1000(system) Binder:1413_2 expire 1 line
06-10 09:08:51.289  1413  2185 I chatty  : uid=1000(system) InputDispatcher expire 2 lines
06-10 09:08:51.439  1413  4686 I chatty  : uid=1000(system) Binder:1413_10 expire 6 lines
06-10 09:08:51.477  1413  1932 I chatty  : uid=1000(system) HwActivityManag expire 3 lines
06-10 09:08:51.497  2577  2723 E KernelCpuSpeedReader: Failed to read cpu-freq: /sys/devices/system/cpu/cpu0/cpufreq/stats/time_in_state (No such file or directory)
06-10 09:08:51.497  2577  2723 E KernelCpuSpeedReader: Failed to read cpu-freq: /sys/devices/system/cpu/cpu4/cpufreq/stats/time_in_state (No such file or directory)
06-10 09:08:51.520  1413  4416 I chatty  : uid=1000(system) Binder:1413_F expire 11 lines
06-10 09:08:51.535  1413  1981 I chatty  : uid=1000(system) android.display expire 1 line
06-10 09:08:51.542  1413  4691 I chatty  : uid=1000(system) Binder:1413_11 expire 1 line
06-10 09:08:51.543  2508  3120 I HwNetworkPolicyManager: getHwUidPolicy uid = 10059 policy = 0
06-10 09:08:51.543  1413  1936 I chatty  : uid=1000(system) ActivityManager expire 1 line
06-10 09:08:51.555  1413  4686 I chatty  : uid=1000(system) Binder:1413_10 expire 1 line
06-10 09:08:51.555  1413  1985 I chatty  : uid=1000(system) HwGameAssistant expire 1 line
06-10 09:08:51.556  1413  1932 I chatty  : uid=1000(system) HwActivityManag expire 3 lines
06-10 09:08:51.561  1413  4691 I chatty  : uid=1000(system) Binder:1413_11 expire 2 lines
06-10 09:08:51.565  1413  4691 V WindowManager: Check opening app=AppWindowToken{7d47c02 token=Token{a94694d ActivityRecord{453e0e4 u0 com.huawei.android.launcher/.unihome.UniHomeLauncher t1}}}: allDrawn=false startingDisplayed=false startingMoved=false isRelaunching()=false
06-10 09:08:51.614  1413  4416 D WindowManager: finishDrawingWindow: Window{990f77b u0 com.huawei.android.launcher/com.huawei.android.launcher.unihome.UniHomeLauncher} mDrawState=DRAW_PENDING
06-10 09:08:51.618  1413  2135 V WindowManager: Checking 1 opening apps (frozen=false timeout=false)...
06-10 09:08:51.618  1413  2135 V WindowManager: Check opening app=AppWindowToken{7d47c02 token=Token{a94694d ActivityRecord{453e0e4 u0 com.huawei.android.launcher/.unihome.UniHomeLauncher t1}}}: allDrawn=true startingDisplayed=false startingMoved=false isRelaunching()=false
06-10 09:08:51.618  1413  2135 I WindowManager: closing apps count = 0
06-10 09:08:51.641  2349 19727 I CommandQueue: updateBarBgColor
06-10 09:08:51.641  2349 19727 D CommandQueue: CommandQueue, setBarBackgroundColor
06-10 09:08:51.941  1413  1413 I HwAudioService: check HiRes Icon false
06-10 09:08:57.099  1413  2467 E Watchdog: Failed to write to /sys/kernel/hungtask/vm_heart
06-10 09:08:57.099  1413  2467 E Watchdog: java.io.FileNotFoundException: /sys/kernel/hungtask/vm_heart (Permission denied)
06-10 09:08:57.099  1413  2467 E Watchdog: 	at java.io.FileOutputStream.open0(Native Method)
06-10 09:08:57.099  1413  2467 E Watchdog: 	at java.io.FileOutputStream.open(FileOutputStream.java:287)
06-10 09:08:57.099  1413  2467 E Watchdog: 	at java.io.FileOutputStream.<init>(FileOutputStream.java:223)
06-10 09:08:57.099  1413  2467 E Watchdog: 	at java.io.FileOutputStream.<init>(FileOutputStream.java:110)
06-10 09:08:57.099  1413  2467 E Watchdog: 	at com.android.server.Watchdog.writeHungtask(Watchdog.java:904)
06-10 09:08:57.099  1413  2467 E Watchdog: 	at com.android.server.Watchdog.run(Watchdog.java:563)
06-10 09:09:00.007  1413  1413 V AlarmManager: Received TIME_TICK alarm; rescheduling
06-10 09:09:00.008  1413  1413 I HwAlarmManagerService: hwSetAlarm listenerTag: time_tick
06-10 09:09:00.069  1413  4416 V BroadcastQueue: Finished with ordered broadcast BroadcastRecord{dcb696e u-1 android.intent.action.TIME_TICK}
06-10 09:09:02.066  2577  2723 E KernelCpuSpeedReader: Failed to read cpu-freq: /sys/devices/system/cpu/cpu0/cpufreq/stats/time_in_state (No such file or directory)
06-10 09:09:02.067  2577  2723 E KernelCpuSpeedReader: Failed to read cpu-freq: /sys/devices/system/cpu/cpu4/cpufreq/stats/time_in_state (No such file or directory)
06-10 09:09:02.087  2577  2723 E KernelCpuSpeedReader: Failed to read cpu-freq: /sys/devices/system/cpu/cpu0/cpufreq/stats/time_in_state (No such file or directory)
06-10 09:09:02.087  2577  2723 E KernelCpuSpeedReader: Failed to read cpu-freq: /sys/devices/system/cpu/cpu4/cpufreq/stats/time_in_state (No such file or directory)
06-10 09:09:19.701  1413  1447 I BatteryService: normal charge status : 1
06-10 09:09:19.716  1413  1413 D WifiService: onReceive, action:android.intent.action.BATTERY_CHANGED
06-10 09:09:19.716  1413  1413 D WifiService: ACTION_BATTERY_CHANGED pluggedType: 0
06-10 09:09:24.284  1413  2193 D NetdConnector: RCV <- {613 IfaceClass idle 1 233547127932905}
06-10 09:09:24.288  1413  2193 D NetdConnector: RCV <- {613 IfaceClass idle 1 233547127932905}
06-10 09:09:24.291  1413  1979 D NetdConnector: RCV unsolicited event from native daemon, event = 613
06-10 09:09:27.102  1413  2467 E Watchdog: Failed to write to /sys/kernel/hungtask/vm_heart
06-10 09:09:27.102  1413  2467 E Watchdog: java.io.FileNotFoundException: /sys/kernel/hungtask/vm_heart (Permission denied)
06-10 09:09:27.102  1413  2467 E Watchdog: 	at java.io.FileOutputStream.open0(Native Method)
06-10 09:09:27.102  1413  2467 E Watchdog: 	at java.io.FileOutputStream.open(FileOutputStream.java:287)
