06-10 09:33:07.064 30075 30075 D RecycleClearService: --schedule-- [onStartCommand] start RecycleClearService.
06-10 09:33:07.065 30075 30270 D PhoneState: charge is true
06-10 09:33:07.065 30075 30270 D PhoneState: battery level is 82
06-10 09:33:07.066 30075 30270 D PhoneState: screen on true
06-10 09:33:07.067 30075 30075 D Gallery_CalcMd5: --schedule-- [onStartCommand] start CalcMd5Service.
06-10 09:33:07.068 30075 30075 D Gallery_CalcMd5: empty action
06-10 09:33:07.068 30075 30075 D RecycleClearService: --schedule-- RecycleClearService onDestroy
06-10 09:33:07.072 30075 30269 D Gallery_Geo: total 0 should process.
06-10 09:33:07.072 30075 30269 D Gallery_Geo: resolve local address
06-10 09:33:07.076 30075 30271 D Gallery_CalcMd5: MSG_SCAN_ALL size is 0
06-10 09:33:07.079 30075 30075 D Gallery_CalcMd5: --schedule-- CalcMd5Service onDestroy
06-10 09:33:07.090 30075 30269 D Gallery_Geo: total 0 should process.
06-10 09:33:07.090 30075 30269 D Gallery_Geo: --schedule-- work done, stop GeoService
06-10 09:33:07.091 30075 30269 D Gallery_Geo: resolve address cost: 29
06-10 09:33:07.091 30075 30269 D Gallery_Geo: done resolve 
06-10 09:33:07.092 30075 30075 D Gallery_Geo: --schedule-- GeoService onDestroy
06-10 09:33:07.615  1413  2201 I chatty  : uid=1000(system) HwWifiCHRStateM expire 6 lines
06-10 09:33:07.615 28067 28067 D wpa_supplicant: sta hidl pwrPercentBoostModesetInternal
06-10 09:33:07.648   881   881 W iaware  : type=1400 audit(0.0:154149): avc: denied { write } for name="timerslack_ns" dev="proc" ino=6552481 scontext=u:r:hwpged:s0 tcontext=u:r:mediaprovider:s0:c512,c768 tclass=file permissive=0
06-10 09:33:07.648   881   881 W iaware  : type=1400 audit(0.0:154150): avc: denied { write } for name="timerslack_ns" dev="proc" ino=6552481 scontext=u:r:hwpged:s0 tcontext=u:r:mediaprovider:s0:c512,c768 tclass=file permissive=0
06-10 09:33:07.690 30273 30273 E libc    : Access denied finding property "ro.hwfix.ro.process_list"
06-10 09:33:07.709 30273 30273 E libc    : Access denied finding property "ro.hwfix.ro.process_list"
06-10 09:33:07.771 28726 28734 I StagefrightMediaScannerEx: StagefrightMediaScanner destructor
06-10 09:33:07.771 28726 28734 I StagefrightMediaScannerEx: StagefrightMediaScanner destructor
06-10 09:33:08.724 30275 30275 E libc    : Access denied finding property "ro.hwfix.ro.process_list"
06-10 09:33:08.748 30275 30275 E libc    : Access denied finding property "ro.hwfix.ro.process_list"
06-10 09:33:09.094  2349  2349 D StatusBarIconController: setIconVisibility icon is null or visibility not change visibility=false
06-10 09:33:09.096  2349  2349 I chatty  : uid=10026(com.huawei.HwMultiScreenShot) com.android.systemui identical 2 lines
06-10 09:33:09.097  2349  2349 D StatusBarIconController: setIconVisibility icon is null or visibility not change visibility=false
06-10 09:33:09.762 30276 30276 E libc    : Access denied finding property "ro.hwfix.ro.process_list"
06-10 09:33:09.787 30276 30276 E libc    : Access denied finding property "ro.hwfix.ro.process_list"
06-10 09:33:09.937 29947 30135 I FormalHASDK: HAImpl==> onEvent. TAG:_default_config_tag, TYPE:1, eventId:907112047
06-10 09:33:09.941 29947 30135 I FormalHASDK: HAImpl==> onEvent. TAG:_default_config_tag, TYPE:1, eventId:907112050
06-10 09:33:10.006  2577 28404 I DownloadState: 10024 stop download, curr: 1078961, base: 1078961, delta: 0
06-10 09:33:10.006  2577 28404 I DownloadState: @@@@@@@@@@@@ uid :10024 download :false
06-10 09:33:10.007  2577 28404 I PGServer: report state:5 event type:2 pid:0 uid:10024 pkg:null to pid: 1413
06-10 09:33:10.062  1413 16955 V ActivityManager: startProcess: name=com.android.gallery3d:search app=null knownToBeDead=true thread=null pid=-1
06-10 09:33:10.109 30277 30277 I         : power log dlsym ok
06-10 09:33:10.111 30277 30277 W main    : type=1400 audit(0.0:154151): avc: denied { create } for name="cgroup.procs" scontext=u:r:zygote:s0 tcontext=u:object_r:cgroup:s0 tclass=file permissive=0
06-10 09:33:10.124  1413 16955 I ActivityManager: Start proc 30277:com.android.gallery3d:search/u0a24 for service com.android.gallery3d/com.huawei.gallery.search.SearchService
06-10 09:33:10.139 30277 30277 D ActivityThread: Attach thread to application
06-10 09:33:10.163 30277 30277 I HwLogExceptionInner: Log blacklist 
06-10 09:33:10.168 30277 30277 D HwFLClassLoader: get used feature list :/feature/used-list failed!
06-10 09:33:10.168 30277 30277 D HwFLClassLoader: USE_FEATURE_LIST had not init! 
06-10 09:33:10.172 30277 30291 I HwApiCacheMangerEx: apicache path=/storage/emulated/0 state=mounted key=com.android.gallery3d#10024#256
06-10 09:33:10.173 30277 30291 I HwApiCacheMangerEx: apicache path=/storage/emulated/0 state=mounted key=com.android.gallery3d#10024#0
06-10 09:33:10.232 30277 30293 D Gallery_Common_DisplayEngine: init()
06-10 09:33:10.232 30277 30293 D Gallery_Common_DisplayEngineCmdInterface: DisplayEngineCmdInterface() enter
06-10 09:33:10.234 30277 30293 D Gallery_Common_DisplayEngineCmdInterface: DisplayEngineCmdInterface() exit
06-10 09:33:10.245 30277 30277 D Gallery :  FyuseSDK.init
06-10 09:33:10.248 30277 30277 W zygote64: Class com.fyusion.sdk.common.a failed lock verification and will run slower.
06-10 09:33:10.248 30277 30277 W zygote64: Common causes for lock verification issues are non-optimized dex code
06-10 09:33:10.248 30277 30277 W zygote64: and incorrect proguard optimizations.
06-10 09:33:10.251 30277 30277 D Gallery : isMainProcess false
06-10 09:33:10.253 30277 30296 I com.fyusion.sdk.common: 2024-06-10T09:33:10.251+0800 [Auth]: Fyuse SDK version: 1.02.24-rel7 | '4dd9b23ea' | 2017-08-08T21:21:58-07:00 | Vislib: A-SDK-1.03-01 | cc0bb74a3 | 1.0.5
06-10 09:33:10.258 30277 30277 D Gallery_Common_NotchScreenManager: Register NotchScreen ContentObserver
06-10 09:33:10.262 30277 30277 D Gallery_Common_NotchScreenManager: NotchScreen switch changed, now state is: 0
06-10 09:33:10.266 30277 30291 E MemoryLeakMonitorManager: MemoryLeakMonitor.jar is not exist!
06-10 09:33:10.268 30277 30297 I Gallery_Common_DisplayEngine: Screen=1520x720
06-10 09:33:10.271 30277 30297 D Gallery_Common_HwColorPickerUtil: screenWidth = 720, screenHeight = 1520
06-10 09:33:10.272 30277 30277 E Minikin : Could not get cmap table size!
06-10 09:33:10.279 30277 30293 D DE I -de: native_init:61: Loading algorithms
06-10 09:33:10.279 30277 30293 D DE I -de: initLogSwitch:24: isProductDebuggable=0, isDebugLogOn=0
06-10 09:33:10.296 30277 30297 I HwApiCacheMangerEx: apicache path=/storage/emulated/0 state=mounted key=com.android.gallery3d#10024#512
06-10 09:33:10.300 30277 30303 W Gallery_Search: locked false
06-10 09:33:10.301 30277 30297 D GalleryStorageManager: updateOuterGalleryStorageList innerGalleryStorage:Path:/storage/emulated/0, mounted:true, name:设备, galleryStorageList:[]
06-10 09:33:10.309 30277 30297 E FontFamily: Error mapping font file /system/fonts/slim.ttf
06-10 09:33:10.309 30277 30297 W Gallery_Common_GalleryUtils: the font Slim is not exist!
06-10 09:33:10.311 30277 30298 V HwWidgetFactory: : successes to get AllImpl object and return....
06-10 09:33:10.320 30277 30298 D Gallery_Fyuse3D_FyuseFile: sExistFyuse false
06-10 09:33:10.321 30277 30293 I Gallery_Common_DisplayEngine: init() getCapability mEnable=true, mWideColorGamutSupported=false
06-10 09:33:10.322 30277 30293 I Gallery_cloud_PhotoShareUtils: storage size: 24G
06-10 09:33:10.336 30277 30298 D Gallery_Common_HwCustUtilsWrapper: start init HwCustUtils
06-10 09:33:10.337 30277 30298 D Gallery_Common_HwCustUtilsWrapper: init HwCustUtils success !!!
06-10 09:33:10.337 30277 30298 D Gallery_Common_HwCustUtilsWrapper: method find result public static java.lang.Object com.huawei.cust.HwCustUtils.createObj(java.lang.Class,java.lang.Object[])
06-10 09:33:10.352 30277 30297 D Gallery_Common_HwCustUtilsWrapper: method find result public static java.lang.Object com.huawei.cust.HwCustUtils.createObj(java.lang.Class,java.lang.Object[])
06-10 09:33:10.356 30277 30297 D MediaSetUtils: innerGalleryStorage:Path:/storage/emulated/0, mounted:true, name:设备, outerGalleryStorageList:[]
06-10 09:33:10.361 30277 30293 E Gallery_Common_TouchForceManager: NoSuchMethodException com.huawei.android.app.Activity failed
06-10 09:33:10.362 29947 30135 I FormalHASDK: HAImpl==> onEvent. TAG:_default_config_tag, TYPE:0, eventId:1010901501
06-10 09:33:10.365 30075 30203 D Gallery_Common_StorageService: precess pre check storage info.
06-10 09:33:10.382 29947 29986 W HiApp.PreloadReportDataController: RepTaskHandler{3043} preloadAppReportInfos is empty
06-10 09:33:10.383 30277 30297 D Gallery_cloud_PhotoShareUtils: check uri value content://com.huawei.android.cg.albumProvider/albumVersionStatus result: -1
06-10 09:33:10.387 29947 30135 I FormalHASDK: HAImpl==> onEvent. TAG:_default_config_tag, TYPE:0, eventId:1010600202
06-10 09:33:10.389 25385 25803 I Cloud[10.13.20.300]Sync.HicloudLoginProvider: login query from com.android.gallery3d
06-10 09:33:10.389 29947 30135 I HslPackageManager: Get Hsl Package Manager.
06-10 09:33:10.389 29947 30135 I HslPackageManager: is Support Hsl false
06-10 09:33:10.402 30277 30297 V Gallery_cloud_CloudStateUtils: isHiCloudLogin return true
06-10 09:33:10.406 30277 30277 D Gallery_Common_DataManager: registerChangeNotifier uri is content://com.huawei.gallery.provider/merge/gallery_media
06-10 09:33:10.407 30277 30298 I Gallery : app start with version 8.2.1.304(180201304)
06-10 09:33:10.408 30277 30277 D Gallery_Common_DataManager: registerChangeNotifier uri is content://com.huawei.gallery.provider/merge/gallery_album
06-10 09:33:10.409 30277 30277 D Gallery_Common_DataManager: registerChangeNotifier uri is content://moveoutin
06-10 09:33:10.411 30277 30277 D Gallery_Common_DataManager: registerChangeNotifier uri is content://media/external/images/media
06-10 09:33:10.412 30277 30277 D Gallery_Common_DataManager: registerChangeNotifier uri is content://media/external/video/media
06-10 09:33:10.414 30277 30277 D Gallery_Common_DataManager: registerChangeNotifier uri is content://settings/gallery
06-10 09:33:10.416 30277 30277 D Gallery_Common_DataManager: registerChangeNotifier uri is content://media/external/file
06-10 09:33:10.458 30277 30303 D Gallery_Search: clear invalid index. batch count 0
06-10 09:33:10.467 30277 30303 D Gallery_Search: clear invalid index, count: 0
06-10 09:33:10.468  1413  1936 W BroadcastQueue: Permission Denial: broadcasting Intent { act=com.huawei.gallery.action.ACTION_CHANGE flg=0x10 } from com.android.gallery3d (pid=30277, uid=10024) requires com.android.gallery3d.permission.SEARCH_CHANGE_NOTIFY due to registered receiver BroadcastFilter{14b462 u0 ReceiverList{d0ac72d 30075 com.android.gallery3d/10024/u0 remote:c138a44}}
06-10 09:33:10.489 29947 30135 I HslPackageManager: Get Hsl Package Manager.
06-10 09:33:10.489 29947 30135 I HslPackageManager: is Support Hsl false
06-10 09:33:10.498 30277 30303 D Gallery_Search: upgrade  0 item for null 
06-10 09:33:10.499 30277 30303 D Gallery_Search: clearInvalidIndex done.
06-10 09:33:10.559 29947 30135 I NK_CountryCodeBean: RepTaskHandler|network.grs.local.model.CountryCodeBean|18|get issue_country code from VENDOR_COUNTRY
06-10 09:33:10.560 30277 30303 D Gallery_Search: total 0 changed local language to zh
06-10 09:33:10.561 29947 30135 I NK_OkReqTsk: RepTaskHandler|embedded.g3|284|the request has used the okhttp! 
06-10 09:33:10.564 30277 30303 D Gallery_Search: Index info: version 1, last language zh
06-10 09:33:10.566 30277 30303 D Gallery_Search: update local language done.
06-10 09:33:10.624 30277 30303 D Gallery_Search: total 0 file should be analyzed for search.
06-10 09:33:10.624 30277 30303 D Gallery_Search: local language  zh
06-10 09:33:10.642 28067 28067 D wpa_supplicant: sta hidl pwrPercentBoostModesetInternal
06-10 09:33:10.654 30277 30303 D Gallery_Search: update index done (0)address update to local language.
06-10 09:33:10.655 30277 30303 D Gallery_Search: updateIndex done.
06-10 09:33:10.655 29947 30205 I NK_Netdiag: RepTaskHandler ->NK_netdiag_0|netdiag.tools.NetDetectAndPolicy|50|the time count will reset!
06-10 09:33:10.657 30277 30303 D Gallery_Search: searchService stop self 1
06-10 09:33:10.657 30277 30277 D Gallery_Search: stop service
06-10 09:33:10.663 29947 30135 I FormalHASDK: HAImpl==> onEvent. TAG:_default_config_tag, TYPE:1, eventId:907112013
06-10 09:33:10.685 29947 30135 I FormalHASDK: HAImpl==> onEvent. TAG:_default_config_tag, TYPE:0, eventId:120107
06-10 09:33:10.703 29947 30135 I FormalHASDK: HAImpl==> onEvent. TAG:_default_config_tag, TYPE:0, eventId:1380100101
06-10 09:33:10.705 29947 30135 I FormalHASDK: HAImpl==> onEvent. TAG:_default_config_tag, TYPE:0, eventId:1010901501
06-10 09:33:10.708 29947 30135 D HwInnerWifiManagerImpl: SupplicantState = COMPLETED
06-10 09:33:10.708 29947 30135 D HwInnerWifiManagerImpl: isPhoneAP = false
06-10 09:33:10.709 29947 30135 D HwInnerWifiManagerImpl: SupplicantState = COMPLETED
06-10 09:33:10.710 29947 30135 D HwInnerWifiManagerImpl: isPhoneAP = false
06-10 09:33:10.740 29947 30135 I FormalHASDK: HAImpl==> onEvent. TAG:_default_config_tag, TYPE:1, eventId:907112047
06-10 09:33:10.741 29947 30135 I FormalHASDK: HAImpl==> onEvent. TAG:_default_config_tag, TYPE:1, eventId:907112050
06-10 09:33:10.748 29947 30135 I FormalHASDK: HAImpl==> onEvent. TAG:_default_config_tag, TYPE:1, eventId:907112047
06-10 09:33:10.752 29947 30135 D HwInnerWifiManagerImpl: SupplicantState = COMPLETED
06-10 09:33:10.752 29947 30135 D HwInnerWifiManagerImpl: isPhoneAP = false
06-10 09:33:10.754 29947 30135 D HwInnerWifiManagerImpl: SupplicantState = COMPLETED
06-10 09:33:10.754 29947 30135 D HwInnerWifiManagerImpl: isPhoneAP = false
06-10 09:33:10.756 29947 30135 D HwInnerWifiManagerImpl: SupplicantState = COMPLETED
06-10 09:33:10.756 29947 30135 D HwInnerWifiManagerImpl: isPhoneAP = false
06-10 09:33:10.758 29947 30135 D HwInnerWifiManagerImpl: SupplicantState = COMPLETED
06-10 09:33:10.758 29947 30135 D HwInnerWifiManagerImpl: isPhoneAP = false
06-10 09:33:10.760 29947 30135 D HwInnerWifiManagerImpl: SupplicantState = COMPLETED
06-10 09:33:10.760 29947 30135 D HwInnerWifiManagerImpl: isPhoneAP = false
06-10 09:33:10.798 30312 30312 E libc    : Access denied finding property "ro.hwfix.ro.process_list"
06-10 09:33:10.824 30312 30312 E libc    : Access denied finding property "ro.hwfix.ro.process_list"
06-10 09:33:11.101  2349  2349 D StatusBarIconController: setIconVisibility icon is null or visibility not change visibility=false
06-10 09:33:11.105  2349  2349 D StatusBarIconController: setIconVisibility icon is null or visibility not change visibility=false
06-10 09:33:11.837 30313 30313 E libc    : Access denied finding property "ro.hwfix.ro.process_list"
06-10 09:33:11.865 30313 30313 E libc    : Access denied finding property "ro.hwfix.ro.process_list"
06-10 09:33:12.106  2349  2349 D StatusBarIconController: setIconVisibility icon is null or visibility not change visibility=false
06-10 09:33:12.107  2349  2349 W ResourceType: No package identifier when getting value for resource number 0x00000000
06-10 09:33:12.107  2349  2349 E HwNotchUtils: setIconForView iconId is not found
06-10 09:33:12.108  2349  2349 D StatusBarIconController: setIconVisibility icon is null or visibility not change visibility=false
06-10 09:33:12.108  2349  2349 W ResourceType: No package identifier when getting value for resource number 0x00000000
06-10 09:33:12.108  2349  2349 E HwNotchUtils: setIconForView iconId is not found
06-10 09:33:12.108  2349  2349 D StatusBarIconController: setIconVisibility icon is null or visibility not change visibility=false
06-10 09:33:12.108  2349  2349 W ResourceType: No package identifier when getting value for resource number 0x00000000
06-10 09:33:12.108  2349  2349 E HwNotchUtils: setIconForView iconId is not found
06-10 09:33:12.513  2577  6406 I HwPolicyDispatcher: chargeType:0
06-10 09:33:12.514  2577  6406 I HwPolicyDispatcher: wired_5v charge current limit:0
06-10 09:33:12.573 28067 28067 D wpa_supplicant: sta hidl pwrPercentBoostModesetInternal
06-10 09:33:12.602  1413  2262 I chatty  : uid=1000(system) wifipro_uid_tcp expire 3 lines
06-10 09:33:12.871 30314 30314 E libc    : Access denied finding property "ro.hwfix.ro.process_list"
06-10 09:33:12.880  1413  1413 I TrafficMonitor: gettimer:interval=2000
06-10 09:33:12.881  1413  1988 W ProcessCpuTracker: Skipping unknown process pid 30313
06-10 09:33:12.881  1413  1950 I WifiService: requestActivityInfo uid=1000
06-10 09:33:12.882  1413  1950 I WifiService: reportActivityInfo uid=1000
06-10 09:33:12.882  1413  1950 I WifiService: getSupportedFeatures uid=1000
06-10 09:33:12.883 30314 30314 E libc    : Access denied finding property "ro.hwfix.ro.process_list"
06-10 09:33:12.920  1413  1950 E BatteryExternalStatsWorker: no controller energy info supplied for bluetooth
06-10 09:33:12.945  1413  1950 E KernelCpuSpeedReader: Failed to read cpu-freq: /sys/devices/system/cpu/cpu0/cpufreq/stats/time_in_state (No such file or directory)
06-10 09:33:12.946  1413  1950 E KernelCpuSpeedReader: Failed to read cpu-freq: /sys/devices/system/cpu/cpu4/cpufreq/stats/time_in_state (No such file or directory)
06-10 09:33:13.492   750  1110 I qti_sensors_hal: [LightSensor]processReportInd: the skip  luxValue  ItemData[0]:800000,ItemData[1]:642b71, lux:128.000000,cct:6564721.000000
06-10 09:33:13.516   876   876 E Thermal-daemon: [charger_ic] temp_new :30  temp_old :29
06-10 09:33:13.517  2577 20317 I ThermalService: Receive temperature change, type: 2, temp: 30 from thermald
06-10 09:33:13.522   876   876 E Thermal-daemon: Report temperature: [charger_ic] temp :30  report_threshold:1
06-10 09:33:13.707  1413  2199 E WificondControl: Noise: 0, Snr: -1, Chload: -1
06-10 09:33:13.707  1413  2199 E HwWifiStatStore: updateLinkSpeed  linkSpeed =72 lastSpdLev=2 index=2
06-10 09:33:13.708  1413  2201 D HwWifiCHRStateManager: handleMessage : 1001
06-10 09:33:13.708  1413  2201 D HwWifiCHRStateManager: handleUpdateChannel:2412
06-10 09:33:13.709 28067 28067 D wpa_supplicant: sta hidl pwrPercentBoostModesetInternal
06-10 09:33:13.712  1413  2199 D WifiScoreReport: Score = 100, wifiConnectivityManagerEnabled = false, lowScoreCount = 0
06-10 09:33:13.769 29947 30135 I FormalHASDK: HAImpl==> onEvent. TAG:_default_config_tag, TYPE:1, eventId:907112047
06-10 09:33:13.773 29947 30135 I FormalHASDK: HAImpl==> onEvent. TAG:_default_config_tag, TYPE:1, eventId:907112050
06-10 09:33:13.900 30316 30316 E libc    : Access denied finding property "ro.hwfix.ro.process_list"
06-10 09:33:13.926 30316 30316 E libc    : Access denied finding property "ro.hwfix.ro.process_list"
06-10 09:33:14.198 29947 29986 W HiApp.GRPL/GameResourcePreLoad: RepTaskHandler{3043} deleteFile failed
06-10 09:33:14.202 29947 30135 I FormalHASDK: HAImpl==> onEvent. TAG:_default_config_tag, TYPE:1, eventId:2310100101
06-10 09:33:14.202 29947 29986 W HiApp.CollectAppUsageTask: RepTaskHandler{3043} usage stat list is empty!!!
06-10 09:33:14.208 29947 29986 W HiApp.PreloadReportDataController: RepTaskHandler{3043} preloadAppReportInfos is empty
06-10 09:33:14.211 29947 30135 I FormalHASDK: HAImpl==> onEvent. TAG:_default_config_tag, TYPE:0, eventId:1010600202
06-10 09:33:14.213 29947 30135 I HslPackageManager: Get Hsl Package Manager.
06-10 09:33:14.213 29947 30135 I HslPackageManager: is Support Hsl false
06-10 09:33:14.292 29947 30135 I HslPackageManager: Get Hsl Package Manager.
06-10 09:33:14.292 29947 30135 I HslPackageManager: is Support Hsl false
06-10 09:33:14.367 29947 30135 I NK_CountryCodeBean: RepTaskHandler|network.grs.local.model.CountryCodeBean|18|get issue_country code from VENDOR_COUNTRY
06-10 09:33:14.368 29947 30135 I NK_OkReqTsk: RepTaskHandler|embedded.g3|284|the request has used the okhttp! 
06-10 09:33:14.465 29947 30205 I NK_Netdiag: RepTaskHandler ->NK_netdiag_0|netdiag.tools.NetDetectAndPolicy|50|the time count will reset!
06-10 09:33:14.478  1413 10949 D WifiPermissionsUtil: Denied: no location permission
06-10 09:33:14.478  1413 10949 D WifiPermissionsUtil: Denied: The current config is not for an open network.
06-10 09:33:14.486 29947 30135 I FormalHASDK: HAImpl==> onEvent. TAG:_default_config_tag, TYPE:1, eventId:907112013
06-10 09:33:14.521 29947 30135 I FormalHASDK: HAImpl==> onEvent. TAG:_default_config_tag, TYPE:0, eventId:120107
06-10 09:33:14.540 29947 30135 I FormalHASDK: HAImpl==> onEvent. TAG:_default_config_tag, TYPE:0, eventId:1380100101
06-10 09:33:14.543 29947 30135 I FormalHASDK: HAImpl==> onEvent. TAG:_default_config_tag, TYPE:0, eventId:1010901501
06-10 09:33:14.549 29947 30135 I FormalHASDK: HAImpl==> onEvent. TAG:_default_config_tag, TYPE:1, eventId:907112047
06-10 09:33:14.551 29947 30135 I FormalHASDK: HAImpl==> onEvent. TAG:_default_config_tag, TYPE:1, eventId:907112050
06-10 09:33:14.560  1413 10949 D WifiPermissionsUtil: Denied: no location permission
06-10 09:33:14.561  1413 10949 D WifiPermissionsUtil: Denied: The current config is not for an open network.
06-10 09:33:14.561  1413 10949 I WifiService: getWifiEnabledState uid=10089
06-10 09:33:14.562 29947 30135 D HwInnerWifiManagerImpl: SupplicantState = COMPLETED
06-10 09:33:14.562 29947 30135 D HwInnerWifiManagerImpl: isPhoneAP = false
06-10 09:33:14.615 29947 30135 I HslPackageManager: Get Hsl Package Manager.
06-10 09:33:14.615 29947 30135 I HslPackageManager: is Support Hsl false
06-10 09:33:14.629 29947 30135 I NK_CountryCodeBean: RepTaskHandler|network.grs.local.model.CountryCodeBean|18|get issue_country code from VENDOR_COUNTRY
06-10 09:33:14.632 29947 30135 I NK_OkReqTsk: RepTaskHandler|embedded.g3|284|the request has used the okhttp! 
06-10 09:33:14.703 29947 30205 I NK_Netdiag: RepTaskHandler ->NK_netdiag_0|netdiag.tools.NetDetectAndPolicy|50|the time count will reset!
06-10 09:33:14.712  1413 10949 D WifiPermissionsUtil: Denied: no location permission
06-10 09:33:14.712  1413 10949 D WifiPermissionsUtil: Denied: The current config is not for an open network.
06-10 09:33:14.717 29947 30135 I FormalHASDK: HAImpl==> onEvent. TAG:_default_config_tag, TYPE:1, eventId:907112013
06-10 09:33:14.884  1413  1413 I TrafficMonitor: update:rxPkts:4,txPkts:8,rxBytes:1316,txBytes:7682
06-10 09:33:14.884  1413  1413 I TrafficMonitor: start expired. level:-1
06-10 09:33:14.884  1413  1413 I TrafficMonitor: gettimer:interval=2000
06-10 09:33:14.940 30318 30318 E libc    : Access denied finding property "ro.hwfix.ro.process_list"
06-10 09:33:14.967 30318 30318 E libc    : Access denied finding property "ro.hwfix.ro.process_list"
06-10 09:33:15.115  2349  2349 D StatusBarIconController: setIconVisibility icon is null or visibility not change visibility=false
06-10 09:33:15.117  2349  2349 I chatty  : uid=10026(com.huawei.HwMultiScreenShot) com.android.systemui identical 1 line
06-10 09:33:15.118  2349  2349 D StatusBarIconController: setIconVisibility icon is null or visibility not change visibility=false
06-10 09:33:15.343  1413  2257 D HwArpVerifier: performPollAndLog:
06-10 09:33:15.347  1413  2257 D hw_netstat: total/2180/13980,com.huawei.appmarket/2180/13980
06-10 09:33:15.635  1413  2200 D HwWifiStatStore: handleMessage : 200
06-10 09:33:15.981 30319 30319 E libc    : Access denied finding property "ro.hwfix.ro.process_list"
06-10 09:33:16.008 30319 30319 E libc    : Access denied finding property "ro.hwfix.ro.process_list"
06-10 09:33:16.119  2349  2349 D StatusBarIconController: setIconVisibility icon is null or visibility not change visibility=false
06-10 09:33:16.121  2349  2349 W ResourceType: No package identifier when getting value for resource number 0x00000000
06-10 09:33:16.121  2349  2349 E HwNotchUtils: setIconForView iconId is not found
06-10 09:33:16.122  2349  2349 D StatusBarIconController: setIconVisibility icon is null or visibility not change visibility=false
06-10 09:33:16.122  2349  2349 W ResourceType: No package identifier when getting value for resource number 0x00000000
06-10 09:33:16.122  2349  2349 E HwNotchUtils: setIconForView iconId is not found
06-10 09:33:16.122  2349  2349 D StatusBarIconController: setIconVisibility icon is null or visibility not change visibility=false
06-10 09:33:16.123  2349  2349 W ResourceType: No package identifier when getting value for resource number 0x00000000
06-10 09:33:16.123  2349  2349 E HwNotchUtils: setIconForView iconId is not found
06-10 09:33:16.777  1413  2199 E WificondControl: Noise: 0, Snr: -1, Chload: -1
06-10 09:33:16.778  1413  2199 E HwWifiStatStore: updateLinkSpeed  linkSpeed =72 lastSpdLev=2 index=2
06-10 09:33:16.778  1413  2201 D HwWifiCHRStateManager: handleMessage : 1001
06-10 09:33:16.778  1413  2201 D HwWifiCHRStateManager: handleUpdateChannel:2412
06-10 09:33:16.779 28067 28067 D wpa_supplicant: sta hidl pwrPercentBoostModesetInternal
06-10 09:33:16.785  1413  2199 D WifiScoreReport: Score = 100, wifiConnectivityManagerEnabled = false, lowScoreCount = 0
06-10 09:33:16.888  1413  1413 I TrafficMonitor: update:rxPkts:0,txPkts:0,rxBytes:0,txBytes:0
06-10 09:33:16.888  1413  1413 I TrafficMonitor: start expired. level:-1
06-10 09:33:16.888  1413  1413 I TrafficMonitor: gettimer:interval=2000
06-10 09:33:17.021 30320 30320 E libc    : Access denied finding property "ro.hwfix.ro.process_list"
06-10 09:33:17.047 30320 30320 E libc    : Access denied finding property "ro.hwfix.ro.process_list"
06-10 09:33:17.881  1413  1413 I TrafficMonitor: expired arrive. level:-1
06-10 09:33:17.881  1413  1413 I TrafficMonitor: during_ms:2004,period_ms:2000
06-10 09:33:17.881  1413  1413 I TrafficMonitor: count:770,rx_sum:0,tx_sum:0,rxBytes:0,during_ms:2004,rx_speed:0.0,tx_speed:0.0,rto:0.0
06-10 09:33:18.060 30321 30321 E libc    : Access denied finding property "ro.hwfix.ro.process_list"
06-10 09:33:18.087 30321 30321 E libc    : Access denied finding property "ro.hwfix.ro.process_list"
06-10 09:33:18.221   612 30322 W libc    : Set property "hw.wifi.dns_stat" to "242,115,201,1,3216"
06-10 09:33:18.643  1413  2200 D HwWifiStatStore: handleMessage : 200
06-10 09:33:18.892  1413  1413 I TrafficMonitor: update:rxPkts:0,txPkts:0,rxBytes:0,txBytes:0
06-10 09:33:18.893  1413  1413 I TrafficMonitor: start expired. level:-1
06-10 09:33:18.893  1413  1413 I TrafficMonitor: gettimer:interval=2000
06-10 09:33:19.102 30323 30323 E libc    : Access denied finding property "ro.hwfix.ro.process_list"
06-10 09:33:19.128 30323 30323 E libc    : Access denied finding property "ro.hwfix.ro.process_list"
06-10 09:33:19.453  1413  2257 D HwArpVerifier: getIpRouteTable
06-10 09:33:19.545  1413  2257 D HwArpVerifier: Notify wifi default route is ok
06-10 09:33:19.848  1413  2199 E WificondControl: Noise: 0, Snr: -1, Chload: -1
06-10 09:33:19.849  1413  2199 E HwWifiStatStore: updateLinkSpeed  linkSpeed =72 lastSpdLev=2 index=2
06-10 09:33:19.849  1413  2201 D HwWifiCHRStateManager: handleMessage : 1001
06-10 09:33:19.849  1413  2201 D HwWifiCHRStateManager: handleUpdateChannel:2412
06-10 09:33:19.851 28067 28067 D wpa_supplicant: sta hidl pwrPercentBoostModesetInternal
06-10 09:33:19.855  1413  2199 D WifiScoreReport: Score = 100, wifiConnectivityManagerEnabled = false, lowScoreCount = 0
06-10 09:33:20.018  2577 28404 I DownloadState: 10089 stop download, curr: 269000636, base: 268943972, delta: 56664
06-10 09:33:20.018  2577 28404 I DownloadState: @@@@@@@@@@@@ uid :10089 download :false
06-10 09:33:20.018  2577 28404 I PGServer: report state:5 event type:2 pid:0 uid:10089 pkg:null to pid: 1413
06-10 09:33:20.141 30326 30326 E libc    : Access denied finding property "ro.hwfix.ro.process_list"
06-10 09:33:20.167 30326 30326 E libc    : Access denied finding property "ro.hwfix.ro.process_list"
06-10 09:33:20.350  1413  2257 D HwArpVerifier: performPollAndLog:
06-10 09:33:20.354  1413  2257 D hw_netstat: total/0/0
06-10 09:33:20.390 30075 30203 D Gallery_Common_StorageService: [checkStorageUseage] total LCD count: 10, max count limit: 4000
06-10 09:33:20.583  1413  2199 E WificondControl: Noise: 0, Snr: -1, Chload: -1
06-10 09:33:20.583  1413  2199 E HwWifiStatStore: updateLinkSpeed  linkSpeed =72 lastSpdLev=2 index=2
06-10 09:33:20.584  1413  2201 D HwWifiCHRStateManager: handleMessage : 1001
06-10 09:33:20.584  1413  2201 D HwWifiCHRStateManager: handleUpdateChannel:2412
06-10 09:33:20.585 28067 28067 D wpa_supplicant: sta hidl pwrPercentBoostModesetInternal
06-10 09:33:20.604  1413  2271 I HuaweiWifiWatchdogStateMachine: POta txb txg rxg:0, 8, 0. Lr =0% Totpkt=8
06-10 09:33:20.605  1413  1413 D WiFi_PRO: MSG_RETURN_AP_CURRY_RSSI rssi = -49
06-10 09:33:20.606  1413  1413 I QosMonitor: queryRtt: rtt_type = 3
06-10 09:33:20.607  1413  2262 D HwUidTcpMonitor: parseMobileUidTcpStatistics tcpStatLines.get(i).startsWith(WIFIPRO_TAG)
06-10 09:33:20.607  1413  1413 I QosMonitor: postEventFromNative: msg=100,arg1=4,arg2=10
06-10 09:33:20.608  1413  1413 I QosMonitor: postEventFromNative: msg=100,arg1=0,arg2=10
06-10 09:33:20.608  1413  1413 I MQoS    : rtt=420,tcp_tx_pkts=1611529,tcp_rx_pkts=2822059
06-10 09:33:20.613  1413  2271 I HuaweiWifiWatchdogStateMachine: PTcp RTT:0, rtt pkt=0, tcp_rx=0, tcp_tx=0, tcp_reTran=0, rtRate=0
06-10 09:33:20.613  1413  2271 D HuaweiWifiWatchdogStateMachine: Leave updateQoeLevel level = 2
06-10 09:33:20.616  1413  5157 I MQoS    : QOS_level:0(0),wifi-link;SIM error;use level-0
06-10 09:33:20.616  1413  1413 D WiFi_PRO_WifiProStateMachine: onWifiBqeDetectionResult =  2
06-10 09:33:20.617  1413  2266 D WiFi_PRO_WifiProStateMachine: "CMCC-888"  TCPRTT  level = 2
06-10 09:33:20.618  1413  2266 I WifiService: getConfiguredNetworks uid=1000
06-10 09:33:20.620  1413  2266 D WiFi_PRO_EvaluateController: "CMCC-888",crurrent Signal =  4, last  Signal = 4, isSemiAuto, last evaluate is Valid
06-10 09:33:20.620  1413  2266 D WiFi_PRO_WifiProStateMachine: updateWifiQosLevel, mCurrentSsid: "CMCC-888" ,isWiFiNoInternet: false, qosLevel: 2
06-10 09:33:20.620  1413  2266 D WiFi_PRO_EvaluateController: internetAccessType not change, can not update
06-10 09:33:20.620  1413  2266 D WiFi_PRO_EvaluateController: updateEvaluate Level  succeed!.new Level = 2
06-10 09:33:20.691  1413  2199 D WifiConfigStore: Writing to stores completed in 68 ms.
06-10 09:33:20.895  1413  1413 I TrafficMonitor: update:rxPkts:0,txPkts:0,rxBytes:0,txBytes:0
06-10 09:33:20.896  1413  1413 I TrafficMonitor: start expired. level:-1
06-10 09:33:20.896  1413  1413 I TrafficMonitor: gettimer:interval=2000
06-10 09:33:21.180 30327 30327 E libc    : Access denied finding property "ro.hwfix.ro.process_list"
06-10 09:33:21.207 30327 30327 E libc    : Access denied finding property "ro.hwfix.ro.process_list"
06-10 09:33:21.649  1413  2200 D HwWifiStatStore: handleMessage : 200
06-10 09:33:22.224 30328 30328 E libc    : Access denied finding property "ro.hwfix.ro.process_list"
06-10 09:33:22.239 30328 30328 E libc    : Access denied finding property "ro.hwfix.ro.process_list"
06-10 09:33:22.900  1413  1413 I TrafficMonitor: update:rxPkts:0,txPkts:0,rxBytes:0,txBytes:0
06-10 09:33:22.901  1413  1413 I TrafficMonitor: start expired. level:-1
06-10 09:33:22.901  1413  1413 I TrafficMonitor: gettimer:interval=2000
06-10 09:33:22.919  1413  2199 E WificondControl: Noise: 0, Snr: -1, Chload: -1
06-10 09:33:22.919  1413  2199 E HwWifiStatStore: updateLinkSpeed  linkSpeed =72 lastSpdLev=2 index=2
06-10 09:33:22.920  1413  2201 D HwWifiCHRStateManager: handleMessage : 1001
06-10 09:33:22.920  1413  2201 D HwWifiCHRStateManager: handleUpdateChannel:2412
06-10 09:33:22.921 28067 28067 D wpa_supplicant: sta hidl pwrPercentBoostModesetInternal
06-10 09:33:22.925  1413  2199 D WifiScoreReport: Score = 100, wifiConnectivityManagerEnabled = false, lowScoreCount = 0
06-10 09:33:23.254 30330 30330 E libc    : Access denied finding property "ro.hwfix.ro.process_list"
06-10 09:33:23.271 30330 30330 E libc    : Access denied finding property "ro.hwfix.ro.process_list"
06-10 09:33:23.894  1413  1413 I TrafficMonitor: expired arrive. level:-1
06-10 09:33:23.895  1413  1413 I TrafficMonitor: during_ms:2004,period_ms:2000
06-10 09:33:23.895  1413  1413 I TrafficMonitor: count:773,rx_sum:0,tx_sum:0,rxBytes:0,during_ms:2004,rx_speed:0.0,tx_speed:0.0,rto:0.0
06-10 09:33:24.285 30331 30331 E libc    : Access denied finding property "ro.hwfix.ro.process_list"
06-10 09:33:24.308 30331 30331 E libc    : Access denied finding property "ro.hwfix.ro.process_list"
06-10 09:33:24.657  1413  2200 D HwWifiStatStore: handleMessage : 200
06-10 09:33:24.904  1413  1413 I TrafficMonitor: update:rxPkts:0,txPkts:0,rxBytes:0,txBytes:0
06-10 09:33:24.904  1413  1413 I TrafficMonitor: start expired. level:-1
06-10 09:33:24.905  1413  1413 I TrafficMonitor: gettimer:interval=2000
06-10 09:33:25.323 30332 30332 E libc    : Access denied finding property "ro.hwfix.ro.process_list"
06-10 09:33:25.348 30332 30332 E libc    : Access denied finding property "ro.hwfix.ro.process_list"
06-10 09:33:25.360  1413  2257 D HwArpVerifier: performPollAndLog:
06-10 09:33:25.361  1413  2257 D hw_netstat: total/0/0
06-10 09:33:25.427 30075 30203 D Gallery_Common_StorageService: Service will stop.
06-10 09:33:25.989  1413  2199 E WificondControl: Noise: 0, Snr: -1, Chload: -1
06-10 09:33:25.990  1413  2199 E HwWifiStatStore: updateLinkSpeed  linkSpeed =72 lastSpdLev=2 index=2
06-10 09:33:25.991  1413  2201 D HwWifiCHRStateManager: handleMessage : 1001
06-10 09:33:25.991  1413  2201 D HwWifiCHRStateManager: handleUpdateChannel:2412
06-10 09:33:25.992 28067 28067 D wpa_supplicant: sta hidl pwrPercentBoostModesetInternal
06-10 09:33:25.995  1413  2199 D WifiScoreReport: Score = 100, wifiConnectivityManagerEnabled = false, lowScoreCount = 0
06-10 09:33:26.363 30333 30333 E libc    : Access denied finding property "ro.hwfix.ro.process_list"
06-10 09:33:26.388 30333 30333 E libc    : Access denied finding property "ro.hwfix.ro.process_list"
06-10 09:33:26.909  1413  1413 I TrafficMonitor: update:rxPkts:0,txPkts:0,rxBytes:0,txBytes:0
06-10 09:33:26.909  1413  1413 I TrafficMonitor: start expired. level:-1
06-10 09:33:26.909  1413  1413 I TrafficMonitor: gettimer:interval=2000
06-10 09:33:27.247  1413  2467 E Watchdog: Failed to write to /sys/kernel/hungtask/vm_heart
06-10 09:33:27.247  1413  2467 E Watchdog: java.io.FileNotFoundException: /sys/kernel/hungtask/vm_heart (Permission denied)
06-10 09:33:27.247  1413  2467 E Watchdog: 	at java.io.FileOutputStream.open0(Native Method)
06-10 09:33:27.247  1413  2467 E Watchdog: 	at java.io.FileOutputStream.open(FileOutputStream.java:287)
06-10 09:33:27.247  1413  2467 E Watchdog: 	at java.io.FileOutputStream.<init>(FileOutputStream.java:223)
06-10 09:33:27.247  1413  2467 E Watchdog: 	at java.io.FileOutputStream.<init>(FileOutputStream.java:110)
06-10 09:33:27.247  1413  2467 E Watchdog: 	at com.android.server.Watchdog.writeHungtask(Watchdog.java:904)
06-10 09:33:27.247  1413  2467 E Watchdog: 	at com.android.server.Watchdog.run(Watchdog.java:563)
06-10 09:33:27.250  1413  1979 I EventHub: EventHub monitor: no key events in the past 1760s, no motion events in the past 22s
06-10 09:33:27.401 30334 30334 E libc    : Access denied finding property "ro.hwfix.ro.process_list"
06-10 09:33:27.427 30334 30334 E libc    : Access denied finding property "ro.hwfix.ro.process_list"
06-10 09:33:27.664  1413  2200 D HwWifiStatStore: handleMessage : 200
06-10 09:33:27.749   612 30335 W libc    : Set property "hw.wifi.dns_stat" to "243,116,201,1,3216"
06-10 09:33:28.161  2349  2349 D StatusBarIconController: setIconVisibility icon is null or visibility not change visibility=false
06-10 09:33:28.163  2349  2349 I chatty  : uid=10026(com.huawei.HwMultiScreenShot) com.android.systemui identical 1 line
06-10 09:33:28.165  2349  2349 D StatusBarIconController: setIconVisibility icon is null or visibility not change visibility=false
06-10 09:33:28.440 30338 30338 E libc    : Access denied finding property "ro.hwfix.ro.process_list"
06-10 09:33:28.467 30338 30338 E libc    : Access denied finding property "ro.hwfix.ro.process_list"
06-10 09:33:28.591  1413  2199 E WificondControl: Noise: 0, Snr: -1, Chload: -1
06-10 09:33:28.591  1413  2199 E HwWifiStatStore: updateLinkSpeed  linkSpeed =72 lastSpdLev=2 index=2
06-10 09:33:28.592  1413  2201 D HwWifiCHRStateManager: handleMessage : 1001
06-10 09:33:28.592  1413  2201 D HwWifiCHRStateManager: handleUpdateChannel:2412
06-10 09:33:28.594 28067 28067 D wpa_supplicant: sta hidl pwrPercentBoostModesetInternal
06-10 09:33:28.614  1413  2271 I HuaweiWifiWatchdogStateMachine: POta txb txg rxg:0, 10, 0. Lr =0% Totpkt=10
06-10 09:33:28.616  1413  1413 D WiFi_PRO: MSG_RETURN_AP_CURRY_RSSI rssi = -50
06-10 09:33:28.616  1413  1413 I QosMonitor: queryRtt: rtt_type = 3
06-10 09:33:28.617  1413  2262 D HwUidTcpMonitor: parseWlanUidTcpStatistics lastUidTcpStatInfo = [ mUid = 10296 mPacketName = abc.def.ghi mLastUpdateTime = 1717983208617 mSendSegs = 388 mResendSegs = 0 mRcvSegs = 398 mRttDuration = 15776 mRttSegs = 101 mMobileSendSegs = 0 mMobileResendSegs = 0 mMobileRcvSegs = 0 mMobileRttDuration = 0 mMobileRttSegs = 0 ]
06-10 09:33:28.618  1413  2262 D HwUidTcpMonitor: parseMobileUidTcpStatistics tcpStatLines.get(i).startsWith(WIFIPRO_TAG)
06-10 09:33:28.618  1413  1413 I QosMonitor: postEventFromNative: msg=100,arg1=4,arg2=10
06-10 09:33:28.618  1413  1413 I QosMonitor: postEventFromNative: msg=100,arg1=0,arg2=10
06-10 09:33:28.619  1413  1413 I MQoS    : rtt=420,tcp_tx_pkts=1611531,tcp_rx_pkts=2822061
06-10 09:33:28.620  1413  2271 I HuaweiWifiWatchdogStateMachine: PTcp RTT:0, rtt pkt=0, tcp_rx=2, tcp_tx=2, tcp_reTran=0, rtRate=0
06-10 09:33:28.626  1413  5157 I MQoS    : QOS_level:0(0),wifi-link;SIM error;use level-0
06-10 09:33:28.912  1413  1413 I TrafficMonitor: update:rxPkts:2,txPkts:2,rxBytes:496,txBytes:104
06-10 09:33:28.912  1413  1413 I TrafficMonitor: start expired. level:-1
06-10 09:33:28.913  1413  1413 I TrafficMonitor: gettimer:interval=2000
06-10 09:33:29.057  1413  2199 E WificondControl: Noise: 0, Snr: -1, Chload: -1
06-10 09:33:29.058  1413  2199 E HwWifiStatStore: updateLinkSpeed  linkSpeed =72 lastSpdLev=2 index=2
06-10 09:33:29.058  1413  2201 D HwWifiCHRStateManager: handleMessage : 1001
06-10 09:33:29.058  1413  2201 D HwWifiCHRStateManager: handleUpdateChannel:2412
06-10 09:33:29.060 28067 28067 D wpa_supplicant: sta hidl pwrPercentBoostModesetInternal
06-10 09:33:29.063  1413  2199 D WifiScoreReport: Score = 100, wifiConnectivityManagerEnabled = false, lowScoreCount = 0
06-10 09:33:29.166  2349  2349 D StatusBarIconController: setIconVisibility icon is null or visibility not change visibility=false
06-10 09:33:29.167  2349  2349 W ResourceType: No package identifier when getting value for resource number 0x00000000
06-10 09:33:29.167  2349  2349 E HwNotchUtils: setIconForView iconId is not found
06-10 09:33:29.167  2349  2349 D StatusBarIconController: setIconVisibility icon is null or visibility not change visibility=false
06-10 09:33:29.168  2349  2349 W ResourceType: No package identifier when getting value for resource number 0x00000000
06-10 09:33:29.168  2349  2349 E HwNotchUtils: setIconForView iconId is not found
06-10 09:33:29.168  2349  2349 D StatusBarIconController: setIconVisibility icon is null or visibility not change visibility=false
06-10 09:33:29.168  2349  2349 W ResourceType: No package identifier when getting value for resource number 0x00000000
06-10 09:33:29.168  2349  2349 E HwNotchUtils: setIconForView iconId is not found
06-10 09:33:29.482 30339 30339 E libc    : Access denied finding property "ro.hwfix.ro.process_list"
06-10 09:33:29.507 30339 30339 E libc    : Access denied finding property "ro.hwfix.ro.process_list"
06-10 09:33:29.906  1413  1413 I TrafficMonitor: expired arrive. level:-1
06-10 09:33:29.907  1413  1413 I TrafficMonitor: during_ms:2003,period_ms:2000
06-10 09:33:29.907  1413  1413 I TrafficMonitor: count:776,rx_sum:2,tx_sum:2,rxBytes:496,during_ms:2003,rx_speed:247.6285571642536,tx_speed:51.92211682476285,rto:1.0
06-10 09:33:30.367  1413  2257 D HwArpVerifier: performPollAndLog:
06-10 09:33:30.371  1413  2257 D hw_netstat: total/496/104,abc.def.ghi/496/104
06-10 09:33:30.521 30340 30340 E libc    : Access denied finding property "ro.hwfix.ro.process_list"
06-10 09:33:30.547 30340 30340 E libc    : Access denied finding property "ro.hwfix.ro.process_list"
06-10 09:33:30.671  1413  2200 D HwWifiStatStore: handleMessage : 200
06-10 09:33:30.916  1413  1413 I TrafficMonitor: update:rxPkts:0,txPkts:0,rxBytes:0,txBytes:0
06-10 09:33:30.916  1413  1413 I TrafficMonitor: start expired. level:-1
06-10 09:33:30.916  1413  1413 I TrafficMonitor: gettimer:interval=2000
06-10 09:33:31.561 30341 30341 E libc    : Access denied finding property "ro.hwfix.ro.process_list"
06-10 09:33:31.587 30341 30341 E libc    : Access denied finding property "ro.hwfix.ro.process_list"
06-10 09:33:32.128  1413  2199 E WificondControl: Noise: 0, Snr: -1, Chload: -1
06-10 09:33:32.129  1413  2199 E HwWifiStatStore: updateLinkSpeed  linkSpeed =72 lastSpdLev=2 index=2
06-10 09:33:32.130  1413  2201 D HwWifiCHRStateManager: handleMessage : 1001
06-10 09:33:32.131  1413  2201 D HwWifiCHRStateManager: handleUpdateChannel:2412
06-10 09:33:32.131 28067 28067 D wpa_supplicant: sta hidl pwrPercentBoostModesetInternal
06-10 09:33:32.135  1413  2199 D WifiScoreReport: Score = 100, wifiConnectivityManagerEnabled = false, lowScoreCount = 0
06-10 09:33:32.539   612   617 W IptablesRestoreController: iptables-restore process 29964 terminated status=15
06-10 09:33:32.543   612   617 W IptablesRestoreController: iptables-restore process 29969 terminated status=15
06-10 09:33:32.601 30342 30342 E libc    : Access denied finding property "ro.hwfix.ro.process_list"
06-10 09:33:32.627 30342 30342 E libc    : Access denied finding property "ro.hwfix.ro.process_list"
06-10 09:33:32.920  1413  1413 I TrafficMonitor: update:rxPkts:0,txPkts:0,rxBytes:0,txBytes:0
06-10 09:33:32.920  1413  1413 I TrafficMonitor: start expired. level:-1
06-10 09:33:32.920  1413  1413 I TrafficMonitor: gettimer:interval=2000
06-10 09:33:33.642 30344 30344 E libc    : Access denied finding property "ro.hwfix.ro.process_list"
06-10 09:33:33.667 30344 30344 E libc    : Access denied finding property "ro.hwfix.ro.process_list"
06-10 09:33:33.677  1413  2200 D HwWifiStatStore: handleMessage : 200
06-10 09:33:34.680 30345 30345 E libc    : Access denied finding property "ro.hwfix.ro.process_list"
06-10 09:33:34.706 30345 30345 E libc    : Access denied finding property "ro.hwfix.ro.process_list"
06-10 09:33:34.924  1413  1413 I TrafficMonitor: update:rxPkts:0,txPkts:0,rxBytes:0,txBytes:0
06-10 09:33:34.924  1413  1413 I TrafficMonitor: start expired. level:-1
06-10 09:33:34.924  1413  1413 I TrafficMonitor: gettimer:interval=2000
06-10 09:33:35.196  1413  2199 E WificondControl: Noise: 0, Snr: -1, Chload: -1
06-10 09:33:35.197  1413  2199 E HwWifiStatStore: updateLinkSpeed  linkSpeed =72 lastSpdLev=2 index=2
06-10 09:33:35.198  1413  2201 D HwWifiCHRStateManager: handleMessage : 1001
06-10 09:33:35.198  1413  2201 D HwWifiCHRStateManager: handleUpdateChannel:2412
06-10 09:33:35.199 28067 28067 D wpa_supplicant: sta hidl pwrPercentBoostModesetInternal
06-10 09:33:35.202  1413  2199 D WifiScoreReport: Score = 100, wifiConnectivityManagerEnabled = false, lowScoreCount = 0
06-10 09:33:35.377  1413  2257 D HwArpVerifier: performPollAndLog:
06-10 09:33:35.381  1413  2257 D hw_netstat: total/0/0
06-10 09:33:35.720 30346 30346 E libc    : Access denied finding property "ro.hwfix.ro.process_list"
06-10 09:33:35.739   750  1110 I qti_sensors_hal: [LightSensor]processReportInd: the skip  luxValue  ItemData[0]:4a0000,ItemData[1]:641fed, lux:74.000000,cct:6561773.000000
06-10 09:33:35.746 30346 30346 E libc    : Access denied finding property "ro.hwfix.ro.process_list"
06-10 09:33:35.918  1413  1413 I TrafficMonitor: expired arrive. level:-1
06-10 09:33:35.918  1413  1413 I TrafficMonitor: during_ms:2004,period_ms:2000
06-10 09:33:35.918  1413  1413 I TrafficMonitor: count:779,rx_sum:0,tx_sum:0,rxBytes:0,during_ms:2004,rx_speed:0.0,tx_speed:0.0,rto:0.0
06-10 09:33:36.191  2349  2349 D StatusBarIconController: setIconVisibility icon is null or visibility not change visibility=false
06-10 09:33:36.193  2349  2349 I chatty  : uid=10026(com.huawei.HwMultiScreenShot) com.android.systemui identical 1 line
06-10 09:33:36.195  2349  2349 D StatusBarIconController: setIconVisibility icon is null or visibility not change visibility=false
06-10 09:33:36.595  1413  2199 E WificondControl: Noise: 0, Snr: -1, Chload: -1
06-10 09:33:36.595  1413  2199 E HwWifiStatStore: updateLinkSpeed  linkSpeed =72 lastSpdLev=2 index=2
06-10 09:33:36.595  1413  2201 D HwWifiCHRStateManager: handleMessage : 1001
06-10 09:33:36.596  1413  2201 D HwWifiCHRStateManager: handleUpdateChannel:2412
06-10 09:33:36.597 28067 28067 D wpa_supplicant: sta hidl pwrPercentBoostModesetInternal
06-10 09:33:36.616  1413  1413 D WiFi_PRO: MSG_RETURN_AP_CURRY_RSSI rssi = -51
06-10 09:33:36.617  1413  1413 I QosMonitor: queryRtt: rtt_type = 3
06-10 09:33:36.617  1413  2271 D HuaweiWifiWatchdogStateMachine: high data flow: protection_counter = 0,  not_detect_counter = 51
06-10 09:33:36.617  1413  2271 D HuaweiWifiWatchdogStateMachine: high data flow scenario: 0 --> 0 rx bytes =24KB
06-10 09:33:36.618  1413  2271 I HuaweiWifiWatchdogStateMachine: POta txb txg rxg:0, 13, 0. Lr =0% Totpkt=13
06-10 09:33:36.618  1413  1413 I QosMonitor: postEventFromNative: msg=100,arg1=4,arg2=10
06-10 09:33:36.618  1413  1413 I QosMonitor: postEventFromNative: msg=100,arg1=0,arg2=10
06-10 09:33:36.619  1413  1413 I MQoS    : rtt=420,tcp_tx_pkts=1611533,tcp_rx_pkts=2822063
06-10 09:33:36.620  1413  2271 I HuaweiWifiWatchdogStateMachine: PTcp RTT:0, rtt pkt=0, tcp_rx=2, tcp_tx=2, tcp_reTran=0, rtRate=0
06-10 09:33:36.626  1413  5157 I MQoS    : QOS_level:0(0),wifi-link;SIM error;use level-0
06-10 09:33:36.626  1413  5157 I MQoS    : skip-low-Level:0(0),wifi-link;SIM error;use level-0
06-10 09:33:36.627  1413  2262 D HwUidTcpMonitor: parseWlanUidTcpStatistics lastUidTcpStatInfo = [ mUid = 10296 mPacketName = abc.def.ghi mLastUpdateTime = 1717983216627 mSendSegs = 390 mResendSegs = 0 mRcvSegs = 400 mRttDuration = 15776 mRttSegs = 101 mMobileSendSegs = 0 mMobileResendSegs = 0 mMobileRcvSegs = 0 mMobileRttDuration = 0 mMobileRttSegs = 0 ]
06-10 09:33:36.627  1413  2262 D HwUidTcpMonitor: parseMobileUidTcpStatistics tcpStatLines.get(i).startsWith(WIFIPRO_TAG)
06-10 09:33:36.683  1413  2200 D HwWifiStatStore: handleMessage : 200
06-10 09:33:36.761 30349 30349 E libc    : Access denied finding property "ro.hwfix.ro.process_list"
06-10 09:33:36.786 30349 30349 E libc    : Access denied finding property "ro.hwfix.ro.process_list"
06-10 09:33:36.926  1413  1413 I TrafficMonitor: update:rxPkts:2,txPkts:2,rxBytes:496,txBytes:104
06-10 09:33:36.926  1413  1413 I TrafficMonitor: start expired. level:-1
06-10 09:33:36.926  1413  1413 I TrafficMonitor: gettimer:interval=2000
06-10 09:33:36.983   612 30350 W libc    : Set property "hw.wifi.dns_stat" to "244,117,201,1,3216"
06-10 09:33:37.195  2349  2349 D StatusBarIconController: setIconVisibility icon is null or visibility not change visibility=false
06-10 09:33:37.196  2349  2349 W ResourceType: No package identifier when getting value for resource number 0x00000000
06-10 09:33:37.196  2349  2349 E HwNotchUtils: setIconForView iconId is not found
06-10 09:33:37.196  2349  2349 D StatusBarIconController: setIconVisibility icon is null or visibility not change visibility=false
06-10 09:33:37.197  2349  2349 W ResourceType: No package identifier when getting value for resource number 0x00000000
06-10 09:33:37.197  2349  2349 E HwNotchUtils: setIconForView iconId is not found
06-10 09:33:37.197  2349  2349 D StatusBarIconController: setIconVisibility icon is null or visibility not change visibility=false
06-10 09:33:37.197  2349  2349 W ResourceType: No package identifier when getting value for resource number 0x00000000
06-10 09:33:37.198  2349  2349 E HwNotchUtils: setIconForView iconId is not found
06-10 09:33:37.800 30351 30351 E libc    : Access denied finding property "ro.hwfix.ro.process_list"
06-10 09:33:37.827 30351 30351 E libc    : Access denied finding property "ro.hwfix.ro.process_list"
06-10 09:33:38.265  1413  2199 E WificondControl: Noise: 0, Snr: -1, Chload: -1
06-10 09:33:38.266  1413  2199 E HwWifiStatStore: updateLinkSpeed  linkSpeed =72 lastSpdLev=2 index=2
06-10 09:33:38.267  1413  2201 D HwWifiCHRStateManager: handleMessage : 1001
06-10 09:33:38.267  1413  2201 D HwWifiCHRStateManager: handleUpdateChannel:2412
06-10 09:33:38.268 28067 28067 D wpa_supplicant: sta hidl pwrPercentBoostModesetInternal
06-10 09:33:38.271  1413  2199 D WifiScoreReport: Score = 100, wifiConnectivityManagerEnabled = false, lowScoreCount = 0
06-10 09:33:38.573   750  1110 I qti_sensors_hal: [LightSensor]processReportInd: the skip  luxValue  ItemData[0]:4c0000,ItemData[1]:642072, lux:76.000000,cct:6561906.000000
06-10 09:33:38.841 30352 30352 E libc    : Access denied finding property "ro.hwfix.ro.process_list"
06-10 09:33:38.867 30352 30352 E libc    : Access denied finding property "ro.hwfix.ro.process_list"
06-10 09:33:38.928  1413  1413 I TrafficMonitor: update:rxPkts:0,txPkts:0,rxBytes:0,txBytes:0
06-10 09:33:38.928  1413  1413 I TrafficMonitor: start expired. level:-1
06-10 09:33:38.928  1413  1413 I TrafficMonitor: gettimer:interval=2000
06-10 09:33:39.690  1413  2200 D HwWifiStatStore: handleMessage : 200
06-10 09:33:39.879 30355 30355 E libc    : Access denied finding property "ro.hwfix.ro.process_list"
06-10 09:33:39.906 30355 30355 E libc    : Access denied finding property "ro.hwfix.ro.process_list"
06-10 09:33:40.387  1413  2257 D HwArpVerifier: performPollAndLog:
06-10 09:33:40.391  1413  2257 D hw_netstat: total/496/104,abc.def.ghi/496/104
06-10 09:33:40.920 30356 30356 E libc    : Access denied finding property "ro.hwfix.ro.process_list"
