06-09 23:17:42.801 22364 22426 E AndroidRuntime: 	at abc.def.ghi.MainService_Login.LoadData(MainService_Login.java:106)
06-09 23:17:42.919 22364 22426 I chatty  : uid=10296 abc.def.ghi:mainService identical 99 lines
06-09 23:17:42.920 22364 22426 E AndroidRuntime: 	at abc.def.ghi.MainService_Login.LoadData(MainService_Login.java:106)
06-09 23:17:42.920 22364 22426 E AndroidRuntime: 	at abc.def.ghi.MainService_Login.LoadData(MainService_Login.java:106)
06-09 23:17:42.920 22364 22426 E AndroidRuntime: 	at abc.def.ghi.MainService_Login.LoadData(MainService_Login.java:106)
06-09 23:17:42.920 22364 22426 E AndroidRuntime: 	at abc.def.ghi.MainService_Login.LoadData(MainService_Login.java:106)
06-09 23:17:42.920 22364 22426 E AndroidRuntime: 	at abc.def.ghi.MainService_Login.LoadData(MainService_Login.java:106)
06-09 23:17:42.920 22364 22426 E AndroidRuntime: 	at abc.def.ghi.MainService_Login.LoadData(MainService_Login.java:106)
06-09 23:17:42.920 22364 22426 E AndroidRuntime: 	at abc.def.ghi.MainService_Login.LoadData(MainService_Login.java:106)
06-09 23:17:42.920 22364 22426 E AndroidRuntime: 	at abc.def.ghi.MainService_Login.LoadData(MainService_Login.java:106)
06-09 23:17:42.920 22364 22426 E AndroidRuntime: 	at abc.def.ghi.MainService_Login.LoadData(MainService_Login.java:106)
06-09 23:17:42.920 22364 22426 E AndroidRuntime: 	at abc.def.ghi.MainService_Login.LoadData(MainService_Login.java:106)
06-09 23:17:42.920 22364 22426 E AndroidRuntime: 	at abc.def.ghi.MainService_Login.LoadData(MainService_Login.java:106)
06-09 23:17:42.920 22364 22426 E AndroidRuntime: 	at abc.def.ghi.MainService_Login.LoadData(MainService_Login.java:106)
06-09 23:17:42.920 22364 22426 E AndroidRuntime: 	at abc.def.ghi.MainService_Login.LoadData(MainService_Login.java:106)
06-09 23:17:42.920 22364 22426 E AndroidRuntime: 	at abc.def.ghi.MainService_Login.LoadData(MainService_Login.java:106)
06-09 23:17:42.920 22364 22426 E AndroidRuntime: 	at abc.def.ghi.MainService_Login.LoadData(MainService_Login.java:106)
06-09 23:17:42.920 22364 22426 E AndroidRuntime: 	at abc.def.ghi.MainService_Login.LoadData(MainService_Login.java:106)
06-09 23:17:42.920 22364 22426 E AndroidRuntime: 	at abc.def.ghi.MainService_Login.LoadData(MainService_Login.java:106)
06-09 23:17:42.920 22364 22426 E AndroidRuntime: 	at abc.def.ghi.MainService_Login.LoadData(MainService_Login.java:106)
06-09 23:17:42.920 22364 22426 E AndroidRuntime: 	at abc.def.ghi.MainService_Login.LoadData(MainService_Login.java:106)
06-09 23:17:42.920 22364 22426 E AndroidRuntime: 	at abc.def.ghi.MainService_Login.LoadData(MainService_Login.java:106)
06-09 23:17:42.920 22364 22426 E AndroidRuntime: 	at abc.def.ghi.MainService_Login.LoadData(MainService_Login.java:106)
06-09 23:17:42.920 22364 22426 E AndroidRuntime: 	at abc.def.ghi.MainService_Login.LoadData(MainService_Login.java:106)
06-09 23:17:42.920 22364 22426 E AndroidRuntime: 	at abc.def.ghi.MainService_Login.LoadData(MainService_Login.java:106)
06-09 23:17:42.920 22364 22426 E AndroidRuntime: 	at abc.def.ghi.MainService_Login.LoadData(MainService_Login.java:106)
06-09 23:17:42.920 22364 22426 E AndroidRuntime: 	at abc.def.ghi.MainService_Login.LoadData(MainService_Login.java:106)
06-09 23:17:42.920 22364 22426 E AndroidRuntime: 	at abc.def.ghi.MainService_Login.LoadData(MainService_Login.java:106)
06-09 23:17:42.920 22364 22426 E AndroidRuntime: 	at abc.def.ghi.MainService_Login.LoadData(MainService_Login.java:106)
06-09 23:17:42.920 22364 22426 E AndroidRuntime: 	at abc.def.ghi.MainService_Login.LoadData(MainService_Login.java:106)
06-09 23:17:42.920 22364 22426 E AndroidRuntime: 	at abc.def.ghi.MainService_Login.LoadData(MainService_Login.java:106)
06-09 23:17:42.920 22364 22426 E AndroidRuntime: 	at abc.def.ghi.MainService_Login.LoadData(MainService_Login.java:106)
06-09 23:17:42.920 22364 22426 E AndroidRuntime: 	at abc.def.ghi.MainService_Login.LoadData(MainService_Login.java:106)
06-09 23:17:42.920 22364 22426 E AndroidRuntime: 	at abc.def.ghi.MainService_Login.LoadData(MainService_Login.java:106)
06-09 23:17:42.920 22364 22426 E AndroidRuntime: 	at abc.def.ghi.MainService_Login.LoadData(MainService_Login.java:106)
06-09 23:17:42.920 22364 22426 E AndroidRuntime: 	at abc.def.ghi.MainService_Login.LoadData(MainService_Login.java:106)
06-09 23:17:42.920 22364 22426 E AndroidRuntime: 	at abc.def.ghi.MainService_Login.LoadData(MainService_Login.java:106)
06-09 23:17:42.920 22364 22426 E AndroidRuntime: 	at abc.def.ghi.MainService_Login.LoadData(MainService_Login.java:106)
06-09 23:17:42.920 22364 22426 E AndroidRuntime: 	at abc.def.ghi.MainService_Login.LoadData(MainService_Login.java:106)
06-09 23:17:42.920 22364 22426 E AndroidRuntime: 	at abc.def.ghi.MainService_Login.LoadData(MainService_Login.java:106)
06-09 23:17:42.920 22364 22426 E AndroidRuntime: 	at abc.def.ghi.MainService_Login.LoadData(MainService_Login.java:106)
06-09 23:17:42.920 22364 22426 E AndroidRuntime: 	at abc.def.ghi.MainService_Login.LoadData(MainService_Login.java:106)
06-09 23:17:42.920 22364 22426 E AndroidRuntime: 	at abc.def.ghi.MainService_Login.LoadData(MainService_Login.java:106)
06-09 23:17:42.920 22364 22426 E AndroidRuntime: 	at abc.def.ghi.MainService_Login.LoadData(MainService_Login.java:106)
06-09 23:17:42.920 22364 22426 E AndroidRuntime: 	at abc.def.ghi.MainService_Login.LoadData(MainService_Login.java:106)
06-09 23:17:42.920 22364 22426 E AndroidRuntime: 	at abc.def.ghi.MainService_Login.LoadData(MainService_Login.java:106)
06-09 23:17:42.920 22364 22426 E AndroidRuntime: 	at abc.def.ghi.MainService_Login.LoadData(MainService_Login.java:106)
06-09 23:17:42.920 22364 22426 E AndroidRuntime: 	at abc.def.ghi.MainService_Login.LoadData(MainService_Login.java:106)
06-09 23:17:42.920 22364 22426 E AndroidRuntime: 	at abc.def.ghi.MainService_Login.LoadData(MainService_Login.java:106)
06-09 23:17:42.920 22364 22426 E AndroidRuntime: 	at abc.def.ghi.MainService_Login.LoadData(MainService_Login.java:106)
06-09 23:17:42.920 22364 22426 E AndroidRuntime: 	at abc.def.ghi.MainService_Login.LoadData(MainService_Login.java:106)
06-09 23:17:42.920 22364 22426 E AndroidRuntime: 	at abc.def.ghi.MainService_Login.LoadData(MainService_Login.java:106)
06-09 23:17:42.920 22364 22426 E AndroidRuntime: 	at abc.def.ghi.MainService_Login.LoadData(MainService_Login.java:106)
06-09 23:17:42.920 22364 22426 E AndroidRuntime: 	at abc.def.ghi.MainService_Login.LoadData(MainService_Login.java:106)
06-09 23:17:42.920 22364 22426 E AndroidRuntime: 	at abc.def.ghi.MainService_Login.LoadData(MainService_Login.java:106)
06-09 23:17:42.920 22364 22426 E AndroidRuntime: 	at abc.def.ghi.MainService_Login.LoadData(MainService_Login.java:106)
06-09 23:17:42.920 22364 22426 E AndroidRuntime: 	at abc.def.ghi.MainService_Login.LoadData(MainService_Login.java:106)
06-09 23:17:42.920 22364 22426 E AndroidRuntime: 	at abc.def.ghi.MainService_Login.LoadData(MainService_Login.java:106)
06-09 23:17:42.920 22364 22426 E AndroidRuntime: 	at abc.def.ghi.MainService_Login.LoadData(MainService_Login.java:106)
06-09 23:17:42.920 22364 22426 E AndroidRuntime: 	at abc.def.ghi.MainService_Login.LoadData(MainService_Login.java:106)
06-09 23:17:42.920 22364 22426 E AndroidRuntime: 	at abc.def.ghi.MainService_Login.LoadData(MainService_Login.java:106)
06-09 23:17:42.920 22364 22426 E AndroidRuntime: 	at abc.def.ghi.MainService_Login.LoadData(MainService_Login.java:106)
06-09 23:17:42.920 22364 22426 E AndroidRuntime: 	at abc.def.ghi.MainService_Login.LoadData(MainService_Login.java:106)
06-09 23:17:42.920 22364 22426 E AndroidRuntime: 	at abc.def.ghi.MainService_Login.LoadData(MainService_Login.java:106)
06-09 23:17:42.920 22364 22426 E AndroidRuntime: 	at abc.def.ghi.MainService_Login.LoadData(MainService_Login.java:106)
06-09 23:17:42.920 22364 22426 E AndroidRuntime: 	at abc.def.ghi.MainService_Login.LoadData(MainService_Login.java:106)
06-09 23:17:42.920 22364 22426 E AndroidRuntime: 	at abc.def.ghi.MainService_Login.LoadData(MainService_Login.java:106)
06-09 23:17:42.920 22364 22426 E AndroidRuntime: 	at abc.def.ghi.MainService_Login.LoadData(MainService_Login.java:106)
06-09 23:17:42.920 22364 22426 E AndroidRuntime: 	at abc.def.ghi.MainService_Login.LoadData(MainService_Login.java:106)
06-09 23:17:42.920 22364 22426 E AndroidRuntime: 	at abc.def.ghi.MainService_Login.LoadData(MainService_Login.java:106)
06-09 23:17:42.920 22364 22426 E AndroidRuntime: 	at abc.def.ghi.MainService_Login.LoadData(MainService_Login.java:106)
06-09 23:17:42.920 22364 22426 E AndroidRuntime: 	at abc.def.ghi.MainService_Login.LoadData(MainService_Login.java:106)
06-09 23:17:42.920 22364 22426 E AndroidRuntime: 	at abc.def.ghi.MainService_Login.access$000(MainService_Login.java:26)
06-09 23:17:42.920 22364 22426 E AndroidRuntime: 	at abc.def.ghi.MainService_Login$1.run(MainService_Login.java:68)
06-09 23:17:42.920 22364 22426 E AndroidRuntime: 	at java.lang.Thread.run(Thread.java:784)
06-09 23:17:43.094  1413 19732 I chatty  : uid=1000(system) Binder:1413_20 expire 25 lines
06-09 23:18:35.225  2577  2723 I chatty  : uid=1000(system) core expire 12 lines
06-09 23:18:49.984  1413 19732 I chatty  : uid=1000(system) Binder:1413_20 expire 62 lines
06-09 23:18:50.055 26356 26356 D ActivityThread: Attach thread to application
06-09 23:19:22.097  1413  1413 I chatty  : uid=1000 system_server expire 89 lines
06-09 23:19:27.852  1413  1936 I chatty  : uid=1000(system) ActivityManager expire 36 lines
06-09 23:19:53.101  1413  2467 I chatty  : uid=1000(system) watchdog expire 38 lines
06-09 23:20:26.873  1413 15496 I chatty  : uid=1000(system) Binder:1413_1D expire 89 lines
06-09 23:20:26.879  1413  4416 I chatty  : uid=1000(system) Binder:1413_F expire 12 lines
06-09 23:20:26.962  1413  2601 I chatty  : uid=1000(system) Binder:1413_A expire 15 lines
06-09 23:20:28.119  1413  1446 I chatty  : uid=1000(system) Binder:1413_1 expire 54 lines
06-09 23:21:31.179  1413 10949 I chatty  : uid=1000(system) Binder:1413_1A expire 48 lines
06-09 23:22:35.386  1413  2614 I chatty  : uid=1000(system) Binder:1413_C expire 41 lines
06-09 23:24:22.130  1413  1928 I chatty  : uid=1000(system) android.bg expire 6 lines
06-09 23:30:08.289  1413  2575 I chatty  : uid=1000(system) Binder:1413_9 expire 17 lines
06-09 23:30:35.674  2577  2723 I chatty  : uid=1000(system) core expire 6 lines
06-09 23:31:13.390  1413 13890 I chatty  : uid=1000(system) Binder:1413_1C expire 15 lines
06-09 23:33:12.689  1413  1950 I chatty  : uid=1000(system) batterystats-wo expire 4 lines
06-09 23:33:17.005  1413  2195 I chatty  : uid=1000(system) NetworkStats expire 7 lines
06-09 23:33:17.077  1413  2193 I chatty  : uid=1000(system) NetdConnector expire 10 lines
06-09 23:33:17.187  2577 18393 I chatty  : uid=1000(system) Binder:2577_F expire 2 lines
06-09 23:33:40.688  1413  2267 I chatty  : uid=1000(system) StatisticsCHRMs expire 4 lines
06-09 23:35:21.947  1413 10949 I chatty  : uid=1000(system) Binder:1413_1A expire 2 lines
06-09 23:35:34.600  1413  1446 I chatty  : uid=1000(system) Binder:1413_1 expire 17 lines
06-09 23:36:35.911  2577  2723 I chatty  : uid=1000(system) core expire 18 lines
06-09 23:36:40.174  1413  1413 I chatty  : uid=1000 system_server expire 107 lines
06-09 23:36:40.210  1413  2614 I chatty  : uid=1000(system) Binder:1413_C expire 37 lines
06-09 23:36:40.233  1413  1446 I chatty  : uid=1000(system) Binder:1413_1 expire 2 lines
06-09 23:36:40.320  1413 19732 I chatty  : uid=1000(system) Binder:1413_20 expire 62 lines
06-09 23:36:45.190  1413  1936 I chatty  : uid=1000(system) ActivityManager expire 38 lines
06-09 23:37:45.920  1413  2601 I chatty  : uid=1000(system) Binder:1413_A expire 105 lines
06-09 23:37:46.003  1413  2575 I chatty  : uid=1000(system) Binder:1413_9 expire 70 lines
06-09 23:37:47.165  1413  4416 I chatty  : uid=1000(system) Binder:1413_F expire 47 lines
06-09 23:38:51.691  1413 13890 I chatty  : uid=1000(system) Binder:1413_1C expire 62 lines
06-09 23:38:53.233  1413  2467 I chatty  : uid=1000(system) watchdog expire 40 lines
06-09 23:42:09.617  1413 15496 I chatty  : uid=1000(system) Binder:1413_1D expire 35 lines
06-09 23:43:22.210  1413  1928 I chatty  : uid=1000(system) android.bg expire 2 lines
06-09 23:53:16.116  1413 10949 I chatty  : uid=1000(system) Binder:1413_1A expire 5 lines
06-09 23:54:23.141  1413  2195 I chatty  : uid=1000(system) NetworkStats expire 7 lines
06-09 23:54:23.213  1413  2193 I chatty  : uid=1000(system) NetdConnector expire 6 lines
06-09 23:54:23.363  2577 18393 I chatty  : uid=1000(system) Binder:2577_F expire 2 lines
06-09 23:54:36.644  2577  2723 I chatty  : uid=1000(system) core expire 10 lines
06-09 23:55:30.434  1413  1413 I chatty  : uid=1000 system_server expire 33 lines
06-09 23:55:30.476  1413  2614 I chatty  : uid=1000(system) Binder:1413_C expire 25 lines
06-09 23:55:30.607  1413 19732 I chatty  : uid=1000(system) Binder:1413_20 expire 39 lines
06-09 23:55:35.450  1413  1936 I chatty  : uid=1000(system) ActivityManager expire 16 lines
06-09 23:58:52.930  1413  2601 I chatty  : uid=1000(system) Binder:1413_A expire 16 lines
06-09 23:58:53.363  1413  2467 I chatty  : uid=1000(system) watchdog expire 20 lines
06-09 23:58:54.215  1413 15496 I chatty  : uid=1000(system) Binder:1413_1D expire 9 lines
06-10 00:00:00.178  1413  1928 I chatty  : uid=1000(system) android.bg expire 34 lines
06-10 00:00:00.234  1413  2193 I chatty  : uid=1000(system) NetdConnector expire 4 lines
06-10 00:00:00.285 27425 27425 D ActivityThread: Attach thread to application
06-10 00:00:00.502 27447 27447 D ActivityThread: Attach thread to application
06-10 00:00:00.557  1413  2601 I chatty  : uid=1000(system) Binder:1413_A expire 3 lines
06-10 00:00:00.572  1413 10949 I chatty  : uid=1000(system) Binder:1413_1A expire 1 line
06-10 00:00:00.579  1413  4416 I chatty  : uid=1000(system) Binder:1413_F expire 1 line
06-10 00:00:00.584  1413  1447 I chatty  : uid=1000(system) Binder:1413_2 expire 15 lines
06-10 00:00:00.731  1413 19732 I chatty  : uid=1000(system) Binder:1413_20 expire 9 lines
06-10 00:00:05.674 27493 27493 D ActivityThread: Attach thread to application
06-10 00:01:08.291  1413  1413 I chatty  : uid=1000 system_server expire 16 lines
06-10 00:01:08.344  1413 13890 I chatty  : uid=1000(system) Binder:1413_1C expire 12 lines
06-10 00:01:08.360  1413  2614 I chatty  : uid=1000(system) Binder:1413_C expire 13 lines
06-10 00:01:13.468 27558 27558 D ActivityThread: Attach thread to application
06-10 00:01:18.568  1413  1446 I chatty  : uid=1000(system) Binder:1413_1 expire 30 lines
06-10 00:01:18.598 27589 27589 D ActivityThread: Attach thread to application
06-10 00:01:22.320  1413  4686 I chatty  : uid=1000(system) Binder:1413_10 expire 1 line
06-10 00:02:16.218  1413 13890 I chatty  : uid=1000(system) Binder:1413_1C expire 1 line
06-10 00:02:16.256  1413  2575 I chatty  : uid=1000(system) Binder:1413_9 expire 11 lines
06-10 00:02:16.352  1413  2602 I chatty  : uid=1000(system) Binder:1413_B expire 21 lines
06-10 00:03:12.750  1413  1950 I chatty  : uid=1000(system) batterystats-wo expire 4 lines
06-10 00:03:17.769  1413  1936 I chatty  : uid=1000(system) ActivityManager expire 12 lines
06-10 00:03:22.483  1413  1413 I chatty  : uid=1000 system_server expire 30 lines
06-10 00:03:24.329  1413  1447 I chatty  : uid=1000(system) Binder:1413_2 expire 25 lines
06-10 00:03:40.794  1413  2267 I chatty  : uid=1000(system) StatisticsCHRMs expire 4 lines
06-10 00:04:37.006  2577  2723 I chatty  : uid=1000(system) core expire 14 lines
06-10 00:05:40.609  1413  8379 I chatty  : uid=1000(system) Binder:1413_19 expire 23 lines
06-10 00:06:48.771  1413  2602 I chatty  : uid=1000(system) Binder:1413_B expire 28 lines
06-10 00:06:48.876  1413  1447 I chatty  : uid=1000(system) Binder:1413_2 expire 82 lines
06-10 00:07:57.205  1413 13890 I chatty  : uid=1000(system) Binder:1413_1C expire 37 lines
06-10 00:08:53.430  1413  2467 I chatty  : uid=1000(system) watchdog expire 21 lines
06-10 00:09:05.635  1413  1413 I chatty  : uid=1000 system_server expire 51 lines
06-10 00:09:05.777  1413  1446 I chatty  : uid=1000(system) Binder:1413_1 expire 35 lines
06-10 00:09:06.920  1413  2614 I chatty  : uid=1000(system) Binder:1413_C expire 42 lines
06-10 00:09:10.650  1413  1936 I chatty  : uid=1000(system) ActivityManager expire 32 lines
06-10 00:14:23.315  1413  1928 I chatty  : uid=1000(system) android.bg expire 4 lines
06-10 00:17:43.244 28131 28131 D ActivityThread: Attach thread to application
06-10 00:17:43.420  1413  2602 I chatty  : uid=1000(system) Binder:1413_B expire 17 lines
06-10 00:17:43.431  1413  8379 I chatty  : uid=1000(system) Binder:1413_19 expire 25 lines
06-10 00:17:43.452  1413  1932 I chatty  : uid=1000(system) HwActivityManag expire 6 lines
06-10 00:17:43.481  1413 13890 I chatty  : uid=1000(system) Binder:1413_1C expire 25 lines
06-10 00:17:43.481  2508  3120 I HwNetworkPolicyManager: getHwUidPolicy uid = 10296 policy = 0
06-10 00:17:43.499  1413  1446 I chatty  : uid=1000(system) Binder:1413_1 expire 13 lines
06-10 00:17:43.546 28131 28131 V ActivityThread: Skipping new config:{1.0 ?mcc?mnc [zh_CN_#Hans] ldltr sw360dp w360dp h692dp 320dpi nrml long port finger -keyb/v/h -nav/h appBounds=Rect(0, 0 - 720, 1440) nonFullScreen=0 suim:1 s.75}, config:{1.0 ?mcc?mnc [zh_CN_#Hans] ldltr sw360dp w360dp h692dp 320dpi nrml long port finger -keyb/v/h -nav/h appBounds=Rect(0, 0 - 720, 1440) nonFullScreen=0 suim:1 s.75} for app:abc.def.ghi
06-10 00:17:43.575 28131 28131 V ActivityThread: callActivityOnCreate
06-10 00:17:43.646 28131 28131 D ActivityThread: add activity client record, r= ActivityRecord{2770d2d token=android.os.BinderProxy@efa8fac {abc.def.ghi/abc.def.ghi.MainService_Activity}} token= android.os.BinderProxy@efa8fac
06-10 00:17:43.669 18094 18094 V ActivityThread: Skipping new config:{1.0 ?mcc?mnc [zh_CN_#Hans] ldltr sw360dp w360dp h692dp 320dpi nrml long port finger -keyb/v/h -nav/h appBounds=Rect(0, 0 - 720, 1440) nonFullScreen=0 suim:1 s.75}, config:{1.0 ?mcc?mnc [zh_CN_#Hans] ldltr sw360dp w360dp h692dp 320dpi nrml long port finger -keyb/v/h -nav/h appBounds=Rect(0, 0 - 720, 1440) nonFullScreen=0 suim:1 s.75} for app:com.android.packageinstaller
06-10 00:17:43.678 18094 18094 V ActivityThread: callActivityOnCreate
06-10 00:17:43.683  2508  3120 I HwNetworkPolicyManager: getHwUidPolicy uid = 10037 policy = 0
06-10 00:17:43.757 18094 18094 D ActivityThread: add activity client record, r= ActivityRecord{795a728 token=android.os.BinderProxy@f93bda8 {com.android.packageinstaller/com.android.packageinstaller.permission.ui.GrantPermissionsActivity}} token= android.os.BinderProxy@f93bda8
06-10 00:17:43.775 18094 18094 D ActivityThread: Remove activity client record, r= ActivityRecord{795a728 token=android.os.BinderProxy@f93bda8 {com.android.packageinstaller/com.android.packageinstaller.permission.ui.GrantPermissionsActivity}} token= android.os.BinderProxy@f93bda8
06-10 00:17:43.791  2508  3120 I HwNetworkPolicyManager: getHwUidPolicy uid = 10059 policy = 0
06-10 00:17:43.905 28131 28131 D ActivityThread: Remove activity client record, r= ActivityRecord{2770d2d token=android.os.BinderProxy@efa8fac {abc.def.ghi/abc.def.ghi.MainService_Activity}} token= android.os.BinderProxy@efa8fac
06-10 00:17:43.906  1413 19732 I chatty  : uid=1000(system) Binder:1413_20 expire 7 lines
06-10 00:17:48.534  1413  1413 I chatty  : uid=1000 system_server expire 9 lines
06-10 00:17:49.803  1413  4416 I chatty  : uid=1000(system) Binder:1413_F expire 5 lines
06-10 00:18:17.010 28131 28196 E AndroidRuntime: FATAL EXCEPTION: Thread-6
06-10 00:18:17.010 28131 28196 E AndroidRuntime: Process: abc.def.ghi:mainService, PID: 28131
06-10 00:18:17.010 28131 28196 E AndroidRuntime: java.lang.StackOverflowError: stack size 1037KB
06-10 00:18:17.010 28131 28196 E AndroidRuntime: 	at java.net.URI$Parser.parseServer(URI.java:3226)
06-10 00:18:17.010 28131 28196 E AndroidRuntime: 	at java.net.URI$Parser.parseAuthority(URI.java:3182)
06-10 00:18:17.010 28131 28196 E AndroidRuntime: 	at java.net.URI$Parser.parseHierarchical(URI.java:3124)
06-10 00:18:17.010 28131 28196 E AndroidRuntime: 	at java.net.URI$Parser.parse(URI.java:3080)
06-10 00:18:17.010 28131 28196 E AndroidRuntime: 	at java.net.URI.<init>(URI.java:583)
06-10 00:18:17.010 28131 28196 E AndroidRuntime: 	at java.net.URI.create(URI.java:845)
06-10 00:18:17.010 28131 28196 E AndroidRuntime: 	at abc.def.ghi.MainService_Login.LoadData(MainService_Login.java:87)
06-10 00:18:17.010 28131 28196 E AndroidRuntime: 	at abc.def.ghi.MainService_Login.LoadData(MainService_Login.java:106)
06-10 00:18:17.010 28131 28196 E AndroidRuntime: 	at abc.def.ghi.MainService_Login.LoadData(MainService_Login.java:106)
06-10 00:18:17.010 28131 28196 E AndroidRuntime: 	at abc.def.ghi.MainService_Login.LoadData(MainService_Login.java:106)
06-10 00:18:17.010 28131 28196 E AndroidRuntime: 	at abc.def.ghi.MainService_Login.LoadData(MainService_Login.java:106)
06-10 00:18:17.010 28131 28196 E AndroidRuntime: 	at abc.def.ghi.MainService_Login.LoadData(MainService_Login.java:106)
06-10 00:18:17.010 28131 28196 E AndroidRuntime: 	at abc.def.ghi.MainService_Login.LoadData(MainService_Login.java:106)
06-10 00:18:17.010 28131 28196 E AndroidRuntime: 	at abc.def.ghi.MainService_Login.LoadData(MainService_Login.java:106)
06-10 00:18:17.010 28131 28196 E AndroidRuntime: 	at abc.def.ghi.MainService_Login.LoadData(MainService_Login.java:106)
06-10 00:18:17.010 28131 28196 E AndroidRuntime: 	at abc.def.ghi.MainService_Login.LoadData(MainService_Login.java:106)
06-10 00:18:17.010 28131 28196 E AndroidRuntime: 	at abc.def.ghi.MainService_Login.LoadData(MainService_Login.java:106)
06-10 00:18:17.010 28131 28196 E AndroidRuntime: 	at abc.def.ghi.MainService_Login.LoadData(MainService_Login.java:106)
06-10 00:18:17.010 28131 28196 E AndroidRuntime: 	at abc.def.ghi.MainService_Login.LoadData(MainService_Login.java:106)
06-10 00:18:17.010 28131 28196 E AndroidRuntime: 	at abc.def.ghi.MainService_Login.LoadData(MainService_Login.java:106)
06-10 00:18:17.010 28131 28196 E AndroidRuntime: 	at abc.def.ghi.MainService_Login.LoadData(MainService_Login.java:106)
06-10 00:18:17.010 28131 28196 E AndroidRuntime: 	at abc.def.ghi.MainService_Login.LoadData(MainService_Login.java:106)
06-10 00:18:17.010 28131 28196 E AndroidRuntime: 	at abc.def.ghi.MainService_Login.LoadData(MainService_Login.java:106)
06-10 00:18:17.010 28131 28196 E AndroidRuntime: 	at abc.def.ghi.MainService_Login.LoadData(MainService_Login.java:106)
06-10 00:18:17.010 28131 28196 E AndroidRuntime: 	at abc.def.ghi.MainService_Login.LoadData(MainService_Login.java:106)
06-10 00:18:17.010 28131 28196 E AndroidRuntime: 	at abc.def.ghi.MainService_Login.LoadData(MainService_Login.java:106)
06-10 00:18:17.010 28131 28196 E AndroidRuntime: 	at abc.def.ghi.MainService_Login.LoadData(MainService_Login.java:106)
06-10 00:18:17.010 28131 28196 E AndroidRuntime: 	at abc.def.ghi.MainService_Login.LoadData(MainService_Login.java:106)
06-10 00:18:17.010 28131 28196 E AndroidRuntime: 	at abc.def.ghi.MainService_Login.LoadData(MainService_Login.java:106)
06-10 00:18:17.010 28131 28196 E AndroidRuntime: 	at abc.def.ghi.MainService_Login.LoadData(MainService_Login.java:106)
06-10 00:18:17.010 28131 28196 E AndroidRuntime: 	at abc.def.ghi.MainService_Login.LoadData(MainService_Login.java:106)
06-10 00:18:17.010 28131 28196 E AndroidRuntime: 	at abc.def.ghi.MainService_Login.LoadData(MainService_Login.java:106)
06-10 00:18:17.010 28131 28196 E AndroidRuntime: 	at abc.def.ghi.MainService_Login.LoadData(MainService_Login.java:106)
06-10 00:18:17.010 28131 28196 E AndroidRuntime: 	at abc.def.ghi.MainService_Login.LoadData(MainService_Login.java:106)
06-10 00:18:17.010 28131 28196 E AndroidRuntime: 	at abc.def.ghi.MainService_Login.LoadData(MainService_Login.java:106)
06-10 00:18:17.010 28131 28196 E AndroidRuntime: 	at abc.def.ghi.MainService_Login.LoadData(MainService_Login.java:106)
06-10 00:18:17.010 28131 28196 E AndroidRuntime: 	at abc.def.ghi.MainService_Login.LoadData(MainService_Login.java:106)
06-10 00:18:17.010 28131 28196 E AndroidRuntime: 	at abc.def.ghi.MainService_Login.LoadData(MainService_Login.java:106)
06-10 00:18:17.010 28131 28196 E AndroidRuntime: 	at abc.def.ghi.MainService_Login.LoadData(MainService_Login.java:106)
06-10 00:18:17.010 28131 28196 E AndroidRuntime: 	at abc.def.ghi.MainService_Login.LoadData(MainService_Login.java:106)
06-10 00:18:17.010 28131 28196 E AndroidRuntime: 	at abc.def.ghi.MainService_Login.LoadData(MainService_Login.java:106)
06-10 00:18:17.010 28131 28196 E AndroidRuntime: 	at abc.def.ghi.MainService_Login.LoadData(MainService_Login.java:106)
06-10 00:18:17.010 28131 28196 E AndroidRuntime: 	at abc.def.ghi.MainService_Login.LoadData(MainService_Login.java:106)
06-10 00:18:17.010 28131 28196 E AndroidRuntime: 	at abc.def.ghi.MainService_Login.LoadData(MainService_Login.java:106)
06-10 00:18:17.010 28131 28196 E AndroidRuntime: 	at abc.def.ghi.MainService_Login.LoadData(MainService_Login.java:106)
06-10 00:18:17.010 28131 28196 E AndroidRuntime: 	at abc.def.ghi.MainService_Login.LoadData(MainService_Login.java:106)
06-10 00:18:17.010 28131 28196 E AndroidRuntime: 	at abc.def.ghi.MainService_Login.LoadData(MainService_Login.java:106)
06-10 00:18:17.010 28131 28196 E AndroidRuntime: 	at abc.def.ghi.MainService_Login.LoadData(MainService_Login.java:106)
06-10 00:18:17.010 28131 28196 E AndroidRuntime: 	at abc.def.ghi.MainService_Login.LoadData(MainService_Login.java:106)
06-10 00:18:17.010 28131 28196 E AndroidRuntime: 	at abc.def.ghi.MainService_Login.LoadData(MainService_Login.java:106)
06-10 00:18:17.010 28131 28196 E AndroidRuntime: 	at abc.def.ghi.MainService_Login.LoadData(MainService_Login.java:106)
06-10 00:18:17.010 28131 28196 E AndroidRuntime: 	at abc.def.ghi.MainService_Login.LoadData(MainService_Login.java:106)
06-10 00:18:17.010 28131 28196 E AndroidRuntime: 	at abc.def.ghi.MainService_Login.LoadData(MainService_Login.java:106)
06-10 00:18:17.010 28131 28196 E AndroidRuntime: 	at abc.def.ghi.MainService_Login.LoadData(MainService_Login.java:106)
06-10 00:18:17.010 28131 28196 E AndroidRuntime: 	at abc.def.ghi.MainService_Login.LoadData(MainService_Login.java:106)
06-10 00:18:17.010 28131 28196 E AndroidRuntime: 	at abc.def.ghi.MainService_Login.LoadData(MainService_Login.java:106)
06-10 00:18:17.015 28131 28196 E AndroidRuntime: 	at abc.def.ghi.MainService_Login.LoadData(MainService_Login.java:106)
06-10 00:18:17.015 28131 28196 E AndroidRuntime: 	at abc.def.ghi.MainService_Login.LoadData(MainService_Login.java:106)
06-10 00:18:17.015 28131 28196 E AndroidRuntime: 	at abc.def.ghi.MainService_Login.LoadData(MainService_Login.java:106)
06-10 00:18:17.015 28131 28196 E AndroidRuntime: 	at abc.def.ghi.MainService_Login.LoadData(MainService_Login.java:106)
06-10 00:18:17.015 28131 28196 E AndroidRuntime: 	at abc.def.ghi.MainService_Login.LoadData(MainService_Login.java:106)
06-10 00:18:17.015 28131 28196 E AndroidRuntime: 	at abc.def.ghi.MainService_Login.LoadData(MainService_Login.java:106)
06-10 00:18:17.015 28131 28196 E AndroidRuntime: 	at abc.def.ghi.MainService_Login.LoadData(MainService_Login.java:106)
06-10 00:18:17.015 28131 28196 E AndroidRuntime: 	at abc.def.ghi.MainService_Login.LoadData(MainService_Login.java:106)
06-10 00:18:17.015 28131 28196 E AndroidRuntime: 	at abc.def.ghi.MainService_Login.LoadData(MainService_Login.java:106)
06-10 00:18:17.015 28131 28196 E AndroidRuntime: 	at abc.def.ghi.MainService_Login.LoadData(MainService_Login.java:106)
06-10 00:18:17.015 28131 28196 E AndroidRuntime: 	at abc.def.ghi.MainService_Login.LoadData(MainService_Login.java:106)
06-10 00:18:17.015 28131 28196 E AndroidRuntime: 	at abc.def.ghi.MainService_Login.LoadData(MainService_Login.java:106)
06-10 00:18:17.015 28131 28196 E AndroidRuntime: 	at abc.def.ghi.MainService_Login.LoadData(MainService_Login.java:106)
06-10 00:18:17.015 28131 28196 E AndroidRuntime: 	at abc.def.ghi.MainService_Login.LoadData(MainService_Login.java:106)
06-10 00:18:17.015 28131 28196 E AndroidRuntime: 	at abc.def.ghi.MainService_Login.LoadData(MainService_Login.java:106)
06-10 00:18:17.015 28131 28196 E AndroidRuntime: 	at abc.def.ghi.MainService_Login.LoadData(MainService_Login.java:106)
06-10 00:18:17.015 28131 28196 E AndroidRuntime: 	at abc.def.ghi.MainService_Login.LoadData(MainService_Login.java:106)
06-10 00:18:17.015 28131 28196 E AndroidRuntime: 	at abc.def.ghi.MainService_Login.LoadData(MainService_Login.java:106)
06-10 00:18:17.015 28131 28196 E AndroidRuntime: 	at abc.def.ghi.MainService_Login.LoadData(MainService_Login.java:106)
06-10 00:18:17.015 28131 28196 E AndroidRuntime: 	at abc.def.ghi.MainService_Login.LoadData(MainService_Login.java:106)
06-10 00:18:17.015 28131 28196 E AndroidRuntime: 	at abc.def.ghi.MainService_Login.LoadData(MainService_Login.java:106)
06-10 00:18:17.015 28131 28196 E AndroidRuntime: 	at abc.def.ghi.MainService_Login.LoadData(MainService_Login.java:106)
06-10 00:18:17.015 28131 28196 E AndroidRuntime: 	at abc.def.ghi.MainService_Login.LoadData(MainService_Login.java:106)
06-10 00:18:17.015 28131 28196 E AndroidRuntime: 	at abc.def.ghi.MainService_Login.LoadData(MainService_Login.java:106)
06-10 00:18:17.015 28131 28196 E AndroidRuntime: 	at abc.def.ghi.MainService_Login.LoadData(MainService_Login.java:106)
06-10 00:18:17.015 28131 28196 E AndroidRuntime: 	at abc.def.ghi.MainService_Login.LoadData(MainService_Login.java:106)
06-10 00:18:17.015 28131 28196 E AndroidRuntime: 	at abc.def.ghi.MainService_Login.LoadData(MainService_Login.java:106)
06-10 00:18:17.015 28131 28196 E AndroidRuntime: 	at abc.def.ghi.MainService_Login.LoadData(MainService_Login.java:106)
06-10 00:18:17.015 28131 28196 E AndroidRuntime: 	at abc.def.ghi.MainService_Login.LoadData(MainService_Login.java:106)
06-10 00:18:17.015 28131 28196 E AndroidRuntime: 	at abc.def.ghi.MainService_Login.LoadData(MainService_Login.java:106)
06-10 00:18:17.015 28131 28196 E AndroidRuntime: 	at abc.def.ghi.MainService_Login.LoadData(MainService_Login.java:106)
06-10 00:18:17.015 28131 28196 E AndroidRuntime: 	at abc.def.ghi.MainService_Login.LoadData(MainService_Login.java:106)
06-10 00:18:17.015 28131 28196 E AndroidRuntime: 	at abc.def.ghi.MainService_Login.LoadData(MainService_Login.java:106)
06-10 00:18:17.015 28131 28196 E AndroidRuntime: 	at abc.def.ghi.MainService_Login.LoadData(MainService_Login.java:106)
06-10 00:18:17.015 28131 28196 E AndroidRuntime: 	at abc.def.ghi.MainService_Login.LoadData(MainService_Login.java:106)
06-10 00:18:17.015 28131 28196 E AndroidRuntime: 	at abc.def.ghi.MainService_Login.LoadData(MainService_Login.java:106)
06-10 00:18:17.015 28131 28196 E AndroidRuntime: 	at abc.def.ghi.MainService_Login.LoadData(MainService_Login.java:106)
06-10 00:18:17.015 28131 28196 E AndroidRuntime: 	at abc.def.ghi.MainService_Login.LoadData(MainService_Login.java:106)
06-10 00:18:17.015 28131 28196 E AndroidRuntime: 	at abc.def.ghi.MainService_Login.LoadData(MainService_Login.java:106)
06-10 00:18:17.015 28131 28196 E AndroidRuntime: 	at abc.def.ghi.MainService_Login.LoadData(MainService_Login.java:106)
06-10 00:18:17.015 28131 28196 E AndroidRuntime: 	at abc.def.ghi.MainService_Login.LoadData(MainService_Login.java:106)
06-10 00:18:17.015 28131 28196 E AndroidRuntime: 	at abc.def.ghi.MainService_Login.LoadData(MainService_Login.java:106)
06-10 00:18:17.015 28131 28196 E AndroidRuntime: 	at abc.def.ghi.MainService_Login.LoadData(MainService_Login.java:106)
06-10 00:18:17.015 28131 28196 E AndroidRuntime: 	at abc.def.ghi.MainService_Login.LoadData(MainService_Login.java:106)
06-10 00:18:17.015 28131 28196 E AndroidRuntime: 	at abc.def.ghi.MainService_Login.LoadData(MainService_Login.java:106)
06-10 00:18:17.015 28131 28196 E AndroidRuntime: 	at abc.def.ghi.MainService_Login.LoadData(MainService_Login.java:106)
06-10 00:18:17.015 28131 28196 E AndroidRuntime: 	at abc.def.ghi.MainService_Login.LoadData(MainService_Login.java:106)
06-10 00:18:17.015 28131 28196 E AndroidRuntime: 	at abc.def.ghi.MainService_Login.LoadData(MainService_Login.java:106)
06-10 00:18:17.015 28131 28196 E AndroidRuntime: 	at abc.def.ghi.MainService_Login.LoadData(MainService_Login.java:106)
06-10 00:18:17.015 28131 28196 E AndroidRuntime: 	at abc.def.ghi.MainService_Login.LoadData(MainService_Login.java:106)
06-10 00:18:17.015 28131 28196 E AndroidRuntime: 	at abc.def.ghi.MainService_Login.LoadData(MainService_Login.java:106)
06-10 00:18:17.015 28131 28196 E AndroidRuntime: 	at abc.def.ghi.MainService_Login.LoadData(MainService_Login.java:106)
06-10 00:18:17.015 28131 28196 E AndroidRuntime: 	at abc.def.ghi.MainService_Login.LoadData(MainService_Login.java:106)
06-10 00:18:17.015 28131 28196 E AndroidRuntime: 	at abc.def.ghi.MainService_Login.LoadData(MainService_Login.java:106)
06-10 00:18:17.015 28131 28196 E AndroidRuntime: 	at abc.def.ghi.MainService_Login.LoadData(MainService_Login.java:106)
06-10 00:18:17.015 28131 28196 E AndroidRuntime: 	at abc.def.ghi.MainService_Login.LoadData(MainService_Login.java:106)
06-10 00:18:17.142 28131 28196 I chatty  : uid=10296(abc.def.ghi) FinalizerWatchd identical 99 lines
06-10 00:18:17.145 28131 28196 E AndroidRuntime: 	at abc.def.ghi.MainService_Login.LoadData(MainService_Login.java:106)
06-10 00:18:17.145 28131 28196 E AndroidRuntime: 	at abc.def.ghi.MainService_Login.LoadData(MainService_Login.java:106)
06-10 00:18:17.145 28131 28196 E AndroidRuntime: 	at abc.def.ghi.MainService_Login.LoadData(MainService_Login.java:106)
06-10 00:18:17.145 28131 28196 E AndroidRuntime: 	at abc.def.ghi.MainService_Login.LoadData(MainService_Login.java:106)
06-10 00:18:17.145 28131 28196 E AndroidRuntime: 	at abc.def.ghi.MainService_Login.LoadData(MainService_Login.java:106)
06-10 00:18:17.145 28131 28196 E AndroidRuntime: 	at abc.def.ghi.MainService_Login.LoadData(MainService_Login.java:106)
06-10 00:18:17.145 28131 28196 E AndroidRuntime: 	at abc.def.ghi.MainService_Login.LoadData(MainService_Login.java:106)
06-10 00:18:17.145 28131 28196 E AndroidRuntime: 	at abc.def.ghi.MainService_Login.LoadData(MainService_Login.java:106)
06-10 00:18:17.145 28131 28196 E AndroidRuntime: 	at abc.def.ghi.MainService_Login.LoadData(MainService_Login.java:106)
06-10 00:18:17.145 28131 28196 E AndroidRuntime: 	at abc.def.ghi.MainService_Login.LoadData(MainService_Login.java:106)
06-10 00:18:17.145 28131 28196 E AndroidRuntime: 	at abc.def.ghi.MainService_Login.LoadData(MainService_Login.java:106)
06-10 00:18:17.145 28131 28196 E AndroidRuntime: 	at abc.def.ghi.MainService_Login.LoadData(MainService_Login.java:106)
06-10 00:18:17.145 28131 28196 E AndroidRuntime: 	at abc.def.ghi.MainService_Login.LoadData(MainService_Login.java:106)
06-10 00:18:17.145 28131 28196 E AndroidRuntime: 	at abc.def.ghi.MainService_Login.LoadData(MainService_Login.java:106)
06-10 00:18:17.145 28131 28196 E AndroidRuntime: 	at abc.def.ghi.MainService_Login.LoadData(MainService_Login.java:106)
06-10 00:18:17.145 28131 28196 E AndroidRuntime: 	at abc.def.ghi.MainService_Login.LoadData(MainService_Login.java:106)
06-10 00:18:17.145 28131 28196 E AndroidRuntime: 	at abc.def.ghi.MainService_Login.LoadData(MainService_Login.java:106)
06-10 00:18:17.145 28131 28196 E AndroidRuntime: 	at abc.def.ghi.MainService_Login.LoadData(MainService_Login.java:106)
06-10 00:18:17.145 28131 28196 E AndroidRuntime: 	at abc.def.ghi.MainService_Login.LoadData(MainService_Login.java:106)
06-10 00:18:17.145 28131 28196 E AndroidRuntime: 	at abc.def.ghi.MainService_Login.LoadData(MainService_Login.java:106)
06-10 00:18:17.145 28131 28196 E AndroidRuntime: 	at abc.def.ghi.MainService_Login.LoadData(MainService_Login.java:106)
06-10 00:18:17.145 28131 28196 E AndroidRuntime: 	at abc.def.ghi.MainService_Login.LoadData(MainService_Login.java:106)
06-10 00:18:17.145 28131 28196 E AndroidRuntime: 	at abc.def.ghi.MainService_Login.LoadData(MainService_Login.java:106)
06-10 00:18:17.145 28131 28196 E AndroidRuntime: 	at abc.def.ghi.MainService_Login.LoadData(MainService_Login.java:106)
06-10 00:18:17.145 28131 28196 E AndroidRuntime: 	at abc.def.ghi.MainService_Login.LoadData(MainService_Login.java:106)
06-10 00:18:17.145 28131 28196 E AndroidRuntime: 	at abc.def.ghi.MainService_Login.LoadData(MainService_Login.java:106)
06-10 00:18:17.145 28131 28196 E AndroidRuntime: 	at abc.def.ghi.MainService_Login.LoadData(MainService_Login.java:106)
06-10 00:18:17.145 28131 28196 E AndroidRuntime: 	at abc.def.ghi.MainService_Login.LoadData(MainService_Login.java:106)
06-10 00:18:17.145 28131 28196 E AndroidRuntime: 	at abc.def.ghi.MainService_Login.LoadData(MainService_Login.java:106)
06-10 00:18:17.145 28131 28196 E AndroidRuntime: 	at abc.def.ghi.MainService_Login.LoadData(MainService_Login.java:106)
06-10 00:18:17.145 28131 28196 E AndroidRuntime: 	at abc.def.ghi.MainService_Login.LoadData(MainService_Login.java:106)
06-10 00:18:17.145 28131 28196 E AndroidRuntime: 	at abc.def.ghi.MainService_Login.LoadData(MainService_Login.java:106)
06-10 00:18:17.145 28131 28196 E AndroidRuntime: 	at abc.def.ghi.MainService_Login.LoadData(MainService_Login.java:106)
06-10 00:18:17.145 28131 28196 E AndroidRuntime: 	at abc.def.ghi.MainService_Login.LoadData(MainService_Login.java:106)
06-10 00:18:17.145 28131 28196 E AndroidRuntime: 	at abc.def.ghi.MainService_Login.LoadData(MainService_Login.java:106)
06-10 00:18:17.145 28131 28196 E AndroidRuntime: 	at abc.def.ghi.MainService_Login.LoadData(MainService_Login.java:106)
06-10 00:18:17.145 28131 28196 E AndroidRuntime: 	at abc.def.ghi.MainService_Login.LoadData(MainService_Login.java:106)
06-10 00:18:17.145 28131 28196 E AndroidRuntime: 	at abc.def.ghi.MainService_Login.LoadData(MainService_Login.java:106)
06-10 00:18:17.145 28131 28196 E AndroidRuntime: 	at abc.def.ghi.MainService_Login.LoadData(MainService_Login.java:106)
06-10 00:18:17.145 28131 28196 E AndroidRuntime: 	at abc.def.ghi.MainService_Login.LoadData(MainService_Login.java:106)
06-10 00:18:17.145 28131 28196 E AndroidRuntime: 	at abc.def.ghi.MainService_Login.LoadData(MainService_Login.java:106)
06-10 00:18:17.145 28131 28196 E AndroidRuntime: 	at abc.def.ghi.MainService_Login.LoadData(MainService_Login.java:106)
06-10 00:18:17.145 28131 28196 E AndroidRuntime: 	at abc.def.ghi.MainService_Login.LoadData(MainService_Login.java:106)
06-10 00:18:17.145 28131 28196 E AndroidRuntime: 	at abc.def.ghi.MainService_Login.LoadData(MainService_Login.java:106)
06-10 00:18:17.145 28131 28196 E AndroidRuntime: 	at abc.def.ghi.MainService_Login.LoadData(MainService_Login.java:106)
06-10 00:18:17.145 28131 28196 E AndroidRuntime: 	at abc.def.ghi.MainService_Login.LoadData(MainService_Login.java:106)
06-10 00:18:17.145 28131 28196 E AndroidRuntime: 	at abc.def.ghi.MainService_Login.LoadData(MainService_Login.java:106)
06-10 00:18:17.145 28131 28196 E AndroidRuntime: 	at abc.def.ghi.MainService_Login.LoadData(MainService_Login.java:106)
06-10 00:18:17.145 28131 28196 E AndroidRuntime: 	at abc.def.ghi.MainService_Login.LoadData(MainService_Login.java:106)
06-10 00:18:17.145 28131 28196 E AndroidRuntime: 	at abc.def.ghi.MainService_Login.LoadData(MainService_Login.java:106)
06-10 00:18:17.145 28131 28196 E AndroidRuntime: 	at abc.def.ghi.MainService_Login.LoadData(MainService_Login.java:106)
06-10 00:18:17.145 28131 28196 E AndroidRuntime: 	at abc.def.ghi.MainService_Login.LoadData(MainService_Login.java:106)
06-10 00:18:17.145 28131 28196 E AndroidRuntime: 	at abc.def.ghi.MainService_Login.LoadData(MainService_Login.java:106)
06-10 00:18:17.145 28131 28196 E AndroidRuntime: 	at abc.def.ghi.MainService_Login.LoadData(MainService_Login.java:106)
06-10 00:18:17.145 28131 28196 E AndroidRuntime: 	at abc.def.ghi.MainService_Login.LoadData(MainService_Login.java:106)
06-10 00:18:17.145 28131 28196 E AndroidRuntime: 	at abc.def.ghi.MainService_Login.LoadData(MainService_Login.java:106)
06-10 00:18:17.145 28131 28196 E AndroidRuntime: 	at abc.def.ghi.MainService_Login.LoadData(MainService_Login.java:106)
06-10 00:18:17.145 28131 28196 E AndroidRuntime: 	at abc.def.ghi.MainService_Login.LoadData(MainService_Login.java:106)
06-10 00:18:17.145 28131 28196 E AndroidRuntime: 	at abc.def.ghi.MainService_Login.LoadData(MainService_Login.java:106)
06-10 00:18:17.145 28131 28196 E AndroidRuntime: 	at abc.def.ghi.MainService_Login.LoadData(MainService_Login.java:106)
06-10 00:18:17.145 28131 28196 E AndroidRuntime: 	at abc.def.ghi.MainService_Login.LoadData(MainService_Login.java:106)
06-10 00:18:17.145 28131 28196 E AndroidRuntime: 	at abc.def.ghi.MainService_Login.LoadData(MainService_Login.java:106)
06-10 00:18:17.145 28131 28196 E AndroidRuntime: 	at abc.def.ghi.MainService_Login.LoadData(MainService_Login.java:106)
06-10 00:18:17.145 28131 28196 E AndroidRuntime: 	at abc.def.ghi.MainService_Login.LoadData(MainService_Login.java:106)
06-10 00:18:17.145 28131 28196 E AndroidRuntime: 	at abc.def.ghi.MainService_Login.LoadData(MainService_Login.java:106)
06-10 00:18:17.145 28131 28196 E AndroidRuntime: 	at abc.def.ghi.MainService_Login.LoadData(MainService_Login.java:106)
06-10 00:18:17.145 28131 28196 E AndroidRuntime: 	at abc.def.ghi.MainService_Login.LoadData(MainService_Login.java:106)
06-10 00:18:17.145 28131 28196 E AndroidRuntime: 	at abc.def.ghi.MainService_Login.LoadData(MainService_Login.java:106)
06-10 00:18:17.145 28131 28196 E AndroidRuntime: 	at abc.def.ghi.MainService_Login.LoadData(MainService_Login.java:106)
06-10 00:18:17.145 28131 28196 E AndroidRuntime: 	at abc.def.ghi.MainService_Login.LoadData(MainService_Login.java:106)
06-10 00:18:17.145 28131 28196 E AndroidRuntime: 	at abc.def.ghi.MainService_Login.LoadData(MainService_Login.java:106)
06-10 00:18:17.145 28131 28196 E AndroidRuntime: 	at abc.def.ghi.MainService_Login.LoadData(MainService_Login.java:106)
06-10 00:18:17.145 28131 28196 E AndroidRuntime: 	at abc.def.ghi.MainService_Login.LoadData(MainService_Login.java:106)
06-10 00:18:17.145 28131 28196 E AndroidRuntime: 	at abc.def.ghi.MainService_Login.LoadData(MainService_Login.java:106)
06-10 00:18:17.145 28131 28196 E AndroidRuntime: 	at abc.def.ghi.MainService_Login.LoadData(MainService_Login.java:106)
06-10 00:18:17.145 28131 28196 E AndroidRuntime: 	at abc.def.ghi.MainService_Login.access$000(MainService_Login.java:26)
06-10 00:18:17.145 28131 28196 E AndroidRuntime: 	at abc.def.ghi.MainService_Login$1.run(MainService_Login.java:68)
06-10 00:18:17.145 28131 28196 E AndroidRuntime: 	at java.lang.Thread.run(Thread.java:784)
06-10 00:18:37.566  2577  2723 I chatty  : uid=1000(system) core expire 11 lines
06-10 00:18:58.010  1413  1446 I chatty  : uid=1000(system) Binder:1413_1 expire 22 lines
06-10 00:19:02.863  1413  1936 I chatty  : uid=1000(system) ActivityManager expire 10 lines
06-10 00:19:22.208  1413  1413 I chatty  : uid=1000 system_server expire 15 lines
06-10 00:19:23.500  1413  2467 I chatty  : uid=1000(system) watchdog expire 11 lines
06-10 00:20:07.486  1413  6374 I chatty  : uid=1000(system) Binder:1413_13 expire 15 lines
06-10 00:20:08.643  1413 19732 I chatty  : uid=1000(system) Binder:1413_20 expire 10 lines
06-10 00:20:09.177  1413  1928 I chatty  : uid=1000(system) android.bg expire 2 lines
06-10 00:20:21.255  1413  2195 I chatty  : uid=1000(system) NetworkStats expire 7 lines
06-10 00:20:21.301  1413  2193 I chatty  : uid=1000(system) NetdConnector expire 6 lines
06-10 00:20:21.374 32110 32110 D ActivityThread: Attach thread to application
06-10 00:20:21.895  1413  6374 I chatty  : uid=1000(system) Binder:1413_13 expire 19 lines
06-10 00:20:21.993  1413  2575 I chatty  : uid=1000(system) Binder:1413_9 expire 35 lines
06-10 00:20:22.936  1413  7249 I chatty  : uid=1000(system) Binder:1413_15 expire 19 lines
06-10 00:21:16.938  1413  4686 I chatty  : uid=1000(system) Binder:1413_10 expire 104 lines
06-10 00:21:17.052  1413  4416 I chatty  : uid=1000(system) Binder:1413_F expire 83 lines
06-10 00:23:36.447  1413  1413 I chatty  : uid=1000 system_server expire 22 lines
06-10 00:23:41.425  1413  1936 I chatty  : uid=1000(system) ActivityManager expire 16 lines
06-10 00:24:47.600  1413  2614 I chatty  : uid=1000(system) Binder:1413_C expire 21 lines
06-10 00:24:53.534  1413  2467 I chatty  : uid=1000(system) watchdog expire 12 lines
06-10 00:28:16.638  1413  2602 I chatty  : uid=1000(system) Binder:1413_B expire 23 lines
06-10 00:28:37.982  2577  2723 I chatty  : uid=1000(system) core expire 7 lines
06-10 00:30:38.488  1413  6374 I chatty  : uid=1000(system) Binder:1413_13 expire 32 lines
06-10 00:30:53.573  1413  2467 I chatty  : uid=1000(system) watchdog expire 16 lines
06-10 00:31:22.352  1413  1413 I chatty  : uid=1000 system_server expire 18 lines
06-10 00:32:58.349  1413  2575 I chatty  : uid=1000(system) Binder:1413_9 expire 15 lines
06-10 00:33:03.217  1413  1936 I chatty  : uid=1000(system) ActivityManager expire 10 lines
06-10 00:33:12.748  1413  1950 I chatty  : uid=1000(system) batterystats-wo expire 4 lines
06-10 00:33:40.856  1413  2267 I chatty  : uid=1000(system) StatisticsCHRMs expire 4 lines
06-10 00:34:08.905  1413  4416 I chatty  : uid=1000(system) Binder:1413_F expire 3 lines
06-10 00:34:10.202  1413  2602 I chatty  : uid=1000(system) Binder:1413_B expire 18 lines
06-10 00:35:19.670  1413  4686 I chatty  : uid=1000(system) Binder:1413_10 expire 13 lines
06-10 00:35:19.804  2577 20317 I chatty  : uid=1000(system) Binder:2577_A expire 2 lines
06-10 00:36:30.683  1413  2614 I chatty  : uid=1000(system) Binder:1413_C expire 21 lines
06-10 00:36:38.283  2577  2723 I chatty  : uid=1000(system) core expire 2 lines
06-10 00:37:22.013  1413  1413 I chatty  : uid=1000 system_server expire 10 lines
06-10 00:37:41.566  1413  6374 I chatty  : uid=1000(system) Binder:1413_13 expire 12 lines
06-10 00:37:41.687  1413  2575 I chatty  : uid=1000(system) Binder:1413_9 expire 11 lines
06-10 00:37:46.565  1413  1936 I chatty  : uid=1000(system) ActivityManager expire 6 lines
06-10 00:38:38.360  2577  2723 E KernelCpuSpeedReader: Failed to read cpu-freq: /sys/devices/system/cpu/cpu0/cpufreq/stats/time_in_state (No such file or directory)
06-10 00:38:38.361  2577  2723 E KernelCpuSpeedReader: Failed to read cpu-freq: /sys/devices/system/cpu/cpu4/cpufreq/stats/time_in_state (No such file or directory)
06-10 00:38:52.650  1413  2575 I chatty  : uid=1000(system) Binder:1413_9 expire 1 line
06-10 00:38:52.786  1413  2602 I chatty  : uid=1000(system) Binder:1413_B expire 15 lines
06-10 00:38:52.798  1413  4686 I chatty  : uid=1000(system) Binder:1413_10 expire 27 lines
06-10 00:38:53.627  1413  2467 I chatty  : uid=1000(system) watchdog expire 12 lines
06-10 00:40:22.193  1413  1413 I chatty  : uid=1000 system_server expire 10 lines
06-10 00:40:38.423  2577  2723 E KernelCpuSpeedReader: Failed to read cpu-freq: /sys/devices/system/cpu/cpu0/cpufreq/stats/time_in_state (No such file or directory)
06-10 00:40:38.424  2577  2723 E KernelCpuSpeedReader: Failed to read cpu-freq: /sys/devices/system/cpu/cpu4/cpufreq/stats/time_in_state (No such file or directory)
06-10 00:41:15.140  1413  2602 I chatty  : uid=1000(system) Binder:1413_B expire 19 lines
06-10 00:41:15.258  1413  4686 I chatty  : uid=1000(system) Binder:1413_10 expire 20 lines
06-10 00:41:15.267  1413  2614 I chatty  : uid=1000(system) Binder:1413_C expire 15 lines
06-10 00:41:20.124  1413  1936 I chatty  : uid=1000(system) ActivityManager expire 10 lines
06-10 00:42:26.637  1413  2575 I chatty  : uid=1000(system) Binder:1413_9 expire 15 lines
06-10 00:42:38.493  2577  2723 E KernelCpuSpeedReader: Failed to read cpu-freq: /sys/devices/system/cpu/cpu0/cpufreq/stats/time_in_state (No such file or directory)
06-10 00:42:38.494  2577  2723 E KernelCpuSpeedReader: Failed to read cpu-freq: /sys/devices/system/cpu/cpu4/cpufreq/stats/time_in_state (No such file or directory)
06-10 00:43:22.360  1413  2614 I chatty  : uid=1000(system) Binder:1413_C expire 6 lines
06-10 00:43:22.373  1413  1413 I chatty  : uid=1000 system_server expire 10 lines
06-10 00:43:37.998  1413  2575 I chatty  : uid=1000(system) Binder:1413_9 expire 11 lines
06-10 00:43:38.114  1413  6374 I chatty  : uid=1000(system) Binder:1413_13 expire 11 lines
06-10 00:44:38.584  2577  2723 E KernelCpuSpeedReader: Failed to read cpu-freq: /sys/devices/system/cpu/cpu0/cpufreq/stats/time_in_state (No such file or directory)
06-10 00:44:38.585  2577  2723 E KernelCpuSpeedReader: Failed to read cpu-freq: /sys/devices/system/cpu/cpu4/cpufreq/stats/time_in_state (No such file or directory)
06-10 00:44:49.571  1413  2602 I chatty  : uid=1000(system) Binder:1413_B expire 17 lines
06-10 00:44:53.667  1413  2467 I chatty  : uid=1000(system) watchdog expire 10 lines
06-10 00:46:01.365  1413  6374 I chatty  : uid=1000(system) Binder:1413_13 expire 10 lines
06-10 00:46:38.691  2577  2723 E KernelCpuSpeedReader: Failed to read cpu-freq: /sys/devices/system/cpu/cpu0/cpufreq/stats/time_in_state (No such file or directory)
06-10 00:46:38.692  2577  2723 E KernelCpuSpeedReader: Failed to read cpu-freq: /sys/devices/system/cpu/cpu4/cpufreq/stats/time_in_state (No such file or directory)
06-10 00:47:12.999  1413  6374 I chatty  : uid=1000(system) Binder:1413_13 expire 2 lines
06-10 00:47:13.032  1413  1413 I chatty  : uid=1000 system_server expire 6 lines
06-10 00:47:13.153  1413  2602 I chatty  : uid=1000(system) Binder:1413_B expire 15 lines
06-10 00:47:14.318  1413  7249 I chatty  : uid=1000(system) Binder:1413_15 expire 7 lines
06-10 00:47:17.994  1413  1936 I chatty  : uid=1000(system) ActivityManager expire 4 lines
06-10 00:48:25.035  1413  4686 I chatty  : uid=1000(system) Binder:1413_10 expire 6 lines
06-10 00:48:38.780  2577  2723 E KernelCpuSpeedReader: Failed to read cpu-freq: /sys/devices/system/cpu/cpu0/cpufreq/stats/time_in_state (No such file or directory)
06-10 00:48:38.781  2577  2723 E KernelCpuSpeedReader: Failed to read cpu-freq: /sys/devices/system/cpu/cpu4/cpufreq/stats/time_in_state (No such file or directory)
