06-10 08:01:38.038  1413  2575 I chatty  : uid=1000(system) Binder:1413_9 expire 1 line
06-10 08:02:58.930  2577  2723 E KernelCpuSpeedReader: Failed to read cpu-freq: /sys/devices/system/cpu/cpu0/cpufreq/stats/time_in_state (No such file or directory)
06-10 08:02:58.931  2577  2723 E KernelCpuSpeedReader: Failed to read cpu-freq: /sys/devices/system/cpu/cpu4/cpufreq/stats/time_in_state (No such file or directory)
06-10 08:03:12.807  1413  1950 I chatty  : uid=1000(system) batterystats-wo expire 4 lines
06-10 08:03:17.826  1413  1936 I chatty  : uid=1000(system) ActivityManager expire 2 lines
06-10 08:03:19.969  1413  1413 I chatty  : uid=1000 system_server expire 4 lines
06-10 08:03:20.012  1413  4416 I chatty  : uid=1000(system) Binder:1413_F expire 23 lines
06-10 08:03:20.035  1413  7249 I chatty  : uid=1000(system) Binder:1413_15 expire 16 lines
06-10 08:03:22.491  1413  1413 I chatty  : uid=1000 system_server expire 13 lines
06-10 08:03:24.986  1413  1936 I chatty  : uid=1000(system) ActivityManager expire 12 lines
06-10 08:03:26.602  1413  2467 I chatty  : uid=1000(system) watchdog expire 12 lines
06-10 08:03:42.107  1413  2267 I chatty  : uid=1000(system) StatisticsCHRMs expire 4 lines
06-10 08:03:42.611  1413  1928 I chatty  : uid=1000(system) android.bg expire 6 lines
06-10 08:04:59.004  2577  2723 E KernelCpuSpeedReader: Failed to read cpu-freq: /sys/devices/system/cpu/cpu0/cpufreq/stats/time_in_state (No such file or directory)
06-10 08:04:59.005  2577  2723 E KernelCpuSpeedReader: Failed to read cpu-freq: /sys/devices/system/cpu/cpu4/cpufreq/stats/time_in_state (No such file or directory)
06-10 08:05:02.113  1413  7249 I chatty  : uid=1000(system) Binder:1413_15 expire 21 lines
06-10 08:05:03.355  1413 16955 I chatty  : uid=1000(system) Binder:1413_1E expire 10 lines
06-10 08:06:59.083  2577  2723 E KernelCpuSpeedReader: Failed to read cpu-freq: /sys/devices/system/cpu/cpu0/cpufreq/stats/time_in_state (No such file or directory)
06-10 08:06:59.083  2577  2723 E KernelCpuSpeedReader: Failed to read cpu-freq: /sys/devices/system/cpu/cpu4/cpufreq/stats/time_in_state (No such file or directory)
06-10 08:07:22.087  1413  7249 I chatty  : uid=1000(system) Binder:1413_15 expire 1 line
06-10 08:07:22.108  1413  1413 I chatty  : uid=1000 system_server expire 15 lines
06-10 08:08:16.824  1413  4416 I chatty  : uid=1000(system) Binder:1413_F expire 12 lines
06-10 08:08:16.893  1413  2193 I chatty  : uid=1000(system) NetdConnector expire 4 lines
06-10 08:08:26.669  1413  4686 I chatty  : uid=1000(system) Binder:1413_10 expire 10 lines
06-10 08:08:59.159  2577  2723 E KernelCpuSpeedReader: Failed to read cpu-freq: /sys/devices/system/cpu/cpu0/cpufreq/stats/time_in_state (No such file or directory)
06-10 08:08:59.160  2577  2723 E KernelCpuSpeedReader: Failed to read cpu-freq: /sys/devices/system/cpu/cpu4/cpufreq/stats/time_in_state (No such file or directory)
06-10 08:09:22.218  1413  4416 I chatty  : uid=1000(system) Binder:1413_F expire 8 lines
06-10 08:09:26.641  1413  2467 I chatty  : uid=1000(system) watchdog expire 5 lines
06-10 08:10:08.895  1413  4686 I chatty  : uid=1000(system) Binder:1413_10 expire 2 lines
06-10 08:10:09.022  1413 16955 I chatty  : uid=1000(system) Binder:1413_1E expire 15 lines
06-10 08:10:13.889  1413  1936 I chatty  : uid=1000(system) ActivityManager expire 2 lines
06-10 08:10:59.227  2577  2723 E KernelCpuSpeedReader: Failed to read cpu-freq: /sys/devices/system/cpu/cpu0/cpufreq/stats/time_in_state (No such file or directory)
06-10 08:10:59.228  2577  2723 E KernelCpuSpeedReader: Failed to read cpu-freq: /sys/devices/system/cpu/cpu4/cpufreq/stats/time_in_state (No such file or directory)
06-10 08:11:51.325  1413  1413 I chatty  : uid=1000 system_server expire 4 lines
06-10 08:11:51.511  1413 16955 I chatty  : uid=1000(system) Binder:1413_1E expire 10 lines
06-10 08:11:51.928  1413  4686 I chatty  : uid=1000(system) Binder:1413_10 expire 11 lines
06-10 08:11:56.341  1413  1936 I chatty  : uid=1000(system) ActivityManager expire 10 lines
06-10 08:11:56.657  1413  2467 I chatty  : uid=1000(system) watchdog expire 11 lines
06-10 08:12:22.443  1413  1413 I chatty  : uid=1000 system_server expire 18 lines
06-10 08:12:59.299  2577  2723 E KernelCpuSpeedReader: Failed to read cpu-freq: /sys/devices/system/cpu/cpu0/cpufreq/stats/time_in_state (No such file or directory)
06-10 08:12:59.300  2577  2723 E KernelCpuSpeedReader: Failed to read cpu-freq: /sys/devices/system/cpu/cpu4/cpufreq/stats/time_in_state (No such file or directory)
06-10 08:13:22.502  1413  2575 I chatty  : uid=1000(system) Binder:1413_9 expire 12 lines
06-10 08:13:33.959  1413  4686 I chatty  : uid=1000(system) Binder:1413_10 expire 1 line
06-10 08:13:33.985  1413  4416 I chatty  : uid=1000(system) Binder:1413_F expire 7 lines
06-10 08:13:34.103  1413  6374 I chatty  : uid=1000(system) Binder:1413_13 expire 15 lines
06-10 08:14:59.376  2577  2723 E KernelCpuSpeedReader: Failed to read cpu-freq: /sys/devices/system/cpu/cpu0/cpufreq/stats/time_in_state (No such file or directory)
06-10 08:14:59.377  2577  2723 E KernelCpuSpeedReader: Failed to read cpu-freq: /sys/devices/system/cpu/cpu4/cpufreq/stats/time_in_state (No such file or directory)
06-10 08:15:16.667  1413  2614 I chatty  : uid=1000(system) Binder:1413_C expire 2 lines
06-10 08:15:16.743  1413  6374 I chatty  : uid=1000(system) Binder:1413_13 expire 12 lines
06-10 08:16:59.563  2577  2723 E KernelCpuSpeedReader: Failed to read cpu-freq: /sys/devices/system/cpu/cpu0/cpufreq/stats/time_in_state (No such file or directory)
06-10 08:16:59.563  2577  2723 E KernelCpuSpeedReader: Failed to read cpu-freq: /sys/devices/system/cpu/cpu4/cpufreq/stats/time_in_state (No such file or directory)
06-10 08:16:59.612  1413  2575 I chatty  : uid=1000(system) Binder:1413_9 expire 25 lines
06-10 08:17:00.722  1413  6374 I chatty  : uid=1000(system) Binder:1413_13 expire 8 lines
06-10 08:17:22.114  1413  1413 I chatty  : uid=1000 system_server expire 23 lines
06-10 08:17:26.692  1413  2467 I chatty  : uid=1000(system) watchdog expire 6 lines
06-10 08:18:42.364  1413 16955 I chatty  : uid=1000(system) Binder:1413_1E expire 4 lines
06-10 08:18:42.462  1413  7249 I chatty  : uid=1000(system) Binder:1413_15 expire 10 lines
06-10 08:18:59.631  2577  2723 E KernelCpuSpeedReader: Failed to read cpu-freq: /sys/devices/system/cpu/cpu0/cpufreq/stats/time_in_state (No such file or directory)
06-10 08:18:59.632  2577  2723 E KernelCpuSpeedReader: Failed to read cpu-freq: /sys/devices/system/cpu/cpu4/cpufreq/stats/time_in_state (No such file or directory)
06-10 08:19:22.247  1413  2575 I chatty  : uid=1000(system) Binder:1413_9 expire 5 lines
06-10 08:20:21.282  1413  2195 I chatty  : uid=1000(system) NetworkStats expire 7 lines
06-10 08:20:21.337  1413  1928 I chatty  : uid=1000(system) android.bg expire 2 lines
06-10 08:20:21.343  1413  2193 I chatty  : uid=1000(system) NetdConnector expire 6 lines
06-10 08:20:21.364  1413  7249 I chatty  : uid=1000(system) Binder:1413_15 expire 11 lines
06-10 08:20:21.494 26557 26557 D ActivityThread: Attach thread to application
06-10 08:20:21.970  1413  1936 I chatty  : uid=1000(system) ActivityManager expire 1 line
06-10 08:20:22.286  1413 16955 I chatty  : uid=1000(system) Binder:1413_1E expire 4 lines
06-10 08:20:22.315  1413  1413 I chatty  : uid=1000 system_server expire 5 lines
06-10 08:20:22.561  1413 16955 I chatty  : uid=1000(system) Binder:1413_1E expire 2 lines
06-10 08:20:22.748  1413  2614 I chatty  : uid=1000(system) Binder:1413_C expire 17 lines
06-10 08:20:25.302  1413  1413 I chatty  : uid=1000 system_server expire 11 lines
06-10 08:20:25.425  1413  7249 I chatty  : uid=1000(system) Binder:1413_15 expire 17 lines
06-10 08:20:25.444  1413  6374 I chatty  : uid=1000(system) Binder:1413_13 expire 15 lines
06-10 08:20:26.711  1413  2467 I chatty  : uid=1000(system) watchdog expire 10 lines
06-10 08:20:30.287  1413  1936 I chatty  : uid=1000(system) ActivityManager expire 10 lines
06-10 08:20:59.725  2577  2723 E KernelCpuSpeedReader: Failed to read cpu-freq: /sys/devices/system/cpu/cpu0/cpufreq/stats/time_in_state (No such file or directory)
06-10 08:20:59.726  2577  2723 E KernelCpuSpeedReader: Failed to read cpu-freq: /sys/devices/system/cpu/cpu4/cpufreq/stats/time_in_state (No such file or directory)
06-10 08:21:30.748  1413  1928 I chatty  : uid=1000(system) android.bg expire 1 line
06-10 08:21:30.812  1413  2193 I chatty  : uid=1000(system) NetdConnector expire 2 lines
06-10 08:22:08.382  1413  6374 I chatty  : uid=1000(system) Binder:1413_13 expire 5 lines
06-10 08:22:08.399  1413 16955 I chatty  : uid=1000(system) Binder:1413_1E expire 22 lines
06-10 08:22:59.839  2577  2723 E KernelCpuSpeedReader: Failed to read cpu-freq: /sys/devices/system/cpu/cpu0/cpufreq/stats/time_in_state (No such file or directory)
06-10 08:22:59.840  2577  2723 E KernelCpuSpeedReader: Failed to read cpu-freq: /sys/devices/system/cpu/cpu4/cpufreq/stats/time_in_state (No such file or directory)
06-10 08:23:22.422  1413  1413 I chatty  : uid=1000 system_server expire 16 lines
06-10 08:23:51.582  1413  4686 I chatty  : uid=1000(system) Binder:1413_10 expire 2 lines
06-10 08:23:51.686  1413 16955 I chatty  : uid=1000(system) Binder:1413_1E expire 11 lines
06-10 08:24:59.943  2577  2723 E KernelCpuSpeedReader: Failed to read cpu-freq: /sys/devices/system/cpu/cpu0/cpufreq/stats/time_in_state (No such file or directory)
06-10 08:24:59.944  2577  2723 E KernelCpuSpeedReader: Failed to read cpu-freq: /sys/devices/system/cpu/cpu4/cpufreq/stats/time_in_state (No such file or directory)
06-10 08:25:21.949  1413 16955 I chatty  : uid=1000(system) Binder:1413_1E expire 23 lines
06-10 08:25:26.744  1413  2467 I chatty  : uid=1000(system) watchdog expire 8 lines
06-10 08:27:00.060  2577  2723 E KernelCpuSpeedReader: Failed to read cpu-freq: /sys/devices/system/cpu/cpu0/cpufreq/stats/time_in_state (No such file or directory)
06-10 08:27:00.060  2577  2723 E KernelCpuSpeedReader: Failed to read cpu-freq: /sys/devices/system/cpu/cpu4/cpufreq/stats/time_in_state (No such file or directory)
06-10 08:27:18.177  1413  1413 I chatty  : uid=1000 system_server expire 12 lines
06-10 08:27:18.238  1413  7249 I chatty  : uid=1000(system) Binder:1413_15 expire 12 lines
06-10 08:29:00.164  2577  2723 E KernelCpuSpeedReader: Failed to read cpu-freq: /sys/devices/system/cpu/cpu0/cpufreq/stats/time_in_state (No such file or directory)
06-10 08:29:00.164  2577  2723 E KernelCpuSpeedReader: Failed to read cpu-freq: /sys/devices/system/cpu/cpu4/cpufreq/stats/time_in_state (No such file or directory)
06-10 08:29:01.677  1413  2614 I chatty  : uid=1000(system) Binder:1413_C expire 1 line
06-10 08:29:01.706  1413  4416 I chatty  : uid=1000(system) Binder:1413_F expire 1 line
06-10 08:29:01.808  1413 16955 I chatty  : uid=1000(system) Binder:1413_1E expire 11 lines
06-10 08:29:02.952  1413  7249 I chatty  : uid=1000(system) Binder:1413_15 expire 11 lines
06-10 08:29:06.658  1413  1936 I chatty  : uid=1000(system) ActivityManager expire 12 lines
06-10 08:29:22.189  1413  1413 I chatty  : uid=1000 system_server expire 12 lines
06-10 08:29:26.772  1413  2467 I chatty  : uid=1000(system) watchdog expire 12 lines
06-10 08:30:45.329  1413  4416 I chatty  : uid=1000(system) Binder:1413_F expire 6 lines
06-10 08:30:45.435  1413  4686 I chatty  : uid=1000(system) Binder:1413_10 expire 10 lines
06-10 08:31:00.253  2577  2723 E KernelCpuSpeedReader: Failed to read cpu-freq: /sys/devices/system/cpu/cpu0/cpufreq/stats/time_in_state (No such file or directory)
06-10 08:31:00.254  2577  2723 E KernelCpuSpeedReader: Failed to read cpu-freq: /sys/devices/system/cpu/cpu4/cpufreq/stats/time_in_state (No such file or directory)
06-10 08:31:22.294  1413  7249 I chatty  : uid=1000(system) Binder:1413_15 expire 6 lines
06-10 08:31:30.819  1413  1928 I chatty  : uid=1000(system) android.bg expire 2 lines
06-10 08:31:30.885  2577 24588 E KernelCpuSpeedReader: Failed to read cpu-freq: /sys/devices/system/cpu/cpu0/cpufreq/stats/time_in_state (No such file or directory)
06-10 08:31:30.886  2577 24588 E KernelCpuSpeedReader: Failed to read cpu-freq: /sys/devices/system/cpu/cpu4/cpufreq/stats/time_in_state (No such file or directory)
06-10 08:32:22.353  1413  2614 I chatty  : uid=1000(system) Binder:1413_C expire 21 lines
06-10 08:32:22.375  1413  1413 I chatty  : uid=1000 system_server expire 14 lines
06-10 08:32:28.980  1413  4686 I chatty  : uid=1000(system) Binder:1413_10 expire 8 lines
06-10 08:33:00.324  2577  2723 E KernelCpuSpeedReader: Failed to read cpu-freq: /sys/devices/system/cpu/cpu0/cpufreq/stats/time_in_state (No such file or directory)
06-10 08:33:00.325  2577  2723 E KernelCpuSpeedReader: Failed to read cpu-freq: /sys/devices/system/cpu/cpu4/cpufreq/stats/time_in_state (No such file or directory)
06-10 08:33:12.808  1413  1950 I chatty  : uid=1000(system) batterystats-wo expire 4 lines
06-10 08:33:22.409  1413  2614 I chatty  : uid=1000(system) Binder:1413_C expire 23 lines
06-10 08:33:42.213  1413  2267 I chatty  : uid=1000(system) StatisticsCHRMs expire 4 lines
06-10 08:34:12.782  1413  6374 I chatty  : uid=1000(system) Binder:1413_13 expire 1 line
06-10 08:35:00.446  2577  2723 E KernelCpuSpeedReader: Failed to read cpu-freq: /sys/devices/system/cpu/cpu0/cpufreq/stats/time_in_state (No such file or directory)
06-10 08:35:00.447  2577  2723 E KernelCpuSpeedReader: Failed to read cpu-freq: /sys/devices/system/cpu/cpu4/cpufreq/stats/time_in_state (No such file or directory)
06-10 08:35:21.954  1413  2614 I chatty  : uid=1000(system) Binder:1413_C expire 16 lines
06-10 08:35:21.973  1413  1413 I chatty  : uid=1000 system_server expire 6 lines
06-10 08:35:26.811  1413  2467 I chatty  : uid=1000(system) watchdog expire 2 lines
06-10 08:36:01.604  1413  1936 I chatty  : uid=1000(system) ActivityManager expire 2 lines
06-10 08:36:22.028  1413  4686 I chatty  : uid=1000(system) Binder:1413_10 expire 1 line
06-10 08:36:22.038  1413  1413 I chatty  : uid=1000 system_server expire 2 lines
06-10 08:36:26.815  1413  2467 I chatty  : uid=1000(system) watchdog expire 6 lines
06-10 08:37:00.524  2577  2723 E KernelCpuSpeedReader: Failed to read cpu-freq: /sys/devices/system/cpu/cpu0/cpufreq/stats/time_in_state (No such file or directory)
06-10 08:37:00.524  2577  2723 E KernelCpuSpeedReader: Failed to read cpu-freq: /sys/devices/system/cpu/cpu4/cpufreq/stats/time_in_state (No such file or directory)
06-10 08:37:22.098  1413  4686 I chatty  : uid=1000(system) Binder:1413_10 expire 1 line
06-10 08:37:22.137  1413  1413 I chatty  : uid=1000 system_server expire 14 lines
06-10 08:37:40.607  1413  2614 I chatty  : uid=1000(system) Binder:1413_C expire 1 line
06-10 08:37:40.643  1413  7249 I chatty  : uid=1000(system) Binder:1413_15 expire 4 lines
06-10 08:37:40.727  1413  4416 I chatty  : uid=1000(system) Binder:1413_F expire 20 lines
06-10 08:37:45.578  1413  1936 I chatty  : uid=1000(system) ActivityManager expire 2 lines
06-10 08:39:00.639  2577  2723 E KernelCpuSpeedReader: Failed to read cpu-freq: /sys/devices/system/cpu/cpu0/cpufreq/stats/time_in_state (No such file or directory)
06-10 08:39:00.640  2577  2723 E KernelCpuSpeedReader: Failed to read cpu-freq: /sys/devices/system/cpu/cpu4/cpufreq/stats/time_in_state (No such file or directory)
06-10 08:39:24.740  1413  4416 I chatty  : uid=1000(system) Binder:1413_F expire 1 line
06-10 08:39:24.760  1413 16955 I chatty  : uid=1000(system) Binder:1413_1E expire 1 line
06-10 08:39:24.854  1413  6374 I chatty  : uid=1000(system) Binder:1413_13 expire 21 lines
06-10 08:39:26.010  1413  7249 I chatty  : uid=1000(system) Binder:1413_15 expire 8 lines
06-10 08:39:26.836  1413  2467 I chatty  : uid=1000(system) watchdog expire 11 lines
06-10 08:39:31.012  1413  1936 I chatty  : uid=1000(system) ActivityManager expire 8 lines
06-10 08:40:21.358  1413  1928 I chatty  : uid=1000(system) android.bg expire 4 lines
06-10 08:40:21.359  1413  1413 I chatty  : uid=1000 system_server expire 16 lines
06-10 08:40:21.463  1413  2193 I chatty  : uid=1000(system) NetdConnector expire 2 lines
06-10 08:41:00.715  2577  2723 E KernelCpuSpeedReader: Failed to read cpu-freq: /sys/devices/system/cpu/cpu0/cpufreq/stats/time_in_state (No such file or directory)
06-10 08:41:00.716  2577  2723 E KernelCpuSpeedReader: Failed to read cpu-freq: /sys/devices/system/cpu/cpu4/cpufreq/stats/time_in_state (No such file or directory)
06-10 08:41:08.919  1413  4686 I chatty  : uid=1000(system) Binder:1413_10 expire 6 lines
06-10 08:41:08.937  1413  6374 I chatty  : uid=1000(system) Binder:1413_13 expire 29 lines
06-10 08:42:53.198  1413  2575 I chatty  : uid=1000(system) Binder:1413_9 expire 1 line
06-10 08:42:53.309  1413 16955 I chatty  : uid=1000(system) Binder:1413_1E expire 14 lines
06-10 08:43:00.789  2577  2723 E KernelCpuSpeedReader: Failed to read cpu-freq: /sys/devices/system/cpu/cpu0/cpufreq/stats/time_in_state (No such file or directory)
06-10 08:43:00.790  2577  2723 E KernelCpuSpeedReader: Failed to read cpu-freq: /sys/devices/system/cpu/cpu4/cpufreq/stats/time_in_state (No such file or directory)
06-10 08:43:22.473  1413  1413 I chatty  : uid=1000 system_server expire 16 lines
06-10 08:44:37.699  1413 16955 I chatty  : uid=1000(system) Binder:1413_1E expire 15 lines
06-10 08:44:38.108  1413  6374 I chatty  : uid=1000(system) Binder:1413_13 expire 13 lines
06-10 08:44:42.543  1413  1936 I chatty  : uid=1000(system) ActivityManager expire 8 lines
06-10 08:44:56.874  1413  2467 I chatty  : uid=1000(system) watchdog expire 13 lines
06-10 08:45:00.882  2577  2723 E KernelCpuSpeedReader: Failed to read cpu-freq: /sys/devices/system/cpu/cpu0/cpufreq/stats/time_in_state (No such file or directory)
06-10 08:45:00.883  2577  2723 E KernelCpuSpeedReader: Failed to read cpu-freq: /sys/devices/system/cpu/cpu4/cpufreq/stats/time_in_state (No such file or directory)
06-10 08:45:21.945  1413 16955 I chatty  : uid=1000(system) Binder:1413_1E expire 17 lines
06-10 08:46:22.044  1413  7249 I chatty  : uid=1000(system) Binder:1413_15 expire 1 line
06-10 08:46:22.182  1413  2614 I chatty  : uid=1000(system) Binder:1413_C expire 20 lines
06-10 08:47:00.990  2577  2723 E KernelCpuSpeedReader: Failed to read cpu-freq: /sys/devices/system/cpu/cpu0/cpufreq/stats/time_in_state (No such file or directory)
06-10 08:47:00.991  2577  2723 E KernelCpuSpeedReader: Failed to read cpu-freq: /sys/devices/system/cpu/cpu4/cpufreq/stats/time_in_state (No such file or directory)
06-10 08:47:22.079  1413  1413 I chatty  : uid=1000 system_server expire 16 lines
06-10 08:48:06.614  1413  4686 I chatty  : uid=1000(system) Binder:1413_10 expire 16 lines
06-10 08:48:06.639  1413  2614 I chatty  : uid=1000(system) Binder:1413_C expire 9 lines
06-10 08:49:01.101  2577  2723 E KernelCpuSpeedReader: Failed to read cpu-freq: /sys/devices/system/cpu/cpu0/cpufreq/stats/time_in_state (No such file or directory)
06-10 08:49:01.102  2577  2723 E KernelCpuSpeedReader: Failed to read cpu-freq: /sys/devices/system/cpu/cpu4/cpufreq/stats/time_in_state (No such file or directory)
06-10 08:49:22.213  1413 16955 I chatty  : uid=1000(system) Binder:1413_1E expire 1 line
06-10 08:49:51.333  1413  6374 I chatty  : uid=1000(system) Binder:1413_13 expire 2 lines
06-10 08:51:01.214  2577  2723 E KernelCpuSpeedReader: Failed to read cpu-freq: /sys/devices/system/cpu/cpu0/cpufreq/stats/time_in_state (No such file or directory)
06-10 08:51:01.215  2577  2723 E KernelCpuSpeedReader: Failed to read cpu-freq: /sys/devices/system/cpu/cpu4/cpufreq/stats/time_in_state (No such file or directory)
06-10 08:51:22.394  1413  1413 I chatty  : uid=1000 system_server expire 5 lines
06-10 08:51:26.918  1413  2467 I chatty  : uid=1000(system) watchdog expire 11 lines
06-10 08:51:36.112  1413  1413 I chatty  : uid=1000 system_server expire 11 lines
06-10 08:51:36.139  1413  2575 I chatty  : uid=1000(system) Binder:1413_9 expire 16 lines
06-10 08:51:37.367  1413  2614 I chatty  : uid=1000(system) Binder:1413_C expire 22 lines
06-10 08:51:41.078  1413  1936 I chatty  : uid=1000(system) ActivityManager expire 6 lines
06-10 08:53:01.325  2577  2723 E KernelCpuSpeedReader: Failed to read cpu-freq: /sys/devices/system/cpu/cpu0/cpufreq/stats/time_in_state (No such file or directory)
06-10 08:53:01.326  2577  2723 E KernelCpuSpeedReader: Failed to read cpu-freq: /sys/devices/system/cpu/cpu4/cpufreq/stats/time_in_state (No such file or directory)
06-10 08:53:20.941  1413  2195 I chatty  : uid=1000(system) NetworkStats expire 7 lines
06-10 08:53:20.980  1413  2575 I chatty  : uid=1000(system) Binder:1413_9 expire 10 lines
06-10 08:53:21.015  1413  2193 I chatty  : uid=1000(system) NetdConnector expire 6 lines
06-10 08:53:21.043  1413  4686 I chatty  : uid=1000(system) Binder:1413_10 expire 50 lines
06-10 08:53:21.046  1413 16955 I chatty  : uid=1000(system) Binder:1413_1E expire 34 lines
06-10 08:53:21.153  2577  9297 E KernelCpuSpeedReader: Failed to read cpu-freq: /sys/devices/system/cpu/cpu0/cpufreq/stats/time_in_state (No such file or directory)
06-10 08:53:21.153  2577  9297 E KernelCpuSpeedReader: Failed to read cpu-freq: /sys/devices/system/cpu/cpu4/cpufreq/stats/time_in_state (No such file or directory)
06-10 08:53:21.156  1413  2614 I chatty  : uid=1000(system) Binder:1413_C expire 37 lines
06-10 08:55:01.399  2577  2723 E KernelCpuSpeedReader: Failed to read cpu-freq: /sys/devices/system/cpu/cpu0/cpufreq/stats/time_in_state (No such file or directory)
06-10 08:55:01.400  2577  2723 E KernelCpuSpeedReader: Failed to read cpu-freq: /sys/devices/system/cpu/cpu4/cpufreq/stats/time_in_state (No such file or directory)
06-10 08:55:05.923  1413  1413 I chatty  : uid=1000 system_server expire 12 lines
06-10 08:55:05.997  1413  4686 I chatty  : uid=1000(system) Binder:1413_10 expire 13 lines
06-10 08:56:51.595  1413 16955 I chatty  : uid=1000(system) Binder:1413_1E expire 6 lines
06-10 08:56:56.019  1413  1936 I chatty  : uid=1000(system) ActivityManager expire 7 lines
06-10 08:56:56.954  1413  2467 I chatty  : uid=1000(system) watchdog expire 8 lines
06-10 08:57:01.471  2577  2723 E KernelCpuSpeedReader: Failed to read cpu-freq: /sys/devices/system/cpu/cpu0/cpufreq/stats/time_in_state (No such file or directory)
06-10 08:57:01.471  2577  2723 E KernelCpuSpeedReader: Failed to read cpu-freq: /sys/devices/system/cpu/cpu4/cpufreq/stats/time_in_state (No such file or directory)
06-10 08:57:22.096  1413  1413 I chatty  : uid=1000 system_server expire 16 lines
06-10 08:58:36.402  1413  6374 I chatty  : uid=1000(system) Binder:1413_13 expire 15 lines
06-10 08:59:01.565  2577  2723 E KernelCpuSpeedReader: Failed to read cpu-freq: /sys/devices/system/cpu/cpu0/cpufreq/stats/time_in_state (No such file or directory)
06-10 08:59:01.565  2577  2723 E KernelCpuSpeedReader: Failed to read cpu-freq: /sys/devices/system/cpu/cpu4/cpufreq/stats/time_in_state (No such file or directory)
06-10 08:59:22.211  1413  4686 I chatty  : uid=1000(system) Binder:1413_10 expire 1 line
06-10 09:00:21.554  1413  6374 I chatty  : uid=1000(system) Binder:1413_13 expire 3 lines
06-10 09:00:21.599  1413  2575 I chatty  : uid=1000(system) Binder:1413_9 expire 6 lines
06-10 09:00:21.680  1413  4416 I chatty  : uid=1000(system) Binder:1413_F expire 21 lines
06-10 09:00:39.406  1413  2186 I chatty  : uid=1000(system) InputReader expire 11 lines
06-10 09:00:39.413  1413  1998 I chatty  : uid=1000(system) PowerManagerSer expire 25 lines
06-10 09:00:39.429  2577  2723 E KernelCpuSpeedReader: Failed to read cpu-freq: /sys/devices/system/cpu/cpu0/cpufreq/stats/time_in_state (No such file or directory)
06-10 09:00:39.430  2577  2723 E KernelCpuSpeedReader: Failed to read cpu-freq: /sys/devices/system/cpu/cpu4/cpufreq/stats/time_in_state (No such file or directory)
06-10 09:00:39.442  1413  2188 I chatty  : uid=1000(system) StorageManagerS expire 1 line
06-10 09:00:39.443   595   598 I vold    : TrimTask running tasks: 0
06-10 09:00:39.444  1413  2190 I chatty  : uid=1000(system) VoldConnector expire 1 line
06-10 09:00:39.447  1413  2135 I chatty  : uid=1000(system) android.anim expire 4 lines
06-10 09:00:39.453  1413  1981 I chatty  : uid=1000(system) android.display expire 3 lines
06-10 09:00:39.456  1413  1413 I chatty  : uid=1000 system_server expire 13 lines
06-10 09:00:39.465  1413 15496 I chatty  : uid=1000(system) Binder:1413_1D expire 9 lines
06-10 09:00:39.465  1413  7249 I chatty  : uid=1000(system) Binder:1413_15 expire 3 lines
06-10 09:00:39.470  1413  2214 I chatty  : uid=1000(system) WifiP2pService expire 3 lines
06-10 09:00:39.488  1413  1928 I chatty  : uid=1000(system) android.bg expire 1 line
06-10 09:00:39.517  2564  2729 I DeepNoDisturbP: handleStateChanged reason=2
06-10 09:00:39.517  2564  2729 I DeepNoDisturbSM: setScreenState isScreenOn=true
06-10 09:00:39.517  2564  2564 I DeepNoDisturbSM: IdleState processMessage msg.what=EVENT_SCREEN_ON
06-10 09:00:39.524  2564  2564 I DeepNoDisturbSM: isNetworkTypeSuitDeepNoDisturbMode networkType = 0
06-10 09:00:39.524  2564  2564 I DeepNoDisturbSM: isCorrectState=true mIsCallOn=false mGameStatus=0 defaultDataSubId=0 default4GSlotId=0 mIsDefaultDataOn=false mIsScreenOn=true deepNoDisturbModeProp=true isDeepNoDisturbSwitchOn=false isGameDndSwitchOn=true isNetworkTypeSuitDeepNoDisturbMode=false isAirplaneModeOn()=true
06-10 09:00:39.524  2564  2564 I DeepNoDisturbSM: isNeedEnterDeepNoDisturbMode false
06-10 09:00:39.525  2564  2564 D HwGameAssistantService: ScreenOnReceiver
06-10 09:00:39.542  1413  2193 I chatty  : uid=1000(system) NetdConnector expire 2 lines
06-10 09:00:39.638  1413  1937 I chatty  : uid=1000(system) android.ui expire 1 line
06-10 09:00:41.094  1413  2191 I chatty  : uid=1000(system) CryptdConnector expire 1 line
06-10 09:00:41.542  1413  1998 I chatty  : uid=1000(system) PowerManagerSer expire 2 lines
06-10 09:00:41.568  1413  1413 I chatty  : uid=1000 system_server expire 26 lines
06-10 09:00:41.569  1413  2214 I chatty  : uid=1000(system) WifiP2pService expire 4 lines
06-10 09:00:41.603  2564  2729 I DeepNoDisturbP: handleStateChanged reason=2
06-10 09:00:41.603  2564  2729 I DeepNoDisturbSM: setScreenState isScreenOn=false
06-10 09:00:41.604  2564  2564 I DeepNoDisturbSM: IdleState processMessage msg.what=EVENT_SCREEN_OFF
06-10 09:00:41.604  2564  2564 I DeepNoDisturbSM: IdleState: default msg.what=11
06-10 09:00:41.654  1413  3369 I chatty  : uid=1000(system) HwDeviceUsageCo expire 1 line
06-10 09:00:41.684  2577  2723 E KernelCpuSpeedReader: Failed to read cpu-freq: /sys/devices/system/cpu/cpu0/cpufreq/stats/time_in_state (No such file or directory)
06-10 09:00:41.684  2577  2723 E KernelCpuSpeedReader: Failed to read cpu-freq: /sys/devices/system/cpu/cpu4/cpufreq/stats/time_in_state (No such file or directory)
06-10 09:00:41.737  1413  6374 I chatty  : uid=1000(system) Binder:1413_13 expire 26 lines
06-10 09:00:41.743  1413  1937 I chatty  : uid=1000(system) android.ui expire 1 line
06-10 09:00:41.784 27480 27480 D ActivityThread: Attach thread to application
06-10 09:00:41.921  1413  2575 I chatty  : uid=1000(system) Binder:1413_9 expire 6 lines
06-10 09:00:44.414  1413  1936 I chatty  : uid=1000(system) ActivityManager expire 10 lines
06-10 09:00:47.600  1413  7249 I chatty  : uid=1000(system) Binder:1413_15 expire 19 lines
06-10 09:00:56.982  1413  2467 I chatty  : uid=1000(system) watchdog expire 7 lines
06-10 09:01:01.652  2577  2723 E KernelCpuSpeedReader: Failed to read cpu-freq: /sys/devices/system/cpu/cpu0/cpufreq/stats/time_in_state (No such file or directory)
06-10 09:01:01.653  2577  2723 E KernelCpuSpeedReader: Failed to read cpu-freq: /sys/devices/system/cpu/cpu4/cpufreq/stats/time_in_state (No such file or directory)
06-10 09:02:39.455  2577  2723 E KernelCpuSpeedReader: Failed to read cpu-freq: /sys/devices/system/cpu/cpu0/cpufreq/stats/time_in_state (No such file or directory)
06-10 09:02:39.456  2577  2723 E KernelCpuSpeedReader: Failed to read cpu-freq: /sys/devices/system/cpu/cpu4/cpufreq/stats/time_in_state (No such file or directory)
06-10 09:02:41.461  1413  1413 I chatty  : uid=1000 system_server expire 8 lines
06-10 09:03:01.745  2577  2723 E KernelCpuSpeedReader: Failed to read cpu-freq: /sys/devices/system/cpu/cpu0/cpufreq/stats/time_in_state (No such file or directory)
06-10 09:03:01.746  2577  2723 E KernelCpuSpeedReader: Failed to read cpu-freq: /sys/devices/system/cpu/cpu4/cpufreq/stats/time_in_state (No such file or directory)
06-10 09:03:12.807  1413  1950 I chatty  : uid=1000(system) batterystats-wo expire 4 lines
06-10 09:03:23.872  3649  4193 W PackageParser: Unknown element under <manifest>: queries at /data/user_de/0/com.huawei.hwid/files/kits/com.huawei.hms.drmkitclient/100017301/com.huawei.hms.drmkitclient.apk Binary XML file line #33
06-10 09:03:23.904  3649  4193 I chatty  : uid=10057(com.huawei.hwid) KMDSDeployer-th identical 30 lines
06-10 09:03:23.913  3649  4193 W PackageParser: Unknown element under <manifest>: queries at /data/user_de/0/com.huawei.hwid/files/kits/com.huawei.hms.drmkitclient/100017301/com.huawei.hms.drmkitclient.apk Binary XML file line #33
06-10 09:03:24.145  3649  4193 W PackageParser: Unknown element under <manifest>: queries at /data/user_de/0/com.huawei.android.hsf/modules/external/huawei_module_scankit/21200300/Scan.apk Binary XML file line #13
06-10 09:03:24.261  3649  4193 W PackageParser: Unknown element under <manifest>: queries at /data/user_de/0/com.huawei.android.hsf/modules/external/huawei_module_scankit/21200300/Scan.apk Binary XML file line #13
06-10 09:03:24.468  3649  4193 W PackageParser: Unknown element under <manifest>: queries at /data/user_de/0/com.huawei.android.hsf/modules/external/huawei_module_mlkit_dsc/30700301/com.huawei.hms.mlkit.dsc-30700301.apk Binary XML file line #12
06-10 09:03:24.516  3649  4193 W PackageParser: Unknown element under <manifest>: queries at /data/user_de/0/com.huawei.android.hsf/modules/external/huawei_module_mlkit_dsc/30700301/com.huawei.hms.mlkit.dsc-30700301.apk Binary XML file line #12
06-10 09:03:24.551  3649  4193 W PackageParser: Unknown element under <manifest>: queries at /data/user_de/0/com.huawei.android.hsf/modules/external/huawei_module_networkkit/70001303/com.huawei.hms.networkkit-70001303.apk Binary XML file line #14
06-10 09:03:24.578  3649  4193 W PackageParser: Unknown element under <manifest>: queries at /data/user_de/0/com.huawei.android.hsf/modules/external/huawei_module_networkkit/70001303/com.huawei.hms.networkkit-70001303.apk Binary XML file line #14
06-10 09:03:24.608  3649  4193 W PackageParser: Unknown element under <manifest>: queries at /data/user_de/0/com.huawei.android.hsf/modules/external/huawei_module_mlkit_object/30700302/com.huawei.hms.mlkit.object-30700302.apk Binary XML file line #14
06-10 09:03:24.653  3649  4193 W PackageParser: Unknown element under <manifest>: queries at /data/user_de/0/com.huawei.android.hsf/modules/external/huawei_module_mlkit_object/30700302/com.huawei.hms.mlkit.object-30700302.apk Binary XML file line #14
06-10 09:03:24.689  3649  4193 W PackageParser: Unknown element under <manifest>: queries at /data/user_de/0/com.huawei.android.hsf/modules/external/huawei_module_mlkit_bcr/30700302/com.huawei.hms.mlkit.bcr-30700302.apk Binary XML file line #14
06-10 09:03:24.726  3649  4193 W PackageParser: Unknown element under <manifest>: queries at /data/user_de/0/com.huawei.android.hsf/modules/external/huawei_module_mlkit_bcr/30700302/com.huawei.hms.mlkit.bcr-30700302.apk Binary XML file line #14
06-10 09:03:24.757  3649  4193 W PackageParser: Unknown element under <manifest>: queries at /data/user_de/0/com.huawei.android.hsf/modules/external/huawei_module_mlkit_handkeypoint/30700301/com.huawei.hms.mlkit.handkeypoint-30700301.apk Binary XML file line #12
06-10 09:03:24.799  3649  4193 W PackageParser: Unknown element under <manifest>: queries at /data/user_de/0/com.huawei.android.hsf/modules/external/huawei_module_mlkit_handkeypoint/30700301/com.huawei.hms.mlkit.handkeypoint-30700301.apk Binary XML file line #12
06-10 09:03:24.835  3649  4193 W PackageParser: Unknown element under <manifest>: queries at /data/user_de/0/com.huawei.android.hsf/modules/external/huawei_module_mlkit_ocr/31100300/com.huawei.hms.mlkit.ocr-31100300.apk Binary XML file line #14
06-10 09:03:24.913  3649  4193 W PackageParser: Unknown element under <manifest>: queries at /data/user_de/0/com.huawei.android.hsf/modules/external/huawei_module_mlkit_ocr/31100300/com.huawei.hms.mlkit.ocr-31100300.apk Binary XML file line #14
06-10 09:03:24.962  3649  4193 W PackageParser: Unknown element under <manifest>: queries at /data/user_de/0/com.huawei.android.hsf/modules/external/huawei_module_mlkit_face/30700301/com.huawei.hms.mlkit.face-30700301.apk Binary XML file line #14
06-10 09:03:25.094  3649  4193 W PackageParser: Unknown element under <manifest>: queries at /data/user_de/0/com.huawei.android.hsf/modules/external/huawei_module_mlkit_face/30700301/com.huawei.hms.mlkit.face-30700301.apk Binary XML file line #14
06-10 09:03:25.167  3649  4193 W PackageParser: Unknown element under <manifest>: queries at /data/user_de/0/com.huawei.android.hsf/modules/external/huawei_module_mlkit_imagesuperresolution/30700301/com.huawei.hms.mlkit.imagesuperresolution-30700301.apk Binary XML file line #12
06-10 09:03:25.288  3649  4193 W PackageParser: Unknown element under <manifest>: queries at /data/user_de/0/com.huawei.android.hsf/modules/external/huawei_module_mlkit_imagesuperresolution/30700301/com.huawei.hms.mlkit.imagesuperresolution-30700301.apk Binary XML file line #12
06-10 09:03:25.470  3649  4193 W PackageParser: Unknown element under <manifest>: queries at /data/user_de/0/com.huawei.hwid/files/kits/com.huawei.hms.sns/61200301/com.huawei.hms.sns.apk Binary XML file line #30
06-10 09:03:25.647  3649  4193 W PackageParser: Unknown element under <manifest>: queries at /data/user_de/0/com.huawei.hwid/files/kits/com.huawei.hms.sns/61200301/com.huawei.hms.sns.apk Binary XML file line #30
06-10 09:03:25.738  3649  4193 W PackageParser: Unknown element under <manifest>: queries at /data/user_de/0/com.huawei.android.hsf/modules/external/huawei_module_mlkit_gesture/30700301/com.huawei.hms.mlkit.gesture-30700301.apk Binary XML file line #12
06-10 09:03:25.832  3649  4193 W PackageParser: Unknown element under <manifest>: queries at /data/user_de/0/com.huawei.android.hsf/modules/external/huawei_module_mlkit_gesture/30700301/com.huawei.hms.mlkit.gesture-30700301.apk Binary XML file line #12
06-10 09:03:25.869  3649  4193 W PackageParser: Unknown element under <manifest>: queries at /data/user_de/0/com.huawei.android.hsf/modules/external/huawei_module_audiokit/10600300/com.huawei.hms.audiokit-10600300.apk Binary XML file line #17
06-10 09:03:25.931  3649  4193 W PackageParser: Unknown element under <manifest>: queries at /data/user_de/0/com.huawei.android.hsf/modules/external/huawei_module_audiokit/10600300/com.huawei.hms.audiokit-10600300.apk Binary XML file line #17
06-10 09:03:25.974  3649  4193 W PackageParser: Unknown element under <manifest>: queries at /data/user_de/0/com.huawei.android.hsf/modules/external/huawei_module_scene/60800300/com.huawei.hms.scene-60800300.apk Binary XML file line #14
06-10 09:03:25.975  3649  4193 W PackageParser: Unknown element under <manifest>: queries at /data/user_de/0/com.huawei.android.hsf/modules/external/huawei_module_scene/60800300/com.huawei.hms.scene-60800300.apk Binary XML file line #21
06-10 09:03:26.022  3649  4193 W PackageParser: Unknown element under <manifest>: queries at /data/user_de/0/com.huawei.android.hsf/modules/external/huawei_module_scene/60800300/com.huawei.hms.scene-60800300.apk Binary XML file line #14
06-10 09:03:26.023  3649  4193 W PackageParser: Unknown element under <manifest>: queries at /data/user_de/0/com.huawei.android.hsf/modules/external/huawei_module_scene/60800300/com.huawei.hms.scene-60800300.apk Binary XML file line #21
06-10 09:03:26.034  3649  4193 W PackageParser: Unknown element under <manifest>: queries at /data/user_de/0/com.huawei.android.hsf/modules/external/huawei_module_scene/60800300/com.huawei.hms.scene-60800300.apk Binary XML file line #14
06-10 09:03:26.034  3649  4193 W PackageParser: Unknown element under <manifest>: queries at /data/user_de/0/com.huawei.android.hsf/modules/external/huawei_module_scene/60800300/com.huawei.hms.scene-60800300.apk Binary XML file line #21
06-10 09:03:26.079  3649  4193 W PackageParser: Unknown element under <manifest>: queries at /data/user_de/0/com.huawei.android.hsf/modules/external/huawei_module_maps/61102301/com.huawei.hms.maps.provider.huawei-61102301.apk Binary XML file line #14
06-10 09:03:26.159  3649  4193 W PackageParser: Unknown element under <manifest>: queries at /data/user_de/0/com.huawei.android.hsf/modules/external/huawei_module_maps/61102301/com.huawei.hms.maps.provider.huawei-61102301.apk Binary XML file line #14
06-10 09:03:26.220  3649  4193 W PackageParser: Unknown element under <manifest>: queries at /data/user_de/0/com.huawei.hwid/files/kits/com.huawei.hms.apptouch.iap/10400302/com.huawei.hms.apptouch.iap.apk Binary XML file line #27
06-10 09:03:26.226  3649  4193 W PackageParser: No actions in intent filter at /data/user_de/0/com.huawei.hwid/files/kits/com.huawei.hms.apptouch.iap/10400302/com.huawei.hms.apptouch.iap.apk Binary XML file line #284
06-10 09:03:26.283  3649  4193 W PackageParser: Unknown element under <manifest>: queries at /data/user_de/0/com.huawei.hwid/files/kits/com.huawei.hms.apptouch.iap/10400302/com.huawei.hms.apptouch.iap.apk Binary XML file line #27
06-10 09:03:26.288  3649  4193 W PackageParser: No actions in intent filter at /data/user_de/0/com.huawei.hwid/files/kits/com.huawei.hms.apptouch.iap/10400302/com.huawei.hms.apptouch.iap.apk Binary XML file line #284
06-10 09:03:26.307  3649  4193 W PackageParser: Unknown element under <manifest>: queries at /data/user_de/0/com.huawei.hwid/files/kits/com.huawei.hms.apptouch.iap/10400302/com.huawei.hms.apptouch.iap.apk Binary XML file line #27
06-10 09:03:26.312  3649  4193 W PackageParser: No actions in intent filter at /data/user_de/0/com.huawei.hwid/files/kits/com.huawei.hms.apptouch.iap/10400302/com.huawei.hms.apptouch.iap.apk Binary XML file line #284
06-10 09:03:26.423  3649  4193 W PackageParser: Unknown element under <manifest>: queries at /data/user_de/0/com.huawei.android.hsf/modules/external/huawei_module_imagerender/10003307/com.huawei.hms.image.render-10003307.apk Binary XML file line #21
06-10 09:03:26.475  3649  4193 W PackageParser: Unknown element under <manifest>: queries at /data/user_de/0/com.huawei.android.hsf/modules/external/huawei_module_imagerender/10003307/com.huawei.hms.image.render-10003307.apk Binary XML file line #21
06-10 09:03:26.755  3649  4193 W PackageParser: Ignoring duplicate uses-permissions/uses-permissions-sdk-m: android.permission.ACCESS_NETWORK_STATE in package: com.huawei.hms.wireless at: Binary XML file line #13
06-10 09:03:26.786  3649  4193 W PackageParser: Ignoring duplicate uses-permissions/uses-permissions-sdk-m: android.permission.ACCESS_NETWORK_STATE in package: com.huawei.hms.wireless at: Binary XML file line #13
06-10 09:03:26.820  3649  4193 W PackageParser: Unknown element under <manifest>: queries at /data/user_de/0/com.huawei.hwid/files/kits/com.huawei.hms.game/61300300/com.huawei.hms.game.apk Binary XML file line #41
06-10 09:03:26.882  3649  4193 W PackageParser: Unknown element under <manifest>: queries at /data/user_de/0/com.huawei.hwid/files/kits/com.huawei.hms.game/61300300/com.huawei.hms.game.apk Binary XML file line #41
06-10 09:03:27.182  3649  4193 W PackageParser: Unknown element under <manifest>: queries at /data/user_de/0/com.huawei.hwid/files/kits/com.huawei.hms.hbm/10207302/com.huawei.hms.hbm.apk Binary XML file line #38
06-10 09:03:27.317  3649  4193 W PackageParser: Unknown element under <manifest>: queries at /data/user_de/0/com.huawei.hwid/files/kits/com.huawei.hms.hbm/10207302/com.huawei.hms.hbm.apk Binary XML file line #38
06-10 09:03:27.383  3649  4193 W PackageParser: Unknown element under <manifest>: queries at /data/user_de/0/com.huawei.android.hsf/modules/external/huawei_module_hwdtm/60600308/com.huawei.hms.dtm-60600308.apk Binary XML file line #14
06-10 09:03:27.422  3649  4193 W PackageParser: Unknown element under <manifest>: queries at /data/user_de/0/com.huawei.android.hsf/modules/external/huawei_module_hwdtm/60600308/com.huawei.hms.dtm-60600308.apk Binary XML file line #14
06-10 09:03:27.461  3649  4193 W PackageParser: Unknown element under <manifest>: queries at /data/user_de/0/com.huawei.android.hsf/modules/external/huawei_module_mlkit_translate/30700301/com.huawei.hms.mlkit.translate-30700301.apk Binary XML file line #11
06-10 09:03:27.533  3649  4193 W PackageParser: Unknown element under <manifest>: queries at /data/user_de/0/com.huawei.android.hsf/modules/external/huawei_module_mlkit_translate/30700301/com.huawei.hms.mlkit.translate-30700301.apk Binary XML file line #11
06-10 09:03:27.584  3649  4193 W PackageParser: Unknown element under <manifest>: queries at /data/user_de/0/com.huawei.hwid/files/kits/com.huawei.hms.realname/50001311/com.huawei.hms.realname.apk Binary XML file line #32
06-10 09:03:27.728  3649  4193 W PackageParser: Unknown element under <manifest>: queries at /data/user_de/0/com.huawei.hwid/files/kits/com.huawei.hms.realname/50001311/com.huawei.hms.realname.apk Binary XML file line #32
06-10 09:03:27.803  3649  4193 W PackageParser: Unknown element under <manifest>: queries at /data/user_de/0/com.huawei.android.hsf/modules/external/huawei_module_mlkit_tts_bee/30500305/com.huawei.hms.mlkit.tts.bee-30500305.apk Binary XML file line #12
06-10 09:03:27.854  3649  4193 W PackageParser: Unknown element under <manifest>: queries at /data/user_de/0/com.huawei.android.hsf/modules/external/huawei_module_mlkit_tts_bee/30500305/com.huawei.hms.mlkit.tts.bee-30500305.apk Binary XML file line #12
06-10 09:03:27.894  3649  4193 W PackageParser: Unknown element under <manifest>: queries at /data/user_de/0/com.huawei.android.hsf/modules/external/huawei_module_mlkit_tts_eagle/30500305/com.huawei.hms.mlkit.tts.eagle-30500305.apk Binary XML file line #12
06-10 09:03:27.959  3649  4193 W PackageParser: Unknown element under <manifest>: queries at /data/user_de/0/com.huawei.android.hsf/modules/external/huawei_module_mlkit_tts_eagle/30500305/com.huawei.hms.mlkit.tts.eagle-30500305.apk Binary XML file line #12
06-10 09:03:28.257  3649  4193 W PackageParser: Unknown element under <manifest>: queries at /data/user_de/0/com.huawei.android.hsf/modules/external/huawei_module_jsb/61002303/com.huawei.hms.jsb-61002303.apk Binary XML file line #16
06-10 09:03:28.289  3649  4193 W PackageParser: Unknown element under <manifest>: queries at /data/user_de/0/com.huawei.android.hsf/modules/external/huawei_module_jsb/61002303/com.huawei.hms.jsb-61002303.apk Binary XML file line #16
06-10 09:03:28.474  3649  4193 W PackageParser: Unknown element under <manifest>: queries at /data/user_de/0/com.huawei.hwid/files/kits/com.huawei.hms.paymentservice/61400300/com.huawei.hms.paymentservice.apk Binary XML file line #17
06-10 09:03:28.556  3649  4193 W PackageParser: Unknown element under <manifest>: queries at /data/user_de/0/com.huawei.hwid/files/kits/com.huawei.hms.paymentservice/61400300/com.huawei.hms.paymentservice.apk Binary XML file line #17
06-10 09:03:28.770  3649  4193 W PackageParser: Unknown element under <manifest>: queries at /data/user_de/0/com.huawei.hwid/files/kits/com.huawei.hms.qoes/102010303/com.huawei.hms.qoes.apk Binary XML file line #15
06-10 09:03:28.798  3649  4193 W PackageParser: Unknown element under <manifest>: queries at /data/user_de/0/com.huawei.hwid/files/kits/com.huawei.hms.qoes/102010303/com.huawei.hms.qoes.apk Binary XML file line #15
06-10 09:03:29.369  3649  4193 W PackageParser: Unknown element under <manifest>: queries at /data/user_de/0/com.huawei.hwid/files/kits/com.huawei.hms.runtimekit/61300301/com.huawei.hms.runtimekit.apk Binary XML file line #13
06-10 09:03:29.396  3649  4193 W PackageParser: Unknown element under <manifest>: queries at /data/user_de/0/com.huawei.hwid/files/kits/com.huawei.hms.runtimekit/61300301/com.huawei.hms.runtimekit.apk Binary XML file line #13
06-10 09:03:29.549  3649  4193 W PackageParser: Unknown element under <manifest>: queries at /data/user_de/0/com.huawei.hwid/files/kits/com.huawei.hms.kitstore/61300301/com.huawei.hms.kitstore.apk Binary XML file line #15
06-10 09:03:29.582  3649  4193 W PackageParser: Unknown element under <manifest>: queries at /data/user_de/0/com.huawei.hwid/files/kits/com.huawei.hms.kitstore/61300301/com.huawei.hms.kitstore.apk Binary XML file line #15
06-10 09:03:29.615  3649  4193 W PackageParser: Unknown element under <manifest>: queries at /data/user_de/0/com.huawei.hwid/files/kits/com.huawei.hms.account/61200306/com.huawei.hms.account.apk Binary XML file line #77
06-10 09:03:29.639  3649  4193 W PackageParser: No actions in intent filter at /data/user_de/0/com.huawei.hwid/files/kits/com.huawei.hms.account/61200306/com.huawei.hms.account.apk Binary XML file line #1522
06-10 09:03:29.642  3649  4193 W PackageParser: No actions in intent filter at /data/user_de/0/com.huawei.hwid/files/kits/com.huawei.hms.account/61200306/com.huawei.hms.account.apk Binary XML file line #1673
06-10 09:03:29.642  3649  4193 W PackageParser: No actions in intent filter at /data/user_de/0/com.huawei.hwid/files/kits/com.huawei.hms.account/61200306/com.huawei.hms.account.apk Binary XML file line #1687
06-10 09:03:29.664  3649  4193 W PackageParser: No actions in intent filter at /data/user_de/0/com.huawei.hwid/files/kits/com.huawei.hms.account/61200306/com.huawei.hms.account.apk Binary XML file line #3188
06-10 09:03:29.737  3649  4193 W PackageParser: Unknown element under <manifest>: queries at /data/user_de/0/com.huawei.hwid/files/kits/com.huawei.hms.account/61200306/com.huawei.hms.account.apk Binary XML file line #77
06-10 09:03:29.759  3649  4193 W PackageParser: No actions in intent filter at /data/user_de/0/com.huawei.hwid/files/kits/com.huawei.hms.account/61200306/com.huawei.hms.account.apk Binary XML file line #1522
06-10 09:03:29.761  3649  4193 W PackageParser: No actions in intent filter at /data/user_de/0/com.huawei.hwid/files/kits/com.huawei.hms.account/61200306/com.huawei.hms.account.apk Binary XML file line #1673
06-10 09:03:29.762  3649  4193 W PackageParser: No actions in intent filter at /data/user_de/0/com.huawei.hwid/files/kits/com.huawei.hms.account/61200306/com.huawei.hms.account.apk Binary XML file line #1687
06-10 09:03:29.782  3649  4193 W PackageParser: No actions in intent filter at /data/user_de/0/com.huawei.hwid/files/kits/com.huawei.hms.account/61200306/com.huawei.hms.account.apk Binary XML file line #3188
06-10 09:03:29.802  3649  4193 W PackageParser: Unknown element under <manifest>: queries at /data/user_de/0/com.huawei.hwid/files/kits/com.huawei.hms.account/61200306/com.huawei.hms.account.apk Binary XML file line #77
06-10 09:03:29.824  3649  4193 W PackageParser: No actions in intent filter at /data/user_de/0/com.huawei.hwid/files/kits/com.huawei.hms.account/61200306/com.huawei.hms.account.apk Binary XML file line #1522
06-10 09:03:29.827  3649  4193 W PackageParser: No actions in intent filter at /data/user_de/0/com.huawei.hwid/files/kits/com.huawei.hms.account/61200306/com.huawei.hms.account.apk Binary XML file line #1673
06-10 09:03:29.827  3649  4193 W PackageParser: No actions in intent filter at /data/user_de/0/com.huawei.hwid/files/kits/com.huawei.hms.account/61200306/com.huawei.hms.account.apk Binary XML file line #1687
06-10 09:03:29.851  3649  4193 W PackageParser: No actions in intent filter at /data/user_de/0/com.huawei.hwid/files/kits/com.huawei.hms.account/61200306/com.huawei.hms.account.apk Binary XML file line #3188
06-10 09:03:30.004  3649  4193 W PackageParser: Unknown element under <manifest>: queries at /data/user_de/0/com.huawei.hwid/files/kits/com.huawei.hms.iap/61604301/com.huawei.hms.iap.apk Binary XML file line #60
06-10 09:03:30.248  3649  4193 W PackageParser: Unknown element under <manifest>: queries at /data/user_de/0/com.huawei.hwid/files/kits/com.huawei.hms.iap/61604301/com.huawei.hms.iap.apk Binary XML file line #60
06-10 09:03:30.725  3649  4193 W PackageParser: Unknown element under <manifest>: queries at /data/user_de/0/com.huawei.android.hsf/modules/external/huawei_module_iapcashierview/61604301/IapCashierView.apk Binary XML file line #11
06-10 09:03:30.770  3649  4193 W PackageParser: Unknown element under <manifest>: queries at /data/user_de/0/com.huawei.android.hsf/modules/external/huawei_module_iapcashierview/61604301/IapCashierView.apk Binary XML file line #11
06-10 09:03:42.322  1413  2267 I chatty  : uid=1000(system) StatisticsCHRMs expire 4 lines
06-10 09:03:52.440  1413  4416 I chatty  : uid=1000(system) Binder:1413_F expire 6 lines
06-10 09:03:53.771  1413 16955 I chatty  : uid=1000(system) Binder:1413_1E expire 5 lines
06-10 09:03:57.378  1413  1936 I chatty  : uid=1000(system) ActivityManager expire 2 lines
06-10 09:04:06.033  1413  2186 I chatty  : uid=1000(system) InputReader expire 9 lines
06-10 09:04:06.046  1413  1998 I chatty  : uid=1000(system) PowerManagerSer expire 9 lines
06-10 09:04:06.057  1413  6374 I chatty  : uid=1000(system) Binder:1413_13 expire 7 lines
06-10 09:04:06.061  1413  2188 I chatty  : uid=1000(system) StorageManagerS expire 1 line
06-10 09:04:06.063  1413  2575 I chatty  : uid=1000(system) Binder:1413_9 expire 25 lines
06-10 09:04:06.064   595   598 I vold    : TrimTask running tasks: 0
06-10 09:04:06.065  2577  2723 E KernelCpuSpeedReader: Failed to read cpu-freq: /sys/devices/system/cpu/cpu0/cpufreq/stats/time_in_state (No such file or directory)
