06-10 01:56:41.908  2577  2723 E KernelCpuSpeedReader: Failed to read cpu-freq: /sys/devices/system/cpu/cpu0/cpufreq/stats/time_in_state (No such file or directory)
06-10 01:56:41.909  2577  2723 E KernelCpuSpeedReader: Failed to read cpu-freq: /sys/devices/system/cpu/cpu4/cpufreq/stats/time_in_state (No such file or directory)
06-10 01:57:22.026  1413  2614 I chatty  : uid=1000(system) Binder:1413_C expire 13 lines
06-10 01:57:22.040  1413  1413 I chatty  : uid=1000 system_server expire 5 lines
06-10 01:57:23.149  1413 15496 I chatty  : uid=1000(system) Binder:1413_1D expire 5 lines
06-10 01:57:24.306  1413  4416 I chatty  : uid=1000(system) Binder:1413_F expire 12 lines
06-10 01:58:22.121  1413  1413 I chatty  : uid=1000 system_server expire 15 lines
06-10 01:58:24.170  1413  2467 I chatty  : uid=1000(system) watchdog expire 13 lines
06-10 01:58:40.601  1413  2614 I chatty  : uid=1000(system) Binder:1413_C expire 18 lines
06-10 01:58:40.749  1413  2602 I chatty  : uid=1000(system) Binder:1413_B expire 10 lines
06-10 01:58:41.982  2577  2723 E KernelCpuSpeedReader: Failed to read cpu-freq: /sys/devices/system/cpu/cpu0/cpufreq/stats/time_in_state (No such file or directory)
06-10 01:58:41.982  2577  2723 E KernelCpuSpeedReader: Failed to read cpu-freq: /sys/devices/system/cpu/cpu4/cpufreq/stats/time_in_state (No such file or directory)
06-10 01:58:45.580  1413  1936 I chatty  : uid=1000(system) ActivityManager expire 12 lines
06-10 01:59:58.426  1413 15496 I chatty  : uid=1000(system) Binder:1413_1D expire 15 lines
06-10 02:00:42.087  2577  2723 E KernelCpuSpeedReader: Failed to read cpu-freq: /sys/devices/system/cpu/cpu0/cpufreq/stats/time_in_state (No such file or directory)
06-10 02:00:42.088  2577  2723 E KernelCpuSpeedReader: Failed to read cpu-freq: /sys/devices/system/cpu/cpu4/cpufreq/stats/time_in_state (No such file or directory)
06-10 02:01:16.071  1413  2195 I chatty  : uid=1000(system) NetworkStats expire 7 lines
06-10 02:01:16.090  1413  2614 I chatty  : uid=1000(system) Binder:1413_C expire 16 lines
06-10 02:01:16.124  1413  2193 I chatty  : uid=1000(system) NetdConnector expire 6 lines
06-10 02:01:16.154  1413 15496 I chatty  : uid=1000(system) Binder:1413_1D expire 1 line
06-10 02:01:16.168  1413  2602 I chatty  : uid=1000(system) Binder:1413_B expire 24 lines
06-10 02:01:16.256  2577  9297 E KernelCpuSpeedReader: Failed to read cpu-freq: /sys/devices/system/cpu/cpu0/cpufreq/stats/time_in_state (No such file or directory)
06-10 02:01:16.256  2577  9297 E KernelCpuSpeedReader: Failed to read cpu-freq: /sys/devices/system/cpu/cpu4/cpufreq/stats/time_in_state (No such file or directory)
06-10 02:02:42.169  2577  2723 E KernelCpuSpeedReader: Failed to read cpu-freq: /sys/devices/system/cpu/cpu0/cpufreq/stats/time_in_state (No such file or directory)
06-10 02:02:42.170  2577  2723 E KernelCpuSpeedReader: Failed to read cpu-freq: /sys/devices/system/cpu/cpu4/cpufreq/stats/time_in_state (No such file or directory)
06-10 02:03:12.733  1413  1950 I chatty  : uid=1000(system) batterystats-wo expire 4 lines
06-10 02:03:22.432  1413  4416 I chatty  : uid=1000(system) Binder:1413_F expire 7 lines
06-10 02:03:22.451  1413  1413 I chatty  : uid=1000 system_server expire 9 lines
06-10 02:03:41.111  1413  2267 I chatty  : uid=1000(system) StatisticsCHRMs expire 4 lines
06-10 02:03:52.053  1413  4686 I chatty  : uid=1000(system) Binder:1413_10 expire 15 lines
06-10 02:03:53.216  1413 16955 I chatty  : uid=1000(system) Binder:1413_1E expire 6 lines
06-10 02:04:42.290  2577  2723 E KernelCpuSpeedReader: Failed to read cpu-freq: /sys/devices/system/cpu/cpu0/cpufreq/stats/time_in_state (No such file or directory)
06-10 02:04:42.291  2577  2723 E KernelCpuSpeedReader: Failed to read cpu-freq: /sys/devices/system/cpu/cpu4/cpufreq/stats/time_in_state (No such file or directory)
06-10 02:04:54.214  1413  2467 I chatty  : uid=1000(system) watchdog expire 4 lines
06-10 02:05:10.107  1413  1447 I chatty  : uid=1000(system) Binder:1413_2 expire 6 lines
06-10 02:05:10.118  1413  2602 I chatty  : uid=1000(system) Binder:1413_B expire 18 lines
06-10 02:05:14.972  1413  1936 I chatty  : uid=1000(system) ActivityManager expire 2 lines
06-10 02:06:28.261  1413  4686 I chatty  : uid=1000(system) Binder:1413_10 expire 10 lines
06-10 02:06:29.426  1413  2602 I chatty  : uid=1000(system) Binder:1413_B expire 2 lines
06-10 02:06:33.141  1413  1936 I chatty  : uid=1000(system) ActivityManager expire 10 lines
06-10 02:06:42.374  2577  2723 E KernelCpuSpeedReader: Failed to read cpu-freq: /sys/devices/system/cpu/cpu0/cpufreq/stats/time_in_state (No such file or directory)
06-10 02:06:42.375  2577  2723 E KernelCpuSpeedReader: Failed to read cpu-freq: /sys/devices/system/cpu/cpu4/cpufreq/stats/time_in_state (No such file or directory)
06-10 02:06:54.226  1413  2467 I chatty  : uid=1000(system) watchdog expire 12 lines
06-10 02:07:46.461  1413  4416 I chatty  : uid=1000(system) Binder:1413_F expire 80 lines
06-10 02:07:46.486  1413  1413 I chatty  : uid=1000 system_server expire 12 lines
06-10 02:07:46.594  1413  4686 I chatty  : uid=1000(system) Binder:1413_10 expire 19 lines
06-10 02:07:46.602  1413 15496 I chatty  : uid=1000(system) Binder:1413_1D expire 10 lines
06-10 02:07:47.749  1413 16955 I chatty  : uid=1000(system) Binder:1413_1E expire 22 lines
06-10 02:08:17.736  1413  1928 I chatty  : uid=1000(system) android.bg expire 1 line
06-10 02:08:42.466  2577  2723 E KernelCpuSpeedReader: Failed to read cpu-freq: /sys/devices/system/cpu/cpu0/cpufreq/stats/time_in_state (No such file or directory)
06-10 02:08:42.467  2577  2723 E KernelCpuSpeedReader: Failed to read cpu-freq: /sys/devices/system/cpu/cpu4/cpufreq/stats/time_in_state (No such file or directory)
06-10 02:09:04.991  1413  1447 I chatty  : uid=1000(system) Binder:1413_2 expire 15 lines
06-10 02:09:22.234  1413  4691 I chatty  : uid=1000(system) Binder:1413_11 expire 27 lines
06-10 02:10:23.505  1413 15496 I chatty  : uid=1000(system) Binder:1413_1D expire 15 lines
06-10 02:10:42.559  2577  2723 E KernelCpuSpeedReader: Failed to read cpu-freq: /sys/devices/system/cpu/cpu0/cpufreq/stats/time_in_state (No such file or directory)
06-10 02:10:42.559  2577  2723 E KernelCpuSpeedReader: Failed to read cpu-freq: /sys/devices/system/cpu/cpu4/cpufreq/stats/time_in_state (No such file or directory)
06-10 02:11:41.942  1413  1447 I chatty  : uid=1000(system) Binder:1413_2 expire 17 lines
06-10 02:11:41.952  1413  1413 I chatty  : uid=1000 system_server expire 12 lines
06-10 02:11:42.053  1413 15496 I chatty  : uid=1000(system) Binder:1413_1D expire 12 lines
06-10 02:12:42.647  2577  2723 E KernelCpuSpeedReader: Failed to read cpu-freq: /sys/devices/system/cpu/cpu0/cpufreq/stats/time_in_state (No such file or directory)
06-10 02:12:42.648  2577  2723 E KernelCpuSpeedReader: Failed to read cpu-freq: /sys/devices/system/cpu/cpu4/cpufreq/stats/time_in_state (No such file or directory)
06-10 02:12:54.267  1413  2467 I chatty  : uid=1000(system) watchdog expire 6 lines
06-10 02:13:05.601  1413  1936 I chatty  : uid=1000(system) ActivityManager expire 4 lines
06-10 02:14:42.743  2577  2723 E KernelCpuSpeedReader: Failed to read cpu-freq: /sys/devices/system/cpu/cpu0/cpufreq/stats/time_in_state (No such file or directory)
06-10 02:14:42.744  2577  2723 E KernelCpuSpeedReader: Failed to read cpu-freq: /sys/devices/system/cpu/cpu4/cpufreq/stats/time_in_state (No such file or directory)
06-10 02:15:21.958  1413  4416 I chatty  : uid=1000(system) Binder:1413_F expire 1 line
06-10 02:15:38.402  1413  1447 I chatty  : uid=1000(system) Binder:1413_2 expire 15 lines
06-10 02:15:39.572  1413 16955 I chatty  : uid=1000(system) Binder:1413_1E expire 6 lines
06-10 02:15:43.262  1413  1936 I chatty  : uid=1000(system) ActivityManager expire 10 lines
06-10 02:15:54.287  1413  2467 I chatty  : uid=1000(system) watchdog expire 10 lines
06-10 02:16:42.878  2577  2723 E KernelCpuSpeedReader: Failed to read cpu-freq: /sys/devices/system/cpu/cpu0/cpufreq/stats/time_in_state (No such file or directory)
06-10 02:16:42.878  2577  2723 E KernelCpuSpeedReader: Failed to read cpu-freq: /sys/devices/system/cpu/cpu4/cpufreq/stats/time_in_state (No such file or directory)
06-10 02:16:57.221  1413 15496 I chatty  : uid=1000(system) Binder:1413_1D expire 11 lines
06-10 02:16:57.231  1413  1447 I chatty  : uid=1000(system) Binder:1413_2 expire 21 lines
06-10 02:16:57.241  1413  1413 I chatty  : uid=1000 system_server expire 10 lines
06-10 02:16:58.505  1413  4686 I chatty  : uid=1000(system) Binder:1413_10 expire 21 lines
06-10 02:18:16.441  1413  4691 I chatty  : uid=1000(system) Binder:1413_11 expire 17 lines
06-10 02:18:42.957  2577  2723 E KernelCpuSpeedReader: Failed to read cpu-freq: /sys/devices/system/cpu/cpu0/cpufreq/stats/time_in_state (No such file or directory)
06-10 02:18:42.958  2577  2723 E KernelCpuSpeedReader: Failed to read cpu-freq: /sys/devices/system/cpu/cpu4/cpufreq/stats/time_in_state (No such file or directory)
06-10 02:19:22.210  1413  1447 I chatty  : uid=1000(system) Binder:1413_2 expire 16 lines
06-10 02:19:26.813  1413  2141 I chatty  : uid=1000(system) UEventObserver expire 4 lines
06-10 02:19:26.861  1413  1950 I chatty  : uid=1000(system) batterystats-wo expire 4 lines
06-10 02:19:26.865  1413 15496 I chatty  : uid=1000(system) Binder:1413_1D expire 17 lines
06-10 02:20:43.049  2577  2723 E KernelCpuSpeedReader: Failed to read cpu-freq: /sys/devices/system/cpu/cpu0/cpufreq/stats/time_in_state (No such file or directory)
06-10 02:20:43.049  2577  2723 E KernelCpuSpeedReader: Failed to read cpu-freq: /sys/devices/system/cpu/cpu4/cpufreq/stats/time_in_state (No such file or directory)
06-10 02:20:54.320  1413  2467 I chatty  : uid=1000(system) watchdog expire 9 lines
06-10 02:20:54.762  1413  1413 I chatty  : uid=1000 system_server expire 12 lines
06-10 02:20:59.740  1413  1936 I chatty  : uid=1000(system) ActivityManager expire 8 lines
06-10 02:22:15.406  1413  4686 I chatty  : uid=1000(system) Binder:1413_10 expire 20 lines
06-10 02:22:43.143  2577  2723 E KernelCpuSpeedReader: Failed to read cpu-freq: /sys/devices/system/cpu/cpu0/cpufreq/stats/time_in_state (No such file or directory)
06-10 02:22:43.144  2577  2723 E KernelCpuSpeedReader: Failed to read cpu-freq: /sys/devices/system/cpu/cpu4/cpufreq/stats/time_in_state (No such file or directory)
06-10 02:23:27.106  1413  1447 I chatty  : uid=1000(system) Binder:1413_2 expire 9 lines
06-10 02:24:43.237  2577  2723 E KernelCpuSpeedReader: Failed to read cpu-freq: /sys/devices/system/cpu/cpu0/cpufreq/stats/time_in_state (No such file or directory)
06-10 02:24:43.238  2577  2723 E KernelCpuSpeedReader: Failed to read cpu-freq: /sys/devices/system/cpu/cpu4/cpufreq/stats/time_in_state (No such file or directory)
06-10 02:24:53.171  1413  1413 I chatty  : uid=1000 system_server expire 2 lines
06-10 02:24:53.289  1413  2602 I chatty  : uid=1000(system) Binder:1413_B expire 27 lines
06-10 02:25:21.964  1413  1413 I chatty  : uid=1000 system_server expire 10 lines
06-10 02:25:24.349  1413  2467 I chatty  : uid=1000(system) watchdog expire 10 lines
06-10 02:26:12.959  1413  4691 I chatty  : uid=1000(system) Binder:1413_11 expire 15 lines
06-10 02:26:17.823  1413  1936 I chatty  : uid=1000(system) ActivityManager expire 10 lines
06-10 02:26:43.333  2577  2723 E KernelCpuSpeedReader: Failed to read cpu-freq: /sys/devices/system/cpu/cpu0/cpufreq/stats/time_in_state (No such file or directory)
06-10 02:26:43.333  2577  2723 E KernelCpuSpeedReader: Failed to read cpu-freq: /sys/devices/system/cpu/cpu4/cpufreq/stats/time_in_state (No such file or directory)
06-10 02:27:22.093  1413  4691 I chatty  : uid=1000(system) Binder:1413_11 expire 25 lines
06-10 02:27:32.737  1413  4686 I chatty  : uid=1000(system) Binder:1413_10 expire 15 lines
06-10 02:27:33.934  1413  2602 I chatty  : uid=1000(system) Binder:1413_B expire 12 lines
06-10 02:28:43.441  2577  2723 E KernelCpuSpeedReader: Failed to read cpu-freq: /sys/devices/system/cpu/cpu0/cpufreq/stats/time_in_state (No such file or directory)
06-10 02:28:43.442  2577  2723 E KernelCpuSpeedReader: Failed to read cpu-freq: /sys/devices/system/cpu/cpu4/cpufreq/stats/time_in_state (No such file or directory)
06-10 02:28:52.479  1413  1447 I chatty  : uid=1000(system) Binder:1413_2 expire 1 line
06-10 02:28:52.492  1413  1413 I chatty  : uid=1000 system_server expire 11 lines
06-10 02:28:52.596  1413  4686 I chatty  : uid=1000(system) Binder:1413_10 expire 22 lines
06-10 02:30:12.437  1413  2195 I chatty  : uid=1000(system) NetworkStats expire 9 lines
06-10 02:30:12.486  1413  2193 I chatty  : uid=1000(system) NetdConnector expire 6 lines
06-10 02:30:12.558  9030  9030 D ActivityThread: Attach thread to application
06-10 02:30:12.583  1413  2614 I chatty  : uid=1000(system) Binder:1413_C expire 12 lines
06-10 02:30:12.593  1413  4416 I chatty  : uid=1000(system) Binder:1413_F expire 11 lines
06-10 02:30:13.022  1413  4686 I chatty  : uid=1000(system) Binder:1413_10 expire 9 lines
06-10 02:30:13.092  2577  6631 E KernelCpuSpeedReader: Failed to read cpu-freq: /sys/devices/system/cpu/cpu0/cpufreq/stats/time_in_state (No such file or directory)
06-10 02:30:13.092  2577  6631 E KernelCpuSpeedReader: Failed to read cpu-freq: /sys/devices/system/cpu/cpu4/cpufreq/stats/time_in_state (No such file or directory)
06-10 02:30:24.383  1413  2467 I chatty  : uid=1000(system) watchdog expire 8 lines
06-10 02:30:43.509  2577  2723 E KernelCpuSpeedReader: Failed to read cpu-freq: /sys/devices/system/cpu/cpu0/cpufreq/stats/time_in_state (No such file or directory)
06-10 02:30:43.510  2577  2723 E KernelCpuSpeedReader: Failed to read cpu-freq: /sys/devices/system/cpu/cpu4/cpufreq/stats/time_in_state (No such file or directory)
06-10 02:31:32.531  1413  2602 I chatty  : uid=1000(system) Binder:1413_B expire 16 lines
06-10 02:31:37.513  1413  1936 I chatty  : uid=1000(system) ActivityManager expire 6 lines
06-10 02:32:43.650  2577  2723 E KernelCpuSpeedReader: Failed to read cpu-freq: /sys/devices/system/cpu/cpu0/cpufreq/stats/time_in_state (No such file or directory)
06-10 02:32:43.651  2577  2723 E KernelCpuSpeedReader: Failed to read cpu-freq: /sys/devices/system/cpu/cpu4/cpufreq/stats/time_in_state (No such file or directory)
06-10 02:32:52.768  1413  1413 I chatty  : uid=1000 system_server expire 4 lines
06-10 02:33:12.787  1413  1950 I chatty  : uid=1000(system) batterystats-wo expire 4 lines
06-10 02:33:41.196  1413  2267 I chatty  : uid=1000(system) StatisticsCHRMs expire 4 lines
06-10 02:34:13.161  1413  2602 I chatty  : uid=1000(system) Binder:1413_B expire 16 lines
06-10 02:34:14.338  1413  4686 I chatty  : uid=1000(system) Binder:1413_10 expire 5 lines
06-10 02:34:18.018  1413  1936 I chatty  : uid=1000(system) ActivityManager expire 10 lines
06-10 02:34:21.901  1413  1413 I chatty  : uid=1000 system_server expire 16 lines
06-10 02:34:24.410  1413  2467 I chatty  : uid=1000(system) watchdog expire 13 lines
06-10 02:34:43.746  2577  2723 E KernelCpuSpeedReader: Failed to read cpu-freq: /sys/devices/system/cpu/cpu0/cpufreq/stats/time_in_state (No such file or directory)
06-10 02:34:43.746  2577  2723 E KernelCpuSpeedReader: Failed to read cpu-freq: /sys/devices/system/cpu/cpu4/cpufreq/stats/time_in_state (No such file or directory)
06-10 02:35:21.946  1413  4416 I chatty  : uid=1000(system) Binder:1413_F expire 18 lines
06-10 02:35:34.710  1413  1447 I chatty  : uid=1000(system) Binder:1413_2 expire 15 lines
06-10 02:36:43.845  2577  2723 E KernelCpuSpeedReader: Failed to read cpu-freq: /sys/devices/system/cpu/cpu0/cpufreq/stats/time_in_state (No such file or directory)
06-10 02:36:43.846  2577  2723 E KernelCpuSpeedReader: Failed to read cpu-freq: /sys/devices/system/cpu/cpu4/cpufreq/stats/time_in_state (No such file or directory)
06-10 02:36:53.917  1413  4416 I chatty  : uid=1000(system) Binder:1413_F expire 14 lines
06-10 02:36:54.033  1413  4691 I chatty  : uid=1000(system) Binder:1413_11 expire 12 lines
06-10 02:36:54.434  1413  2602 I chatty  : uid=1000(system) Binder:1413_B expire 11 lines
06-10 02:38:14.607  1413  2614 I chatty  : uid=1000(system) Binder:1413_C expire 21 lines
06-10 02:38:43.945  2577  2723 E KernelCpuSpeedReader: Failed to read cpu-freq: /sys/devices/system/cpu/cpu0/cpufreq/stats/time_in_state (No such file or directory)
06-10 02:38:43.946  2577  2723 E KernelCpuSpeedReader: Failed to read cpu-freq: /sys/devices/system/cpu/cpu4/cpufreq/stats/time_in_state (No such file or directory)
06-10 02:39:22.174  1413  2614 I chatty  : uid=1000(system) Binder:1413_C expire 18 lines
06-10 02:39:22.188  1413  1413 I chatty  : uid=1000 system_server expire 10 lines
06-10 02:40:44.054  2577  2723 E KernelCpuSpeedReader: Failed to read cpu-freq: /sys/devices/system/cpu/cpu0/cpufreq/stats/time_in_state (No such file or directory)
06-10 02:40:44.054  2577  2723 E KernelCpuSpeedReader: Failed to read cpu-freq: /sys/devices/system/cpu/cpu4/cpufreq/stats/time_in_state (No such file or directory)
06-10 02:40:54.453  1413  2467 I chatty  : uid=1000(system) watchdog expire 6 lines
06-10 02:40:55.934  1413  1447 I chatty  : uid=1000(system) Binder:1413_2 expire 16 lines
06-10 02:40:56.060  1413  4691 I chatty  : uid=1000(system) Binder:1413_11 expire 16 lines
06-10 02:41:00.924  1413  1936 I chatty  : uid=1000(system) ActivityManager expire 4 lines
06-10 02:42:44.150  2577  2723 E KernelCpuSpeedReader: Failed to read cpu-freq: /sys/devices/system/cpu/cpu0/cpufreq/stats/time_in_state (No such file or directory)
06-10 02:42:44.150  2577  2723 E KernelCpuSpeedReader: Failed to read cpu-freq: /sys/devices/system/cpu/cpu4/cpufreq/stats/time_in_state (No such file or directory)
06-10 02:43:22.409  1413  4691 I chatty  : uid=1000(system) Binder:1413_11 expire 1 line
06-10 02:43:22.423  1413  1413 I chatty  : uid=1000 system_server expire 4 lines
06-10 02:43:37.777  1413 15496 I chatty  : uid=1000(system) Binder:1413_1D expire 10 lines
06-10 02:43:37.909  1413  4416 I chatty  : uid=1000(system) Binder:1413_F expire 28 lines
06-10 02:43:39.046  1413  1447 I chatty  : uid=1000(system) Binder:1413_2 expire 8 lines
06-10 02:43:42.766  1413  1936 I chatty  : uid=1000(system) ActivityManager expire 10 lines
06-10 02:43:54.474  1413  2467 I chatty  : uid=1000(system) watchdog expire 10 lines
06-10 02:44:44.269  2577  2723 E KernelCpuSpeedReader: Failed to read cpu-freq: /sys/devices/system/cpu/cpu0/cpufreq/stats/time_in_state (No such file or directory)
06-10 02:44:44.270  2577  2723 E KernelCpuSpeedReader: Failed to read cpu-freq: /sys/devices/system/cpu/cpu4/cpufreq/stats/time_in_state (No such file or directory)
06-10 02:44:58.861  1413  1413 I chatty  : uid=1000 system_server expire 26 lines
06-10 02:44:58.964  1413  2614 I chatty  : uid=1000(system) Binder:1413_C expire 20 lines
06-10 02:46:44.363  2577  2723 E KernelCpuSpeedReader: Failed to read cpu-freq: /sys/devices/system/cpu/cpu0/cpufreq/stats/time_in_state (No such file or directory)
06-10 02:46:44.364  2577  2723 E KernelCpuSpeedReader: Failed to read cpu-freq: /sys/devices/system/cpu/cpu4/cpufreq/stats/time_in_state (No such file or directory)
06-10 02:47:41.463  1413  2614 I chatty  : uid=1000(system) Binder:1413_C expire 16 lines
06-10 02:48:25.344  1413  2158 I chatty  : uid=1000(system) AlarmManager expire 1 line
06-10 02:48:25.368  1413  1928 I chatty  : uid=1000(system) android.bg expire 6 lines
06-10 02:48:25.431  1413  2193 I chatty  : uid=1000(system) NetdConnector expire 4 lines
06-10 02:48:25.448  9552  9552 D ActivityThread: Attach thread to application
06-10 02:48:25.459  9560  9560 D ActivityThread: Attach thread to application
06-10 02:48:25.467  1413  1413 I chatty  : uid=1000 system_server expire 10 lines
06-10 02:48:25.470  1413  4686 I chatty  : uid=1000(system) Binder:1413_10 expire 18 lines
06-10 02:48:25.473  1413  2602 I chatty  : uid=1000(system) Binder:1413_B expire 19 lines
06-10 02:48:25.527  1413  2614 I chatty  : uid=1000(system) Binder:1413_C expire 1 line
06-10 02:48:25.538  1413  2474 I chatty  : uid=1000(system) LocationThread expire 1 line
06-10 02:48:25.588  2577  6452 W ContextImpl: Calling a method in the system process without a qualified user: android.app.ContextImpl.sendBroadcast:1131 android.content.ContextWrapper.sendBroadcast:442 com.huawei.iaware.userhabit.NRTUserHabitTrainManager$NRTUserHabitHandler.handleTrain:411 com.huawei.iaware.userhabit.NRTUserHabitTrainManager$NRTUserHabitHandler.handleMessage:255 android.os.Handler.dispatchMessage:109 
06-10 02:48:44.457  2577  2723 E KernelCpuSpeedReader: Failed to read cpu-freq: /sys/devices/system/cpu/cpu0/cpufreq/stats/time_in_state (No such file or directory)
06-10 02:48:44.458  2577  2723 E KernelCpuSpeedReader: Failed to read cpu-freq: /sys/devices/system/cpu/cpu4/cpufreq/stats/time_in_state (No such file or directory)
06-10 02:48:54.508  1413  2467 I chatty  : uid=1000(system) watchdog expire 4 lines
06-10 02:48:55.720  1413  1413 I chatty  : uid=1000 system_server expire 9 lines
06-10 02:49:00.636  1413  1936 I chatty  : uid=1000(system) ActivityManager expire 4 lines
06-10 02:49:02.754  1413 15496 I chatty  : uid=1000(system) Binder:1413_1D expire 1 line
06-10 02:49:04.048  1413  2602 I chatty  : uid=1000(system) Binder:1413_B expire 5 lines
06-10 02:49:26.333  1413 16955 I chatty  : uid=1000(system) Binder:1413_1E expire 3 lines
06-10 02:50:24.350  1413  4416 I chatty  : uid=1000(system) Binder:1413_F expire 15 lines
06-10 02:50:25.494  1413 16955 I chatty  : uid=1000(system) Binder:1413_1E expire 12 lines
06-10 02:50:29.217  1413  1936 I chatty  : uid=1000(system) ActivityManager expire 10 lines
06-10 02:50:44.545  2577  2723 E KernelCpuSpeedReader: Failed to read cpu-freq: /sys/devices/system/cpu/cpu0/cpufreq/stats/time_in_state (No such file or directory)
06-10 02:50:44.546  2577  2723 E KernelCpuSpeedReader: Failed to read cpu-freq: /sys/devices/system/cpu/cpu4/cpufreq/stats/time_in_state (No such file or directory)
06-10 02:50:54.520  1413  2467 I chatty  : uid=1000(system) watchdog expire 12 lines
06-10 02:51:22.304  1413  2575 I chatty  : uid=1000(system) Binder:1413_9 expire 1 line
06-10 02:51:22.317  1413  1413 I chatty  : uid=1000 system_server expire 14 lines
06-10 02:51:45.917  1413  1447 I chatty  : uid=1000(system) Binder:1413_2 expire 15 lines
06-10 02:52:44.639  2577  2723 E KernelCpuSpeedReader: Failed to read cpu-freq: /sys/devices/system/cpu/cpu0/cpufreq/stats/time_in_state (No such file or directory)
06-10 02:52:44.640  2577  2723 E KernelCpuSpeedReader: Failed to read cpu-freq: /sys/devices/system/cpu/cpu4/cpufreq/stats/time_in_state (No such file or directory)
06-10 02:53:07.506  1413  4416 I chatty  : uid=1000(system) Binder:1413_F expire 22 lines
06-10 02:53:08.804  1413 16955 I chatty  : uid=1000(system) Binder:1413_1E expire 23 lines
06-10 02:54:29.433  1413  1447 I chatty  : uid=1000(system) Binder:1413_2 expire 15 lines
06-10 02:54:44.734  2577  2723 E KernelCpuSpeedReader: Failed to read cpu-freq: /sys/devices/system/cpu/cpu0/cpufreq/stats/time_in_state (No such file or directory)
06-10 02:54:44.735  2577  2723 E KernelCpuSpeedReader: Failed to read cpu-freq: /sys/devices/system/cpu/cpu4/cpufreq/stats/time_in_state (No such file or directory)
06-10 02:55:51.237  1413  1413 I chatty  : uid=1000 system_server expire 12 lines
06-10 02:55:52.530  1413 15496 I chatty  : uid=1000(system) Binder:1413_1D expire 7 lines
06-10 02:56:44.842  2577  2723 E KernelCpuSpeedReader: Failed to read cpu-freq: /sys/devices/system/cpu/cpu0/cpufreq/stats/time_in_state (No such file or directory)
06-10 02:56:44.842  2577  2723 E KernelCpuSpeedReader: Failed to read cpu-freq: /sys/devices/system/cpu/cpu4/cpufreq/stats/time_in_state (No such file or directory)
06-10 02:56:54.559  1413  2467 I chatty  : uid=1000(system) watchdog expire 7 lines
06-10 02:57:13.334  1413  2602 I chatty  : uid=1000(system) Binder:1413_B expire 35 lines
06-10 02:57:14.504  1413  1447 I chatty  : uid=1000(system) Binder:1413_2 expire 8 lines
06-10 02:57:18.182  1413  1936 I chatty  : uid=1000(system) ActivityManager expire 6 lines
06-10 02:58:44.915  2577  2723 E KernelCpuSpeedReader: Failed to read cpu-freq: /sys/devices/system/cpu/cpu0/cpufreq/stats/time_in_state (No such file or directory)
06-10 02:58:44.916  2577  2723 E KernelCpuSpeedReader: Failed to read cpu-freq: /sys/devices/system/cpu/cpu4/cpufreq/stats/time_in_state (No such file or directory)
06-10 02:59:57.510  1413 16955 I chatty  : uid=1000(system) Binder:1413_1E expire 1 line
06-10 02:59:57.524  1413  1413 I chatty  : uid=1000 system_server expire 2 lines
06-10 02:59:57.625  1413  4686 I chatty  : uid=1000(system) Binder:1413_10 expire 21 lines
06-10 03:00:22.329  1413  1413 I chatty  : uid=1000 system_server expire 14 lines
06-10 03:00:24.583  1413  2467 I chatty  : uid=1000(system) watchdog expire 13 lines
06-10 03:00:45.010  2577  2723 E KernelCpuSpeedReader: Failed to read cpu-freq: /sys/devices/system/cpu/cpu0/cpufreq/stats/time_in_state (No such file or directory)
06-10 03:00:45.010  2577  2723 E KernelCpuSpeedReader: Failed to read cpu-freq: /sys/devices/system/cpu/cpu4/cpufreq/stats/time_in_state (No such file or directory)
06-10 03:01:19.762  1413  2195 I chatty  : uid=1000(system) NetworkStats expire 7 lines
06-10 03:01:19.782  1413  2575 I chatty  : uid=1000(system) Binder:1413_9 expire 13 lines
06-10 03:01:19.824  1413  2193 I chatty  : uid=1000(system) NetdConnector expire 6 lines
06-10 03:01:19.866  1413 16955 I chatty  : uid=1000(system) Binder:1413_1E expire 24 lines
06-10 03:01:19.972  2577  9297 E KernelCpuSpeedReader: Failed to read cpu-freq: /sys/devices/system/cpu/cpu0/cpufreq/stats/time_in_state (No such file or directory)
06-10 03:01:19.972  2577  9297 E KernelCpuSpeedReader: Failed to read cpu-freq: /sys/devices/system/cpu/cpu4/cpufreq/stats/time_in_state (No such file or directory)
06-10 03:01:24.766  1413  1936 I chatty  : uid=1000(system) ActivityManager expire 10 lines
06-10 03:02:42.284  1413  4686 I chatty  : uid=1000(system) Binder:1413_10 expire 32 lines
06-10 03:02:43.435  1413  2602 I chatty  : uid=1000(system) Binder:1413_B expire 5 lines
06-10 03:02:45.092  2577  2723 E KernelCpuSpeedReader: Failed to read cpu-freq: /sys/devices/system/cpu/cpu0/cpufreq/stats/time_in_state (No such file or directory)
06-10 03:02:45.093  2577  2723 E KernelCpuSpeedReader: Failed to read cpu-freq: /sys/devices/system/cpu/cpu4/cpufreq/stats/time_in_state (No such file or directory)
06-10 03:03:12.789  1413  1950 I chatty  : uid=1000(system) batterystats-wo expire 4 lines
06-10 03:03:41.253  1413  2267 I chatty  : uid=1000(system) StatisticsCHRMs expire 4 lines
06-10 03:04:05.972  1413 16955 I chatty  : uid=1000(system) Binder:1413_1E expire 7 lines
06-10 03:04:45.192  2577  2723 E KernelCpuSpeedReader: Failed to read cpu-freq: /sys/devices/system/cpu/cpu0/cpufreq/stats/time_in_state (No such file or directory)
06-10 03:04:45.193  2577  2723 E KernelCpuSpeedReader: Failed to read cpu-freq: /sys/devices/system/cpu/cpu4/cpufreq/stats/time_in_state (No such file or directory)
06-10 03:05:27.333  1413  1413 I chatty  : uid=1000 system_server expire 8 lines
06-10 03:05:27.431  1413 15496 I chatty  : uid=1000(system) Binder:1413_1D expire 10 lines
06-10 03:05:27.446  1413  4686 I chatty  : uid=1000(system) Binder:1413_10 expire 10 lines
06-10 03:06:45.340  2577  2723 E KernelCpuSpeedReader: Failed to read cpu-freq: /sys/devices/system/cpu/cpu0/cpufreq/stats/time_in_state (No such file or directory)
06-10 03:06:45.341  2577  2723 E KernelCpuSpeedReader: Failed to read cpu-freq: /sys/devices/system/cpu/cpu4/cpufreq/stats/time_in_state (No such file or directory)
06-10 03:06:50.008  1413  4686 I chatty  : uid=1000(system) Binder:1413_10 expire 1 line
06-10 03:06:50.120  1413  4416 I chatty  : uid=1000(system) Binder:1413_F expire 11 lines
06-10 03:06:54.627  1413  2467 I chatty  : uid=1000(system) watchdog expire 6 lines
06-10 03:06:54.989  1413  1936 I chatty  : uid=1000(system) ActivityManager expire 4 lines
06-10 03:08:12.808  1413  2614 I chatty  : uid=1000(system) Binder:1413_C expire 21 lines
06-10 03:08:27.958  1413  1928 I chatty  : uid=1000(system) android.bg expire 1 line
06-10 03:08:45.437  2577  2723 E KernelCpuSpeedReader: Failed to read cpu-freq: /sys/devices/system/cpu/cpu0/cpufreq/stats/time_in_state (No such file or directory)
06-10 03:08:45.438  2577  2723 E KernelCpuSpeedReader: Failed to read cpu-freq: /sys/devices/system/cpu/cpu4/cpufreq/stats/time_in_state (No such file or directory)
06-10 03:09:35.692  1413 15496 I chatty  : uid=1000(system) Binder:1413_1D expire 1 line
06-10 03:09:35.819  1413  4416 I chatty  : uid=1000(system) Binder:1413_F expire 15 lines
06-10 03:09:36.974  1413  2575 I chatty  : uid=1000(system) Binder:1413_9 expire 32 lines
06-10 03:09:40.676  1413  1936 I chatty  : uid=1000(system) ActivityManager expire 10 lines
06-10 03:09:54.647  1413  2467 I chatty  : uid=1000(system) watchdog expire 10 lines
06-10 03:10:45.552  2577  2723 E KernelCpuSpeedReader: Failed to read cpu-freq: /sys/devices/system/cpu/cpu0/cpufreq/stats/time_in_state (No such file or directory)
06-10 03:10:45.553  2577  2723 E KernelCpuSpeedReader: Failed to read cpu-freq: /sys/devices/system/cpu/cpu4/cpufreq/stats/time_in_state (No such file or directory)
06-10 03:10:58.666  1413  1413 I chatty  : uid=1000 system_server expire 10 lines
06-10 03:10:58.773  1413  4416 I chatty  : uid=1000(system) Binder:1413_F expire 7 lines
06-10 03:12:21.860  1413  2614 I chatty  : uid=1000(system) Binder:1413_C expire 15 lines
06-10 03:12:45.645  2577  2723 E KernelCpuSpeedReader: Failed to read cpu-freq: /sys/devices/system/cpu/cpu0/cpufreq/stats/time_in_state (No such file or directory)
06-10 03:12:45.646  2577  2723 E KernelCpuSpeedReader: Failed to read cpu-freq: /sys/devices/system/cpu/cpu4/cpufreq/stats/time_in_state (No such file or directory)
06-10 03:13:22.474  1413  2575 I chatty  : uid=1000(system) Binder:1413_9 expire 17 lines
06-10 03:13:45.038  1413  2602 I chatty  : uid=1000(system) Binder:1413_B expire 15 lines
06-10 03:13:46.201  1413  2614 I chatty  : uid=1000(system) Binder:1413_C expire 16 lines
06-10 03:14:45.780  2577  2723 E KernelCpuSpeedReader: Failed to read cpu-freq: /sys/devices/system/cpu/cpu0/cpufreq/stats/time_in_state (No such file or directory)
06-10 03:14:45.781  2577  2723 E KernelCpuSpeedReader: Failed to read cpu-freq: /sys/devices/system/cpu/cpu4/cpufreq/stats/time_in_state (No such file or directory)
06-10 03:14:54.682  1413  2467 I chatty  : uid=1000(system) watchdog expire 12 lines
06-10 03:15:08.184  1413  1413 I chatty  : uid=1000 system_server expire 14 lines
06-10 03:15:08.302  1413  1447 I chatty  : uid=1000(system) Binder:1413_2 expire 23 lines
06-10 03:15:13.163  1413  1936 I chatty  : uid=1000(system) ActivityManager expire 8 lines
06-10 03:16:31.668  1413  2602 I chatty  : uid=1000(system) Binder:1413_B expire 5 lines
06-10 03:16:31.677  1413  4686 I chatty  : uid=1000(system) Binder:1413_10 expire 15 lines
06-10 03:16:45.857  2577  2723 E KernelCpuSpeedReader: Failed to read cpu-freq: /sys/devices/system/cpu/cpu0/cpufreq/stats/time_in_state (No such file or directory)
06-10 03:16:45.858  2577  2723 E KernelCpuSpeedReader: Failed to read cpu-freq: /sys/devices/system/cpu/cpu4/cpufreq/stats/time_in_state (No such file or directory)
06-10 03:17:21.992  1413  4686 I chatty  : uid=1000(system) Binder:1413_10 expire 3 lines
06-10 03:17:55.032  1413  4691 I chatty  : uid=1000(system) Binder:1413_11 expire 19 lines
06-10 03:18:45.952  2577  2723 E KernelCpuSpeedReader: Failed to read cpu-freq: /sys/devices/system/cpu/cpu0/cpufreq/stats/time_in_state (No such file or directory)
06-10 03:18:45.953  2577  2723 E KernelCpuSpeedReader: Failed to read cpu-freq: /sys/devices/system/cpu/cpu4/cpufreq/stats/time_in_state (No such file or directory)
06-10 03:19:18.603  1413  2575 I chatty  : uid=1000(system) Binder:1413_9 expire 1 line
06-10 03:19:18.612  1413  1413 I chatty  : uid=1000 system_server expire 10 lines
06-10 03:20:42.429  1413  4686 I chatty  : uid=1000(system) Binder:1413_10 expire 14 lines
06-10 03:20:43.605  1413  2575 I chatty  : uid=1000(system) Binder:1413_9 expire 16 lines
06-10 03:20:46.027  2577  2723 E KernelCpuSpeedReader: Failed to read cpu-freq: /sys/devices/system/cpu/cpu0/cpufreq/stats/time_in_state (No such file or directory)
06-10 03:20:46.028  2577  2723 E KernelCpuSpeedReader: Failed to read cpu-freq: /sys/devices/system/cpu/cpu4/cpufreq/stats/time_in_state (No such file or directory)
06-10 03:20:47.310  1413  1936 I chatty  : uid=1000(system) ActivityManager expire 10 lines
06-10 03:20:54.723  1413  2467 I chatty  : uid=1000(system) watchdog expire 12 lines
06-10 03:22:06.209  1413  4691 I chatty  : uid=1000(system) Binder:1413_11 expire 15 lines
06-10 03:22:07.358  1413  2614 I chatty  : uid=1000(system) Binder:1413_C expire 12 lines
06-10 03:22:46.133  2577  2723 E KernelCpuSpeedReader: Failed to read cpu-freq: /sys/devices/system/cpu/cpu0/cpufreq/stats/time_in_state (No such file or directory)
06-10 03:22:46.133  2577  2723 E KernelCpuSpeedReader: Failed to read cpu-freq: /sys/devices/system/cpu/cpu4/cpufreq/stats/time_in_state (No such file or directory)
06-10 03:23:22.282  1413  4691 I chatty  : uid=1000(system) Binder:1413_11 expire 17 lines
06-10 03:23:22.296  1413  1413 I chatty  : uid=1000 system_server expire 12 lines
06-10 03:23:30.073  1413  4686 I chatty  : uid=1000(system) Binder:1413_10 expire 15 lines
06-10 03:24:46.278  2577  2723 E KernelCpuSpeedReader: Failed to read cpu-freq: /sys/devices/system/cpu/cpu0/cpufreq/stats/time_in_state (No such file or directory)
06-10 03:24:46.278  2577  2723 E KernelCpuSpeedReader: Failed to read cpu-freq: /sys/devices/system/cpu/cpu4/cpufreq/stats/time_in_state (No such file or directory)
06-10 03:24:53.934  1413  2614 I chatty  : uid=1000(system) Binder:1413_C expire 1 line
06-10 03:24:55.243  1413  4686 I chatty  : uid=1000(system) Binder:1413_10 expire 17 lines
06-10 03:26:46.362  2577  2723 E KernelCpuSpeedReader: Failed to read cpu-freq: /sys/devices/system/cpu/cpu0/cpufreq/stats/time_in_state (No such file or directory)
06-10 03:26:46.363  2577  2723 E KernelCpuSpeedReader: Failed to read cpu-freq: /sys/devices/system/cpu/cpu4/cpufreq/stats/time_in_state (No such file or directory)
06-10 03:26:54.764  1413  2467 I chatty  : uid=1000(system) watchdog expire 8 lines
06-10 03:27:22.061  1413  4686 I chatty  : uid=1000(system) Binder:1413_10 expire 7 lines
06-10 03:27:22.074  1413  1413 I chatty  : uid=1000 system_server expire 12 lines
06-10 03:27:42.166  1413 15496 I chatty  : uid=1000(system) Binder:1413_1D expire 10 lines
06-10 03:27:42.280  1413  1447 I chatty  : uid=1000(system) Binder:1413_2 expire 15 lines
06-10 03:27:47.155  1413  1936 I chatty  : uid=1000(system) ActivityManager expire 4 lines
06-10 03:28:46.484  2577  2723 E KernelCpuSpeedReader: Failed to read cpu-freq: /sys/devices/system/cpu/cpu0/cpufreq/stats/time_in_state (No such file or directory)
06-10 03:28:46.485  2577  2723 E KernelCpuSpeedReader: Failed to read cpu-freq: /sys/devices/system/cpu/cpu4/cpufreq/stats/time_in_state (No such file or directory)
06-10 03:29:06.607  1413  2575 I chatty  : uid=1000(system) Binder:1413_9 expire 21 lines
06-10 03:30:30.834  1413  2195 I chatty  : uid=1000(system) NetworkStats expire 7 lines
06-10 03:30:30.899  1413  2193 I chatty  : uid=1000(system) NetdConnector expire 6 lines
06-10 03:30:30.996  1413  2575 I chatty  : uid=1000(system) Binder:1413_9 expire 23 lines
06-10 03:30:31.006  1413  4686 I chatty  : uid=1000(system) Binder:1413_10 expire 10 lines
06-10 03:30:31.033  2577  9297 E KernelCpuSpeedReader: Failed to read cpu-freq: /sys/devices/system/cpu/cpu0/cpufreq/stats/time_in_state (No such file or directory)
06-10 03:30:31.033  2577  9297 E KernelCpuSpeedReader: Failed to read cpu-freq: /sys/devices/system/cpu/cpu4/cpufreq/stats/time_in_state (No such file or directory)
06-10 03:30:35.834  1413  1936 I chatty  : uid=1000(system) ActivityManager expire 12 lines
06-10 03:30:46.573  2577  2723 E KernelCpuSpeedReader: Failed to read cpu-freq: /sys/devices/system/cpu/cpu0/cpufreq/stats/time_in_state (No such file or directory)
06-10 03:30:46.574  2577  2723 E KernelCpuSpeedReader: Failed to read cpu-freq: /sys/devices/system/cpu/cpu4/cpufreq/stats/time_in_state (No such file or directory)
06-10 03:30:54.791  1413  2467 I chatty  : uid=1000(system) watchdog expire 12 lines
06-10 03:31:55.343  1413  1413 I chatty  : uid=1000 system_server expire 10 lines
06-10 03:31:55.444  1413  1447 I chatty  : uid=1000(system) Binder:1413_2 expire 22 lines
06-10 03:32:46.690  2577  2723 E KernelCpuSpeedReader: Failed to read cpu-freq: /sys/devices/system/cpu/cpu0/cpufreq/stats/time_in_state (No such file or directory)
06-10 03:32:46.691  2577  2723 E KernelCpuSpeedReader: Failed to read cpu-freq: /sys/devices/system/cpu/cpu4/cpufreq/stats/time_in_state (No such file or directory)
06-10 03:33:12.791  1413  1950 I chatty  : uid=1000(system) batterystats-wo expire 4 lines
06-10 03:33:19.893  1413  4686 I chatty  : uid=1000(system) Binder:1413_10 expire 13 lines
06-10 03:33:20.009  1413  2602 I chatty  : uid=1000(system) Binder:1413_B expire 10 lines
06-10 03:33:41.360  1413  2267 I chatty  : uid=1000(system) StatisticsCHRMs expire 4 lines
06-10 03:34:44.563  1413  2575 I chatty  : uid=1000(system) Binder:1413_9 expire 16 lines
06-10 03:34:44.682  1413 15496 I chatty  : uid=1000(system) Binder:1413_1D expire 16 lines
06-10 03:34:44.693  1413  2614 I chatty  : uid=1000(system) Binder:1413_C expire 11 lines
06-10 03:34:46.765  2577  2723 E KernelCpuSpeedReader: Failed to read cpu-freq: /sys/devices/system/cpu/cpu0/cpufreq/stats/time_in_state (No such file or directory)
06-10 03:34:46.766  2577  2723 E KernelCpuSpeedReader: Failed to read cpu-freq: /sys/devices/system/cpu/cpu4/cpufreq/stats/time_in_state (No such file or directory)
06-10 03:36:09.344  1413  1413 I chatty  : uid=1000 system_server expire 16 lines
06-10 03:36:46.862  2577  2723 E KernelCpuSpeedReader: Failed to read cpu-freq: /sys/devices/system/cpu/cpu0/cpufreq/stats/time_in_state (No such file or directory)
06-10 03:36:46.863  2577  2723 E KernelCpuSpeedReader: Failed to read cpu-freq: /sys/devices/system/cpu/cpu4/cpufreq/stats/time_in_state (No such file or directory)
06-10 03:36:54.833  1413  2467 I chatty  : uid=1000(system) watchdog expire 8 lines
06-10 03:37:34.190  1413  2575 I chatty  : uid=1000(system) Binder:1413_9 expire 1 line
06-10 03:37:34.199  1413 15496 I chatty  : uid=1000(system) Binder:1413_1D expire 11 lines
06-10 03:37:34.297  1413  2614 I chatty  : uid=1000(system) Binder:1413_C expire 6 lines
06-10 03:37:35.452  1413  2602 I chatty  : uid=1000(system) Binder:1413_B expire 5 lines
06-10 03:37:39.191  1413  1936 I chatty  : uid=1000(system) ActivityManager expire 4 lines
06-10 03:38:46.954  2577  2723 E KernelCpuSpeedReader: Failed to read cpu-freq: /sys/devices/system/cpu/cpu0/cpufreq/stats/time_in_state (No such file or directory)
06-10 03:38:46.954  2577  2723 E KernelCpuSpeedReader: Failed to read cpu-freq: /sys/devices/system/cpu/cpu4/cpufreq/stats/time_in_state (No such file or directory)
06-10 03:38:59.177  1413 15496 I chatty  : uid=1000(system) Binder:1413_1D expire 1 line
06-10 03:39:00.453  1413  4686 I chatty  : uid=1000(system) Binder:1413_10 expire 26 lines
06-10 03:40:29.229  1413  1936 I chatty  : uid=1000(system) ActivityManager expire 10 lines
06-10 03:40:47.043  2577  2723 E KernelCpuSpeedReader: Failed to read cpu-freq: /sys/devices/system/cpu/cpu0/cpufreq/stats/time_in_state (No such file or directory)
06-10 03:40:47.044  2577  2723 E KernelCpuSpeedReader: Failed to read cpu-freq: /sys/devices/system/cpu/cpu4/cpufreq/stats/time_in_state (No such file or directory)
06-10 03:40:54.859  1413  2467 I chatty  : uid=1000(system) watchdog expire 12 lines
06-10 03:41:22.310  1413  4686 I chatty  : uid=1000(system) Binder:1413_10 expire 17 lines
06-10 03:41:22.327  1413  1413 I chatty  : uid=1000 system_server expire 14 lines
06-10 03:41:49.421  1413  2575 I chatty  : uid=1000(system) Binder:1413_9 expire 2 lines
06-10 03:41:49.545  1413  1447 I chatty  : uid=1000(system) Binder:1413_2 expire 15 lines
06-10 03:41:50.726  1413  2602 I chatty  : uid=1000(system) Binder:1413_B expire 16 lines
06-10 03:42:47.144  2577  2723 E KernelCpuSpeedReader: Failed to read cpu-freq: /sys/devices/system/cpu/cpu0/cpufreq/stats/time_in_state (No such file or directory)
06-10 03:42:47.145  2577  2723 E KernelCpuSpeedReader: Failed to read cpu-freq: /sys/devices/system/cpu/cpu4/cpufreq/stats/time_in_state (No such file or directory)
06-10 03:43:14.818  1413  4691 I chatty  : uid=1000(system) Binder:1413_11 expire 16 lines
06-10 03:44:40.066  1413  2614 I chatty  : uid=1000(system) Binder:1413_C expire 16 lines
06-10 03:44:47.220  2577  2723 E KernelCpuSpeedReader: Failed to read cpu-freq: /sys/devices/system/cpu/cpu0/cpufreq/stats/time_in_state (No such file or directory)
06-10 03:44:47.220  2577  2723 E KernelCpuSpeedReader: Failed to read cpu-freq: /sys/devices/system/cpu/cpu4/cpufreq/stats/time_in_state (No such file or directory)
06-10 03:45:21.950  1413  4686 I chatty  : uid=1000(system) Binder:1413_10 expire 16 lines
06-10 03:45:21.966  1413  1413 I chatty  : uid=1000 system_server expire 14 lines
06-10 03:46:05.531  1413  2602 I chatty  : uid=1000(system) Binder:1413_B expire 13 lines
06-10 03:46:47.325  2577  2723 E KernelCpuSpeedReader: Failed to read cpu-freq: /sys/devices/system/cpu/cpu0/cpufreq/stats/time_in_state (No such file or directory)
06-10 03:46:47.326  2577  2723 E KernelCpuSpeedReader: Failed to read cpu-freq: /sys/devices/system/cpu/cpu4/cpufreq/stats/time_in_state (No such file or directory)
06-10 03:46:54.900  1413  2467 I chatty  : uid=1000(system) watchdog expire 4 lines
06-10 03:47:31.108  1413  2614 I chatty  : uid=1000(system) Binder:1413_C expire 12 lines
06-10 03:47:36.088  1413  1936 I chatty  : uid=1000(system) ActivityManager expire 4 lines
06-10 03:48:47.476  2577  2723 E KernelCpuSpeedReader: Failed to read cpu-freq: /sys/devices/system/cpu/cpu0/cpufreq/stats/time_in_state (No such file or directory)
06-10 03:48:47.476  2577  2723 E KernelCpuSpeedReader: Failed to read cpu-freq: /sys/devices/system/cpu/cpu4/cpufreq/stats/time_in_state (No such file or directory)
06-10 03:48:51.241 11319 11319 D ActivityThread: Attach thread to application
06-10 03:48:51.379  1413  4686 I chatty  : uid=1000(system) Binder:1413_10 expire 5 lines
06-10 03:48:51.387  1413  4691 I chatty  : uid=1000(system) Binder:1413_11 expire 9 lines
06-10 03:48:51.452  1413 15496 I chatty  : uid=1000(system) Binder:1413_1D expire 26 lines
06-10 03:48:51.476  1413  1932 I chatty  : uid=1000(system) HwActivityManag expire 6 lines
06-10 03:48:51.502  2508  3120 I HwNetworkPolicyManager: getHwUidPolicy uid = 10296 policy = 0
06-10 03:48:51.565 11319 11319 V ActivityThread: Skipping new config:{1.0 ?mcc?mnc [zh_CN_#Hans] ldltr sw360dp w360dp h692dp 320dpi nrml long port finger -keyb/v/h -nav/h appBounds=Rect(0, 0 - 720, 1440) nonFullScreen=0 suim:1 s.75}, config:{1.0 ?mcc?mnc [zh_CN_#Hans] ldltr sw360dp w360dp h692dp 320dpi nrml long port finger -keyb/v/h -nav/h appBounds=Rect(0, 0 - 720, 1440) nonFullScreen=0 suim:1 s.75} for app:abc.def.ghi
06-10 03:48:51.595 11319 11319 V ActivityThread: callActivityOnCreate
06-10 03:48:51.666 11319 11319 D ActivityThread: add activity client record, r= ActivityRecord{2770d2d token=android.os.BinderProxy@efa8fac {abc.def.ghi/abc.def.ghi.MainService_Activity}} token= android.os.BinderProxy@efa8fac
06-10 03:48:51.689 18094 18094 V ActivityThread: Skipping new config:{1.0 ?mcc?mnc [zh_CN_#Hans] ldltr sw360dp w360dp h692dp 320dpi nrml long port finger -keyb/v/h -nav/h appBounds=Rect(0, 0 - 720, 1440) nonFullScreen=0 suim:1 s.75}, config:{1.0 ?mcc?mnc [zh_CN_#Hans] ldltr sw360dp w360dp h692dp 320dpi nrml long port finger -keyb/v/h -nav/h appBounds=Rect(0, 0 - 720, 1440) nonFullScreen=0 suim:1 s.75} for app:com.android.packageinstaller
06-10 03:48:51.701 18094 18094 V ActivityThread: callActivityOnCreate
06-10 03:48:51.707  2508  3120 I HwNetworkPolicyManager: getHwUidPolicy uid = 10037 policy = 0
06-10 03:48:51.777  1413  1447 I chatty  : uid=1000(system) Binder:1413_2 expire 16 lines
06-10 03:48:51.779 18094 18094 D ActivityThread: add activity client record, r= ActivityRecord{12440e6 token=android.os.BinderProxy@dde7b66 {com.android.packageinstaller/com.android.packageinstaller.permission.ui.GrantPermissionsActivity}} token= android.os.BinderProxy@dde7b66
06-10 03:48:51.794  1413  2315 I chatty  : uid=1000(system) Binder:1413_4 expire 10 lines
06-10 03:48:51.796 18094 18094 D ActivityThread: Remove activity client record, r= ActivityRecord{12440e6 token=android.os.BinderProxy@dde7b66 {com.android.packageinstaller/com.android.packageinstaller.permission.ui.GrantPermissionsActivity}} token= android.os.BinderProxy@dde7b66
06-10 03:48:51.817  1413 15496 I chatty  : uid=1000(system) Binder:1413_1D expire 4 lines
06-10 03:48:51.817  2508  3120 I HwNetworkPolicyManager: getHwUidPolicy uid = 10059 policy = 0
06-10 03:48:51.928 11319 11319 D ActivityThread: Remove activity client record, r= ActivityRecord{2770d2d token=android.os.BinderProxy@efa8fac {abc.def.ghi/abc.def.ghi.MainService_Activity}} token= android.os.BinderProxy@efa8fac
06-10 03:48:51.957  1413  2614 I chatty  : uid=1000(system) Binder:1413_C expire 17 lines
06-10 03:48:52.493  1413 16955 I chatty  : uid=1000(system) Binder:1413_1E expire 1 line
06-10 03:48:54.911  1413  2467 I chatty  : uid=1000(system) watchdog expire 12 lines
06-10 03:48:56.276  1413  1936 I chatty  : uid=1000(system) ActivityManager expire 10 lines
06-10 03:48:56.554  1413  1413 I chatty  : uid=1000 system_server expire 11 lines
06-10 03:48:56.680  1413  4686 I chatty  : uid=1000(system) Binder:1413_10 expire 6 lines
06-10 03:48:58.537  1413  7249 I chatty  : uid=1000(system) Binder:1413_15 expire 5 lines
06-10 03:49:24.647 11319 11385 E AndroidRuntime: FATAL EXCEPTION: Thread-6
06-10 03:49:24.647 11319 11385 E AndroidRuntime: Process: abc.def.ghi:mainService, PID: 11319
06-10 03:49:24.647 11319 11385 E AndroidRuntime: java.lang.StackOverflowError: stack size 1037KB
06-10 03:49:24.647 11319 11385 E AndroidRuntime: 	at java.net.URI$Parser.parseServer(URI.java:3226)
06-10 03:49:24.647 11319 11385 E AndroidRuntime: 	at java.net.URI$Parser.parseAuthority(URI.java:3182)
06-10 03:49:24.647 11319 11385 E AndroidRuntime: 	at java.net.URI$Parser.parseHierarchical(URI.java:3124)
06-10 03:49:24.647 11319 11385 E AndroidRuntime: 	at java.net.URI$Parser.parse(URI.java:3080)
06-10 03:49:24.647 11319 11385 E AndroidRuntime: 	at java.net.URI.<init>(URI.java:583)
06-10 03:49:24.647 11319 11385 E AndroidRuntime: 	at java.net.URI.create(URI.java:845)
06-10 03:49:24.647 11319 11385 E AndroidRuntime: 	at abc.def.ghi.MainService_Login.LoadData(MainService_Login.java:87)
06-10 03:49:24.647 11319 11385 E AndroidRuntime: 	at abc.def.ghi.MainService_Login.LoadData(MainService_Login.java:106)
06-10 03:49:24.647 11319 11385 E AndroidRuntime: 	at abc.def.ghi.MainService_Login.LoadData(MainService_Login.java:106)
06-10 03:49:24.647 11319 11385 E AndroidRuntime: 	at abc.def.ghi.MainService_Login.LoadData(MainService_Login.java:106)
06-10 03:49:24.647 11319 11385 E AndroidRuntime: 	at abc.def.ghi.MainService_Login.LoadData(MainService_Login.java:106)
06-10 03:49:24.647 11319 11385 E AndroidRuntime: 	at abc.def.ghi.MainService_Login.LoadData(MainService_Login.java:106)
06-10 03:49:24.647 11319 11385 E AndroidRuntime: 	at abc.def.ghi.MainService_Login.LoadData(MainService_Login.java:106)
06-10 03:49:24.647 11319 11385 E AndroidRuntime: 	at abc.def.ghi.MainService_Login.LoadData(MainService_Login.java:106)
06-10 03:49:24.647 11319 11385 E AndroidRuntime: 	at abc.def.ghi.MainService_Login.LoadData(MainService_Login.java:106)
06-10 03:49:24.647 11319 11385 E AndroidRuntime: 	at abc.def.ghi.MainService_Login.LoadData(MainService_Login.java:106)
06-10 03:49:24.647 11319 11385 E AndroidRuntime: 	at abc.def.ghi.MainService_Login.LoadData(MainService_Login.java:106)
06-10 03:49:24.647 11319 11385 E AndroidRuntime: 	at abc.def.ghi.MainService_Login.LoadData(MainService_Login.java:106)
06-10 03:49:24.647 11319 11385 E AndroidRuntime: 	at abc.def.ghi.MainService_Login.LoadData(MainService_Login.java:106)
06-10 03:49:24.647 11319 11385 E AndroidRuntime: 	at abc.def.ghi.MainService_Login.LoadData(MainService_Login.java:106)
06-10 03:49:24.647 11319 11385 E AndroidRuntime: 	at abc.def.ghi.MainService_Login.LoadData(MainService_Login.java:106)
06-10 03:49:24.647 11319 11385 E AndroidRuntime: 	at abc.def.ghi.MainService_Login.LoadData(MainService_Login.java:106)
06-10 03:49:24.647 11319 11385 E AndroidRuntime: 	at abc.def.ghi.MainService_Login.LoadData(MainService_Login.java:106)
06-10 03:49:24.647 11319 11385 E AndroidRuntime: 	at abc.def.ghi.MainService_Login.LoadData(MainService_Login.java:106)
06-10 03:49:24.647 11319 11385 E AndroidRuntime: 	at abc.def.ghi.MainService_Login.LoadData(MainService_Login.java:106)
06-10 03:49:24.647 11319 11385 E AndroidRuntime: 	at abc.def.ghi.MainService_Login.LoadData(MainService_Login.java:106)
06-10 03:49:24.647 11319 11385 E AndroidRuntime: 	at abc.def.ghi.MainService_Login.LoadData(MainService_Login.java:106)
06-10 03:49:24.647 11319 11385 E AndroidRuntime: 	at abc.def.ghi.MainService_Login.LoadData(MainService_Login.java:106)
06-10 03:49:24.647 11319 11385 E AndroidRuntime: 	at abc.def.ghi.MainService_Login.LoadData(MainService_Login.java:106)
06-10 03:49:24.647 11319 11385 E AndroidRuntime: 	at abc.def.ghi.MainService_Login.LoadData(MainService_Login.java:106)
06-10 03:49:24.647 11319 11385 E AndroidRuntime: 	at abc.def.ghi.MainService_Login.LoadData(MainService_Login.java:106)
06-10 03:49:24.647 11319 11385 E AndroidRuntime: 	at abc.def.ghi.MainService_Login.LoadData(MainService_Login.java:106)
