06-10 09:09:27.102  1413  2467 E Watchdog: 	at java.io.FileOutputStream.<init>(FileOutputStream.java:223)
06-10 09:09:27.102  1413  2467 E Watchdog: 	at java.io.FileOutputStream.<init>(FileOutputStream.java:110)
06-10 09:09:27.102  1413  2467 E Watchdog: 	at com.android.server.Watchdog.writeHungtask(Watchdog.java:904)
06-10 09:09:27.102  1413  2467 E Watchdog: 	at com.android.server.Watchdog.run(Watchdog.java:563)
06-10 09:09:35.128  1413  4691 W ProcBatteryStats: timer is running , not start, name: abc.def.ghi, uid: 10296, tag: abc.def.ghi:Tag
06-10 09:09:35.139  1413  1413 V HwNotificationManagerService: isHwSoundAllow pkg=abc.def.ghi, channelId=abc.def.ghi.alarmService, userId=0, cfg=1
06-10 09:09:35.139  1413  1413 V NotificationService: Playing sound content://settings/system/notification_sound with attributes AudioAttributes: usage=USAGE_NOTIFICATION content=CONTENT_TYPE_SONIFICATION flags=0x0 tags= bundle=null
06-10 09:09:35.261  1413  4691 I HwAudioService: ljc enter package length 3
06-10 09:09:35.261  1413  4691 I HwAudioService: ljc enter packageName:com.huawei.HwMultiScreenShot
06-10 09:09:35.262  1413  4691 I HwAudioService: ljc enter packageName:com.android.keyguard
06-10 09:09:35.262  1413  4691 I HwAudioService: ljc enter packageName:com.android.systemui
06-10 09:09:35.264  1413  4691 I HwAudioService: ljc HwAudioService:music app enter -1
06-10 09:09:35.274  1413  4691 I HwAudioService: ljc enter package length 3
06-10 09:09:35.274  1413  4691 I HwAudioService: ljc enter packageName:com.huawei.HwMultiScreenShot
06-10 09:09:35.274  1413  4691 I HwAudioService: ljc enter packageName:com.android.keyguard
06-10 09:09:35.275  1413  4691 I HwAudioService: ljc enter packageName:com.android.systemui
06-10 09:09:35.275  1413  4691 I HwAudioService: ljc HwAudioService:music app enter -1
06-10 09:09:35.670  1413  4691 I HwAudioService: ljc enter package length 3
06-10 09:09:35.670  1413  4691 I HwAudioService: ljc enter packageName:com.huawei.HwMultiScreenShot
06-10 09:09:35.671  1413  4691 I HwAudioService: ljc enter packageName:com.android.keyguard
06-10 09:09:35.672  1413  4691 I HwAudioService: ljc enter packageName:com.android.systemui
06-10 09:09:35.672  1413  4691 I HwAudioService: ljc HwAudioService:music app exit -1
06-10 09:09:36.391  1413  4691 I HwAudioService: ljc enter package length 3
06-10 09:09:36.391  1413  4691 I HwAudioService: ljc enter packageName:com.huawei.HwMultiScreenShot
06-10 09:09:36.392  1413  4691 I HwAudioService: ljc enter packageName:com.android.keyguard
06-10 09:09:36.392  1413  4691 I HwAudioService: ljc enter packageName:com.android.systemui
06-10 09:09:36.393  1413  4691 I HwAudioService: ljc HwAudioService:music app exit -1
06-10 09:09:39.890  1413  2193 D NetdConnector: RCV <- {613 IfaceClass active 1 233563684883705 0}
06-10 09:09:39.893  1413  2193 D NetdConnector: RCV <- {613 IfaceClass active 1 233563684883705 0}
06-10 09:09:39.895  1413  1979 D NetdConnector: RCV unsolicited event from native daemon, event = 613
06-10 09:09:57.105  1413  2467 E Watchdog: Failed to write to /sys/kernel/hungtask/vm_heart
06-10 09:09:57.105  1413  2467 E Watchdog: java.io.FileNotFoundException: /sys/kernel/hungtask/vm_heart (Permission denied)
06-10 09:09:57.105  1413  2467 E Watchdog: 	at java.io.FileOutputStream.open0(Native Method)
06-10 09:09:57.105  1413  2467 E Watchdog: 	at java.io.FileOutputStream.open(FileOutputStream.java:287)
06-10 09:09:57.105  1413  2467 E Watchdog: 	at java.io.FileOutputStream.<init>(FileOutputStream.java:223)
06-10 09:09:57.105  1413  2467 E Watchdog: 	at java.io.FileOutputStream.<init>(FileOutputStream.java:110)
06-10 09:09:57.105  1413  2467 E Watchdog: 	at com.android.server.Watchdog.writeHungtask(Watchdog.java:904)
06-10 09:09:57.105  1413  2467 E Watchdog: 	at com.android.server.Watchdog.run(Watchdog.java:563)
06-10 09:10:00.006  1413  1413 V AlarmManager: Received TIME_TICK alarm; rescheduling
06-10 09:10:00.008  1413  1413 I HwAlarmManagerService: hwSetAlarm listenerTag: time_tick
06-10 09:10:00.077  1413  2614 V BroadcastQueue: Finished with ordered broadcast BroadcastRecord{b233846 u-1 android.intent.action.TIME_TICK}
06-10 09:10:01.199  1413  2366 V BroadcastQueue: Finished with ordered broadcast BroadcastRecord{d744734 u0 com.huawei.push.alarm.HEARTBEAT}
06-10 09:10:01.348  1413  6374 I AlarmManager: remove alarm.operation :e6c595d according to operation:2e8afa3
06-10 09:10:01.352  1413  6374 D SmartHeartBeat: isPendingPackage, false, pkg:com.android.deskclock, action:com.android.deskclock.ALARM_ALERT,not pending alarm with AlarmClockInfo
06-10 09:10:01.367  1413  6374 I AlarmManager: remove alarm.operation :c6eb54f according to operation:a1a2e59
06-10 09:10:01.369  1413  6374 D SmartHeartBeat: isPendingPackage, false, pkg:com.android.deskclock, action:com.android.deskclock.ALARM_ALERT,not pending alarm with AlarmClockInfo
06-10 09:10:06.260  2577  2723 E KernelCpuSpeedReader: Failed to read cpu-freq: /sys/devices/system/cpu/cpu0/cpufreq/stats/time_in_state (No such file or directory)
06-10 09:10:06.261  2577  2723 E KernelCpuSpeedReader: Failed to read cpu-freq: /sys/devices/system/cpu/cpu4/cpufreq/stats/time_in_state (No such file or directory)
06-10 09:10:27.108  1413  2467 E Watchdog: Failed to write to /sys/kernel/hungtask/vm_heart
06-10 09:10:27.108  1413  2467 E Watchdog: java.io.FileNotFoundException: /sys/kernel/hungtask/vm_heart (Permission denied)
06-10 09:10:27.108  1413  2467 E Watchdog: 	at java.io.FileOutputStream.open0(Native Method)
06-10 09:10:27.108  1413  2467 E Watchdog: 	at java.io.FileOutputStream.open(FileOutputStream.java:287)
06-10 09:10:27.108  1413  2467 E Watchdog: 	at java.io.FileOutputStream.<init>(FileOutputStream.java:223)
06-10 09:10:27.108  1413  2467 E Watchdog: 	at java.io.FileOutputStream.<init>(FileOutputStream.java:110)
06-10 09:10:27.108  1413  2467 E Watchdog: 	at com.android.server.Watchdog.writeHungtask(Watchdog.java:904)
06-10 09:10:27.108  1413  2467 E Watchdog: 	at com.android.server.Watchdog.run(Watchdog.java:563)
06-10 09:10:31.639  1413  2141 D HwBatteryService: onUEvent fcpStatus = 0,scpStatus =0,ovpStatus=0
06-10 09:10:31.641  1413  2141 I HwBatteryService: quick charge status : 0
06-10 09:10:31.651  1413  2141 D HwBatteryService: onUEvent fcpStatus = 0,scpStatus =0,ovpStatus=0
06-10 09:10:31.653  1413  2141 I HwBatteryService: quick charge status : 0
06-10 09:10:31.677  1413  6374 I BatteryService: normal charge status : 1
06-10 09:10:31.688  1413  1936 E KernelCpuSpeedReader: Failed to read cpu-freq: /sys/devices/system/cpu/cpu0/cpufreq/stats/time_in_state (No such file or directory)
06-10 09:10:31.688  1413  1936 E KernelCpuSpeedReader: Failed to read cpu-freq: /sys/devices/system/cpu/cpu4/cpufreq/stats/time_in_state (No such file or directory)
06-10 09:10:31.689  1413  1413 D WifiService: onReceive, action:android.intent.action.BATTERY_CHANGED
06-10 09:10:31.689  1413  1413 D WifiService: ACTION_BATTERY_CHANGED pluggedType: 0
06-10 09:10:31.696  1413  6374 I BatteryService: normal charge status : 1
06-10 09:10:31.713  1413  1950 E BatteryExternalStatsWorker: no controller energy info supplied for bluetooth
06-10 09:10:31.728  1413  1950 E KernelCpuSpeedReader: Failed to read cpu-freq: /sys/devices/system/cpu/cpu0/cpufreq/stats/time_in_state (No such file or directory)
06-10 09:10:31.728  1413  1950 E KernelCpuSpeedReader: Failed to read cpu-freq: /sys/devices/system/cpu/cpu4/cpufreq/stats/time_in_state (No such file or directory)
06-10 09:10:31.739  1413  1413 D WifiService: onReceive, action:android.intent.action.BATTERY_CHANGED
06-10 09:10:31.739  1413  1413 D WifiService: ACTION_BATTERY_CHANGED pluggedType: 0
06-10 09:10:57.111  1413  2467 E Watchdog: Failed to write to /sys/kernel/hungtask/vm_heart
06-10 09:10:57.111  1413  2467 E Watchdog: java.io.FileNotFoundException: /sys/kernel/hungtask/vm_heart (Permission denied)
06-10 09:10:57.111  1413  2467 E Watchdog: 	at java.io.FileOutputStream.open0(Native Method)
06-10 09:10:57.111  1413  2467 E Watchdog: 	at java.io.FileOutputStream.open(FileOutputStream.java:287)
06-10 09:10:57.111  1413  2467 E Watchdog: 	at java.io.FileOutputStream.<init>(FileOutputStream.java:223)
06-10 09:10:57.111  1413  2467 E Watchdog: 	at java.io.FileOutputStream.<init>(FileOutputStream.java:110)
06-10 09:10:57.111  1413  2467 E Watchdog: 	at com.android.server.Watchdog.writeHungtask(Watchdog.java:904)
06-10 09:10:57.111  1413  2467 E Watchdog: 	at com.android.server.Watchdog.run(Watchdog.java:563)
06-10 09:11:00.007  1413  1413 V AlarmManager: Received TIME_TICK alarm; rescheduling
06-10 09:11:00.008  1413  1413 I HwAlarmManagerService: hwSetAlarm listenerTag: time_tick
06-10 09:11:00.090  1413  2366 V BroadcastQueue: Finished with ordered broadcast BroadcastRecord{be9aa2a u-1 android.intent.action.TIME_TICK}
06-10 09:11:02.163  2577  2723 E KernelCpuSpeedReader: Failed to read cpu-freq: /sys/devices/system/cpu/cpu0/cpufreq/stats/time_in_state (No such file or directory)
06-10 09:11:02.163  2577  2723 E KernelCpuSpeedReader: Failed to read cpu-freq: /sys/devices/system/cpu/cpu4/cpufreq/stats/time_in_state (No such file or directory)
06-10 09:11:02.185  2577  2723 E KernelCpuSpeedReader: Failed to read cpu-freq: /sys/devices/system/cpu/cpu0/cpufreq/stats/time_in_state (No such file or directory)
06-10 09:11:02.186  2577  2723 E KernelCpuSpeedReader: Failed to read cpu-freq: /sys/devices/system/cpu/cpu4/cpufreq/stats/time_in_state (No such file or directory)
06-10 09:11:21.109  1413  2366 W ProcBatteryStats: timer is running , not start, name: abc.def.ghi, uid: 10296, tag: abc.def.ghi:Tag
06-10 09:11:21.124  1413  1413 V HwNotificationManagerService: isHwSoundAllow pkg=abc.def.ghi, channelId=abc.def.ghi.alarmService, userId=0, cfg=1
06-10 09:11:21.125  1413  1413 V NotificationService: Playing sound content://settings/system/notification_sound with attributes AudioAttributes: usage=USAGE_NOTIFICATION content=CONTENT_TYPE_SONIFICATION flags=0x0 tags= bundle=null
06-10 09:11:21.254  1413  2614 I HwAudioService: ljc enter package length 3
06-10 09:11:21.254  1413  2614 I HwAudioService: ljc enter packageName:com.huawei.HwMultiScreenShot
06-10 09:11:21.255  1413  2614 I HwAudioService: ljc enter packageName:com.android.keyguard
06-10 09:11:21.256  1413  2614 I HwAudioService: ljc enter packageName:com.android.systemui
06-10 09:11:21.256  1413  2614 I HwAudioService: ljc HwAudioService:music app enter -1
06-10 09:11:21.268  1413  2614 I HwAudioService: ljc enter package length 3
06-10 09:11:21.268  1413  2614 I HwAudioService: ljc enter packageName:com.huawei.HwMultiScreenShot
06-10 09:11:21.269  1413  2614 I HwAudioService: ljc enter packageName:com.android.keyguard
06-10 09:11:21.269  1413  2614 I HwAudioService: ljc enter packageName:com.android.systemui
06-10 09:11:21.269  1413  2614 I HwAudioService: ljc HwAudioService:music app enter -1
06-10 09:11:21.672  1413  2614 I HwAudioService: ljc enter package length 3
06-10 09:11:21.672  1413  2614 I HwAudioService: ljc enter packageName:com.huawei.HwMultiScreenShot
06-10 09:11:21.673  1413  2614 I HwAudioService: ljc enter packageName:com.android.keyguard
06-10 09:11:21.673  1413  2614 I HwAudioService: ljc enter packageName:com.android.systemui
06-10 09:11:21.674  1413  2614 I HwAudioService: ljc HwAudioService:music app exit -1
06-10 09:11:22.390  1413  6374 I HwAudioService: ljc enter package length 3
06-10 09:11:22.390  1413  6374 I HwAudioService: ljc enter packageName:com.huawei.HwMultiScreenShot
06-10 09:11:22.391  1413  6374 I HwAudioService: ljc enter packageName:com.android.keyguard
06-10 09:11:22.392  1413  6374 I HwAudioService: ljc enter packageName:com.android.systemui
06-10 09:11:22.392  1413  6374 I HwAudioService: ljc HwAudioService:music app exit -1
06-10 09:11:27.115  1413  2467 E Watchdog: Failed to write to /sys/kernel/hungtask/vm_heart
06-10 09:11:27.115  1413  2467 E Watchdog: java.io.FileNotFoundException: /sys/kernel/hungtask/vm_heart (Permission denied)
06-10 09:11:27.115  1413  2467 E Watchdog: 	at java.io.FileOutputStream.open0(Native Method)
06-10 09:11:27.115  1413  2467 E Watchdog: 	at java.io.FileOutputStream.open(FileOutputStream.java:287)
06-10 09:11:27.115  1413  2467 E Watchdog: 	at java.io.FileOutputStream.<init>(FileOutputStream.java:223)
06-10 09:11:27.115  1413  2467 E Watchdog: 	at java.io.FileOutputStream.<init>(FileOutputStream.java:110)
06-10 09:11:27.115  1413  2467 E Watchdog: 	at com.android.server.Watchdog.writeHungtask(Watchdog.java:904)
06-10 09:11:27.115  1413  2467 E Watchdog: 	at com.android.server.Watchdog.run(Watchdog.java:563)
06-10 09:11:31.742  1413  6374 I BatteryService: normal charge status : 1
06-10 09:11:31.756  1413  1413 D WifiService: onReceive, action:android.intent.action.BATTERY_CHANGED
06-10 09:11:31.756  1413  1413 D WifiService: ACTION_BATTERY_CHANGED pluggedType: 0
06-10 09:11:47.274  1413  6374 V BroadcastQueue: Finished with ordered broadcast BroadcastRecord{ff9f3d0 u0 com.tencent.tmsdk.HeartBeatPlot.ACTION_HEARTBEAT_PLOT_ALARM_CYCLE}
06-10 09:11:47.281  1413  2614 V BroadcastQueue: Finished with ordered broadcast BroadcastRecord{e5a49ef u0 action_keep_alive_after_send_end}
06-10 09:11:50.163  1413  2614 I AlarmManager: remove alarm.operation :cd27cfc according to operation:e9c2f85
06-10 09:11:50.168  1413  2614 D SmartHeartBeat: isPendingPackage, false, pkg:com.android.deskclock, action:com.android.deskclock.ALARM_ALERT,not pending alarm with AlarmClockInfo
06-10 09:11:50.380  1413  2614 I AlarmManager: remove alarm.operation :d753f01 according to operation:fe451a6
06-10 09:11:50.383  1413  2614 D SmartHeartBeat: isPendingPackage, false, pkg:com.android.deskclock, action:com.android.deskclock.ALARM_ALERT,not pending alarm with AlarmClockInfo
06-10 09:11:50.391  1413  6374 I AlarmManager: remove alarm.operation :6f3e232 according to operation:96ebb83
06-10 09:11:50.393  1413  6374 D SmartHeartBeat: isPendingPackage, false, pkg:com.android.deskclock, action:com.android.deskclock.ALARM_ALERT,not pending alarm with AlarmClockInfo
06-10 09:11:50.400  1413  2559 I AlarmManager: remove alarm.operation :4d78cdf according to operation:2d1d2c
06-10 09:11:50.404  1413  2559 D SmartHeartBeat: isPendingPackage, false, pkg:com.android.deskclock, action:com.android.deskclock.ALARM_ALERT,not pending alarm with AlarmClockInfo
06-10 09:11:52.286  1413  6374 I AlarmManager: remove alarm.operation :e2103f5 according to operation:7c1858a
06-10 09:11:52.291  1413  6374 D SmartHeartBeat: isPendingPackage, false, pkg:com.android.deskclock, action:com.android.deskclock.ALARM_ALERT,not pending alarm with AlarmClockInfo
06-10 09:11:57.118  1413  2467 E Watchdog: Failed to write to /sys/kernel/hungtask/vm_heart
06-10 09:11:57.118  1413  2467 E Watchdog: java.io.FileNotFoundException: /sys/kernel/hungtask/vm_heart (Permission denied)
06-10 09:11:57.118  1413  2467 E Watchdog: 	at java.io.FileOutputStream.open0(Native Method)
06-10 09:11:57.118  1413  2467 E Watchdog: 	at java.io.FileOutputStream.open(FileOutputStream.java:287)
06-10 09:11:57.118  1413  2467 E Watchdog: 	at java.io.FileOutputStream.<init>(FileOutputStream.java:223)
06-10 09:11:57.118  1413  2467 E Watchdog: 	at java.io.FileOutputStream.<init>(FileOutputStream.java:110)
06-10 09:11:57.118  1413  2467 E Watchdog: 	at com.android.server.Watchdog.writeHungtask(Watchdog.java:904)
06-10 09:11:57.118  1413  2467 E Watchdog: 	at com.android.server.Watchdog.run(Watchdog.java:563)
06-10 09:12:00.007  1413  1413 V AlarmManager: Received TIME_TICK alarm; rescheduling
06-10 09:12:00.008  1413  1413 I HwAlarmManagerService: hwSetAlarm listenerTag: time_tick
06-10 09:12:00.052  1413  2559 V BroadcastQueue: Finished with ordered broadcast BroadcastRecord{54aea71 u-1 android.intent.action.TIME_TICK}
06-10 09:12:06.331  2577  2723 E KernelCpuSpeedReader: Failed to read cpu-freq: /sys/devices/system/cpu/cpu0/cpufreq/stats/time_in_state (No such file or directory)
06-10 09:12:06.332  2577  2723 E KernelCpuSpeedReader: Failed to read cpu-freq: /sys/devices/system/cpu/cpu4/cpufreq/stats/time_in_state (No such file or directory)
06-10 09:12:27.121  1413  2467 E Watchdog: Failed to write to /sys/kernel/hungtask/vm_heart
06-10 09:12:27.121  1413  2467 E Watchdog: java.io.FileNotFoundException: /sys/kernel/hungtask/vm_heart (Permission denied)
06-10 09:12:27.121  1413  2467 E Watchdog: 	at java.io.FileOutputStream.open0(Native Method)
06-10 09:12:27.121  1413  2467 E Watchdog: 	at java.io.FileOutputStream.open(FileOutputStream.java:287)
06-10 09:12:27.121  1413  2467 E Watchdog: 	at java.io.FileOutputStream.<init>(FileOutputStream.java:223)
06-10 09:12:27.121  1413  2467 E Watchdog: 	at java.io.FileOutputStream.<init>(FileOutputStream.java:110)
06-10 09:12:27.121  1413  2467 E Watchdog: 	at com.android.server.Watchdog.writeHungtask(Watchdog.java:904)
06-10 09:12:27.121  1413  2467 E Watchdog: 	at com.android.server.Watchdog.run(Watchdog.java:563)
06-10 09:12:31.815  1413  2614 I BatteryService: normal charge status : 1
06-10 09:12:31.830  1413  1413 D WifiService: onReceive, action:android.intent.action.BATTERY_CHANGED
06-10 09:12:31.830  1413  1413 D WifiService: ACTION_BATTERY_CHANGED pluggedType: 0
06-10 09:12:35.430  1413  2193 D NetdConnector: RCV <- {613 IfaceClass idle 1 233738841806222}
06-10 09:12:35.433  1413  2193 D NetdConnector: RCV <- {613 IfaceClass idle 1 233738841806222}
06-10 09:12:35.437  1413  1979 D NetdConnector: RCV unsolicited event from native daemon, event = 613
06-10 09:12:35.916  1413  2193 D NetdConnector: RCV <- {613 IfaceClass active 1 233739712933168 0}
06-10 09:12:35.919  1413  2193 D NetdConnector: RCV <- {613 IfaceClass active 1 233739712933168 0}
06-10 09:12:35.922  1413  1979 D NetdConnector: RCV unsolicited event from native daemon, event = 613
06-10 09:12:57.124  1413  2467 E Watchdog: Failed to write to /sys/kernel/hungtask/vm_heart
06-10 09:12:57.124  1413  2467 E Watchdog: java.io.FileNotFoundException: /sys/kernel/hungtask/vm_heart (Permission denied)
06-10 09:12:57.124  1413  2467 E Watchdog: 	at java.io.FileOutputStream.open0(Native Method)
06-10 09:12:57.124  1413  2467 E Watchdog: 	at java.io.FileOutputStream.open(FileOutputStream.java:287)
06-10 09:12:57.124  1413  2467 E Watchdog: 	at java.io.FileOutputStream.<init>(FileOutputStream.java:223)
06-10 09:12:57.124  1413  2467 E Watchdog: 	at java.io.FileOutputStream.<init>(FileOutputStream.java:110)
06-10 09:12:57.124  1413  2467 E Watchdog: 	at com.android.server.Watchdog.writeHungtask(Watchdog.java:904)
06-10 09:12:57.124  1413  2467 E Watchdog: 	at com.android.server.Watchdog.run(Watchdog.java:563)
06-10 09:13:00.006  1413  1413 V AlarmManager: Received TIME_TICK alarm; rescheduling
06-10 09:13:00.009  1413  1413 I HwAlarmManagerService: hwSetAlarm listenerTag: time_tick
06-10 09:13:00.085  1413  4416 V BroadcastQueue: Finished with ordered broadcast BroadcastRecord{e853be2 u-1 android.intent.action.TIME_TICK}
06-10 09:13:02.254  2577  2723 E KernelCpuSpeedReader: Failed to read cpu-freq: /sys/devices/system/cpu/cpu0/cpufreq/stats/time_in_state (No such file or directory)
06-10 09:13:02.255  2577  2723 E KernelCpuSpeedReader: Failed to read cpu-freq: /sys/devices/system/cpu/cpu4/cpufreq/stats/time_in_state (No such file or directory)
06-10 09:13:02.275  2577  2723 E KernelCpuSpeedReader: Failed to read cpu-freq: /sys/devices/system/cpu/cpu0/cpufreq/stats/time_in_state (No such file or directory)
06-10 09:13:02.275  2577  2723 E KernelCpuSpeedReader: Failed to read cpu-freq: /sys/devices/system/cpu/cpu4/cpufreq/stats/time_in_state (No such file or directory)
06-10 09:13:03.981  1413  2193 D NetdConnector: RCV <- {613 IfaceClass active 1 233767771805390 0}
06-10 09:13:03.985  1413  2193 D NetdConnector: RCV <- {613 IfaceClass active 1 233767771805390 0}
06-10 09:13:03.988  1413  1979 D NetdConnector: RCV unsolicited event from native daemon, event = 613
06-10 09:13:07.180  1413  6374 W ProcBatteryStats: timer is running , not start, name: abc.def.ghi, uid: 10296, tag: abc.def.ghi:Tag
06-10 09:13:07.191  1413  1413 V HwNotificationManagerService: isHwSoundAllow pkg=abc.def.ghi, channelId=abc.def.ghi.alarmService, userId=0, cfg=1
06-10 09:13:07.191  1413  1413 V NotificationService: Playing sound content://settings/system/notification_sound with attributes AudioAttributes: usage=USAGE_NOTIFICATION content=CONTENT_TYPE_SONIFICATION flags=0x0 tags= bundle=null
06-10 09:13:07.313  1413  6374 I HwAudioService: ljc enter package length 3
06-10 09:13:07.314  1413  6374 I HwAudioService: ljc enter packageName:com.huawei.HwMultiScreenShot
06-10 09:13:07.314  1413  6374 I HwAudioService: ljc enter packageName:com.android.keyguard
06-10 09:13:07.315  1413  6374 I HwAudioService: ljc enter packageName:com.android.systemui
06-10 09:13:07.315  1413  6374 I HwAudioService: ljc HwAudioService:music app enter -1
06-10 09:13:07.323  1413  6374 I HwAudioService: ljc enter package length 3
06-10 09:13:07.323  1413  6374 I HwAudioService: ljc enter packageName:com.huawei.HwMultiScreenShot
06-10 09:13:07.324  1413  6374 I HwAudioService: ljc enter packageName:com.android.keyguard
06-10 09:13:07.324  1413  6374 I HwAudioService: ljc enter packageName:com.android.systemui
06-10 09:13:07.324  1413  6374 I HwAudioService: ljc HwAudioService:music app enter -1
06-10 09:13:07.724  1413  6374 I HwAudioService: ljc enter package length 3
06-10 09:13:07.724  1413  6374 I HwAudioService: ljc enter packageName:com.huawei.HwMultiScreenShot
06-10 09:13:07.726  1413  6374 I HwAudioService: ljc enter packageName:com.android.keyguard
06-10 09:13:07.726  1413  6374 I HwAudioService: ljc enter packageName:com.android.systemui
06-10 09:13:07.727  1413  6374 I HwAudioService: ljc HwAudioService:music app exit -1
06-10 09:13:08.417  1413  6374 I HwAudioService: ljc enter package length 3
06-10 09:13:08.417  1413  6374 I HwAudioService: ljc enter packageName:com.huawei.HwMultiScreenShot
06-10 09:13:08.418  1413  6374 I HwAudioService: ljc enter packageName:com.android.keyguard
06-10 09:13:08.418  1413  6374 I HwAudioService: ljc enter packageName:com.android.systemui
06-10 09:13:08.419  1413  6374 I HwAudioService: ljc HwAudioService:music app exit -1
06-10 09:13:27.128  1413  2467 E Watchdog: Failed to write to /sys/kernel/hungtask/vm_heart
06-10 09:13:27.128  1413  2467 E Watchdog: java.io.FileNotFoundException: /sys/kernel/hungtask/vm_heart (Permission denied)
06-10 09:13:27.128  1413  2467 E Watchdog: 	at java.io.FileOutputStream.open0(Native Method)
06-10 09:13:27.128  1413  2467 E Watchdog: 	at java.io.FileOutputStream.open(FileOutputStream.java:287)
06-10 09:13:27.128  1413  2467 E Watchdog: 	at java.io.FileOutputStream.<init>(FileOutputStream.java:223)
06-10 09:13:27.128  1413  2467 E Watchdog: 	at java.io.FileOutputStream.<init>(FileOutputStream.java:110)
06-10 09:13:27.128  1413  2467 E Watchdog: 	at com.android.server.Watchdog.writeHungtask(Watchdog.java:904)
06-10 09:13:27.128  1413  2467 E Watchdog: 	at com.android.server.Watchdog.run(Watchdog.java:563)
06-10 09:13:31.390  1413  6374 V BroadcastQueue: Finished with ordered broadcast BroadcastRecord{57bd465 u0 com.huawei.push.alarm.HEARTBEAT}
06-10 09:13:31.500  1413  4416 I AlarmManager: remove alarm.operation :b8e653a according to operation:354f5eb
06-10 09:13:31.504  1413  4416 D SmartHeartBeat: isPendingPackage, false, pkg:com.android.deskclock, action:com.android.deskclock.ALARM_ALERT,not pending alarm with AlarmClockInfo
06-10 09:13:31.518  1413  6374 I AlarmManager: remove alarm.operation :a1a2e59 according to operation:25a51e1
06-10 09:13:31.523  1413  6374 D SmartHeartBeat: isPendingPackage, false, pkg:com.android.deskclock, action:com.android.deskclock.ALARM_ALERT,not pending alarm with AlarmClockInfo
06-10 09:13:43.764  1413  2141 D HwBatteryService: onUEvent fcpStatus = 0,scpStatus =0,ovpStatus=0
06-10 09:13:43.765  1413  2141 I HwBatteryService: quick charge status : 0
06-10 09:13:43.779  1413  2141 D HwBatteryService: onUEvent fcpStatus = 0,scpStatus =0,ovpStatus=0
06-10 09:13:43.781  1413  2141 I HwBatteryService: quick charge status : 0
06-10 09:13:43.791  1413  6374 I BatteryService: normal charge status : 1
06-10 09:13:43.799  1413  1936 E KernelCpuSpeedReader: Failed to read cpu-freq: /sys/devices/system/cpu/cpu0/cpufreq/stats/time_in_state (No such file or directory)
06-10 09:13:43.799  1413  1936 E KernelCpuSpeedReader: Failed to read cpu-freq: /sys/devices/system/cpu/cpu4/cpufreq/stats/time_in_state (No such file or directory)
06-10 09:13:43.814  1413  1950 E BatteryExternalStatsWorker: no controller energy info supplied for bluetooth
06-10 09:13:43.829  1413  1950 E KernelCpuSpeedReader: Failed to read cpu-freq: /sys/devices/system/cpu/cpu0/cpufreq/stats/time_in_state (No such file or directory)
06-10 09:13:43.830  1413  1950 E KernelCpuSpeedReader: Failed to read cpu-freq: /sys/devices/system/cpu/cpu4/cpufreq/stats/time_in_state (No such file or directory)
06-10 09:13:43.843  1413  1413 D WifiService: onReceive, action:android.intent.action.BATTERY_CHANGED
06-10 09:13:43.843  1413  1413 D WifiService: ACTION_BATTERY_CHANGED pluggedType: 0
06-10 09:13:57.131  1413  2467 E Watchdog: Failed to write to /sys/kernel/hungtask/vm_heart
06-10 09:13:57.131  1413  2467 E Watchdog: java.io.FileNotFoundException: /sys/kernel/hungtask/vm_heart (Permission denied)
06-10 09:13:57.131  1413  2467 E Watchdog: 	at java.io.FileOutputStream.open0(Native Method)
06-10 09:13:57.131  1413  2467 E Watchdog: 	at java.io.FileOutputStream.open(FileOutputStream.java:287)
06-10 09:13:57.131  1413  2467 E Watchdog: 	at java.io.FileOutputStream.<init>(FileOutputStream.java:223)
06-10 09:13:57.131  1413  2467 E Watchdog: 	at java.io.FileOutputStream.<init>(FileOutputStream.java:110)
06-10 09:13:57.131  1413  2467 E Watchdog: 	at com.android.server.Watchdog.writeHungtask(Watchdog.java:904)
06-10 09:13:57.131  1413  2467 E Watchdog: 	at com.android.server.Watchdog.run(Watchdog.java:563)
06-10 09:14:00.006  1413  1413 V AlarmManager: Received TIME_TICK alarm; rescheduling
06-10 09:14:00.008  1413  1413 I HwAlarmManagerService: hwSetAlarm listenerTag: time_tick
06-10 09:14:00.069  1413  4416 V BroadcastQueue: Finished with ordered broadcast BroadcastRecord{db86192 u-1 android.intent.action.TIME_TICK}
06-10 09:14:06.392  2577  2723 E KernelCpuSpeedReader: Failed to read cpu-freq: /sys/devices/system/cpu/cpu0/cpufreq/stats/time_in_state (No such file or directory)
06-10 09:14:06.393  2577  2723 E KernelCpuSpeedReader: Failed to read cpu-freq: /sys/devices/system/cpu/cpu4/cpufreq/stats/time_in_state (No such file or directory)
06-10 09:14:21.946  1413 10949 I BatteryService: normal charge status : 1
06-10 09:14:21.965  1413  1413 D WifiService: onReceive, action:android.intent.action.BATTERY_CHANGED
06-10 09:14:21.965  1413  1413 D WifiService: ACTION_BATTERY_CHANGED pluggedType: 0
06-10 09:14:27.133  1413  2467 E Watchdog: Failed to write to /sys/kernel/hungtask/vm_heart
06-10 09:14:27.133  1413  2467 E Watchdog: java.io.FileNotFoundException: /sys/kernel/hungtask/vm_heart (Permission denied)
06-10 09:14:27.133  1413  2467 E Watchdog: 	at java.io.FileOutputStream.open0(Native Method)
06-10 09:14:27.133  1413  2467 E Watchdog: 	at java.io.FileOutputStream.open(FileOutputStream.java:287)
06-10 09:14:27.133  1413  2467 E Watchdog: 	at java.io.FileOutputStream.<init>(FileOutputStream.java:223)
06-10 09:14:27.133  1413  2467 E Watchdog: 	at java.io.FileOutputStream.<init>(FileOutputStream.java:110)
06-10 09:14:27.133  1413  2467 E Watchdog: 	at com.android.server.Watchdog.writeHungtask(Watchdog.java:904)
06-10 09:14:27.133  1413  2467 E Watchdog: 	at com.android.server.Watchdog.run(Watchdog.java:563)
06-10 09:14:53.343  1413 10949 W ProcBatteryStats: timer is running , not start, name: abc.def.ghi, uid: 10296, tag: abc.def.ghi:Tag
06-10 09:14:53.354  1413  1413 V HwNotificationManagerService: isHwSoundAllow pkg=abc.def.ghi, channelId=abc.def.ghi.alarmService, userId=0, cfg=1
06-10 09:14:53.355  1413  1413 V NotificationService: Playing sound content://settings/system/notification_sound with attributes AudioAttributes: usage=USAGE_NOTIFICATION content=CONTENT_TYPE_SONIFICATION flags=0x0 tags= bundle=null
06-10 09:14:53.481  1413  4691 I HwAudioService: ljc enter package length 3
06-10 09:14:53.481  1413  4691 I HwAudioService: ljc enter packageName:com.huawei.HwMultiScreenShot
06-10 09:14:53.481  1413  4691 I HwAudioService: ljc enter packageName:com.android.keyguard
06-10 09:14:53.482  1413  4691 I HwAudioService: ljc enter packageName:com.android.systemui
06-10 09:14:53.482  1413  4691 I HwAudioService: ljc HwAudioService:music app enter -1
06-10 09:14:53.492  1413  4691 I HwAudioService: ljc enter package length 3
06-10 09:14:53.492  1413  4691 I HwAudioService: ljc enter packageName:com.huawei.HwMultiScreenShot
06-10 09:14:53.492  1413  4691 I HwAudioService: ljc enter packageName:com.android.keyguard
06-10 09:14:53.493  1413  4691 I HwAudioService: ljc enter packageName:com.android.systemui
06-10 09:14:53.493  1413  4691 I HwAudioService: ljc HwAudioService:music app enter -1
06-10 09:14:53.883  1413  4691 I HwAudioService: ljc enter package length 3
06-10 09:14:53.883  1413  4691 I HwAudioService: ljc enter packageName:com.huawei.HwMultiScreenShot
06-10 09:14:53.884  1413  4691 I HwAudioService: ljc enter packageName:com.android.keyguard
06-10 09:14:53.884  1413  4691 I HwAudioService: ljc enter packageName:com.android.systemui
06-10 09:14:53.885  1413  4691 I HwAudioService: ljc HwAudioService:music app exit -1
06-10 09:14:54.594  1413  4691 I HwAudioService: ljc enter package length 3
06-10 09:14:54.594  1413  4691 I HwAudioService: ljc enter packageName:com.huawei.HwMultiScreenShot
06-10 09:14:54.595  1413  4691 I HwAudioService: ljc enter packageName:com.android.keyguard
06-10 09:14:54.595  1413  4691 I HwAudioService: ljc enter packageName:com.android.systemui
06-10 09:14:54.596  1413  4691 I HwAudioService: ljc HwAudioService:music app exit -1
06-10 09:14:57.136  1413  2467 E Watchdog: Failed to write to /sys/kernel/hungtask/vm_heart
06-10 09:14:57.136  1413  2467 E Watchdog: java.io.FileNotFoundException: /sys/kernel/hungtask/vm_heart (Permission denied)
06-10 09:14:57.136  1413  2467 E Watchdog: 	at java.io.FileOutputStream.open0(Native Method)
06-10 09:14:57.136  1413  2467 E Watchdog: 	at java.io.FileOutputStream.open(FileOutputStream.java:287)
06-10 09:14:57.136  1413  2467 E Watchdog: 	at java.io.FileOutputStream.<init>(FileOutputStream.java:223)
06-10 09:14:57.136  1413  2467 E Watchdog: 	at java.io.FileOutputStream.<init>(FileOutputStream.java:110)
06-10 09:14:57.136  1413  2467 E Watchdog: 	at com.android.server.Watchdog.writeHungtask(Watchdog.java:904)
06-10 09:14:57.136  1413  2467 E Watchdog: 	at com.android.server.Watchdog.run(Watchdog.java:563)
06-10 09:15:00.006  1413  1413 V AlarmManager: Received TIME_TICK alarm; rescheduling
06-10 09:15:00.008  1413  1413 I HwAlarmManagerService: hwSetAlarm listenerTag: time_tick
06-10 09:15:00.063  1413 10949 V BroadcastQueue: Finished with ordered broadcast BroadcastRecord{7ea90ea u-1 android.intent.action.TIME_TICK}
06-10 09:15:02.335  2577  2723 E KernelCpuSpeedReader: Failed to read cpu-freq: /sys/devices/system/cpu/cpu0/cpufreq/stats/time_in_state (No such file or directory)
06-10 09:15:02.336  2577  2723 E KernelCpuSpeedReader: Failed to read cpu-freq: /sys/devices/system/cpu/cpu4/cpufreq/stats/time_in_state (No such file or directory)
06-10 09:15:02.357  2577  2723 E KernelCpuSpeedReader: Failed to read cpu-freq: /sys/devices/system/cpu/cpu0/cpufreq/stats/time_in_state (No such file or directory)
06-10 09:15:02.358  2577  2723 E KernelCpuSpeedReader: Failed to read cpu-freq: /sys/devices/system/cpu/cpu4/cpufreq/stats/time_in_state (No such file or directory)
06-10 09:15:22.015  1413  4691 I BatteryService: normal charge status : 1
06-10 09:15:22.033  1413  1413 D WifiService: onReceive, action:android.intent.action.BATTERY_CHANGED
06-10 09:15:22.033  1413  1413 D WifiService: ACTION_BATTERY_CHANGED pluggedType: 0
06-10 09:15:27.138  1413  2467 E Watchdog: Failed to write to /sys/kernel/hungtask/vm_heart
06-10 09:15:27.138  1413  2467 E Watchdog: java.io.FileNotFoundException: /sys/kernel/hungtask/vm_heart (Permission denied)
06-10 09:15:27.138  1413  2467 E Watchdog: 	at java.io.FileOutputStream.open0(Native Method)
06-10 09:15:27.138  1413  2467 E Watchdog: 	at java.io.FileOutputStream.open(FileOutputStream.java:287)
06-10 09:15:27.138  1413  2467 E Watchdog: 	at java.io.FileOutputStream.<init>(FileOutputStream.java:223)
06-10 09:15:27.138  1413  2467 E Watchdog: 	at java.io.FileOutputStream.<init>(FileOutputStream.java:110)
06-10 09:15:27.138  1413  2467 E Watchdog: 	at com.android.server.Watchdog.writeHungtask(Watchdog.java:904)
06-10 09:15:27.138  1413  2467 E Watchdog: 	at com.android.server.Watchdog.run(Watchdog.java:563)
06-10 09:15:57.141  1413  2467 E Watchdog: Failed to write to /sys/kernel/hungtask/vm_heart
06-10 09:15:57.141  1413  2467 E Watchdog: java.io.FileNotFoundException: /sys/kernel/hungtask/vm_heart (Permission denied)
06-10 09:15:57.141  1413  2467 E Watchdog: 	at java.io.FileOutputStream.open0(Native Method)
06-10 09:15:57.141  1413  2467 E Watchdog: 	at java.io.FileOutputStream.open(FileOutputStream.java:287)
06-10 09:15:57.141  1413  2467 E Watchdog: 	at java.io.FileOutputStream.<init>(FileOutputStream.java:223)
06-10 09:15:57.141  1413  2467 E Watchdog: 	at java.io.FileOutputStream.<init>(FileOutputStream.java:110)
06-10 09:15:57.141  1413  2467 E Watchdog: 	at com.android.server.Watchdog.writeHungtask(Watchdog.java:904)
06-10 09:15:57.141  1413  2467 E Watchdog: 	at com.android.server.Watchdog.run(Watchdog.java:563)
06-10 09:16:00.006  1413  1413 V AlarmManager: Received TIME_TICK alarm; rescheduling
06-10 09:16:00.008  1413  1413 I HwAlarmManagerService: hwSetAlarm listenerTag: time_tick
06-10 09:16:00.071  1413  2559 V BroadcastQueue: Finished with ordered broadcast BroadcastRecord{39d9624 u-1 android.intent.action.TIME_TICK}
06-10 09:16:00.227  1413  2193 D NetdConnector: RCV <- {613 IfaceClass idle 1 233943371883108}
06-10 09:16:00.230  1413  2193 D NetdConnector: RCV <- {613 IfaceClass idle 1 233943371883108}
06-10 09:16:00.233  1413  1979 D NetdConnector: RCV unsolicited event from native daemon, event = 613
06-10 09:16:06.457  2577  2723 E KernelCpuSpeedReader: Failed to read cpu-freq: /sys/devices/system/cpu/cpu0/cpufreq/stats/time_in_state (No such file or directory)
06-10 09:16:06.458  2577  2723 E KernelCpuSpeedReader: Failed to read cpu-freq: /sys/devices/system/cpu/cpu4/cpufreq/stats/time_in_state (No such file or directory)
06-10 09:16:07.891  1413  2193 D NetdConnector: RCV <- {613 IfaceClass active 1 233951683738451 0}
06-10 09:16:07.894  1413  2193 D NetdConnector: RCV <- {613 IfaceClass active 1 233951683738451 0}
06-10 09:16:07.896  1413  1979 D NetdConnector: RCV unsolicited event from native daemon, event = 613
06-10 09:16:12.902  1413  2193 D NetdConnector: RCV <- {614 Address updated ****************************f8f1/64 wlan0 0 0}
06-10 09:16:12.905  1413  2193 D NetdConnector: RCV <- {614 Address updated ****************************f8f1/64 wlan0 0 0}
06-10 09:16:12.907  1413  1979 D NetdConnector: RCV unsolicited event from native daemon, event = 614
06-10 09:16:12.907  1413  2193 D NetdConnector: RCV <- {614 Address updated ****************************f9f8/64 wlan0 1 0}
06-10 09:16:12.909  1413  2193 D NetdConnector: RCV <- {614 Address updated ****************************f9f8/64 wlan0 1 0}
06-10 09:16:12.912  1413  2193 D NetdConnector: RCV <- {615 DnsInfo servers wlan0 1800 ****1%wlan0}
06-10 09:16:12.912  1413  1979 D NetdConnector: RCV unsolicited event from native daemon, event = 614
06-10 09:16:12.914  1413  2193 D NetdConnector: RCV <- {615 DnsInfo servers wlan0 1800 ****1%wlan0}
06-10 09:16:12.917  1413  1979 D NetdConnector: RCV unsolicited event from native daemon, event = 615
06-10 09:16:27.145  1413  2467 E Watchdog: Failed to write to /sys/kernel/hungtask/vm_heart
06-10 09:16:27.145  1413  2467 E Watchdog: java.io.FileNotFoundException: /sys/kernel/hungtask/vm_heart (Permission denied)
06-10 09:16:27.145  1413  2467 E Watchdog: 	at java.io.FileOutputStream.open0(Native Method)
06-10 09:16:27.145  1413  2467 E Watchdog: 	at java.io.FileOutputStream.open(FileOutputStream.java:287)
06-10 09:16:27.145  1413  2467 E Watchdog: 	at java.io.FileOutputStream.<init>(FileOutputStream.java:223)
06-10 09:16:27.145  1413  2467 E Watchdog: 	at java.io.FileOutputStream.<init>(FileOutputStream.java:110)
06-10 09:16:27.145  1413  2467 E Watchdog: 	at com.android.server.Watchdog.writeHungtask(Watchdog.java:904)
06-10 09:16:27.145  1413  2467 E Watchdog: 	at com.android.server.Watchdog.run(Watchdog.java:563)
06-10 09:16:39.625  1413  4416 W ProcBatteryStats: timer is running , not start, name: abc.def.ghi, uid: 10296, tag: abc.def.ghi:Tag
06-10 09:16:39.638  1413  1413 V HwNotificationManagerService: isHwSoundAllow pkg=abc.def.ghi, channelId=abc.def.ghi.alarmService, userId=0, cfg=1
06-10 09:16:39.638  1413  1413 V NotificationService: Playing sound content://settings/system/notification_sound with attributes AudioAttributes: usage=USAGE_NOTIFICATION content=CONTENT_TYPE_SONIFICATION flags=0x0 tags= bundle=null
06-10 09:16:39.771  1413  4416 I HwAudioService: ljc enter package length 3
06-10 09:16:39.771  1413  4416 I HwAudioService: ljc enter packageName:com.huawei.HwMultiScreenShot
06-10 09:16:39.772  1413  4416 I HwAudioService: ljc enter packageName:com.android.keyguard
06-10 09:16:39.772  1413  4416 I HwAudioService: ljc enter packageName:com.android.systemui
06-10 09:16:39.773  1413  4416 I HwAudioService: ljc HwAudioService:music app enter -1
06-10 09:16:39.787  1413  4416 I HwAudioService: ljc enter package length 3
06-10 09:16:39.787  1413  4416 I HwAudioService: ljc enter packageName:com.huawei.HwMultiScreenShot
06-10 09:16:39.788  1413  4416 I HwAudioService: ljc enter packageName:com.android.keyguard
06-10 09:16:39.788  1413  4416 I HwAudioService: ljc enter packageName:com.android.systemui
06-10 09:16:39.788  1413  4416 I HwAudioService: ljc HwAudioService:music app enter -1
06-10 09:16:40.184  1413  4416 I HwAudioService: ljc enter package length 3
06-10 09:16:40.184  1413  4416 I HwAudioService: ljc enter packageName:com.huawei.HwMultiScreenShot
06-10 09:16:40.184  1413  4416 I HwAudioService: ljc enter packageName:com.android.keyguard
06-10 09:16:40.185  1413  4416 I HwAudioService: ljc enter packageName:com.android.systemui
06-10 09:16:40.186  1413  4416 I HwAudioService: ljc HwAudioService:music app exit -1
06-10 09:16:40.883  1413  4416 I HwAudioService: ljc enter package length 3
06-10 09:16:40.884  1413  4416 I HwAudioService: ljc enter packageName:com.huawei.HwMultiScreenShot
06-10 09:16:40.885  1413  4416 I HwAudioService: ljc enter packageName:com.android.keyguard
06-10 09:16:40.886  1413  4416 I HwAudioService: ljc enter packageName:com.android.systemui
06-10 09:16:40.886  1413  4416 I HwAudioService: ljc HwAudioService:music app exit -1
06-10 09:16:55.858  1413  2141 D HwBatteryService: onUEvent fcpStatus = 0,scpStatus =0,ovpStatus=0
06-10 09:16:55.860  1413  2141 I HwBatteryService: quick charge status : 0
06-10 09:16:55.880  1413  2141 D HwBatteryService: onUEvent fcpStatus = 0,scpStatus =0,ovpStatus=0
06-10 09:16:55.881  1413  2141 I HwBatteryService: quick charge status : 0
06-10 09:16:55.892  1413  4416 I BatteryService: normal charge status : 1
06-10 09:16:55.899  1413  1936 E KernelCpuSpeedReader: Failed to read cpu-freq: /sys/devices/system/cpu/cpu0/cpufreq/stats/time_in_state (No such file or directory)
06-10 09:16:55.899  1413  1936 E KernelCpuSpeedReader: Failed to read cpu-freq: /sys/devices/system/cpu/cpu4/cpufreq/stats/time_in_state (No such file or directory)
06-10 09:16:55.928  1413  1950 E BatteryExternalStatsWorker: no controller energy info supplied for bluetooth
06-10 09:16:55.940  1413  1413 D WifiService: onReceive, action:android.intent.action.BATTERY_CHANGED
06-10 09:16:55.940  1413  1413 D WifiService: ACTION_BATTERY_CHANGED pluggedType: 0
06-10 09:16:55.948  1413  1950 E KernelCpuSpeedReader: Failed to read cpu-freq: /sys/devices/system/cpu/cpu0/cpufreq/stats/time_in_state (No such file or directory)
06-10 09:16:55.949  1413  1950 E KernelCpuSpeedReader: Failed to read cpu-freq: /sys/devices/system/cpu/cpu4/cpufreq/stats/time_in_state (No such file or directory)
06-10 09:16:57.149  1413  2467 E Watchdog: Failed to write to /sys/kernel/hungtask/vm_heart
06-10 09:16:57.149  1413  2467 E Watchdog: java.io.FileNotFoundException: /sys/kernel/hungtask/vm_heart (Permission denied)
06-10 09:16:57.149  1413  2467 E Watchdog: 	at java.io.FileOutputStream.open0(Native Method)
06-10 09:16:57.149  1413  2467 E Watchdog: 	at java.io.FileOutputStream.open(FileOutputStream.java:287)
06-10 09:16:57.149  1413  2467 E Watchdog: 	at java.io.FileOutputStream.<init>(FileOutputStream.java:223)
06-10 09:16:57.149  1413  2467 E Watchdog: 	at java.io.FileOutputStream.<init>(FileOutputStream.java:110)
06-10 09:16:57.149  1413  2467 E Watchdog: 	at com.android.server.Watchdog.writeHungtask(Watchdog.java:904)
06-10 09:16:57.149  1413  2467 E Watchdog: 	at com.android.server.Watchdog.run(Watchdog.java:563)
06-10 09:17:00.005  1413  1413 V AlarmManager: Received TIME_TICK alarm; rescheduling
06-10 09:17:00.006  1413  1413 I HwAlarmManagerService: hwSetAlarm listenerTag: time_tick
06-10 09:17:00.067  1413  4416 V BroadcastQueue: Finished with ordered broadcast BroadcastRecord{541089a u-1 android.intent.action.TIME_TICK}
06-10 09:17:01.542  1413  4416 V BroadcastQueue: Finished with ordered broadcast BroadcastRecord{2941a8 u0 com.huawei.push.alarm.HEARTBEAT}
06-10 09:17:01.657  1413  4697 I AlarmManager: remove alarm.operation :38254c1 according to operation:2971466
06-10 09:17:01.662  1413  4697 D SmartHeartBeat: isPendingPackage, false, pkg:com.android.deskclock, action:com.android.deskclock.ALARM_ALERT,not pending alarm with AlarmClockInfo
06-10 09:17:01.676  1413  2559 I AlarmManager: remove alarm.operation :25a51e1 according to operation:aa4d054
06-10 09:17:01.680  1413  2559 D SmartHeartBeat: isPendingPackage, false, pkg:com.android.deskclock, action:com.android.deskclock.ALARM_ALERT,not pending alarm with AlarmClockInfo
06-10 09:17:02.411  2577  2723 E KernelCpuSpeedReader: Failed to read cpu-freq: /sys/devices/system/cpu/cpu0/cpufreq/stats/time_in_state (No such file or directory)
06-10 09:17:02.412  2577  2723 E KernelCpuSpeedReader: Failed to read cpu-freq: /sys/devices/system/cpu/cpu4/cpufreq/stats/time_in_state (No such file or directory)
06-10 09:17:02.433  2577  2723 E KernelCpuSpeedReader: Failed to read cpu-freq: /sys/devices/system/cpu/cpu0/cpufreq/stats/time_in_state (No such file or directory)
06-10 09:17:02.434  2577  2723 E KernelCpuSpeedReader: Failed to read cpu-freq: /sys/devices/system/cpu/cpu4/cpufreq/stats/time_in_state (No such file or directory)
06-10 09:17:18.984  1413  4416 V BroadcastQueue: Finished with ordered broadcast BroadcastRecord{3f010f2 u0 action_keep_alive_after_send_end}
06-10 09:17:19.000  1413  2559 V BroadcastQueue: Finished with ordered broadcast BroadcastRecord{8a89dc0 u0 com.huawei.hwsystemmanager.power.SCHEDULE_RECORD_REMAING_TIME_SCENE}
06-10 09:17:19.007  1413  2195 D NetdConnector: SND -> {3610 bandwidth gettetherstats}
06-10 09:17:19.066  1413  2193 D NetdConnector: RCV <- {114 3610 p2p0 wlan0 0 0 0 0}
06-10 09:17:19.067  1413  2193 D NetdConnector: RCV <- {114 3610 p2p0 wlan0 0 0 0 0}
06-10 09:17:19.068  1413  2193 D NetdConnector: RCV <- {200 3610 Tethering stats list completed}
06-10 09:17:19.069  1413  2193 D NetdConnector: RCV <- {200 3610 Tethering stats list completed}
06-10 09:17:19.075  1413  2195 W NetworkStatsFactory: mStatsXtProcUid: /proc/net/comm/stats does not exist!
06-10 09:17:19.075  1413  2195 D HwNetworkStatsService: hwRecordUidAndProcSnapshotLocked currentTime = 1717982239004
06-10 09:17:19.075  1413  2195 W NetworkStatsFactory: mStatsXtProcAndUid: /proc/net/xt_qtaguid/stats_pid does not exist!
06-10 09:17:19.076  1413  2195 D HwNetworkStatsService: hwMaybeUidAndProcPersistLocked currentTime = 1717982239004
06-10 09:17:19.080  1413  2195 D NetdConnector: SND -> {3611 bandwidth setglobalalert 2097152}
06-10 09:17:19.081  1413  2193 D NetdConnector: RCV <- {200 3611 Bandwidth command succeeeded}
06-10 09:17:19.082  1413  2193 D NetdConnector: RCV <- {200 3611 Bandwidth command succeeeded}
06-10 09:17:19.084  1413  2195 V BroadcastQueue: Finished with ordered broadcast BroadcastRecord{d4b09f u0 com.android.server.action.NETWORK_STATS_POLL}
06-10 09:17:23.858  1413  2193 D NetdConnector: RCV <- {613 IfaceClass idle 1 234027651035342}
06-10 09:17:23.861  1413  2193 D NetdConnector: RCV <- {613 IfaceClass idle 1 234027651035342}
06-10 09:17:23.865  1413  1979 D NetdConnector: RCV unsolicited event from native daemon, event = 613
06-10 09:17:27.153  1413  2467 E Watchdog: Failed to write to /sys/kernel/hungtask/vm_heart
06-10 09:17:27.153  1413  2467 E Watchdog: java.io.FileNotFoundException: /sys/kernel/hungtask/vm_heart (Permission denied)
06-10 09:17:27.153  1413  2467 E Watchdog: 	at java.io.FileOutputStream.open0(Native Method)
06-10 09:17:27.153  1413  2467 E Watchdog: 	at java.io.FileOutputStream.open(FileOutputStream.java:287)
06-10 09:17:27.153  1413  2467 E Watchdog: 	at java.io.FileOutputStream.<init>(FileOutputStream.java:223)
06-10 09:17:27.153  1413  2467 E Watchdog: 	at java.io.FileOutputStream.<init>(FileOutputStream.java:110)
06-10 09:17:27.153  1413  2467 E Watchdog: 	at com.android.server.Watchdog.writeHungtask(Watchdog.java:904)
06-10 09:17:27.153  1413  2467 E Watchdog: 	at com.android.server.Watchdog.run(Watchdog.java:563)
06-10 09:17:29.714  1413  2193 D NetdConnector: RCV <- {613 IfaceClass active 1 234033501222018 0}
06-10 09:17:29.717  1413  2193 D NetdConnector: RCV <- {613 IfaceClass active 1 234033501222018 0}
06-10 09:17:29.720  1413  1979 D NetdConnector: RCV unsolicited event from native daemon, event = 613
06-10 09:17:57.155  1413  2467 E Watchdog: Failed to write to /sys/kernel/hungtask/vm_heart
06-10 09:17:57.155  1413  2467 E Watchdog: java.io.FileNotFoundException: /sys/kernel/hungtask/vm_heart (Permission denied)
06-10 09:17:57.155  1413  2467 E Watchdog: 	at java.io.FileOutputStream.open0(Native Method)
06-10 09:17:57.155  1413  2467 E Watchdog: 	at java.io.FileOutputStream.open(FileOutputStream.java:287)
06-10 09:17:57.155  1413  2467 E Watchdog: 	at java.io.FileOutputStream.<init>(FileOutputStream.java:223)
06-10 09:17:57.155  1413  2467 E Watchdog: 	at java.io.FileOutputStream.<init>(FileOutputStream.java:110)
06-10 09:17:57.155  1413  2467 E Watchdog: 	at com.android.server.Watchdog.writeHungtask(Watchdog.java:904)
06-10 09:17:57.155  1413  2467 E Watchdog: 	at com.android.server.Watchdog.run(Watchdog.java:563)
06-10 09:17:59.697  1413  2193 D NetdConnector: RCV <- {613 IfaceClass idle 1 234063491742870}
06-10 09:17:59.702  1413  2193 D NetdConnector: RCV <- {613 IfaceClass idle 1 234063491742870}
06-10 09:17:59.706  1413  1979 D NetdConnector: RCV unsolicited event from native daemon, event = 613
06-10 09:18:00.004  1413  1413 V AlarmManager: Received TIME_TICK alarm; rescheduling
06-10 09:18:00.006  1413  1413 I HwAlarmManagerService: hwSetAlarm listenerTag: time_tick
06-10 09:18:00.063  1413  2559 V BroadcastQueue: Finished with ordered broadcast BroadcastRecord{b0464d8 u-1 android.intent.action.TIME_TICK}
06-10 09:18:06.530  2577  2723 E KernelCpuSpeedReader: Failed to read cpu-freq: /sys/devices/system/cpu/cpu0/cpufreq/stats/time_in_state (No such file or directory)
06-10 09:18:06.531  2577  2723 E KernelCpuSpeedReader: Failed to read cpu-freq: /sys/devices/system/cpu/cpu4/cpufreq/stats/time_in_state (No such file or directory)
06-10 09:18:12.003  1413  2193 D NetdConnector: RCV <- {613 IfaceClass active 1 234075794519252 0}
06-10 09:18:12.006  1413  2193 D NetdConnector: RCV <- {613 IfaceClass active 1 234075794519252 0}
06-10 09:18:12.009  1413  1979 D NetdConnector: RCV unsolicited event from native daemon, event = 613
06-10 09:18:26.011  1413  4697 W ProcBatteryStats: timer is running , not start, name: abc.def.ghi, uid: 10296, tag: abc.def.ghi:Tag
06-10 09:18:26.020  1413  1413 V HwNotificationManagerService: isHwSoundAllow pkg=abc.def.ghi, channelId=abc.def.ghi.alarmService, userId=0, cfg=1
06-10 09:18:26.020  1413  1413 V NotificationService: Playing sound content://settings/system/notification_sound with attributes AudioAttributes: usage=USAGE_NOTIFICATION content=CONTENT_TYPE_SONIFICATION flags=0x0 tags= bundle=null
06-10 09:18:26.131  1413 10949 I HwAudioService: ljc enter package length 3
06-10 09:18:26.131  1413 10949 I HwAudioService: ljc enter packageName:com.huawei.HwMultiScreenShot
06-10 09:18:26.132  1413 10949 I HwAudioService: ljc enter packageName:com.android.keyguard
06-10 09:18:26.132  1413 10949 I HwAudioService: ljc enter packageName:com.android.systemui
06-10 09:18:26.133  1413 10949 I HwAudioService: ljc HwAudioService:music app enter -1
06-10 09:18:26.140  1413  4697 I HwAudioService: ljc enter package length 3
06-10 09:18:26.141  1413  4697 I HwAudioService: ljc enter packageName:com.huawei.HwMultiScreenShot
06-10 09:18:26.141  1413  4697 I HwAudioService: ljc enter packageName:com.android.keyguard
06-10 09:18:26.142  1413  4697 I HwAudioService: ljc enter packageName:com.android.systemui
06-10 09:18:26.143  1413  4697 I HwAudioService: ljc HwAudioService:music app enter -1
06-10 09:18:26.574  1413  4697 I HwAudioService: ljc enter package length 3
06-10 09:18:26.574  1413  4697 I HwAudioService: ljc enter packageName:com.huawei.HwMultiScreenShot
06-10 09:18:26.575  1413  4697 I HwAudioService: ljc enter packageName:com.android.keyguard
06-10 09:18:26.575  1413  4697 I HwAudioService: ljc enter packageName:com.android.systemui
