06-10 00:49:36.900  1413  1413 I chatty  : uid=1000 system_server expire 10 lines
06-10 00:49:37.004  1413  2614 I chatty  : uid=1000(system) Binder:1413_C expire 11 lines
06-10 00:49:37.005  1413  2575 I chatty  : uid=1000(system) Binder:1413_9 expire 14 lines
06-10 00:49:38.192  1413  2602 I chatty  : uid=1000(system) Binder:1413_B expire 16 lines
06-10 00:49:41.860  1413  1936 I chatty  : uid=1000(system) ActivityManager expire 12 lines
06-10 00:49:53.702  1413  2467 I chatty  : uid=1000(system) watchdog expire 10 lines
06-10 00:50:38.879  2577  2723 E KernelCpuSpeedReader: Failed to read cpu-freq: /sys/devices/system/cpu/cpu0/cpufreq/stats/time_in_state (No such file or directory)
06-10 00:50:38.880  2577  2723 E KernelCpuSpeedReader: Failed to read cpu-freq: /sys/devices/system/cpu/cpu4/cpufreq/stats/time_in_state (No such file or directory)
06-10 00:50:49.092  1413  4416 I chatty  : uid=1000(system) Binder:1413_F expire 31 lines
06-10 00:52:01.133  1413  6374 I chatty  : uid=1000(system) Binder:1413_13 expire 17 lines
06-10 00:52:02.423  1413  4697 I chatty  : uid=1000(system) Binder:1413_12 expire 31 lines
06-10 00:52:38.981  2577  2723 E KernelCpuSpeedReader: Failed to read cpu-freq: /sys/devices/system/cpu/cpu0/cpufreq/stats/time_in_state (No such file or directory)
06-10 00:52:38.982  2577  2723 E KernelCpuSpeedReader: Failed to read cpu-freq: /sys/devices/system/cpu/cpu4/cpufreq/stats/time_in_state (No such file or directory)
06-10 00:53:13.421  1413  4416 I chatty  : uid=1000(system) Binder:1413_F expire 17 lines
06-10 00:53:13.433  1413  1413 I chatty  : uid=1000 system_server expire 14 lines
06-10 00:54:39.067  2577  2723 E KernelCpuSpeedReader: Failed to read cpu-freq: /sys/devices/system/cpu/cpu0/cpufreq/stats/time_in_state (No such file or directory)
06-10 00:54:39.068  2577  2723 E KernelCpuSpeedReader: Failed to read cpu-freq: /sys/devices/system/cpu/cpu4/cpufreq/stats/time_in_state (No such file or directory)
06-10 00:54:53.735  1413  2467 I chatty  : uid=1000(system) watchdog expire 5 lines
06-10 00:55:43.254  1413  1936 I chatty  : uid=1000(system) ActivityManager expire 2 lines
06-10 00:56:39.160  2577  2723 E KernelCpuSpeedReader: Failed to read cpu-freq: /sys/devices/system/cpu/cpu0/cpufreq/stats/time_in_state (No such file or directory)
06-10 00:56:39.161  2577  2723 E KernelCpuSpeedReader: Failed to read cpu-freq: /sys/devices/system/cpu/cpu4/cpufreq/stats/time_in_state (No such file or directory)
06-10 00:56:50.837  1413  4416 I chatty  : uid=1000(system) Binder:1413_F expire 1 line
06-10 00:56:50.845  1413  1413 I chatty  : uid=1000 system_server expire 2 lines
06-10 00:56:50.959  1413  2602 I chatty  : uid=1000(system) Binder:1413_B expire 21 lines
06-10 00:56:55.830  1413  1936 I chatty  : uid=1000(system) ActivityManager expire 10 lines
06-10 00:57:22.063  1413  1413 I chatty  : uid=1000 system_server expire 16 lines
06-10 00:57:23.752  1413  2467 I chatty  : uid=1000(system) watchdog expire 11 lines
06-10 00:58:03.513  1413  4416 I chatty  : uid=1000(system) Binder:1413_F expire 11 lines
06-10 00:58:03.635  1413  4686 I chatty  : uid=1000(system) Binder:1413_10 expire 21 lines
06-10 00:58:39.245  2577  2723 E KernelCpuSpeedReader: Failed to read cpu-freq: /sys/devices/system/cpu/cpu0/cpufreq/stats/time_in_state (No such file or directory)
06-10 00:58:39.246  2577  2723 E KernelCpuSpeedReader: Failed to read cpu-freq: /sys/devices/system/cpu/cpu4/cpufreq/stats/time_in_state (No such file or directory)
06-10 00:59:16.284  1413  4697 I chatty  : uid=1000(system) Binder:1413_12 expire 2 lines
06-10 00:59:16.416  1413  4686 I chatty  : uid=1000(system) Binder:1413_10 expire 11 lines
06-10 01:00:24.420  1413  2158 I chatty  : uid=1000(system) AlarmManager expire 1 line
06-10 01:00:24.441  1413  2195 I chatty  : uid=1000(system) NetworkStats expire 7 lines
06-10 01:00:24.498  1413  2193 I chatty  : uid=1000(system) NetdConnector expire 10 lines
06-10 01:00:24.500  1413  2614 I chatty  : uid=1000(system) Binder:1413_C expire 20 lines
06-10 01:00:24.553  1413  6374 I chatty  : uid=1000(system) Binder:1413_13 expire 14 lines
06-10 01:00:24.621  2577  9297 E KernelCpuSpeedReader: Failed to read cpu-freq: /sys/devices/system/cpu/cpu0/cpufreq/stats/time_in_state (No such file or directory)
06-10 01:00:24.621  2577  9297 E KernelCpuSpeedReader: Failed to read cpu-freq: /sys/devices/system/cpu/cpu4/cpufreq/stats/time_in_state (No such file or directory)
06-10 01:00:25.569  1413  1928 I chatty  : uid=1000(system) android.bg expire 6 lines
06-10 01:00:25.609  1413  1413 I chatty  : uid=1000 system_server expire 12 lines
06-10 01:00:25.611  1413  2474 I chatty  : uid=1000(system) LocationThread expire 1 line
06-10 01:00:29.282  1413  4416 I chatty  : uid=1000(system) Binder:1413_F expire 15 lines
06-10 01:00:39.330  2577  2723 E KernelCpuSpeedReader: Failed to read cpu-freq: /sys/devices/system/cpu/cpu0/cpufreq/stats/time_in_state (No such file or directory)
06-10 01:00:39.331  2577  2723 E KernelCpuSpeedReader: Failed to read cpu-freq: /sys/devices/system/cpu/cpu4/cpufreq/stats/time_in_state (No such file or directory)
06-10 01:01:00.701  1413  1936 I chatty  : uid=1000(system) ActivityManager expire 8 lines
06-10 01:01:42.238  1413  2602 I chatty  : uid=1000(system) Binder:1413_B expire 21 lines
06-10 01:02:39.421  2577  2723 E KernelCpuSpeedReader: Failed to read cpu-freq: /sys/devices/system/cpu/cpu0/cpufreq/stats/time_in_state (No such file or directory)
06-10 01:02:39.422  2577  2723 E KernelCpuSpeedReader: Failed to read cpu-freq: /sys/devices/system/cpu/cpu4/cpufreq/stats/time_in_state (No such file or directory)
06-10 01:02:53.790  1413  2467 I chatty  : uid=1000(system) watchdog expire 2 lines
06-10 01:02:55.219  1413  2602 I chatty  : uid=1000(system) Binder:1413_B expire 1 line
06-10 01:02:55.229  1413  1413 I chatty  : uid=1000 system_server expire 2 lines
06-10 01:03:12.746  1413  1950 I chatty  : uid=1000(system) batterystats-wo expire 4 lines
06-10 01:03:40.962  1413  2267 I chatty  : uid=1000(system) StatisticsCHRMs expire 4 lines
06-10 01:03:53.798  1413  2467 I chatty  : uid=1000(system) watchdog expire 10 lines
06-10 01:04:08.392  1413  2614 I chatty  : uid=1000(system) Binder:1413_C expire 18 lines
06-10 01:04:08.404  1413  1413 I chatty  : uid=1000 system_server expire 12 lines
06-10 01:04:08.510  1413  4686 I chatty  : uid=1000(system) Binder:1413_10 expire 20 lines
06-10 01:04:13.376  1413  1936 I chatty  : uid=1000(system) ActivityManager expire 12 lines
06-10 01:04:21.874  1413  2602 I chatty  : uid=1000(system) Binder:1413_B expire 2 lines
06-10 01:04:39.520  2577  2723 E KernelCpuSpeedReader: Failed to read cpu-freq: /sys/devices/system/cpu/cpu0/cpufreq/stats/time_in_state (No such file or directory)
06-10 01:04:39.520  2577  2723 E KernelCpuSpeedReader: Failed to read cpu-freq: /sys/devices/system/cpu/cpu4/cpufreq/stats/time_in_state (No such file or directory)
06-10 01:05:21.787  1413  6374 I chatty  : uid=1000(system) Binder:1413_13 expire 21 lines
06-10 01:06:35.171  1413  4416 I chatty  : uid=1000(system) Binder:1413_F expire 30 lines
06-10 01:06:36.364  1413  7249 I chatty  : uid=1000(system) Binder:1413_15 expire 19 lines
06-10 01:06:39.590  2577  2723 E KernelCpuSpeedReader: Failed to read cpu-freq: /sys/devices/system/cpu/cpu0/cpufreq/stats/time_in_state (No such file or directory)
06-10 01:06:39.591  2577  2723 E KernelCpuSpeedReader: Failed to read cpu-freq: /sys/devices/system/cpu/cpu4/cpufreq/stats/time_in_state (No such file or directory)
06-10 01:07:49.797  1413  6374 I chatty  : uid=1000(system) Binder:1413_13 expire 10 lines
06-10 01:08:39.712  2577  2723 E KernelCpuSpeedReader: Failed to read cpu-freq: /sys/devices/system/cpu/cpu0/cpufreq/stats/time_in_state (No such file or directory)
06-10 01:08:39.713  2577  2723 E KernelCpuSpeedReader: Failed to read cpu-freq: /sys/devices/system/cpu/cpu4/cpufreq/stats/time_in_state (No such file or directory)
06-10 01:08:53.831  1413  2467 I chatty  : uid=1000(system) watchdog expire 7 lines
06-10 01:09:02.112  1413  4416 I chatty  : uid=1000(system) Binder:1413_F expire 1 line
06-10 01:09:02.121  1413  1413 I chatty  : uid=1000 system_server expire 8 lines
06-10 01:09:02.217  1413  4686 I chatty  : uid=1000(system) Binder:1413_10 expire 20 lines
06-10 01:10:39.804  2577  2723 E KernelCpuSpeedReader: Failed to read cpu-freq: /sys/devices/system/cpu/cpu0/cpufreq/stats/time_in_state (No such file or directory)
06-10 01:10:39.805  2577  2723 E KernelCpuSpeedReader: Failed to read cpu-freq: /sys/devices/system/cpu/cpu4/cpufreq/stats/time_in_state (No such file or directory)
06-10 01:11:29.561  1413  7249 I chatty  : uid=1000(system) Binder:1413_15 expire 1 line
06-10 01:11:29.697  1413  6374 I chatty  : uid=1000(system) Binder:1413_13 expire 10 lines
06-10 01:11:34.550  1413  1936 I chatty  : uid=1000(system) ActivityManager expire 10 lines
06-10 01:12:22.428  1413  1413 I chatty  : uid=1000 system_server expire 16 lines
06-10 01:12:23.857  1413  2467 I chatty  : uid=1000(system) watchdog expire 13 lines
06-10 01:12:39.895  2577  2723 E KernelCpuSpeedReader: Failed to read cpu-freq: /sys/devices/system/cpu/cpu0/cpufreq/stats/time_in_state (No such file or directory)
06-10 01:12:39.896  2577  2723 E KernelCpuSpeedReader: Failed to read cpu-freq: /sys/devices/system/cpu/cpu4/cpufreq/stats/time_in_state (No such file or directory)
06-10 01:12:43.479  1413  6374 I chatty  : uid=1000(system) Binder:1413_13 expire 5 lines
06-10 01:12:43.593  1413  2602 I chatty  : uid=1000(system) Binder:1413_B expire 16 lines
06-10 01:12:44.763  1413  2614 I chatty  : uid=1000(system) Binder:1413_C expire 20 lines
06-10 01:13:57.457  1413  4686 I chatty  : uid=1000(system) Binder:1413_10 expire 21 lines
06-10 01:13:58.751  1413  4416 I chatty  : uid=1000(system) Binder:1413_F expire 26 lines
06-10 01:14:40.005  2577  2723 E KernelCpuSpeedReader: Failed to read cpu-freq: /sys/devices/system/cpu/cpu0/cpufreq/stats/time_in_state (No such file or directory)
06-10 01:14:40.006  2577  2723 E KernelCpuSpeedReader: Failed to read cpu-freq: /sys/devices/system/cpu/cpu4/cpufreq/stats/time_in_state (No such file or directory)
06-10 01:16:22.020  1413  7249 I chatty  : uid=1000(system) Binder:1413_15 expire 21 lines
06-10 01:16:40.096  2577  2723 E KernelCpuSpeedReader: Failed to read cpu-freq: /sys/devices/system/cpu/cpu0/cpufreq/stats/time_in_state (No such file or directory)
06-10 01:16:40.097  2577  2723 E KernelCpuSpeedReader: Failed to read cpu-freq: /sys/devices/system/cpu/cpu4/cpufreq/stats/time_in_state (No such file or directory)
06-10 01:17:22.093  1413  7249 I chatty  : uid=1000(system) Binder:1413_15 expire 3 lines
06-10 01:17:22.109  1413  1413 I chatty  : uid=1000 system_server expire 14 lines
06-10 01:17:44.955  1413  1936 I chatty  : uid=1000(system) ActivityManager expire 6 lines
06-10 01:18:22.166  1413  2602 I chatty  : uid=1000(system) Binder:1413_B expire 22 lines
06-10 01:18:40.185  2577  2723 E KernelCpuSpeedReader: Failed to read cpu-freq: /sys/devices/system/cpu/cpu0/cpufreq/stats/time_in_state (No such file or directory)
06-10 01:18:40.186  2577  2723 E KernelCpuSpeedReader: Failed to read cpu-freq: /sys/devices/system/cpu/cpu4/cpufreq/stats/time_in_state (No such file or directory)
06-10 01:18:53.902  1413  2467 I chatty  : uid=1000(system) watchdog expire 5 lines
06-10 01:18:54.474  1413  4416 I chatty  : uid=1000(system) Binder:1413_F expire 21 lines
06-10 01:20:08.860  1413  4686 I chatty  : uid=1000(system) Binder:1413_10 expire 1 line
06-10 01:20:22.317  1413  2614 I chatty  : uid=1000(system) Binder:1413_C expire 1 line
06-10 01:20:40.284  2577  2723 E KernelCpuSpeedReader: Failed to read cpu-freq: /sys/devices/system/cpu/cpu0/cpufreq/stats/time_in_state (No such file or directory)
06-10 01:20:40.285  2577  2723 E KernelCpuSpeedReader: Failed to read cpu-freq: /sys/devices/system/cpu/cpu4/cpufreq/stats/time_in_state (No such file or directory)
06-10 01:21:22.411  1413  1413 I chatty  : uid=1000 system_server expire 14 lines
06-10 01:21:23.619  1413  2602 I chatty  : uid=1000(system) Binder:1413_B expire 21 lines
06-10 01:21:23.919  1413  2467 I chatty  : uid=1000(system) watchdog expire 11 lines
06-10 01:21:28.473  1413  1936 I chatty  : uid=1000(system) ActivityManager expire 10 lines
06-10 01:22:22.461  1413  2614 I chatty  : uid=1000(system) Binder:1413_C expire 7 lines
06-10 01:22:38.274  1413  6374 I chatty  : uid=1000(system) Binder:1413_13 expire 36 lines
06-10 01:22:40.372  2577  2723 E KernelCpuSpeedReader: Failed to read cpu-freq: /sys/devices/system/cpu/cpu0/cpufreq/stats/time_in_state (No such file or directory)
06-10 01:22:40.373  2577  2723 E KernelCpuSpeedReader: Failed to read cpu-freq: /sys/devices/system/cpu/cpu4/cpufreq/stats/time_in_state (No such file or directory)
06-10 01:23:52.936  1413  7249 I chatty  : uid=1000(system) Binder:1413_15 expire 11 lines
06-10 01:23:54.245  1413  4686 I chatty  : uid=1000(system) Binder:1413_10 expire 7 lines
06-10 01:24:40.463  2577  2723 E KernelCpuSpeedReader: Failed to read cpu-freq: /sys/devices/system/cpu/cpu0/cpufreq/stats/time_in_state (No such file or directory)
06-10 01:24:40.464  2577  2723 E KernelCpuSpeedReader: Failed to read cpu-freq: /sys/devices/system/cpu/cpu4/cpufreq/stats/time_in_state (No such file or directory)
06-10 01:25:07.878  1413  1413 I chatty  : uid=1000 system_server expire 14 lines
06-10 01:25:07.984  1413  2602 I chatty  : uid=1000(system) Binder:1413_B expire 32 lines
06-10 01:26:40.548  2577  2723 E KernelCpuSpeedReader: Failed to read cpu-freq: /sys/devices/system/cpu/cpu0/cpufreq/stats/time_in_state (No such file or directory)
06-10 01:26:40.550  2577  2723 E KernelCpuSpeedReader: Failed to read cpu-freq: /sys/devices/system/cpu/cpu4/cpufreq/stats/time_in_state (No such file or directory)
06-10 01:26:53.957  1413  2467 I chatty  : uid=1000(system) watchdog expire 7 lines
06-10 01:27:38.087  1413  4416 I chatty  : uid=1000(system) Binder:1413_F expire 24 lines
06-10 01:27:42.952  1413  1936 I chatty  : uid=1000(system) ActivityManager expire 6 lines
06-10 01:28:40.644  2577  2723 E KernelCpuSpeedReader: Failed to read cpu-freq: /sys/devices/system/cpu/cpu0/cpufreq/stats/time_in_state (No such file or directory)
06-10 01:28:40.644  2577  2723 E KernelCpuSpeedReader: Failed to read cpu-freq: /sys/devices/system/cpu/cpu4/cpufreq/stats/time_in_state (No such file or directory)
06-10 01:28:53.129  1413  4416 I chatty  : uid=1000(system) Binder:1413_F expire 6 lines
06-10 01:28:53.138  1413  1413 I chatty  : uid=1000 system_server expire 4 lines
06-10 01:28:53.273  1413  6374 I chatty  : uid=1000(system) Binder:1413_13 expire 17 lines
06-10 01:30:08.386  1413  2195 I chatty  : uid=1000(system) NetworkStats expire 7 lines
06-10 01:30:08.416  1413  1413 I chatty  : uid=1000 system_server expire 12 lines
06-10 01:30:08.441  1413  2193 I chatty  : uid=1000(system) NetdConnector expire 46 lines
06-10 01:30:08.463  1413  4697 I chatty  : uid=1000(system) Binder:1413_12 expire 34 lines
06-10 01:30:08.494  1413  4416 I chatty  : uid=1000(system) Binder:1413_F expire 19 lines
06-10 01:30:08.538  1413  4686 I chatty  : uid=1000(system) Binder:1413_10 expire 15 lines
06-10 01:30:08.547  1413  7249 I chatty  : uid=1000(system) Binder:1413_15 expire 15 lines
06-10 01:30:08.614  2577  9297 E KernelCpuSpeedReader: Failed to read cpu-freq: /sys/devices/system/cpu/cpu0/cpufreq/stats/time_in_state (No such file or directory)
06-10 01:30:08.614  2577  9297 E KernelCpuSpeedReader: Failed to read cpu-freq: /sys/devices/system/cpu/cpu4/cpufreq/stats/time_in_state (No such file or directory)
06-10 01:30:08.940  1413  2614 I chatty  : uid=1000(system) Binder:1413_C expire 10 lines
06-10 01:30:09.716  1413  2575 I chatty  : uid=1000(system) Binder:1413_9 expire 15 lines
06-10 01:30:13.391  1413  1936 I chatty  : uid=1000(system) ActivityManager expire 8 lines
06-10 01:30:23.981  1413  2467 I chatty  : uid=1000(system) watchdog expire 8 lines
06-10 01:30:40.740  2577  2723 E KernelCpuSpeedReader: Failed to read cpu-freq: /sys/devices/system/cpu/cpu0/cpufreq/stats/time_in_state (No such file or directory)
06-10 01:30:40.741  2577  2723 E KernelCpuSpeedReader: Failed to read cpu-freq: /sys/devices/system/cpu/cpu4/cpufreq/stats/time_in_state (No such file or directory)
06-10 01:31:22.343  1413  4416 I chatty  : uid=1000(system) Binder:1413_F expire 3 lines
06-10 01:31:23.884  1413  2575 I chatty  : uid=1000(system) Binder:1413_9 expire 11 lines
06-10 01:32:40.809  2577  2723 E KernelCpuSpeedReader: Failed to read cpu-freq: /sys/devices/system/cpu/cpu0/cpufreq/stats/time_in_state (No such file or directory)
06-10 01:32:40.810  2577  2723 E KernelCpuSpeedReader: Failed to read cpu-freq: /sys/devices/system/cpu/cpu4/cpufreq/stats/time_in_state (No such file or directory)
06-10 01:33:12.748  1413  1950 I chatty  : uid=1000(system) batterystats-wo expire 4 lines
06-10 01:33:22.491  1413  4697 I chatty  : uid=1000(system) Binder:1413_12 expire 16 lines
06-10 01:33:22.507  1413  1413 I chatty  : uid=1000 system_server expire 4 lines
06-10 01:33:41.050  1413  2267 I chatty  : uid=1000(system) StatisticsCHRMs expire 4 lines
06-10 01:33:54.821  1413  2575 I chatty  : uid=1000(system) Binder:1413_9 expire 17 lines
06-10 01:33:56.103  1413  4416 I chatty  : uid=1000(system) Binder:1413_F expire 4 lines
06-10 01:33:59.812  1413  1936 I chatty  : uid=1000(system) ActivityManager expire 12 lines
06-10 01:34:21.895  1413  1413 I chatty  : uid=1000 system_server expire 12 lines
06-10 01:34:24.006  1413  2467 I chatty  : uid=1000(system) watchdog expire 13 lines
06-10 01:34:40.909  2577  2723 E KernelCpuSpeedReader: Failed to read cpu-freq: /sys/devices/system/cpu/cpu0/cpufreq/stats/time_in_state (No such file or directory)
06-10 01:34:40.910  2577  2723 E KernelCpuSpeedReader: Failed to read cpu-freq: /sys/devices/system/cpu/cpu4/cpufreq/stats/time_in_state (No such file or directory)
06-10 01:35:10.470  1413  7249 I chatty  : uid=1000(system) Binder:1413_15 expire 17 lines
06-10 01:35:10.582  1413  4697 I chatty  : uid=1000(system) Binder:1413_12 expire 20 lines
06-10 01:35:11.737  1413  2614 I chatty  : uid=1000(system) Binder:1413_C expire 17 lines
06-10 01:36:26.371  1413  6374 I chatty  : uid=1000(system) Binder:1413_13 expire 7 lines
06-10 01:36:40.984  2577  2723 E KernelCpuSpeedReader: Failed to read cpu-freq: /sys/devices/system/cpu/cpu0/cpufreq/stats/time_in_state (No such file or directory)
06-10 01:36:40.985  2577  2723 E KernelCpuSpeedReader: Failed to read cpu-freq: /sys/devices/system/cpu/cpu4/cpufreq/stats/time_in_state (No such file or directory)
06-10 01:37:42.109  1413  2614 I chatty  : uid=1000(system) Binder:1413_C expire 17 lines
06-10 01:37:42.228  1413  1447 I chatty  : uid=1000(system) Binder:1413_2 expire 20 lines
06-10 01:37:43.037  1413  1928 I chatty  : uid=1000(system) android.bg expire 1 line
06-10 01:38:41.093  2577  2723 E KernelCpuSpeedReader: Failed to read cpu-freq: /sys/devices/system/cpu/cpu0/cpufreq/stats/time_in_state (No such file or directory)
06-10 01:38:41.094  2577  2723 E KernelCpuSpeedReader: Failed to read cpu-freq: /sys/devices/system/cpu/cpu4/cpufreq/stats/time_in_state (No such file or directory)
06-10 01:38:58.108  1413  1413 I chatty  : uid=1000 system_server expire 10 lines
06-10 01:38:59.373  1413  1447 I chatty  : uid=1000(system) Binder:1413_2 expire 16 lines
06-10 01:40:41.185  2577  2723 E KernelCpuSpeedReader: Failed to read cpu-freq: /sys/devices/system/cpu/cpu0/cpufreq/stats/time_in_state (No such file or directory)
06-10 01:40:41.186  2577  2723 E KernelCpuSpeedReader: Failed to read cpu-freq: /sys/devices/system/cpu/cpu4/cpufreq/stats/time_in_state (No such file or directory)
06-10 01:40:54.050  1413  2467 I chatty  : uid=1000(system) watchdog expire 7 lines
06-10 01:41:30.348  1413  2614 I chatty  : uid=1000(system) Binder:1413_C expire 22 lines
06-10 01:41:35.332  1413  1936 I chatty  : uid=1000(system) ActivityManager expire 4 lines
06-10 01:42:41.281  2577  2723 E KernelCpuSpeedReader: Failed to read cpu-freq: /sys/devices/system/cpu/cpu0/cpufreq/stats/time_in_state (No such file or directory)
06-10 01:42:41.282  2577  2723 E KernelCpuSpeedReader: Failed to read cpu-freq: /sys/devices/system/cpu/cpu4/cpufreq/stats/time_in_state (No such file or directory)
06-10 01:42:46.616  1413  1447 I chatty  : uid=1000(system) Binder:1413_2 expire 1 line
06-10 01:42:46.625  1413  1413 I chatty  : uid=1000 system_server expire 4 lines
06-10 01:42:46.729  1413  4697 I chatty  : uid=1000(system) Binder:1413_12 expire 5 lines
06-10 01:44:03.125  1413  7249 I chatty  : uid=1000(system) Binder:1413_15 expire 15 lines
06-10 01:44:07.975  1413  1936 I chatty  : uid=1000(system) ActivityManager expire 10 lines
06-10 01:44:21.875  1413  2614 I chatty  : uid=1000(system) Binder:1413_C expire 12 lines
06-10 01:44:21.889  1413  1413 I chatty  : uid=1000 system_server expire 10 lines
06-10 01:44:24.075  1413  2467 I chatty  : uid=1000(system) watchdog expire 9 lines
06-10 01:44:41.381  2577  2723 E KernelCpuSpeedReader: Failed to read cpu-freq: /sys/devices/system/cpu/cpu0/cpufreq/stats/time_in_state (No such file or directory)
06-10 01:44:41.382  2577  2723 E KernelCpuSpeedReader: Failed to read cpu-freq: /sys/devices/system/cpu/cpu4/cpufreq/stats/time_in_state (No such file or directory)
06-10 01:45:19.463  1413  7249 I chatty  : uid=1000(system) Binder:1413_15 expire 22 lines
06-10 01:45:19.575  1413  1447 I chatty  : uid=1000(system) Binder:1413_2 expire 22 lines
06-10 01:46:36.156  1413  6374 I chatty  : uid=1000(system) Binder:1413_13 expire 31 lines
06-10 01:46:41.452  2577  2723 E KernelCpuSpeedReader: Failed to read cpu-freq: /sys/devices/system/cpu/cpu0/cpufreq/stats/time_in_state (No such file or directory)
06-10 01:46:41.453  2577  2723 E KernelCpuSpeedReader: Failed to read cpu-freq: /sys/devices/system/cpu/cpu4/cpufreq/stats/time_in_state (No such file or directory)
06-10 01:48:17.438  3608  3608 D ActivityThread: Attach thread to application
06-10 01:48:17.456  1413  1413 I chatty  : uid=1000 system_server expire 10 lines
06-10 01:48:17.619  1413  1447 I chatty  : uid=1000(system) Binder:1413_2 expire 1 line
06-10 01:48:17.651  1413  1932 I chatty  : uid=1000(system) HwActivityManag expire 6 lines
06-10 01:48:17.677  1413  2614 I chatty  : uid=1000(system) Binder:1413_C expire 20 lines
06-10 01:48:17.677  2508  3120 I HwNetworkPolicyManager: getHwUidPolicy uid = 10296 policy = 0
06-10 01:48:17.696  1413  7249 I chatty  : uid=1000(system) Binder:1413_15 expire 7 lines
06-10 01:48:17.743  3608  3608 V ActivityThread: Skipping new config:{1.0 ?mcc?mnc [zh_CN_#Hans] ldltr sw360dp w360dp h692dp 320dpi nrml long port finger -keyb/v/h -nav/h appBounds=Rect(0, 0 - 720, 1440) nonFullScreen=0 suim:1 s.75}, config:{1.0 ?mcc?mnc [zh_CN_#Hans] ldltr sw360dp w360dp h692dp 320dpi nrml long port finger -keyb/v/h -nav/h appBounds=Rect(0, 0 - 720, 1440) nonFullScreen=0 suim:1 s.75} for app:abc.def.ghi
06-10 01:48:17.767  1413  2575 I chatty  : uid=1000(system) Binder:1413_9 expire 10 lines
06-10 01:48:17.773  3608  3608 V ActivityThread: callActivityOnCreate
06-10 01:48:17.844  3608  3608 D ActivityThread: add activity client record, r= ActivityRecord{2770d2d token=android.os.BinderProxy@c47dfe {abc.def.ghi/abc.def.ghi.MainService_Activity}} token= android.os.BinderProxy@c47dfe
06-10 01:48:17.862 18094 18094 V ActivityThread: Skipping new config:{1.0 ?mcc?mnc [zh_CN_#Hans] ldltr sw360dp w360dp h692dp 320dpi nrml long port finger -keyb/v/h -nav/h appBounds=Rect(0, 0 - 720, 1440) nonFullScreen=0 suim:1 s.75}, config:{1.0 ?mcc?mnc [zh_CN_#Hans] ldltr sw360dp w360dp h692dp 320dpi nrml long port finger -keyb/v/h -nav/h appBounds=Rect(0, 0 - 720, 1440) nonFullScreen=0 suim:1 s.75} for app:com.android.packageinstaller
06-10 01:48:17.876 18094 18094 V ActivityThread: callActivityOnCreate
06-10 01:48:17.885  2508  3120 I HwNetworkPolicyManager: getHwUidPolicy uid = 10037 policy = 0
06-10 01:48:17.953  1413 15496 I chatty  : uid=1000(system) Binder:1413_1D expire 9 lines
06-10 01:48:17.959 18094 18094 D ActivityThread: add activity client record, r= ActivityRecord{13af7c1 token=android.os.BinderProxy@4968c41 {com.android.packageinstaller/com.android.packageinstaller.permission.ui.GrantPermissionsActivity}} token= android.os.BinderProxy@4968c41
06-10 01:48:17.979 18094 18094 D ActivityThread: Remove activity client record, r= ActivityRecord{13af7c1 token=android.os.BinderProxy@4968c41 {com.android.packageinstaller/com.android.packageinstaller.permission.ui.GrantPermissionsActivity}} token= android.os.BinderProxy@4968c41
06-10 01:48:17.983  1413  6374 I chatty  : uid=1000(system) Binder:1413_13 expire 11 lines
06-10 01:48:17.983  2508  3120 I HwNetworkPolicyManager: getHwUidPolicy uid = 10059 policy = 0
06-10 01:48:18.124  1413  4686 I chatty  : uid=1000(system) Binder:1413_10 expire 17 lines
06-10 01:48:18.134  3608  3608 D ActivityThread: Remove activity client record, r= ActivityRecord{2770d2d token=android.os.BinderProxy@c47dfe {abc.def.ghi/abc.def.ghi.MainService_Activity}} token= android.os.BinderProxy@c47dfe
06-10 01:48:22.469  1413  1936 I chatty  : uid=1000(system) ActivityManager expire 8 lines
06-10 01:48:22.722  1413  4416 I chatty  : uid=1000(system) Binder:1413_F expire 1 line
06-10 01:48:30.198  1413  4697 I chatty  : uid=1000(system) Binder:1413_12 expire 3 lines
06-10 01:48:41.531  2577  2723 E KernelCpuSpeedReader: Failed to read cpu-freq: /sys/devices/system/cpu/cpu0/cpufreq/stats/time_in_state (No such file or directory)
06-10 01:48:41.531  2577  2723 E KernelCpuSpeedReader: Failed to read cpu-freq: /sys/devices/system/cpu/cpu4/cpufreq/stats/time_in_state (No such file or directory)
06-10 01:48:50.750  3608  3702 E AndroidRuntime: FATAL EXCEPTION: Thread-6
06-10 01:48:50.750  3608  3702 E AndroidRuntime: Process: abc.def.ghi:mainService, PID: 3608
06-10 01:48:50.750  3608  3702 E AndroidRuntime: java.lang.StackOverflowError: stack size 1037KB
06-10 01:48:50.750  3608  3702 E AndroidRuntime: 	at java.net.URI$Parser.parseServer(URI.java:3226)
06-10 01:48:50.750  3608  3702 E AndroidRuntime: 	at java.net.URI$Parser.parseAuthority(URI.java:3182)
06-10 01:48:50.750  3608  3702 E AndroidRuntime: 	at java.net.URI$Parser.parseHierarchical(URI.java:3124)
06-10 01:48:50.750  3608  3702 E AndroidRuntime: 	at java.net.URI$Parser.parse(URI.java:3080)
06-10 01:48:50.750  3608  3702 E AndroidRuntime: 	at java.net.URI.<init>(URI.java:583)
06-10 01:48:50.750  3608  3702 E AndroidRuntime: 	at java.net.URI.create(URI.java:845)
06-10 01:48:50.750  3608  3702 E AndroidRuntime: 	at abc.def.ghi.MainService_Login.LoadData(MainService_Login.java:87)
06-10 01:48:50.750  3608  3702 E AndroidRuntime: 	at abc.def.ghi.MainService_Login.LoadData(MainService_Login.java:106)
06-10 01:48:50.750  3608  3702 E AndroidRuntime: 	at abc.def.ghi.MainService_Login.LoadData(MainService_Login.java:106)
06-10 01:48:50.750  3608  3702 E AndroidRuntime: 	at abc.def.ghi.MainService_Login.LoadData(MainService_Login.java:106)
06-10 01:48:50.750  3608  3702 E AndroidRuntime: 	at abc.def.ghi.MainService_Login.LoadData(MainService_Login.java:106)
06-10 01:48:50.750  3608  3702 E AndroidRuntime: 	at abc.def.ghi.MainService_Login.LoadData(MainService_Login.java:106)
06-10 01:48:50.750  3608  3702 E AndroidRuntime: 	at abc.def.ghi.MainService_Login.LoadData(MainService_Login.java:106)
06-10 01:48:50.750  3608  3702 E AndroidRuntime: 	at abc.def.ghi.MainService_Login.LoadData(MainService_Login.java:106)
06-10 01:48:50.750  3608  3702 E AndroidRuntime: 	at abc.def.ghi.MainService_Login.LoadData(MainService_Login.java:106)
06-10 01:48:50.750  3608  3702 E AndroidRuntime: 	at abc.def.ghi.MainService_Login.LoadData(MainService_Login.java:106)
06-10 01:48:50.750  3608  3702 E AndroidRuntime: 	at abc.def.ghi.MainService_Login.LoadData(MainService_Login.java:106)
06-10 01:48:50.750  3608  3702 E AndroidRuntime: 	at abc.def.ghi.MainService_Login.LoadData(MainService_Login.java:106)
06-10 01:48:50.750  3608  3702 E AndroidRuntime: 	at abc.def.ghi.MainService_Login.LoadData(MainService_Login.java:106)
06-10 01:48:50.750  3608  3702 E AndroidRuntime: 	at abc.def.ghi.MainService_Login.LoadData(MainService_Login.java:106)
06-10 01:48:50.750  3608  3702 E AndroidRuntime: 	at abc.def.ghi.MainService_Login.LoadData(MainService_Login.java:106)
06-10 01:48:50.750  3608  3702 E AndroidRuntime: 	at abc.def.ghi.MainService_Login.LoadData(MainService_Login.java:106)
06-10 01:48:50.750  3608  3702 E AndroidRuntime: 	at abc.def.ghi.MainService_Login.LoadData(MainService_Login.java:106)
06-10 01:48:50.750  3608  3702 E AndroidRuntime: 	at abc.def.ghi.MainService_Login.LoadData(MainService_Login.java:106)
06-10 01:48:50.750  3608  3702 E AndroidRuntime: 	at abc.def.ghi.MainService_Login.LoadData(MainService_Login.java:106)
06-10 01:48:50.750  3608  3702 E AndroidRuntime: 	at abc.def.ghi.MainService_Login.LoadData(MainService_Login.java:106)
06-10 01:48:50.750  3608  3702 E AndroidRuntime: 	at abc.def.ghi.MainService_Login.LoadData(MainService_Login.java:106)
06-10 01:48:50.750  3608  3702 E AndroidRuntime: 	at abc.def.ghi.MainService_Login.LoadData(MainService_Login.java:106)
06-10 01:48:50.750  3608  3702 E AndroidRuntime: 	at abc.def.ghi.MainService_Login.LoadData(MainService_Login.java:106)
06-10 01:48:50.750  3608  3702 E AndroidRuntime: 	at abc.def.ghi.MainService_Login.LoadData(MainService_Login.java:106)
06-10 01:48:50.750  3608  3702 E AndroidRuntime: 	at abc.def.ghi.MainService_Login.LoadData(MainService_Login.java:106)
06-10 01:48:50.750  3608  3702 E AndroidRuntime: 	at abc.def.ghi.MainService_Login.LoadData(MainService_Login.java:106)
06-10 01:48:50.750  3608  3702 E AndroidRuntime: 	at abc.def.ghi.MainService_Login.LoadData(MainService_Login.java:106)
06-10 01:48:50.750  3608  3702 E AndroidRuntime: 	at abc.def.ghi.MainService_Login.LoadData(MainService_Login.java:106)
06-10 01:48:50.750  3608  3702 E AndroidRuntime: 	at abc.def.ghi.MainService_Login.LoadData(MainService_Login.java:106)
06-10 01:48:50.750  3608  3702 E AndroidRuntime: 	at abc.def.ghi.MainService_Login.LoadData(MainService_Login.java:106)
06-10 01:48:50.750  3608  3702 E AndroidRuntime: 	at abc.def.ghi.MainService_Login.LoadData(MainService_Login.java:106)
06-10 01:48:50.750  3608  3702 E AndroidRuntime: 	at abc.def.ghi.MainService_Login.LoadData(MainService_Login.java:106)
06-10 01:48:50.750  3608  3702 E AndroidRuntime: 	at abc.def.ghi.MainService_Login.LoadData(MainService_Login.java:106)
06-10 01:48:50.750  3608  3702 E AndroidRuntime: 	at abc.def.ghi.MainService_Login.LoadData(MainService_Login.java:106)
06-10 01:48:50.750  3608  3702 E AndroidRuntime: 	at abc.def.ghi.MainService_Login.LoadData(MainService_Login.java:106)
06-10 01:48:50.750  3608  3702 E AndroidRuntime: 	at abc.def.ghi.MainService_Login.LoadData(MainService_Login.java:106)
06-10 01:48:50.750  3608  3702 E AndroidRuntime: 	at abc.def.ghi.MainService_Login.LoadData(MainService_Login.java:106)
06-10 01:48:50.750  3608  3702 E AndroidRuntime: 	at abc.def.ghi.MainService_Login.LoadData(MainService_Login.java:106)
06-10 01:48:50.750  3608  3702 E AndroidRuntime: 	at abc.def.ghi.MainService_Login.LoadData(MainService_Login.java:106)
06-10 01:48:50.750  3608  3702 E AndroidRuntime: 	at abc.def.ghi.MainService_Login.LoadData(MainService_Login.java:106)
06-10 01:48:50.750  3608  3702 E AndroidRuntime: 	at abc.def.ghi.MainService_Login.LoadData(MainService_Login.java:106)
06-10 01:48:50.750  3608  3702 E AndroidRuntime: 	at abc.def.ghi.MainService_Login.LoadData(MainService_Login.java:106)
06-10 01:48:50.750  3608  3702 E AndroidRuntime: 	at abc.def.ghi.MainService_Login.LoadData(MainService_Login.java:106)
06-10 01:48:50.750  3608  3702 E AndroidRuntime: 	at abc.def.ghi.MainService_Login.LoadData(MainService_Login.java:106)
06-10 01:48:50.750  3608  3702 E AndroidRuntime: 	at abc.def.ghi.MainService_Login.LoadData(MainService_Login.java:106)
06-10 01:48:50.750  3608  3702 E AndroidRuntime: 	at abc.def.ghi.MainService_Login.LoadData(MainService_Login.java:106)
06-10 01:48:50.750  3608  3702 E AndroidRuntime: 	at abc.def.ghi.MainService_Login.LoadData(MainService_Login.java:106)
06-10 01:48:50.750  3608  3702 E AndroidRuntime: 	at abc.def.ghi.MainService_Login.LoadData(MainService_Login.java:106)
06-10 01:48:50.750  3608  3702 E AndroidRuntime: 	at abc.def.ghi.MainService_Login.LoadData(MainService_Login.java:106)
06-10 01:48:50.750  3608  3702 E AndroidRuntime: 	at abc.def.ghi.MainService_Login.LoadData(MainService_Login.java:106)
06-10 01:48:50.754  3608  3702 E AndroidRuntime: 	at abc.def.ghi.MainService_Login.LoadData(MainService_Login.java:106)
06-10 01:48:50.754  3608  3702 E AndroidRuntime: 	at abc.def.ghi.MainService_Login.LoadData(MainService_Login.java:106)
06-10 01:48:50.754  3608  3702 E AndroidRuntime: 	at abc.def.ghi.MainService_Login.LoadData(MainService_Login.java:106)
06-10 01:48:50.754  3608  3702 E AndroidRuntime: 	at abc.def.ghi.MainService_Login.LoadData(MainService_Login.java:106)
06-10 01:48:50.754  3608  3702 E AndroidRuntime: 	at abc.def.ghi.MainService_Login.LoadData(MainService_Login.java:106)
06-10 01:48:50.754  3608  3702 E AndroidRuntime: 	at abc.def.ghi.MainService_Login.LoadData(MainService_Login.java:106)
06-10 01:48:50.754  3608  3702 E AndroidRuntime: 	at abc.def.ghi.MainService_Login.LoadData(MainService_Login.java:106)
06-10 01:48:50.754  3608  3702 E AndroidRuntime: 	at abc.def.ghi.MainService_Login.LoadData(MainService_Login.java:106)
06-10 01:48:50.754  3608  3702 E AndroidRuntime: 	at abc.def.ghi.MainService_Login.LoadData(MainService_Login.java:106)
06-10 01:48:50.754  3608  3702 E AndroidRuntime: 	at abc.def.ghi.MainService_Login.LoadData(MainService_Login.java:106)
06-10 01:48:50.754  3608  3702 E AndroidRuntime: 	at abc.def.ghi.MainService_Login.LoadData(MainService_Login.java:106)
06-10 01:48:50.754  3608  3702 E AndroidRuntime: 	at abc.def.ghi.MainService_Login.LoadData(MainService_Login.java:106)
06-10 01:48:50.754  3608  3702 E AndroidRuntime: 	at abc.def.ghi.MainService_Login.LoadData(MainService_Login.java:106)
06-10 01:48:50.754  3608  3702 E AndroidRuntime: 	at abc.def.ghi.MainService_Login.LoadData(MainService_Login.java:106)
06-10 01:48:50.754  3608  3702 E AndroidRuntime: 	at abc.def.ghi.MainService_Login.LoadData(MainService_Login.java:106)
06-10 01:48:50.754  3608  3702 E AndroidRuntime: 	at abc.def.ghi.MainService_Login.LoadData(MainService_Login.java:106)
06-10 01:48:50.754  3608  3702 E AndroidRuntime: 	at abc.def.ghi.MainService_Login.LoadData(MainService_Login.java:106)
06-10 01:48:50.754  3608  3702 E AndroidRuntime: 	at abc.def.ghi.MainService_Login.LoadData(MainService_Login.java:106)
06-10 01:48:50.754  3608  3702 E AndroidRuntime: 	at abc.def.ghi.MainService_Login.LoadData(MainService_Login.java:106)
06-10 01:48:50.754  3608  3702 E AndroidRuntime: 	at abc.def.ghi.MainService_Login.LoadData(MainService_Login.java:106)
06-10 01:48:50.754  3608  3702 E AndroidRuntime: 	at abc.def.ghi.MainService_Login.LoadData(MainService_Login.java:106)
06-10 01:48:50.754  3608  3702 E AndroidRuntime: 	at abc.def.ghi.MainService_Login.LoadData(MainService_Login.java:106)
06-10 01:48:50.754  3608  3702 E AndroidRuntime: 	at abc.def.ghi.MainService_Login.LoadData(MainService_Login.java:106)
06-10 01:48:50.754  3608  3702 E AndroidRuntime: 	at abc.def.ghi.MainService_Login.LoadData(MainService_Login.java:106)
06-10 01:48:50.754  3608  3702 E AndroidRuntime: 	at abc.def.ghi.MainService_Login.LoadData(MainService_Login.java:106)
06-10 01:48:50.754  3608  3702 E AndroidRuntime: 	at abc.def.ghi.MainService_Login.LoadData(MainService_Login.java:106)
06-10 01:48:50.754  3608  3702 E AndroidRuntime: 	at abc.def.ghi.MainService_Login.LoadData(MainService_Login.java:106)
06-10 01:48:50.754  3608  3702 E AndroidRuntime: 	at abc.def.ghi.MainService_Login.LoadData(MainService_Login.java:106)
06-10 01:48:50.754  3608  3702 E AndroidRuntime: 	at abc.def.ghi.MainService_Login.LoadData(MainService_Login.java:106)
06-10 01:48:50.754  3608  3702 E AndroidRuntime: 	at abc.def.ghi.MainService_Login.LoadData(MainService_Login.java:106)
06-10 01:48:50.754  3608  3702 E AndroidRuntime: 	at abc.def.ghi.MainService_Login.LoadData(MainService_Login.java:106)
06-10 01:48:50.754  3608  3702 E AndroidRuntime: 	at abc.def.ghi.MainService_Login.LoadData(MainService_Login.java:106)
06-10 01:48:50.754  3608  3702 E AndroidRuntime: 	at abc.def.ghi.MainService_Login.LoadData(MainService_Login.java:106)
06-10 01:48:50.754  3608  3702 E AndroidRuntime: 	at abc.def.ghi.MainService_Login.LoadData(MainService_Login.java:106)
06-10 01:48:50.754  3608  3702 E AndroidRuntime: 	at abc.def.ghi.MainService_Login.LoadData(MainService_Login.java:106)
06-10 01:48:50.754  3608  3702 E AndroidRuntime: 	at abc.def.ghi.MainService_Login.LoadData(MainService_Login.java:106)
06-10 01:48:50.754  3608  3702 E AndroidRuntime: 	at abc.def.ghi.MainService_Login.LoadData(MainService_Login.java:106)
06-10 01:48:50.754  3608  3702 E AndroidRuntime: 	at abc.def.ghi.MainService_Login.LoadData(MainService_Login.java:106)
06-10 01:48:50.754  3608  3702 E AndroidRuntime: 	at abc.def.ghi.MainService_Login.LoadData(MainService_Login.java:106)
06-10 01:48:50.754  3608  3702 E AndroidRuntime: 	at abc.def.ghi.MainService_Login.LoadData(MainService_Login.java:106)
06-10 01:48:50.754  3608  3702 E AndroidRuntime: 	at abc.def.ghi.MainService_Login.LoadData(MainService_Login.java:106)
06-10 01:48:50.754  3608  3702 E AndroidRuntime: 	at abc.def.ghi.MainService_Login.LoadData(MainService_Login.java:106)
06-10 01:48:50.754  3608  3702 E AndroidRuntime: 	at abc.def.ghi.MainService_Login.LoadData(MainService_Login.java:106)
06-10 01:48:50.754  3608  3702 E AndroidRuntime: 	at abc.def.ghi.MainService_Login.LoadData(MainService_Login.java:106)
06-10 01:48:50.754  3608  3702 E AndroidRuntime: 	at abc.def.ghi.MainService_Login.LoadData(MainService_Login.java:106)
06-10 01:48:50.754  3608  3702 E AndroidRuntime: 	at abc.def.ghi.MainService_Login.LoadData(MainService_Login.java:106)
06-10 01:48:50.754  3608  3702 E AndroidRuntime: 	at abc.def.ghi.MainService_Login.LoadData(MainService_Login.java:106)
06-10 01:48:50.754  3608  3702 E AndroidRuntime: 	at abc.def.ghi.MainService_Login.LoadData(MainService_Login.java:106)
06-10 01:48:50.754  3608  3702 E AndroidRuntime: 	at abc.def.ghi.MainService_Login.LoadData(MainService_Login.java:106)
06-10 01:48:50.754  3608  3702 E AndroidRuntime: 	at abc.def.ghi.MainService_Login.LoadData(MainService_Login.java:106)
06-10 01:48:50.754  3608  3702 E AndroidRuntime: 	at abc.def.ghi.MainService_Login.LoadData(MainService_Login.java:106)
06-10 01:48:50.754  3608  3702 E AndroidRuntime: 	at abc.def.ghi.MainService_Login.LoadData(MainService_Login.java:106)
06-10 01:48:50.754  3608  3702 E AndroidRuntime: 	at abc.def.ghi.MainService_Login.LoadData(MainService_Login.java:106)
06-10 01:48:50.754  3608  3702 E AndroidRuntime: 	at abc.def.ghi.MainService_Login.LoadData(MainService_Login.java:106)
06-10 01:48:50.754  3608  3702 E AndroidRuntime: 	at abc.def.ghi.MainService_Login.LoadData(MainService_Login.java:106)
06-10 01:48:50.754  3608  3702 E AndroidRuntime: 	at abc.def.ghi.MainService_Login.LoadData(MainService_Login.java:106)
06-10 01:48:50.885  3608  3702 I chatty  : uid=10296 abc.def.ghi:mainService identical 99 lines
06-10 01:48:50.885  3608  3702 E AndroidRuntime: 	at abc.def.ghi.MainService_Login.LoadData(MainService_Login.java:106)
06-10 01:48:50.885  3608  3702 E AndroidRuntime: 	at abc.def.ghi.MainService_Login.LoadData(MainService_Login.java:106)
06-10 01:48:50.885  3608  3702 E AndroidRuntime: 	at abc.def.ghi.MainService_Login.LoadData(MainService_Login.java:106)
06-10 01:48:50.885  3608  3702 E AndroidRuntime: 	at abc.def.ghi.MainService_Login.LoadData(MainService_Login.java:106)
06-10 01:48:50.885  3608  3702 E AndroidRuntime: 	at abc.def.ghi.MainService_Login.LoadData(MainService_Login.java:106)
06-10 01:48:50.885  3608  3702 E AndroidRuntime: 	at abc.def.ghi.MainService_Login.LoadData(MainService_Login.java:106)
06-10 01:48:50.885  3608  3702 E AndroidRuntime: 	at abc.def.ghi.MainService_Login.LoadData(MainService_Login.java:106)
06-10 01:48:50.885  3608  3702 E AndroidRuntime: 	at abc.def.ghi.MainService_Login.LoadData(MainService_Login.java:106)
06-10 01:48:50.885  3608  3702 E AndroidRuntime: 	at abc.def.ghi.MainService_Login.LoadData(MainService_Login.java:106)
06-10 01:48:50.885  3608  3702 E AndroidRuntime: 	at abc.def.ghi.MainService_Login.LoadData(MainService_Login.java:106)
06-10 01:48:50.885  3608  3702 E AndroidRuntime: 	at abc.def.ghi.MainService_Login.LoadData(MainService_Login.java:106)
06-10 01:48:50.885  3608  3702 E AndroidRuntime: 	at abc.def.ghi.MainService_Login.LoadData(MainService_Login.java:106)
06-10 01:48:50.885  3608  3702 E AndroidRuntime: 	at abc.def.ghi.MainService_Login.LoadData(MainService_Login.java:106)
06-10 01:48:50.885  3608  3702 E AndroidRuntime: 	at abc.def.ghi.MainService_Login.LoadData(MainService_Login.java:106)
06-10 01:48:50.885  3608  3702 E AndroidRuntime: 	at abc.def.ghi.MainService_Login.LoadData(MainService_Login.java:106)
06-10 01:48:50.885  3608  3702 E AndroidRuntime: 	at abc.def.ghi.MainService_Login.LoadData(MainService_Login.java:106)
06-10 01:48:50.885  3608  3702 E AndroidRuntime: 	at abc.def.ghi.MainService_Login.LoadData(MainService_Login.java:106)
06-10 01:48:50.885  3608  3702 E AndroidRuntime: 	at abc.def.ghi.MainService_Login.LoadData(MainService_Login.java:106)
06-10 01:48:50.885  3608  3702 E AndroidRuntime: 	at abc.def.ghi.MainService_Login.LoadData(MainService_Login.java:106)
06-10 01:48:50.885  3608  3702 E AndroidRuntime: 	at abc.def.ghi.MainService_Login.LoadData(MainService_Login.java:106)
06-10 01:48:50.885  3608  3702 E AndroidRuntime: 	at abc.def.ghi.MainService_Login.LoadData(MainService_Login.java:106)
06-10 01:48:50.885  3608  3702 E AndroidRuntime: 	at abc.def.ghi.MainService_Login.LoadData(MainService_Login.java:106)
06-10 01:48:50.885  3608  3702 E AndroidRuntime: 	at abc.def.ghi.MainService_Login.LoadData(MainService_Login.java:106)
06-10 01:48:50.885  3608  3702 E AndroidRuntime: 	at abc.def.ghi.MainService_Login.LoadData(MainService_Login.java:106)
06-10 01:48:50.885  3608  3702 E AndroidRuntime: 	at abc.def.ghi.MainService_Login.LoadData(MainService_Login.java:106)
06-10 01:48:50.885  3608  3702 E AndroidRuntime: 	at abc.def.ghi.MainService_Login.LoadData(MainService_Login.java:106)
06-10 01:48:50.885  3608  3702 E AndroidRuntime: 	at abc.def.ghi.MainService_Login.LoadData(MainService_Login.java:106)
06-10 01:48:50.885  3608  3702 E AndroidRuntime: 	at abc.def.ghi.MainService_Login.LoadData(MainService_Login.java:106)
06-10 01:48:50.885  3608  3702 E AndroidRuntime: 	at abc.def.ghi.MainService_Login.LoadData(MainService_Login.java:106)
06-10 01:48:50.885  3608  3702 E AndroidRuntime: 	at abc.def.ghi.MainService_Login.LoadData(MainService_Login.java:106)
06-10 01:48:50.885  3608  3702 E AndroidRuntime: 	at abc.def.ghi.MainService_Login.LoadData(MainService_Login.java:106)
06-10 01:48:50.885  3608  3702 E AndroidRuntime: 	at abc.def.ghi.MainService_Login.LoadData(MainService_Login.java:106)
06-10 01:48:50.885  3608  3702 E AndroidRuntime: 	at abc.def.ghi.MainService_Login.LoadData(MainService_Login.java:106)
06-10 01:48:50.885  3608  3702 E AndroidRuntime: 	at abc.def.ghi.MainService_Login.LoadData(MainService_Login.java:106)
06-10 01:48:50.885  3608  3702 E AndroidRuntime: 	at abc.def.ghi.MainService_Login.LoadData(MainService_Login.java:106)
06-10 01:48:50.885  3608  3702 E AndroidRuntime: 	at abc.def.ghi.MainService_Login.LoadData(MainService_Login.java:106)
06-10 01:48:50.885  3608  3702 E AndroidRuntime: 	at abc.def.ghi.MainService_Login.LoadData(MainService_Login.java:106)
06-10 01:48:50.885  3608  3702 E AndroidRuntime: 	at abc.def.ghi.MainService_Login.LoadData(MainService_Login.java:106)
06-10 01:48:50.885  3608  3702 E AndroidRuntime: 	at abc.def.ghi.MainService_Login.LoadData(MainService_Login.java:106)
06-10 01:48:50.885  3608  3702 E AndroidRuntime: 	at abc.def.ghi.MainService_Login.LoadData(MainService_Login.java:106)
06-10 01:48:50.885  3608  3702 E AndroidRuntime: 	at abc.def.ghi.MainService_Login.LoadData(MainService_Login.java:106)
06-10 01:48:50.885  3608  3702 E AndroidRuntime: 	at abc.def.ghi.MainService_Login.LoadData(MainService_Login.java:106)
06-10 01:48:50.885  3608  3702 E AndroidRuntime: 	at abc.def.ghi.MainService_Login.LoadData(MainService_Login.java:106)
06-10 01:48:50.885  3608  3702 E AndroidRuntime: 	at abc.def.ghi.MainService_Login.LoadData(MainService_Login.java:106)
06-10 01:48:50.885  3608  3702 E AndroidRuntime: 	at abc.def.ghi.MainService_Login.LoadData(MainService_Login.java:106)
06-10 01:48:50.885  3608  3702 E AndroidRuntime: 	at abc.def.ghi.MainService_Login.LoadData(MainService_Login.java:106)
06-10 01:48:50.885  3608  3702 E AndroidRuntime: 	at abc.def.ghi.MainService_Login.LoadData(MainService_Login.java:106)
06-10 01:48:50.885  3608  3702 E AndroidRuntime: 	at abc.def.ghi.MainService_Login.LoadData(MainService_Login.java:106)
06-10 01:48:50.885  3608  3702 E AndroidRuntime: 	at abc.def.ghi.MainService_Login.LoadData(MainService_Login.java:106)
06-10 01:48:50.885  3608  3702 E AndroidRuntime: 	at abc.def.ghi.MainService_Login.LoadData(MainService_Login.java:106)
06-10 01:48:50.885  3608  3702 E AndroidRuntime: 	at abc.def.ghi.MainService_Login.LoadData(MainService_Login.java:106)
06-10 01:48:50.885  3608  3702 E AndroidRuntime: 	at abc.def.ghi.MainService_Login.LoadData(MainService_Login.java:106)
06-10 01:48:50.885  3608  3702 E AndroidRuntime: 	at abc.def.ghi.MainService_Login.LoadData(MainService_Login.java:106)
06-10 01:48:50.885  3608  3702 E AndroidRuntime: 	at abc.def.ghi.MainService_Login.LoadData(MainService_Login.java:106)
06-10 01:48:50.885  3608  3702 E AndroidRuntime: 	at abc.def.ghi.MainService_Login.LoadData(MainService_Login.java:106)
06-10 01:48:50.885  3608  3702 E AndroidRuntime: 	at abc.def.ghi.MainService_Login.LoadData(MainService_Login.java:106)
06-10 01:48:50.886  3608  3702 E AndroidRuntime: 	at abc.def.ghi.MainService_Login.LoadData(MainService_Login.java:106)
06-10 01:48:50.886  3608  3702 E AndroidRuntime: 	at abc.def.ghi.MainService_Login.LoadData(MainService_Login.java:106)
06-10 01:48:50.886  3608  3702 E AndroidRuntime: 	at abc.def.ghi.MainService_Login.LoadData(MainService_Login.java:106)
06-10 01:48:50.886  3608  3702 E AndroidRuntime: 	at abc.def.ghi.MainService_Login.LoadData(MainService_Login.java:106)
06-10 01:48:50.886  3608  3702 E AndroidRuntime: 	at abc.def.ghi.MainService_Login.LoadData(MainService_Login.java:106)
06-10 01:48:50.886  3608  3702 E AndroidRuntime: 	at abc.def.ghi.MainService_Login.LoadData(MainService_Login.java:106)
06-10 01:48:50.886  3608  3702 E AndroidRuntime: 	at abc.def.ghi.MainService_Login.LoadData(MainService_Login.java:106)
06-10 01:48:50.886  3608  3702 E AndroidRuntime: 	at abc.def.ghi.MainService_Login.LoadData(MainService_Login.java:106)
06-10 01:48:50.886  3608  3702 E AndroidRuntime: 	at abc.def.ghi.MainService_Login.LoadData(MainService_Login.java:106)
06-10 01:48:50.886  3608  3702 E AndroidRuntime: 	at abc.def.ghi.MainService_Login.LoadData(MainService_Login.java:106)
06-10 01:48:50.886  3608  3702 E AndroidRuntime: 	at abc.def.ghi.MainService_Login.access$000(MainService_Login.java:26)
06-10 01:48:50.886  3608  3702 E AndroidRuntime: 	at abc.def.ghi.MainService_Login$1.run(MainService_Login.java:68)
06-10 01:48:50.886  3608  3702 E AndroidRuntime: 	at java.lang.Thread.run(Thread.java:784)
06-10 01:48:51.031  1413  4686 I chatty  : uid=1000(system) Binder:1413_10 expire 3 lines
06-10 01:48:51.539  1413  1413 I chatty  : uid=1000 system_server expire 17 lines
06-10 01:48:52.744  1413  4416 I chatty  : uid=1000(system) Binder:1413_F expire 18 lines
06-10 01:48:54.105  1413  2467 I chatty  : uid=1000(system) watchdog expire 12 lines
06-10 01:48:57.737  1413  1936 I chatty  : uid=1000(system) ActivityManager expire 10 lines
06-10 01:49:40.901  1413  2602 I chatty  : uid=1000(system) Binder:1413_B expire 14 lines
06-10 01:50:41.621  2577  2723 E KernelCpuSpeedReader: Failed to read cpu-freq: /sys/devices/system/cpu/cpu0/cpufreq/stats/time_in_state (No such file or directory)
06-10 01:50:41.621  2577  2723 E KernelCpuSpeedReader: Failed to read cpu-freq: /sys/devices/system/cpu/cpu4/cpufreq/stats/time_in_state (No such file or directory)
06-10 01:50:56.678  1413  2614 I chatty  : uid=1000(system) Binder:1413_C expire 27 lines
06-10 01:52:13.775  1413  4416 I chatty  : uid=1000(system) Binder:1413_F expire 16 lines
06-10 01:52:41.710  2577  2723 E KernelCpuSpeedReader: Failed to read cpu-freq: /sys/devices/system/cpu/cpu0/cpufreq/stats/time_in_state (No such file or directory)
06-10 01:52:41.711  2577  2723 E KernelCpuSpeedReader: Failed to read cpu-freq: /sys/devices/system/cpu/cpu4/cpufreq/stats/time_in_state (No such file or directory)
06-10 01:53:22.429  1413  2614 I chatty  : uid=1000(system) Binder:1413_C expire 24 lines
06-10 01:53:22.443  1413  1413 I chatty  : uid=1000 system_server expire 14 lines
06-10 01:53:30.934  1413  4691 I chatty  : uid=1000(system) Binder:1413_11 expire 15 lines
06-10 01:54:41.815  2577  2723 E KernelCpuSpeedReader: Failed to read cpu-freq: /sys/devices/system/cpu/cpu0/cpufreq/stats/time_in_state (No such file or directory)
06-10 01:54:41.816  2577  2723 E KernelCpuSpeedReader: Failed to read cpu-freq: /sys/devices/system/cpu/cpu4/cpufreq/stats/time_in_state (No such file or directory)
06-10 01:54:48.233  1413  4416 I chatty  : uid=1000(system) Binder:1413_F expire 21 lines
06-10 01:54:53.076  1413  1936 I chatty  : uid=1000(system) ActivityManager expire 6 lines
06-10 01:54:54.147  1413  2467 I chatty  : uid=1000(system) watchdog expire 7 lines
