06-10 09:32:54.488 25385 29866 I HMSSDK_HMSPackageManager: Enter getHMSPackageNameForMultiService
06-10 09:32:54.490 25385 29866 I HMSSDK_HuaweiApi: No setInnerHms, hms pkg name is com.huawei.hwid
06-10 09:32:54.491 25385 29866 I HMSSDK_HuaweiApi: sendRequest
06-10 09:32:54.491 25385 29866 I HMSSDK_HuaweiApi: isConnected:false.
06-10 09:32:54.491 25385 29866 I HMSSDK_BaseHmsClient: ====== HMSSDK version: 60400301 ======
06-10 09:32:54.492 25385 29866 I HMSSDK_BaseHmsClient: Enter connect, Connection Status: 6
06-10 09:32:54.492 25385 29866 I HMSSDK_BaseHmsClient: connect minVersion:30000000 packageName:com.huawei.hwid
06-10 09:32:54.492 25385 29866 I HMSSDK_Util: available exist: true
06-10 09:32:54.494 25385 29866 I HMSSDK_HMSPackageManager: enter checkHmsIsSpoof
06-10 09:32:54.496 25385 29866 I HMSSDK_HMSPackageManager: quit checkHmsIsSpoof cached state: SUCCESS
06-10 09:32:54.498 25385 29866 I HMSSDK_HMSPackageManager: Enter getHMSPackageName
06-10 09:32:54.501 25385 29866 I HMSSDK_HMSPackageManager: current versionCode:61300351, minimum version requirements: 30000000
06-10 09:32:54.501 25385 29866 I HMSSDK_HMSPackageManager: Enter getHMSPackageName
06-10 09:32:54.504 25385 29866 I HMSSDK_HMSPackageManager: Enter getHMSPackageName
06-10 09:32:54.507 25385 29866 I HMSSDK_HMSPackageManager: MinApkVersion is disabled.
06-10 09:32:54.507 25385 29866 I HMSSDK_BaseHmsClient: check available result: 0
06-10 09:32:54.507 25385 29866 I HMSSDK_BaseHmsClient: enter bindCoreService, packageName is com.huawei.hwid, serviceAction is com.huawei.hms.core.aidlservice
06-10 09:32:54.508 25385 29866 I HMSSDK_OuterBinderAdapter: OuterBinderAdapter getInstance.
06-10 09:32:54.513  3649  3649 I chatty  : uid=10057 com.huawei.hwid.core expire 27 lines
06-10 09:32:54.517 25385 25385 I HMSSDK_BinderAdapter: BinderAdapter Enter onServiceConnected.
06-10 09:32:54.517 25385 25385 I HMSSDK_BaseHmsClient: Enter onServiceConnected.
06-10 09:32:54.518 25385 25982 I HMSSDK_RequestManager: RequestManager handleMessage.
06-10 09:32:54.519 25385 25982 I HMSSDK_BaseHmsClient: getAdapter:isInner:false, mInnerBinderAdapter:null, mOuterBinderAdapter:com.huawei.hms.adapter.BinderAdapter@c0ce716
06-10 09:32:54.519 25385 25982 I HMSSDK_HuaweiApi: onConnected
06-10 09:32:54.519 25385 25982 I HMSSDK_RequestManager: addToConnectedReqMap
06-10 09:32:54.519 25385 25982 I HMSSDK_HmsClient: post msg api_name:hwid.silentSignIn, app_id:10055832|, pkg_name:com.huawei.hidisk, sdk_version:60400301, session_id:*, transaction_id:010055832SignIn20240610093254487667458, kitSdkVersion:60400300, apiLevel:1
06-10 09:32:54.520 25385 25982 I HMSSDK_HmsClient: Activity is null for 10055832
06-10 09:32:54.520 25385 25982 I HMSSDK_BaseAdapter: In constructor, WeakReference is java.lang.ref.WeakReference@7012eec
06-10 09:32:54.521 25385 25982 I HMSSDK_BaseAdapter: in baseRequest + uri is :hwid.silentSignIn, transactionId is : 010055832SignIn20240610093254487667458
06-10 09:32:54.522 25385 25982 I HMSSDK_PendingResultImpl: init uri:hwid.silentSignIn
06-10 09:32:54.522 25385 25982 I HMSSDK_PendingResultImpl: setResultCallback
06-10 09:32:54.524  3649  3661 I chatty  : uid=10057(com.huawei.hwid) Binder:3649_1 expire 2 lines
06-10 09:32:54.527  3649 29867 I chatty  : uid=10057(com.huawei.hwid) Core-Connect-12 expire 20 lines
06-10 09:32:54.536  3649  4224 I chatty  : uid=10057(com.huawei.hwid) Core-Tracker-1 expire 4 lines
06-10 09:32:54.542  3649 29868 I chatty  : uid=10057(com.huawei.hwid) aidl_request_po expire 44 lines
06-10 09:32:54.545  3649 29871 I chatty  : uid=10057(com.huawei.hwid) GetCountryCode- expire 2 lines
06-10 09:32:54.555  3649 29872 I chatty  : uid=10057(com.huawei.hwid) Core-GWTask-13 expire 55 lines
06-10 09:32:54.593  3649 29875 I chatty  : uid=10057(com.huawei.hwid) NetworkKit_GRS_ expire 12 lines
06-10 09:32:54.596  3649  7792 I chatty  : uid=10057(com.huawei.hwid) HuaweiApiManage expire 9 lines
06-10 09:32:54.602  3649 29877 I chatty  : uid=10057(com.huawei.hwid) Core-Connect-12 expire 20 lines
06-10 09:32:54.612  3649 29878 I chatty  : uid=10057(com.huawei.hwid) aidl_request_po expire 12 lines
06-10 09:32:54.626  3649 29880 I chatty  : uid=10057(com.huawei.hwid) Core-AuthSrv-79 expire 21 lines
06-10 09:32:54.637  3649 29881 I chatty  : uid=10057 com.huawei.hwid.core expire 3 lines
06-10 09:32:54.641  1413  4691 I HwNetworkPolicy: onTransact, code = 15
06-10 09:32:54.644  3649 29882 I chatty  : uid=10057(com.huawei.hwid) Core-AuthSrv-80 expire 14 lines
06-10 09:32:54.667  3649  3958 I chatty  : uid=10057(com.huawei.hwid) Hwid-Core-Pool1 expire 26 lines
06-10 09:32:54.698   612 29876 W libc    : Set property "hw.wifi.dns_stat" to "220,113,201,1,2274"
06-10 09:32:54.722   612 29887 D libc    : GetAddrInfoHandler addr: ::1
06-10 09:32:55.057  2349  2349 D StatusBarIconController: setIconVisibility icon is null or visibility not change visibility=false
06-10 09:32:55.059  2349  2349 D StatusBarIconController: setIconVisibility icon is null or visibility not change visibility=false
06-10 09:32:55.124  3649 29890 I chatty  : uid=10057(com.huawei.hwid) Hwid-Single-Req expire 2 lines
06-10 09:32:55.124  3649 29873 I chatty  : uid=10057(com.huawei.hwid) Core-GWTask-13 expire 2 lines
06-10 09:32:55.145  3649 29892 I chatty  : uid=10057(com.huawei.hwid) Hwid-Single-Req expire 4 lines
06-10 09:32:55.163  3649 29883 I chatty  : uid=10057 com.huawei.hwid.core expire 1 line
06-10 09:32:55.189  3649 29895 I chatty  : uid=10057(com.huawei.hwid) Core-AuthSrv-81 expire 20 lines
06-10 09:32:55.193  1413  1936 W BroadcastQueue: Permission Denial: broadcasting Intent { act=com.huawei.hwid.inner.signin flg=0x10 pkg=com.huawei.hwid (has extras) } from com.huawei.hwid (pid=3649, uid=10057) requires hihonor.android.permission.HW_SIGNATURE_OR_SYSTEM due to registered receiver BroadcastFilter{9fd8382 u0 ReceiverList{a26decd 3649 com.huawei.hwid.core/10057/u0 remote:478bc64}}
06-10 09:32:55.195  3649  3977 I chatty  : uid=10057(com.huawei.hwid) OnReceive-threa expire 4 lines
06-10 09:32:55.206 29304 29896 I chatty  : uid=10057(com.huawei.hwid) OnReceive-threa expire 6 lines
06-10 09:32:55.222 29304 29304 I chatty  : uid=10057 com.huawei.hwid.container3 expire 124 lines
06-10 09:32:55.297  3649  4170 I chatty  : uid=10057(com.huawei.hwid) Hwid-Core-Pool5 expire 9 lines
06-10 09:32:55.307  3649  4133 I chatty  : uid=10057(com.huawei.hwid) Hwid-Core-Pool2 expire 10 lines
06-10 09:32:55.318  1413  4691 I HwNetworkPolicy: onTransact, code = 15
06-10 09:32:55.322  3649 29898 I chatty  : uid=10057(com.huawei.hwid) GetCountryCode- expire 2 lines
06-10 09:32:55.325  3649 29899 I chatty  : uid=10057(com.huawei.hwid) hms-trace-threa expire 2 lines
06-10 09:32:55.328  3649 29900 I chatty  : uid=10057 com.huawei.hwid.core expire 5 lines
06-10 09:32:55.342  3649 16678 I chatty  : uid=10057(com.huawei.hwid) HwID-Inner-SDK- expire 13 lines
06-10 09:32:55.350 25385 25803 I HMSSDK_PendingResultImpl: setResult:0
06-10 09:32:55.351 25385 25385 I HMSSDK_BaseAdapter: api is: hwidjos.silentSignIn, resolution: null, status_code: 0
06-10 09:32:55.352  3649 29902 I chatty  : uid=10057(com.huawei.hwid) hms-trace-threa expire 2 lines
06-10 09:32:55.352 25385 25385 I HMSSDK_BaseAdapter: baseCallBack.onComplete
06-10 09:32:55.353 25385 25385 I HMSSDK_HmsClient: receive msg status_code:0, error_code:0, api_name:hwidjos.silentSignIn, app_id:10055832|, pkg_name:com.huawei.hidisk, session_id:*, transaction_id:010055832SignIn20240610093254487667458, resolution:null
06-10 09:32:55.353 25385 25385 I HMSSDK_TaskApiCall: doExecute, uri:hwid.silentSignIn, errorCode:0, transactionId:010055832SignIn20240610093254487667458
06-10 09:32:55.354 25385 25385 I HMSSDK_[HUAWEIIDSDK]SignInTaskApiCall: HwID_SDK_Log[6.4.0.300]ResponseErrorCode.status:0
06-10 09:32:55.356 25385 25385 I HMSSDK_[HUAWEIIDSDK]SignInTaskApiCall: HwID_SDK_Log[6.4.0.300]signIn success
06-10 09:32:55.356 25385 25385 I HMSSDK_HMSPackageManager: Enter getHMSPackageNameForMultiService
06-10 09:32:55.362 25385 25385 I HMSSDK_HMSBIInitializer: Builder->biInitFlag :false
06-10 09:32:55.363 25385 25385 I HMSSDK_SignInNoticeClientImpl: HwID_SDK_Log[6.4.0.300]request Jos Notice.
06-10 09:32:55.364 25385 25385 I HMSSDK_HMSPackageManager: Enter getHMSPackageNameForMultiService
06-10 09:32:55.370 25385 25385 I HMSSDK_HMSPackageManager: Enter getHMSPackageNameForMultiService
06-10 09:32:55.375 25385 25385 I HMSSDK_AGCUtils: In getMetaDataCpId, Failed to read meta data for the CpId.
06-10 09:32:55.376 25385 25385 E HMSSDK_AGCUtils: Get client/cp_id failed: java.io.FileNotFoundException: agconnect-services.json
06-10 09:32:55.377 25385 25385 E HMSSDK_AGCUtils: The client/cp_id is null.
06-10 09:32:55.378 25385 25385 I HMSSDK_HMSPackageManager: Enter getHMSPackageNameForMultiService
06-10 09:32:55.380 25385 25385 I HMSSDK_HuaweiApi: No setInnerHms, hms pkg name is com.huawei.hwid
06-10 09:32:55.381 25385 25385 I HMSSDK_HuaweiApi: sendRequest
06-10 09:32:55.382 25385 25385 I HMSSDK_HuaweiApi: isConnected:true.
06-10 09:32:55.383 25385 25385 I HMSSDK_BaseHmsClient: getAdapter:isInner:false, mInnerBinderAdapter:null, mOuterBinderAdapter:com.huawei.hms.adapter.BinderAdapter@c0ce716
06-10 09:32:55.383 25385 25385 I HMSSDK_RequestManager: addToConnectedReqMap
06-10 09:32:55.384 25385 25385 I HMSSDK_HmsClient: post msg api_name:core.getNoticeIntent, app_id:10055832|, pkg_name:com.huawei.hidisk, sdk_version:60400301, session_id:*, transaction_id:010055832Intent20240610093255369755956, kitSdkVersion:0, apiLevel:1
06-10 09:32:55.385 25385 25385 I HMSSDK_HmsClient: Activity is null for 10055832
06-10 09:32:55.386 25385 25385 I HMSSDK_BaseAdapter: In constructor, WeakReference is java.lang.ref.WeakReference@e5512b5
06-10 09:32:55.387 25385 25385 I HMSSDK_BaseAdapter: in baseRequest + uri is :core.getNoticeIntent, transactionId is : 010055832Intent20240610093255369755956
06-10 09:32:55.388 25385 25385 I HMSSDK_PendingResultImpl: init uri:core.getNoticeIntent
06-10 09:32:55.389 25385 25385 I HMSSDK_PendingResultImpl: setResultCallback
06-10 09:32:55.390  3649  3661 I chatty  : uid=10057(com.huawei.hwid) Binder:3649_1 expire 2 lines
06-10 09:32:55.390 25385 25385 I HMSSDK_[HUAWEIIDSDK]HuaweiIdAuthMemCache: HwID_SDK_Log[6.4.0.300]saveDefaultHuaweiIdSignInAccount start.
06-10 09:32:55.391 25385 26020 I Cloud[10.13.20.300]Sync.HmsHwId:  [AT OPERATION] silentSignIn success
06-10 09:32:55.392 25385 25385 I HMSSDK_[HUAWEIIDSDK]HuaweiIdAuthMemCache: HwID_SDK_Log[6.4.0.300]saveDefaultHuaweiIdSignInAccount start.
06-10 09:32:55.392 25385 29866 I Cloud[10.13.20.300]Sync.HmsHwId:  [AT OPERATION] silentSignInLatch.await: true
06-10 09:32:55.392 25385 25385 I HMSSDK_HMSPackageManager: Enter getHMSPackageNameForMultiService
06-10 09:32:55.392 25385 29866 I Cloud[10.13.20.300]Sync.HmsHwId:  [AT OPERATION] silentSignIn get new AT successfully.
06-10 09:32:55.393  3649 29905 I chatty  : uid=10057(com.huawei.hwid) Core-Connect-12 expire 11 lines
06-10 09:32:55.394 28067 28067 D wpa_supplicant: sta hidl pwrPercentBoostModesetInternal
06-10 09:32:55.397  3649 29905 I KitMessageCenter: [HMSCore KitMessageCenter.java:14] Find makeRequest uri:core.getNoticeIntent cost time: 1ms
06-10 09:32:55.397  3649 29905 I AIDLInvoke: [HMSCore AIDLInvoke.java:8] Request, URI: core.getNoticeIntent, clientId: {appId: 10055832, hostAppID: 10055832, packageName: com.huawei.hidisk, sdkVersion: 60400301, uid: 1001, transactionId: 010055832Intent20240610093255369755956, apiLevel: 1, uri: core.getNoticeIntent, kitSdkVersion: 0}
06-10 09:32:55.397 25385 29866 I Cloud[10.13.20.300]Pay.PortraitService: https://userinfogw-drcn.cloud.dbankcloud.cn/HiCloudUserInformationService/v1/portrait?isOnlyPortrait=false&pageSize=10&cursor= portrait x-hw-trace-id =  06008_01_1717983174_97515905
06-10 09:32:55.399  3649 29905 I fwkit_kims: [fwkit KIMSServiceController.java:725] getKitInfo S: :core
06-10 09:32:55.399  3649 29905 I fwkit_kams_stubmanager: [fwkit StubManagerService.java:449] getSPNByComponent:com.huawei.hms.game, com.huawei.hms.game, false
06-10 09:32:55.400  3649 29905 I fwkit_kams_scheduler: [fwkit ProcessScheduler.java:411] RC:com.huawei.hwid.core
06-10 09:32:55.400 25385 25385 I HMSSDK_[HUAWEIIDSDK]SignInTaskApiCall: HwID_SDK_Log[6.4.0.300]report: api=hwid.silentSignInversion=60400300
06-10 09:32:55.400  3649 29905 I fwkit_kams: [fwkit KAMSServiceController.java:1231] Assign com.huawei.hwid.core for core/com.huawei.hms.game/com.huawei.hms.game cost 2ms
06-10 09:32:55.400  3649 29905 I fwkit_kams_stubmanager: [fwkit StubManagerService.java:449] getSPNByComponent:com.huawei.hms.game, com.huawei.hms.game, false
06-10 09:32:55.400 25385 25385 I HMSSDK_RequestManager: removeReqByTransId
06-10 09:32:55.400  3649 29905 I fwkit_kams_scheduler: [fwkit ProcessScheduler.java:411] RC:com.huawei.hwid.core
06-10 09:32:55.401  3649 29905 I fwkit_msg_request_proxy: [fwkit AIDLRequestLocalProxy.java:171] request:4474427d-f53d-41b0-8d2e-b24231cc3b92/core.getNoticeIntent
06-10 09:32:55.401  3649  4224 E fwkit_presetUtil: getSystemApp flag error for com.google.android.gms:NameNotFoundException
06-10 09:32:55.402  3649  4224 I FormalHASDK: HAImpl==> onEvent. tag:HmsProfiler, type:0, eventId:HMS_API_CALLED
06-10 09:32:55.403  3649 29909 I fwkit_msg_invoke_remote: [fwkit AIDLInvokeRemote.java:131] execute requestId:4474427d-f53d-41b0-8d2e-b24231cc3b92 uri:core.getNoticeIntent transactionId:010055832Intent20240610093255369755956
06-10 09:32:55.403 29304 29903 I HiAnalyticsKit: HiAnalyticsReceiver=> No configuration file exists for this app.com.huawei.hidisk
06-10 09:32:55.404  3649 29909 I fwkit_msg_fr: [fwkit FinderRemote.java:93] findRequest uri: core.getNoticeIntent apiLevel: 1
06-10 09:32:55.405  3649  3649 W fwkit_KitDAReporter: [fwkit AIDLInvokeRemote.java:84] updateKitTimestamp Throwable:
06-10 09:32:55.406  3649  3649 E fwkit_KitDAReporter: [fwkit KitDailyActivateReporter.java:190] failded to release fileLock
06-10 09:32:55.406  3649  3649 E fwkit_KitDAReporter: java.nio.channels.ClosedChannelException
06-10 09:32:55.406  3649  3649 E fwkit_KitDAReporter: 	at sun.nio.ch.FileLockImpl.release(FileLockImpl.java:58)
06-10 09:32:55.406  3649  3649 E fwkit_KitDAReporter: 	at com.huawei.hms.trace.i.f(KitDailyActivateReporter.java:478)
06-10 09:32:55.406  3649  3649 E fwkit_KitDAReporter: 	at com.huawei.hms.trace.i.a(KitDailyActivateReporter.java:271)
06-10 09:32:55.406  3649  3649 E fwkit_KitDAReporter: 	at com.huawei.hms.trace.i.a(KitDailyActivateReporter.java:190)
06-10 09:32:55.406  3649  3649 E fwkit_KitDAReporter: 	at com.huawei.hms.fwkit.message.AIDLInvokeRemote$1.handleMessage(AIDLInvokeRemote.java:84)
06-10 09:32:55.406  3649  3649 E fwkit_KitDAReporter: 	at android.os.Handler.dispatchMessage(Handler.java:109)
06-10 09:32:55.406  3649  3649 E fwkit_KitDAReporter: 	at android.os.Looper.loop(Looper.java:166)
06-10 09:32:55.406  3649  3649 E fwkit_KitDAReporter: 	at android.app.ActivityThread.main(ActivityThread.java:7555)
06-10 09:32:55.406  3649  3649 E fwkit_KitDAReporter: 	at java.lang.reflect.Method.invoke(Native Method)
06-10 09:32:55.406  3649  3649 E fwkit_KitDAReporter: 	at com.android.internal.os.RuntimeInit$MethodAndArgsCaller.run(RuntimeInit.java:469)
06-10 09:32:55.406  3649  3649 E fwkit_KitDAReporter: 	at com.android.internal.os.ZygoteInit.main(ZygoteInit.java:963)
06-10 09:32:55.407  3649 29909 I fwkit_kac_kitloader: [fwkit KitLoaderManager.java:216] kit loaded core_61300300 already exits, cost :0 ms
06-10 09:32:55.409  3649  3649 I FormalHASDK: HAImpl==> onEvent. tag:HmsProfiler, type:1, eventId:kitloadinfo
06-10 09:32:55.425  3649 29909 I fwkit_msg_aidl_request: [fwkit AIDLRequest.java:125] execute:010055832Intent20240610093255369755956
06-10 09:32:55.427  1413  4691 I chatty  : uid=1000(system) Binder:1413_11 expire 15 lines
06-10 09:32:55.428  3649 29909 I ScopeManager: [HMSCore ScopeManager.java:1] checkCF 10055832/com.huawei.hidisk
06-10 09:32:55.428  3649  4224 I FormalHASDK: HAImpl==> onEvent. tag:HmsProfiler, type:0, eventId:kitloadinfo
06-10 09:32:55.428  3649  3649 I FormalHASDK: HAImpl==> onEvent. tag:HmsProfiler, type:0, eventId:kitloadinfo
06-10 09:32:55.430  3649 29909 I HC_PackageUtils: [HMSCore PackageUtils.java:6] com.huawei.hidisk is OHOS app: false
06-10 09:32:55.431  3649  4224 I NetworkSdk_CountryCodeBean: [HMSCore NetworkLog.java:1] Core-Tracker-1|network.grs.local.model.CountryCodeBean|18|get issue_country code from VENDOR_COUNTRY
06-10 09:32:55.432  3649 29909 I fwkit_scope_mgr: [fwkit ScopeManager.java:157] checkCertFingerprint result: 0
06-10 09:32:55.432  3649 29909 I BaseRequest: [HwJos_log[6.13.0.300_product] BaseRequest.java:2] onRequest BaseRequest.core.getNoticeIntent
06-10 09:32:55.433  3649 29909 I AuthService: [HMSCore AuthService.java:1] checkPermission: 10055832
06-10 09:32:55.433  3649 29909 I AuthService: [HMSCore AuthService.java:6] local check
06-10 09:32:55.436  3649 29909 I AuthServiceHelper: [HwJos_log[6.13.0.300_product] GwAuthServiceChecker.java:3] query permission result:true
06-10 09:32:55.436  3649 29909 I JointStateUtil: [HwJos_log[6.13.0.300_product] JointStateUtil.java:3] update app state do not support jos: true, appId=10055832
06-10 09:32:55.438  3649 29909 I SharedPreferenceCache: [HwJos_log[6.13.0.300_product] SharedPreferenceCache.java:2] setDefaultValue, dataType: int, defaultValue: 0
06-10 09:32:55.439  3649 29909 I Jos.getNotice: [HwJos_log[6.13.0.300_product] GetNoticeRequest.java:11] onRequest:1
06-10 09:32:55.439  3649 29909 I Jos.getNotice: [HwJos_log[6.13.0.300_product] GetNoticeRequest.java:1] no need to report start
06-10 09:32:55.440  3649 29909 I AuthService: [HMSCore AuthService.java:1] checkPermission: 10055832
06-10 09:32:55.440  3649 29909 I AuthService: [HMSCore AuthService.java:6] local check
06-10 09:32:55.443  3649 29909 I AuthServiceHelper: [HwJos_log[6.13.0.300_product] GwAuthServiceChecker.java:3] query permission result:true
06-10 09:32:55.444 25385 29866 W Cloud[10.13.20.300]Base.BaseCommonUtil: getOsBrand exception: java.lang.NoSuchMethodException: getOsBrand []
06-10 09:32:55.444  3649 29909 I JointStateUtil: [HwJos_log[6.13.0.300_product] JointStateUtil.java:3] update app state do not support jos: true, appId=10055832
06-10 09:32:55.445  3649 29909 W Jos.getNotice: [HwJos_log[6.13.0.300_product] GetNoticeRequest.java:1] onRequestStop statusCode:8001
06-10 09:32:55.449  3649  4224 I FormalHASDK: HAImpl==> onEvent. tag:HmsProfiler, type:1, eventId:kitloadinfo
06-10 09:32:55.449  3649  4224 I FormalHASDK: HAImpl==> onReport. tag:HmsProfiler, type:1
06-10 09:32:55.451  3649 29909 I fwkit_msg_request_proxy: [fwkit AIDLRequestLocalProxy.java:248] AidlCallback:4474427d-f53d-41b0-8d2e-b24231cc3b92/core.getNoticeIntent
06-10 09:32:55.452  3649 29909 I fwkit_msg_arw: [fwkit AIDLResponseWrapper.java:61] callJson start
06-10 09:32:55.453  3649 29909 E fwkit_msg_arw: [fwkit AIDLResponseWrapper.java:65] intent is null
06-10 09:32:55.456  3649 29909 I AIDLResponseImpl: [HMSCore AIDLResponseImpl.java:10] Response, uri: core.getNoticeIntent, statusCode: 0, errorCode: 8001
06-10 09:32:55.457  3649 29909 I fwkit_msg_aidl_request: [fwkit AIDLRequest.java:144] onRequest core.getNoticeIntent/010055832Intent20240610093255369755956 cost 25ms
06-10 09:32:55.457 25385 25803 I HMSSDK_PendingResultImpl: setResult:0
06-10 09:32:55.457  3649 29911 I fwkit_date_utils: [fwkit DateUtil.java:29] init threadLocal
06-10 09:32:55.458 25385 25385 I HMSSDK_BaseAdapter: api is: core.getNoticeIntent, resolution: null, status_code: 0
06-10 09:32:55.458  3649 29911 I fwkit_HmsProfiler: [fwkit HmsProfiler.java:618] traceApiEvent input : com.huawei.hidisk
06-10 09:32:55.459 25385 25385 I HMSSDK_BaseAdapter: baseCallBack.onComplete
06-10 09:32:55.460 25385 25385 I HMSSDK_HmsClient: receive msg status_code:0, error_code:8001, api_name:core.getNoticeIntent, app_id:10055832|, pkg_name:com.huawei.hidisk, session_id:*, transaction_id:010055832Intent20240610093255369755956, resolution:null
06-10 09:32:55.461 25385 25385 I HMSSDK_TaskApiCall: doExecute, uri:core.getNoticeIntent, errorCode:8001, transactionId:010055832Intent20240610093255369755956
06-10 09:32:55.461 25385 25385 W HMSSDK_NoticeTaskApiCall: HwID_SDK_Log[6.4.0.300]Jos Notice onResult failed, ErrCode8001
06-10 09:32:55.462 25385 25385 I HMSSDK_HMSPackageManager: Enter getHMSPackageNameForMultiService
06-10 09:32:55.468 25385 25385 I HMSSDK_RequestManager: removeReqByTransId
06-10 09:32:55.505 25385 29866 I SecurityComp10200303: iv4: createSocket s host port autoClose
06-10 09:32:55.506 25385 29866 I SecurityComp10200303: iv4: set default protocols
06-10 09:32:55.506 25385 29866 I SecurityComp10200303: iv4: set default cipher suites
06-10 09:32:55.512  3649 29910 I NetworkSdk_ProcessPolicyNetworkService: [HMSCore NetworkLog.java:1] HASDK-OnReport-225|httpclient.excutor.ProcessPolicyNetworkService|19|options = {"metric_policy":1}
06-10 09:32:55.528  3649 29910 I NetworkSdk_OkRequestTask: [HMSCore NetworkLog.java:1] HASDK-OnReport-225|embedded.f3|295|the request has used the okhttp! 
06-10 09:32:55.531  3649 29910 I NetworkSdk_DNManager: [HMSCore NetworkLog.java:1] HASDK-OnReport-225|embedded.t|53|metrics1.data.hicloud.com dns resolve source is LocalDns first
06-10 09:32:55.532  3649 29910 I NetworkSdk_DNResolverManager: [HMSCore NetworkLog.java:1] HASDK-OnReport-225|embedded.g0|45|enter Dns lazy update flow, domain: metrics1.data.hicloud.com, trigger type: dns_lazy_update, source: LocalDns
06-10 09:32:55.534  3649 29910 I NetworkSdk_DNManager: [HMSCore NetworkLog.java:1] HASDK-OnReport-225|embedded.t|114|metrics1.data.hicloud.com from cache result is: DomainResult{type='A', addressList is not Empty, createTime=1717940343385, source=LocalDns, cache=1}
06-10 09:32:55.567 25385 29866 I SecurityComp10200303: SecureX509TrustManager: checkServerTrusted begin ,server ca chain size is : 2 ,auth type is : ECDHE_RSA
06-10 09:32:55.568 25385 29866 I SecurityComp10200303: SecureX509TrustManager: check server i : 0
06-10 09:32:55.568 25385 29866 I SecurityComp10200303: SecureX509TrustManager: client root ca size is : 31
06-10 09:32:55.582 25385 29866 I SecurityComp10200303: SecureX509TrustManager: checkServerTrusted succeed ,root ca issuer is : CN=GlobalSign, O=GlobalSign, OU=GlobalSign Root CA - R3
06-10 09:32:55.588  3649  3660 I zygote64: Background concurrent copying GC freed 272904(13MB) AllocSpace objects, 32(756KB) LOS objects, 49% free, 14MB/29MB, paused 775us total 142.181ms
06-10 09:32:55.596  3649 29910 I SecurityComp10200309: SSLFNew: createSocket
06-10 09:32:55.596  3649 29910 I SecurityComp10200309: SSLFNew: set default protocols
06-10 09:32:55.596  3649 29910 I SecurityComp10200309: SSLFNew: set default cipher
06-10 09:32:55.665  3649 29910 I SecurityComp10200309: SX509TM: checkServerTrusted begin,size=2,authType=ECDHE_RSA
06-10 09:32:55.667  3649 29910 I SecurityComp10200309: SX509TM: check server i=0
06-10 09:32:55.667  3649 29910 I SecurityComp10200309: SX509TM: client root ca size=31
06-10 09:32:55.694  3649 29910 I SecurityComp10200309: SX509TM: checkServerTrusted end, CN=GlobalSign, O=GlobalSign, OU=GlobalSign Root CA - R3
06-10 09:32:55.698 25385 29866 I Cloud[10.13.20.300]Base.AccountSetting: refresh userTagsStr Cache, userTagsStr is: [{"userGroupExtID":"01AV","userGroupName":"5GB+可享首月0元"},{"userGroupExtID":"02JN","userGroupName":"激励-大于720天"},{"userGroupExtID":"034E","userGroupName":"激励-全网"},{"userGroupExtID":"0148","userGroupName":"总空间5GB+当前激励"},{"userGroupExtID":"05E0","userGroupName":"618活动-首月0元"},{"userGroupExtID":"0AE2","userGroupName":"图库用量小于5GB"},{"userGroupExtID":"02AM","userGroupName":"5GB免费用户"},{"userGroupExtID":"0483","userGroupName":"激励下载活动策略"},{"userGroupExtID":"01SK","userGroupName":"提醒测试标签-培养期"}]
06-10 09:32:55.699  3649 29910 I SecurityComp10200309: : verify: certificate is : CN=metrics-apptouch-dre.hispace.dbankcloud.com,O=Huawei Software Technologies Co.\, Ltd.,L=Nanjing,ST=Jiangsu,C=CN
06-10 09:32:55.705 25385 29866 I Cloud[10.13.20.300]Base.AccountSetting: refresh gradeCode Cache, gradeCode is: N
06-10 09:32:55.709 25385 29866 I Cloud[10.13.20.300]Sync.BaseNotificationConfig: getConfigFromFile
06-10 09:32:55.710 25385 29866 I Cloud[10.13.20.300]Base.BaseCommonUtil: read local config str success
06-10 09:32:55.752 25385 29866 I Cloud[10.13.20.300]Sync.ICBService: check notify condition.
06-10 09:32:55.756 25385 29866 I Cloud[10.13.20.300]Sync.ICBService: notifycycle is : 14
06-10 09:32:55.757 25385 29866 I Cloud[10.13.20.300]Sync.ICBService: has success backup record, day = 71
06-10 09:32:55.757 25385 29866 I Cloud[10.13.20.300]Sync.ICBService: notify flag = false
06-10 09:32:55.820  3649 29890 I NetworkSdk_NetDetectAndPolicy: [HMSCore NetworkLog.java:1] HASDK-OnReport-225 -->NetworkKit_netdiag_submit_task_50|netdiag.tools.NetDetectAndPolicy|50|the time count will reset!
06-10 09:32:55.825  3649 29910 I FormalHASDK: SendTask==> send event type: maint, tag: HmsProfiler, resultCode: 200, reqID: 3e08d720b91f8e376918be5d3e8ba9d3
06-10 09:32:56.059  1413  2141 D HwBatteryService: onUEvent fcpStatus = 0,scpStatus =0,ovpStatus=0
06-10 09:32:56.061  1413  2141 I HwBatteryService: quick charge status : 0
06-10 09:32:56.075   858   858 W hvdcp_opti: type=1400 audit(0.0:154083): avc: denied { read } for name="input_current_limited" dev="sysfs" ino=39781 scontext=u:r:hvdcp:s0 tcontext=u:object_r:sysfs:s0 tclass=file permissive=0
06-10 09:32:56.075  1413  2141 D HwBatteryService: onUEvent fcpStatus = 0,scpStatus =0,ovpStatus=0
06-10 09:32:56.076  1413  2141 I HwBatteryService: quick charge status : 0
06-10 09:32:56.078   858   858 W hvdcp_opti: type=1400 audit(0.0:154084): avc: denied { read } for name="charge_type" dev="sysfs" ino=39752 scontext=u:r:hvdcp:s0 tcontext=u:object_r:sysfs:s0 tclass=file permissive=0
06-10 09:32:56.078   858   858 W hvdcp_opti: type=1400 audit(0.0:154085): avc: denied { read } for name="die_health" dev="sysfs" ino=39786 scontext=u:r:hvdcp:s0 tcontext=u:object_r:sysfs:s0 tclass=file permissive=0
06-10 09:32:56.087  1413  4691 I BatteryService: normal charge status : 1
06-10 09:32:56.087   880  2169 D dubaid  : [HourlyRoutine.cpp] handleRequestOffset# timestamp=1717981200002, expire=1623984
06-10 09:32:56.090  1413  1950 I chatty  : uid=1000(system) batterystats-wo expire 9 lines
06-10 09:32:56.092  2349  2349 D KeyguardUpdateMonitor: received broadcast android.intent.action.BATTERY_CHANGED
06-10 09:32:56.092  2349  2349 W KeyguardUpdateMonitor: ACTION_BATTERY_CHANGED AMP: 0; Volt: 0
06-10 09:32:56.092  2349  2349 I KgBattery: (last-new)Status: 1 -> 1, chargeState=0 * branch=7
06-10 09:32:56.092  2349  2349 V KeyguardUpdateMonitor: RefreshBatteryInfo isBatteryLow: 82
06-10 09:32:56.092  2349  2349 W KeyguardUpdateMonitor: ChargingSpeed  Wattage: -1 ST: 5000000 --> 7500000
06-10 09:32:56.092  2349  2349 I KgBattery: BatteryInfo updated:  3lpc-1
06-10 09:32:56.092  2349  2349 W AppHandler: sendMessage with obj100
06-10 09:32:56.092  2349  2349 D KeyguardUpdateMonitor: handleBatteryUpdate
06-10 09:32:56.092  2349  2349 V KeyguardUpdateMonitor: RefreshBatteryInfo isBatteryLow: 82
06-10 09:32:56.092  2349  2349 W HwLockScreenPanel: refreshBatteryInfo: null
06-10 09:32:56.093  2349  2349 W HwKgdBArea_BTY: updateBatteryInfo : false  false
06-10 09:32:56.093  2349  2349 W FillLightViewManager: handleMessage 100
06-10 09:32:56.093  2349  2349 D FillLightViewManager: nothing to do 100
06-10 09:32:56.093  2349  2349 W HwLockScreenPanel: Handle message: 100
06-10 09:32:56.094  2349  2349 I GlobalContext: Work is scheduled. com.android.systemui.battery.-$Lambda$lfi2AU3i1xDKGC7m-gvD3SF2XpQ@e3f5086
06-10 09:32:56.097  2577 29920 I chatty  : uid=1000(system) com.huawei.powergenie expire 1 line
06-10 09:32:56.098  2349  2349 I KeyguardUtils: fpPath=sys/class/hw_power/charger/charge_data/chargerType, value=5
06-10 09:32:56.098  7600  7600 I Cloud[10.13.20.300]Sync.SyncObserverService: batteryStatus: 3
06-10 09:32:56.098  1413  1936 E KernelCpuSpeedReader: Failed to read cpu-freq: /sys/devices/system/cpu/cpu0/cpufreq/stats/time_in_state (No such file or directory)
06-10 09:32:56.099  1413  1936 E KernelCpuSpeedReader: Failed to read cpu-freq: /sys/devices/system/cpu/cpu4/cpufreq/stats/time_in_state (No such file or directory)
06-10 09:32:56.099  1413  1413 D WifiService: onReceive, action:android.intent.action.BATTERY_CHANGED
06-10 09:32:56.102  1413  1413 D WifiService: ACTION_BATTERY_CHANGED pluggedType: 0
06-10 09:32:56.102  1413 16955 I BatteryService: normal charge status : 1
06-10 09:32:56.102  2349  2349 I KeyguardUtils: fpPath=sys/class/hw_power/charger/charge_data/chargerType, value=5
06-10 09:32:56.128  1413  1950 E BatteryExternalStatsWorker: no controller energy info supplied for bluetooth
06-10 09:32:56.112  2349  2349 I KeyguardUtils: fpPath=sys/class/hw_power/charger/charge_data/chargerType, value=5
06-10 09:32:56.144  1413  1950 E KernelCpuSpeedReader: Failed to read cpu-freq: /sys/devices/system/cpu/cpu0/cpufreq/stats/time_in_state (No such file or directory)
06-10 09:32:56.144  1413  1950 E KernelCpuSpeedReader: Failed to read cpu-freq: /sys/devices/system/cpu/cpu4/cpufreq/stats/time_in_state (No such file or directory)
06-10 09:32:56.154  2349  2349 D KeyguardUpdateMonitor: received broadcast android.intent.action.BATTERY_CHANGED
06-10 09:32:56.154  2349  2349 W KeyguardUpdateMonitor: ACTION_BATTERY_CHANGED AMP: 0; Volt: 0
06-10 09:32:56.154  2349  2349 I KgBattery: (last-new)Status: 1 -> 1, chargeState=0 * branch=7
06-10 09:32:56.154  2349  2349 V KeyguardUpdateMonitor: RefreshBatteryInfo isBatteryLow: 82
06-10 09:32:56.154  2349  2349 W KeyguardUpdateMonitor: ChargingSpeed  Wattage: -1 ST: 5000000 --> 7500000
06-10 09:32:56.154  2349  2349 I KgBattery: BatteryInfo updated:  3lpc-1
06-10 09:32:56.154  2349  2349 W AppHandler: sendMessage with obj100
06-10 09:32:56.154  2349  2349 D KeyguardUpdateMonitor: handleBatteryUpdate
06-10 09:32:56.154  2349  2349 V KeyguardUpdateMonitor: RefreshBatteryInfo isBatteryLow: 82
06-10 09:32:56.155  2349  2349 I GlobalContext: Work is scheduled. com.android.systemui.battery.-$Lambda$lfi2AU3i1xDKGC7m-gvD3SF2XpQ@e3f5086
06-10 09:32:56.156  7600  7600 I Cloud[10.13.20.300]Sync.SyncObserverService: batteryStatus: 3
06-10 09:32:56.158  2349  2349 I KeyguardUtils: fpPath=sys/class/hw_power/charger/charge_data/chargerType, value=5
06-10 09:32:56.159  1413  1413 D WifiService: onReceive, action:android.intent.action.BATTERY_CHANGED
06-10 09:32:56.159  1413  1413 D WifiService: ACTION_BATTERY_CHANGED pluggedType: 0
06-10 09:32:56.161  2349  2349 I KeyguardUtils: fpPath=sys/class/hw_power/charger/charge_data/chargerType, value=5
06-10 09:32:56.169  2349  2349 I KeyguardUtils: fpPath=sys/class/hw_power/charger/charge_data/chargerType, value=5
06-10 09:32:56.169  2349  2349 W HwLockScreenPanel: refreshBatteryInfo: null
06-10 09:32:56.169  2349  2349 W HwKgdBArea_BTY: updateBatteryInfo : false  false
06-10 09:32:56.170  2349  2349 W FillLightViewManager: handleMessage 100
06-10 09:32:56.170  2349  2349 D FillLightViewManager: nothing to do 100
06-10 09:32:56.170  2349  2349 W HwLockScreenPanel: Handle message: 100
06-10 09:32:56.566 28067 28067 D wpa_supplicant: sta hidl pwrPercentBoostModesetInternal
06-10 09:32:56.585  1413  2271 I chatty  : uid=1000(system) HuaweiWifiWatch expire 2 lines
06-10 09:32:56.589  1413  2262 I chatty  : uid=1000(system) wifipro_uid_tcp expire 3 lines
06-10 09:32:57.066  2349  2349 D StatusBarIconController: setIconVisibility icon is null or visibility not change visibility=false
06-10 09:32:57.068  2349  2349 W ResourceType: No package identifier when getting value for resource number 0x00000000
06-10 09:32:57.068  2349  2349 E HwNotchUtils: setIconForView iconId is not found
06-10 09:32:57.068  2349  2349 D StatusBarIconController: setIconVisibility icon is null or visibility not change visibility=false
06-10 09:32:57.069  2349  2349 W ResourceType: No package identifier when getting value for resource number 0x00000000
06-10 09:32:57.069  2349  2349 E HwNotchUtils: setIconForView iconId is not found
06-10 09:32:57.069  2349  2349 D StatusBarIconController: setIconVisibility icon is null or visibility not change visibility=false
06-10 09:32:57.069  2349  2349 W ResourceType: No package identifier when getting value for resource number 0x00000000
06-10 09:32:57.070  2349  2349 E HwNotchUtils: setIconForView iconId is not found
06-10 09:32:57.244  1413  2467 E Watchdog: Failed to write to /sys/kernel/hungtask/vm_heart
06-10 09:32:57.244  1413  2467 E Watchdog: java.io.FileNotFoundException: /sys/kernel/hungtask/vm_heart (Permission denied)
06-10 09:32:57.244  1413  2467 E Watchdog: 	at java.io.FileOutputStream.open0(Native Method)
06-10 09:32:57.244  1413  2467 E Watchdog: 	at java.io.FileOutputStream.open(FileOutputStream.java:287)
06-10 09:32:57.244  1413  2467 E Watchdog: 	at java.io.FileOutputStream.<init>(FileOutputStream.java:223)
06-10 09:32:57.244  1413  2467 E Watchdog: 	at java.io.FileOutputStream.<init>(FileOutputStream.java:110)
06-10 09:32:57.244  1413  2467 E Watchdog: 	at com.android.server.Watchdog.writeHungtask(Watchdog.java:904)
06-10 09:32:57.244  1413  2467 E Watchdog: 	at com.android.server.Watchdog.run(Watchdog.java:563)
06-10 09:32:58.464 28067 28067 D wpa_supplicant: sta hidl pwrPercentBoostModesetInternal
06-10 09:32:59.378  7053  7053 D         : [D/basp_control] basp executing
06-10 09:32:59.378  7053  7053 D         : [D/basp_control] learned_fcc[0]:3111000
06-10 09:32:59.378  7053  7053 D         : [D/basp_control] learned_fcc[1]:3143000
06-10 09:32:59.378  7053  7053 D         : [D/basp_control] learned_fcc[2]:3175000
06-10 09:32:59.378  7053  7053 D         : [D/IsNeedExecDelayPolicy] the state of the delay policy is 0
06-10 09:32:59.378  7053  7053 D         : [D/GetBaspLevel] baspIndex = 3
06-10 09:32:59.397  1413  2141 D HwBatteryService: onUEvent fcpStatus = 0,scpStatus =0,ovpStatus=0
06-10 09:32:59.398   858   858 W hvdcp_opti: type=1400 audit(0.0:154086): avc: denied { read } for name="dp_dm" dev="sysfs" ino=39780 scontext=u:r:hvdcp:s0 tcontext=u:object_r:sysfs:s0 tclass=file permissive=0
06-10 09:32:59.398   858   858 W hvdcp_opti: type=1400 audit(0.0:154087): avc: denied { read } for name="input_current_limited" dev="sysfs" ino=39781 scontext=u:r:hvdcp:s0 tcontext=u:object_r:sysfs:s0 tclass=file permissive=0
06-10 09:32:59.398  1413  2141 I HwBatteryService: quick charge status : 0
06-10 09:32:59.401   858   858 W hvdcp_opti: type=1400 audit(0.0:154088): avc: denied { read } for name="input_current_limited" dev="sysfs" ino=39781 scontext=u:r:hvdcp:s0 tcontext=u:object_r:sysfs:s0 tclass=file permissive=0
06-10 09:32:59.401   858   858 W hvdcp_opti: type=1400 audit(0.0:154089): avc: denied { read } for name="charge_type" dev="sysfs" ino=39752 scontext=u:r:hvdcp:s0 tcontext=u:object_r:sysfs:s0 tclass=file permissive=0
06-10 09:32:59.401   858   858 W hvdcp_opti: type=1400 audit(0.0:154090): avc: denied { read } for name="die_health" dev="sysfs" ino=39786 scontext=u:r:hvdcp:s0 tcontext=u:object_r:sysfs:s0 tclass=file permissive=0
06-10 09:32:59.424  1413 16955 I BatteryService: normal charge status : 1
06-10 09:32:59.426   747   747 D qdlights: set_speaker_light_locked: get  property HWDUB-Q 
06-10 09:32:59.427   747   747 D qdlights: write_init ok
06-10 09:32:59.427   747   747 D qdlights: write_init ok
06-10 09:32:59.427   747   747 D qdlights: write_init ok
06-10 09:32:59.427   747   747 D qdlights: set_speaker_light_locked mode=0, colorRGB=FFFFFF00, onMS=0, offMS=0, rc=0
06-10 09:32:59.429  1413  1413 D WifiService: onReceive, action:android.intent.action.BATTERY_CHANGED
06-10 09:32:59.429  1413  1413 D WifiService: ACTION_BATTERY_CHANGED pluggedType: 0
06-10 09:32:59.429  1413  1413 I Telecom-ChargingStatusManager: onChargingStatusChanged, mIsCharging: false -> true
06-10 09:32:59.431  2349  2349 D KeyguardUpdateMonitor: received broadcast android.intent.action.BATTERY_CHANGED
06-10 09:32:59.431  2349  2349 W KeyguardUpdateMonitor: ACTION_BATTERY_CHANGED AMP: 0; Volt: 0
06-10 09:32:59.431  2349  2349 I HwKeyguardUpdateMonitor: block face Detect as Usb-Plugin
06-10 09:32:59.431  2349  2349 I KgBattery: (last-new)Status: 1 -> 1, chargeState=1 * branch=1
06-10 09:32:59.431  2349  2349 I GlobalContext: Work is scheduled. com.android.systemui.battery.-$Lambda$lfi2AU3i1xDKGC7m-gvD3SF2XpQ@e3f5086
06-10 09:32:59.433  7600  7600 I Cloud[10.13.20.300]Sync.SyncObserverService: batteryStatus: 2
06-10 09:32:59.434  2349  2349 I KeyguardUtils: fpPath=sys/class/hw_power/charger/charge_data/chargerType, value=5
06-10 09:32:59.438  2349  2349 I KeyguardUtils: fpPath=sys/class/hw_power/charger/charge_data/chargerType, value=5
06-10 09:32:59.443  2349  2349 I chatty  : uid=10026(com.huawei.HwMultiScreenShot) com.android.systemui identical 30 lines
06-10 09:32:59.458  2349  2477 I chatty  : uid=10026(com.huawei.HwMultiScreenShot) KG_Background_H expire 2 lines
06-10 09:32:59.598   612 29927 W libc    : Set property "hw.wifi.dns_stat" to "225,114,201,1,2442"
06-10 09:32:59.694  1413  2141 D HwBatteryService: onUEvent fcpStatus = 0,scpStatus =0,ovpStatus=0
06-10 09:32:59.695   858   858 W hvdcp_opti: type=1400 audit(0.0:154091): avc: denied { read } for name="dp_dm" dev="sysfs" ino=39780 scontext=u:r:hvdcp:s0 tcontext=u:object_r:sysfs:s0 tclass=file permissive=0
06-10 09:32:59.696  1413  2141 I HwBatteryService: quick charge status : 0
06-10 09:32:59.698   858   858 W hvdcp_opti: type=1400 audit(0.0:154092): avc: denied { read } for name="input_current_limited" dev="sysfs" ino=39781 scontext=u:r:hvdcp:s0 tcontext=u:object_r:sysfs:s0 tclass=file permissive=0
06-10 09:32:59.698   858   858 W hvdcp_opti: type=1400 audit(0.0:154093): avc: denied { read } for name="input_current_limited" dev="sysfs" ino=39781 scontext=u:r:hvdcp:s0 tcontext=u:object_r:sysfs:s0 tclass=file permissive=0
06-10 09:32:59.698   858   858 W hvdcp_opti: type=1400 audit(0.0:154094): avc: denied { read } for name="charge_type" dev="sysfs" ino=39752 scontext=u:r:hvdcp:s0 tcontext=u:object_r:sysfs:s0 tclass=file permissive=0
06-10 09:32:59.698   858   858 W hvdcp_opti: type=1400 audit(0.0:154095): avc: denied { read } for name="die_health" dev="sysfs" ino=39786 scontext=u:r:hvdcp:s0 tcontext=u:object_r:sysfs:s0 tclass=file permissive=0
06-10 09:32:59.751  1413 16955 I BatteryService: normal charge status : 1
06-10 09:32:59.764  7600  7600 I Cloud[10.13.20.300]Sync.SyncObserverService: batteryStatus: 2
06-10 09:32:59.764  1413  1413 D WifiService: onReceive, action:android.intent.action.BATTERY_CHANGED
06-10 09:32:59.764  1413  1413 D WifiService: ACTION_BATTERY_CHANGED pluggedType: 0
06-10 09:32:59.767  2349  2349 I KeyguardUtils: fpPath=sys/class/hw_power/charger/charge_data/chargerType, value=5
06-10 09:32:59.792  2349  2349 I KeyguardUtils: fpPath=sys/class/hw_power/charger/charge_data/chargerType, value=5
06-10 09:32:59.794  2349  2349 V KeyguardUpdateMonitor: RefreshBatteryInfo isBatteryLow: 82
06-10 09:32:59.794  2349  2349 W KeyguardUpdateMonitor: ChargingSpeed  Wattage: -1 ST: 5000000 --> 7500000
06-10 09:32:59.794  2349  2349 I KgBattery: BatteryInfo updated:  2lpc-1
06-10 09:32:59.794  2349  2349 W AppHandler: sendMessage with obj100
06-10 09:32:59.794  2349  2349 D KeyguardUpdateMonitor: handleBatteryUpdate
06-10 09:32:59.794  2349  2349 V KeyguardUpdateMonitor: RefreshBatteryInfo isBatteryLow: 82
06-10 09:32:59.796  2349  2349 W HwLockScreenPanel: refreshBatteryInfo: null
06-10 09:32:59.796  2349  2349 W HwKgdBArea_BTY: updateBatteryInfo : false  true
06-10 09:32:59.796  2349  2349 W FillLightViewManager: handleMessage 100
06-10 09:32:59.796  2349  2349 D FillLightViewManager: nothing to do 100
06-10 09:32:59.796  2349  2349 W HwLockScreenPanel: Handle message: 100
06-10 09:32:59.800  2349  2477 W KgBattery: getCharge info with type: text
06-10 09:32:59.801  2349  2477 I KeyguardUtils: fpPath=sys/class/hw_power/charger/charge_data/chargerType, value=5
06-10 09:33:00.004  1413  1413 V AlarmManager: Received TIME_TICK alarm; rescheduling
06-10 09:33:00.006  1413  1413 I HwAlarmManagerService: hwSetAlarm listenerTag: time_tick
06-10 09:33:00.009  2349  2349 E DateView: DateView,mCurrentTime: 1717983180009
06-10 09:33:00.030  2349  2349 W HwKeyguardDragHelper: AnimationBlocked
06-10 09:33:00.035  2349  2349 I EventCenter: EventCenter Get :android.intent.action.TIME_TICK
06-10 09:33:00.038  2349  2349 W ResourceType: No known package when getting value for resource number 0xffffffff
06-10 09:33:00.041  2349  2349 W ResourceType: No known package when getting value for resource number 0xffffffff
06-10 09:33:00.045  2349  2349 D WeatherHelper: City info empty
06-10 09:33:00.048  2349  2349 D WeatherHelper: City info empty
06-10 09:33:00.048  2349  2349 D KeyguardUpdateMonitor: received broadcast android.intent.action.TIME_TICK
06-10 09:33:00.048  2349  2349 D KeyguardUpdateMonitor: handleTimeUpdate
06-10 09:33:00.049  2349  2477 I KeyguardStatusView: Runnable for refresh
06-10 09:33:00.051  2615  2615 I HwLauncher: Model  onReceive intent=Intent { act=android.intent.action.TIME_TICK flg=0x50200014 hwFlg=0x900 (has extras) }
06-10 09:33:00.051  2615  2615 I HwLauncher: Model  onReceive user=UserHandle{0}
06-10 09:33:00.054  2615  2742 E HwLauncher: SettingsEx , no such field.
06-10 09:33:00.054  2615  2742 W HwLauncher: Clock getDataFormat the getSystemString failed.
06-10 09:33:00.059  2349  2349 D WeatherHelper: City info empty
06-10 09:33:00.061  1413  4691 V BroadcastQueue: Finished with ordered broadcast BroadcastRecord{879685 u-1 android.intent.action.TIME_TICK}
06-10 09:33:00.071  2349  2349 W ExpandableNotificationRow: setActionsBackground,null == view,mPublicLayout
06-10 09:33:00.071  2349  2349 W ExpandableNotificationRow: setActionsBackground,null == view,mPrivateLayout
06-10 09:33:00.072  2349  2349 W ExpandableNotificationRow: setActionsBackground,null == view,mPublicLayout
06-10 09:33:00.072  2349  2349 W ExpandableNotificationRow: setActionsBackground,null == view,mPrivateLayout
06-10 09:33:00.073  2349  2349 W ExpandableNotificationRow: setActionsBackground,null == view,mPublicLayout
06-10 09:33:00.073  2349  2349 W ExpandableNotificationRow: setActionsBackground,null == view,mPrivateLayout
06-10 09:33:00.073  2349  2349 W ExpandableNotificationRow: setActionsBackground,null == view,mPublicLayout
06-10 09:33:00.073  2349  2349 W ExpandableNotificationRow: setActionsBackground,null == view,mPrivateLayout
06-10 09:33:00.073  2349  2349 W ExpandableNotificationRow: setActionsBackground,null == view,mPublicLayout
06-10 09:33:00.074  2349  2349 W ExpandableNotificationRow: setActionsBackground,null == view,mPrivateLayout
06-10 09:33:00.074  2349  2349 W ExpandableNotificationRow: setActionsBackground,null == view,mPublicLayout
06-10 09:33:00.074  2349  2349 W ExpandableNotificationRow: setActionsBackground,null == view,mPrivateLayout
06-10 09:33:00.074  2349  2349 W HwKeyguardDragHelper: AnimationBlocked
06-10 09:33:00.136  2349  2349 D WeatherHelper: City info empty
06-10 09:33:00.137  2349  2349 D DateTimeView: Change to single clock mode!
06-10 09:33:00.139  2349  2349 D WeatherHelper: City info empty
06-10 09:33:00.139  2349  2349 I ColorPickUitls: type = 2
06-10 09:33:00.139  2349  2349 D WeatherHelper: City info empty
06-10 09:33:00.140  2349  2349 D DateTimeView: Change to single clock mode!
06-10 09:33:00.141  2349  2349 D WeatherHelper: City info empty
06-10 09:33:00.142  2349  2349 I ColorPickUitls: type = 2
06-10 09:33:00.301 29304 29304 I [AGC_LOG]HaConnector: Auto onReport
06-10 09:33:01.077 29933 29933 D         : [D/basp_load_policy] basp version is 2
06-10 09:33:01.077 29933 29933 D         : [D/basp_load_policy] configTag 5, delayCycle 20
06-10 09:33:01.077 29933 29933 D         : [D/basp_load_policy] basp_policy, level:0, chg_cycles:0, fcc_ratio:0, volt_dec:0, cur_ratio:10, dmd_num:0, logic:0
06-10 09:33:01.077 29933 29933 D         : [D/basp_load_policy] basp_policy, level:1, chg_cycles:200, fcc_ratio:110, volt_dec:20, cur_ratio:7, dmd_num:920001037, logic:0
06-10 09:33:01.077 29933 29933 D         : [D/basp_load_policy] basp_policy, level:2, chg_cycles:400, fcc_ratio:88, volt_dec:40, cur_ratio:7, dmd_num:920001029, logic:1
06-10 09:33:01.077 29933 29933 D         : [D/basp_load_policy] basp_policy, level:3, chg_cycles:700, fcc_ratio:80, volt_dec:50, cur_ratio:7, dmd_num:920001031, logic:1
06-10 09:33:01.077 29933 29933 D         : [D/basp_load_policy] basp_policy, level:4, chg_cycles:1000, fcc_ratio:70, volt_dec:100, cur_ratio:7, dmd_num:920001032, logic:0
06-10 09:33:01.102 29933 29933 E BATT_SOH: open /sys/devices/virtual/hw_power/coul/coul_data/battery_brand_name failed: No such file or directory
06-10 09:33:01.103 29933 29933 D         : [D/load_battery_rated_data] fcc_rated:3943000
06-10 09:33:01.103 29933 29937 I BATT_SOH: no soh poll file found!
06-10 09:33:01.104 29933 29933 D         : [D/load_battery_history_data] fcc_learned[0]:3111000
06-10 09:33:01.104 29933 29933 D         : [D/load_battery_history_data] fcc_learned[1]:3143000
06-10 09:33:01.104 29933 29933 D         : [D/load_battery_history_data] fcc_learned[2]:3175000
06-10 09:33:01.104 29933 29933 D         : [D/load_battery_history_data] fcc_learned[3]:3798000
06-10 09:33:01.104 29933 29933 D         : [D/load_battery_history_data] fcc_learned[4]:3766000
06-10 09:33:01.104 29933 29933 D         : [D/load_battery_history_data] latest_index:1, chg_cycles:171
06-10 09:33:01.105 29933 29933 D         : [D/basp_control] basp executing
06-10 09:33:01.105 29933 29933 D         : [D/basp_control] learned_fcc[0]:3111000
06-10 09:33:01.105 29933 29933 D         : [D/basp_control] learned_fcc[1]:3143000
06-10 09:33:01.105 29933 29933 D         : [D/basp_control] learned_fcc[2]:3175000
06-10 09:33:01.105 29933 29933 D         : [D/IsNeedExecDelayPolicy] the state of the delay policy is 0
06-10 09:33:01.105 29933 29933 D         : [D/GetBaspLevel] baspIndex = 3
06-10 09:33:01.105 29933 29933 D         : [D/basp_control] chg_cycles:171, fcc_rated:3943000, fcc_cnt:3, fcc_avg:3143000, basp_level:3, fcc_1c:3143000
06-10 09:33:01.106 29933 29933 E         : [E/chargemonitor]uploadBDMsg:uploadBDMsg: Cannot open file /log/charge_monitor/bigdataReport.log
06-10 09:33:01.106 29933 29933 D         : [D/basp_control] basp executing
06-10 09:33:01.106 29933 29939 D         : [D/basp_monitor_thread] Start monitoring
06-10 09:33:01.106   896  3381 E DMD     : [M/listen_server] dsm_charge_monitor has error (920001031) ignored
06-10 09:33:01.106 29933 29933 D         : [D/basp_control] learned_fcc[0]:3111000
06-10 09:33:01.106 29933 29933 D         : [D/basp_control] learned_fcc[1]:3143000
06-10 09:33:01.106 29933 29933 D         : [D/basp_control] learned_fcc[2]:3175000
06-10 09:33:01.106 29933 29933 D         : [D/IsNeedExecDelayPolicy] the state of the delay policy is 0
06-10 09:33:01.106 29933 29933 D         : [D/GetBaspLevel] baspIndex = 3
06-10 09:33:01.111   858   858 W hvdcp_opti: type=1400 audit(0.0:154096): avc: denied { read } for name="dp_dm" dev="sysfs" ino=39780 scontext=u:r:hvdcp:s0 tcontext=u:object_r:sysfs:s0 tclass=file permissive=0
06-10 09:33:01.111   858   858 W hvdcp_opti: type=1400 audit(0.0:154097): avc: denied { read } for name="input_current_limited" dev="sysfs" ino=39781 scontext=u:r:hvdcp:s0 tcontext=u:object_r:sysfs:s0 tclass=file permissive=0
06-10 09:33:01.111   858   858 W hvdcp_opti: type=1400 audit(0.0:154098): avc: denied { read } for name="input_current_limited" dev="sysfs" ino=39781 scontext=u:r:hvdcp:s0 tcontext=u:object_r:sysfs:s0 tclass=file permissive=0
06-10 09:33:01.111   858   858 W hvdcp_opti: type=1400 audit(0.0:154099): avc: denied { read } for name="charge_type" dev="sysfs" ino=39752 scontext=u:r:hvdcp:s0 tcontext=u:object_r:sysfs:s0 tclass=file permissive=0
06-10 09:33:01.114  1413  2141 D HwBatteryService: onUEvent fcpStatus = 0,scpStatus =0,ovpStatus=0
06-10 09:33:01.115   858   858 W hvdcp_opti: type=1400 audit(0.0:154100): avc: denied { read } for name="die_health" dev="sysfs" ino=39786 scontext=u:r:hvdcp:s0 tcontext=u:object_r:sysfs:s0 tclass=file permissive=0
06-10 09:33:01.115  1413  2141 I HwBatteryService: quick charge status : 0
06-10 09:33:01.138   858   858 W hvdcp_opti: type=1400 audit(0.0:154101): avc: denied { read } for name="dp_dm" dev="sysfs" ino=39780 scontext=u:r:hvdcp:s0 tcontext=u:object_r:sysfs:s0 tclass=file permissive=0
06-10 09:33:01.138   858   858 W hvdcp_opti: type=1400 audit(0.0:154102): avc: denied { read } for name="input_current_limited" dev="sysfs" ino=39781 scontext=u:r:hvdcp:s0 tcontext=u:object_r:sysfs:s0 tclass=file permissive=0
06-10 09:33:01.138   858   858 W hvdcp_opti: type=1400 audit(0.0:154103): avc: denied { read } for name="input_current_limited" dev="sysfs" ino=39781 scontext=u:r:hvdcp:s0 tcontext=u:object_r:sysfs:s0 tclass=file permissive=0
06-10 09:33:01.138   858   858 W hvdcp_opti: type=1400 audit(0.0:154104): avc: denied { read } for name="charge_type" dev="sysfs" ino=39752 scontext=u:r:hvdcp:s0 tcontext=u:object_r:sysfs:s0 tclass=file permissive=0
06-10 09:33:01.138   858   858 W hvdcp_opti: type=1400 audit(0.0:154105): avc: denied { read } for name="die_health" dev="sysfs" ino=39786 scontext=u:r:hvdcp:s0 tcontext=u:object_r:sysfs:s0 tclass=file permissive=0
06-10 09:33:01.138  1413  2141 D HwBatteryService: onUEvent fcpStatus = 0,scpStatus =0,ovpStatus=0
06-10 09:33:01.138  1413  2141 I HwBatteryService: quick charge status : 0
06-10 09:33:01.139  1413  4691 I BatteryService: normal charge status : 1
06-10 09:33:01.147  1413  4691 I BatteryService: normal charge status : 1
06-10 09:33:01.147  1413  1413 D WifiService: onReceive, action:android.intent.action.BATTERY_CHANGED
06-10 09:33:01.147  1413  1413 D WifiService: ACTION_BATTERY_CHANGED pluggedType: 0
06-10 09:33:01.149  7600  7600 I Cloud[10.13.20.300]Sync.SyncObserverService: batteryStatus: 2
