06-10 09:31:00.104  2564  2891 I MediaProcessHandler: executedCallBack opType: 1 mMediaStatusObservers.size=0
06-10 09:31:00.105  2564 12310 E HsmCoreServiceImpl: onTransact in code is: 102
06-10 09:31:00.105  2564 12310 I MediaProcessHandler: processOp opType: 1, uid: 10013, pid: 27425
06-10 09:31:00.105  2564 12310 W MediaProcessHandler: remove target not exist, maybe the UI process: uid: 10013, pid: 27425
06-10 09:31:00.105  2564 12310 I MediaProcessHandler: executedCallBack opType: 1 mMediaStatusObservers.size=0
06-10 09:31:00.576  1413  1413 I HwAudioService: check HiRes Icon false
06-10 09:31:00.590  1413  1413 I chatty  : uid=1000 system_server identical 2 lines
06-10 09:31:00.599  1413  1413 I HwAudioService: check HiRes Icon false
06-10 09:31:00.618  1413  1413 I chatty  : uid=1000 system_server expire 38 lines
06-10 09:31:02.029  1413  2199 I chatty  : uid=1000(system) WifiStateMachin expire 16 lines
06-10 09:31:02.031  1413  2201 I chatty  : uid=1000(system) HwWifiCHRStateM expire 12 lines
06-10 09:31:02.032 28067 28067 D wpa_supplicant: sta hidl pwrPercentBoostModesetInternal
06-10 09:31:02.188  6055  6055 I chatty  : uid=1000(system) com.huawei.android.pushagent.PushService expire 2 lines
06-10 09:31:02.194  6055  6084 I chatty  : uid=1000(system) ReceiverDispatc expire 2 lines
06-10 09:31:02.198  1413  2614 V BroadcastQueue: Finished with ordered broadcast BroadcastRecord{2514346 u0 com.huawei.push.alarm.HEARTBEAT}
06-10 09:31:02.199  6055  6084 I PushLog3158: [ReceiverDispatcher-278]heartbeatArrive, send heart beat(android/:148)
06-10 09:31:02.210  6055  6084 I PushLog3158: [ReceiverDispatcher-278]not support bastet in wifi(android/:101)
06-10 09:31:02.213  6055  6084 I PushLog3158: [ReceiverDispatcher-278]init push bastet failed!(android/:81)
06-10 09:31:02.222  6055  6084 I PushLog3158: [ReceiverDispatcher-278] get charing (android/:840)
06-10 09:31:02.224  6055  6084 I PushLog3158: [ReceiverDispatcher-278] get charing false(android/:842)
06-10 09:31:02.224  6055  6084 I PushLog3158: [ReceiverDispatcher-278]set HEARTBEAT_RSP_TIMEOUT Alarm(android/:364)
06-10 09:31:02.224  6055  6084 I PushLog3158: [ReceiverDispatcher-278]enter AlarmTools:setExactAlarm(intent:Intent { act=com.huawei.android.push.intent.HEARTBEAT_RSP_TIMEOUT pkg=android } interval:10000ms(android/:24)
06-10 09:31:02.225  6055  6084 I PushLog3158: [ReceiverDispatcher-278]setExactAlarm expectTriggerTime:1717983072224(android/:27)
06-10 09:31:02.230  6055  6084 I PushLog3158: [ReceiverDispatcher-278]next Heartbeat timeout for push server is:5.0(android/:374)
06-10 09:31:02.231  6055  6084 I PushLog3158: [ReceiverDispatcher-278]process cmdid to send to pushSrv:DA, subCmdId:FF(android/:106)
06-10 09:31:02.233  6055  6084 I PushLog3158: [ReceiverDispatcher-278]send msg to remote srv success(android/:110)
06-10 09:31:02.318  6055 28124 I PushLog3158: [SocketRead_09:06:30-1123]process cmdid to receive from pushSrv:DB, subCmdId:FF(android/:269)
06-10 09:31:02.319  1413  2916 I AlarmManager: remove alarm.operation :d3d2907 according to operation:7f4ca34
06-10 09:31:02.324  1413  2916 D SmartHeartBeat: isPendingPackage, false, pkg:com.android.deskclock, action:com.android.deskclock.ALARM_ALERT,not pending alarm with AlarmClockInfo
06-10 09:31:02.326  6055 28124 I PushLog3158: [SocketRead_09:06:30-1123]enter adjustHeartBeat:(findHeartBeat:true,isHearBeatTimeReq:true,RspTimeOut:false,beatInterval:210000,bestHBSuccessCount:0,range:[180000,300000])(android/:120)
06-10 09:31:02.326  6055 28124 I PushLog3158: [SocketRead_09:06:30-1123]judgeFindBestHB and isBestHBTimeOut: falseisOffset: false(android/:170)
06-10 09:31:02.328  6055 28124 I PushLog3158: [SocketRead_09:06:30-1123]after delayHeartBeatReq, nextHeartBeatTime, will be [210000,210000] ms later(android/:501)
06-10 09:31:02.333  6055 28124 I PushLog3158: [SocketRead_09:06:30-1123]dispatchIntent over(android/:210)
06-10 09:31:02.335  6055  6084 I PushLog3158: [ReceiverDispatcher-278]com.huawei.android.push.intent.MSG_RECEIVED alarm trigger, expectTriggerTime:0, current trigger time:1717983062335(android/:78)
06-10 09:31:02.338  1413  2614 I AlarmManager: remove alarm.operation :851cc5 according to operation:5ce4dd2
06-10 09:31:02.342  1413  2614 D SmartHeartBeat: isPendingPackage, false, pkg:com.android.deskclock, action:com.android.deskclock.ALARM_ALERT,not pending alarm with AlarmClockInfo
06-10 09:31:03.030  2577  2723 E KernelCpuSpeedReader: Failed to read cpu-freq: /sys/devices/system/cpu/cpu0/cpufreq/stats/time_in_state (No such file or directory)
06-10 09:31:03.030  2577  2723 E KernelCpuSpeedReader: Failed to read cpu-freq: /sys/devices/system/cpu/cpu4/cpufreq/stats/time_in_state (No such file or directory)
06-10 09:31:03.048  2577  2723 E KernelCpuSpeedReader: Failed to read cpu-freq: /sys/devices/system/cpu/cpu0/cpufreq/stats/time_in_state (No such file or directory)
06-10 09:31:03.049  2577  2723 E KernelCpuSpeedReader: Failed to read cpu-freq: /sys/devices/system/cpu/cpu4/cpufreq/stats/time_in_state (No such file or directory)
06-10 09:31:03.274  1413  2257 I chatty  : uid=1000(system) WiFiArpStateMac expire 10 lines
06-10 09:31:03.351  1413  2200 I chatty  : uid=1000(system) HwWifiStatStore expire 10 lines
06-10 09:31:04.438 28067 28067 D wpa_supplicant: sta hidl pwrPercentBoostModesetInternal
06-10 09:31:04.463  1413  2262 I chatty  : uid=1000(system) wifipro_uid_tcp expire 12 lines
06-10 09:31:05.100 28067 28067 D wpa_supplicant: sta hidl pwrPercentBoostModesetInternal
06-10 09:31:08.172 28067 28067 D wpa_supplicant: sta hidl pwrPercentBoostModesetInternal
06-10 09:31:09.683  2349  2349 E HwNotchUtils: setIconForView iconId is not found
06-10 09:31:09.683  2349  2349 D StatusBarIconController: setIconVisibility icon is null or visibility not change visibility=false
06-10 09:31:09.683  2349  2349 W ResourceType: No package identifier when getting value for resource number 0x00000000
06-10 09:31:09.684  2349  2349 E HwNotchUtils: setIconForView iconId is not found
06-10 09:31:09.837   612 29805 W libc    : Set property "hw.wifi.dns_stat" to "213,108,201,1,2175"
06-10 09:31:11.244 28067 28067 D wpa_supplicant: sta hidl pwrPercentBoostModesetInternal
06-10 09:31:12.446 28067 28067 D wpa_supplicant: sta hidl pwrPercentBoostModesetInternal
06-10 09:31:14.311  1413  2199 I chatty  : uid=1000(system) WifiStateMachin expire 14 lines
06-10 09:31:14.311  1413  2201 I chatty  : uid=1000(system) HwWifiCHRStateM expire 10 lines
06-10 09:31:14.313 28067 28067 D wpa_supplicant: sta hidl pwrPercentBoostModesetInternal
06-10 09:31:14.645  1413  1413 I chatty  : uid=1000 system_server expire 29 lines
06-10 09:31:15.445   750  1110 I qti_sensors_hal: [LightSensor]processReportInd: the cycle luxValue ItemData[0]:790000,ItemData[1]:64280b, lux:121.000000,cct:6563851.000000
06-10 09:31:16.706  2349  2349 D StatusBarIconController: setIconVisibility icon is null or visibility not change visibility=false
06-10 09:31:16.710  2349  2349 D StatusBarIconController: setIconVisibility icon is null or visibility not change visibility=false
06-10 09:31:17.384 28067 28067 D wpa_supplicant: sta hidl pwrPercentBoostModesetInternal
06-10 09:31:17.711  2349  2349 D StatusBarIconController: setIconVisibility icon is null or visibility not change visibility=false
06-10 09:31:17.711  2349  2349 W ResourceType: No package identifier when getting value for resource number 0x00000000
06-10 09:31:17.712  2349  2349 E HwNotchUtils: setIconForView iconId is not found
06-10 09:31:17.712  2349  2349 D StatusBarIconController: setIconVisibility icon is null or visibility not change visibility=false
06-10 09:31:17.712  2349  2349 W ResourceType: No package identifier when getting value for resource number 0x00000000
06-10 09:31:17.713  2349  2349 E HwNotchUtils: setIconForView iconId is not found
06-10 09:31:17.713  2349  2349 D StatusBarIconController: setIconVisibility icon is null or visibility not change visibility=false
06-10 09:31:17.713  2349  2349 W ResourceType: No package identifier when getting value for resource number 0x00000000
06-10 09:31:17.713  2349  2349 E HwNotchUtils: setIconForView iconId is not found
06-10 09:31:19.718  2349  2349 D StatusBarIconController: setIconVisibility icon is null or visibility not change visibility=false
06-10 09:31:19.722  2349  2349 D StatusBarIconController: setIconVisibility icon is null or visibility not change visibility=false
06-10 09:31:20.454 28067 28067 D wpa_supplicant: sta hidl pwrPercentBoostModesetInternal
06-10 09:31:20.479 28067 28067 D wpa_supplicant: sta hidl pwrPercentBoostModesetInternal
06-10 09:31:20.723  2349  2349 D StatusBarIconController: setIconVisibility icon is null or visibility not change visibility=false
06-10 09:31:20.723  2349  2349 W ResourceType: No package identifier when getting value for resource number 0x00000000
06-10 09:31:20.724  2349  2349 E HwNotchUtils: setIconForView iconId is not found
06-10 09:31:20.724  2349  2349 D StatusBarIconController: setIconVisibility icon is null or visibility not change visibility=false
06-10 09:31:20.724  2349  2349 W ResourceType: No package identifier when getting value for resource number 0x00000000
06-10 09:31:20.725  2349  2349 E HwNotchUtils: setIconForView iconId is not found
06-10 09:31:20.725  2349  2349 D StatusBarIconController: setIconVisibility icon is null or visibility not change visibility=false
06-10 09:31:20.725  2349  2349 W ResourceType: No package identifier when getting value for resource number 0x00000000
06-10 09:31:20.725  2349  2349 E HwNotchUtils: setIconForView iconId is not found
06-10 09:31:23.524 28067 28067 D wpa_supplicant: sta hidl pwrPercentBoostModesetInternal
06-10 09:31:24.734  2349  2349 D StatusBarIconController: setIconVisibility icon is null or visibility not change visibility=false
06-10 09:31:25.738  2349  2349 D StatusBarIconController: setIconVisibility icon is null or visibility not change visibility=false
06-10 09:31:25.739  2349  2349 W ResourceType: No package identifier when getting value for resource number 0x00000000
06-10 09:31:25.739  2349  2349 E HwNotchUtils: setIconForView iconId is not found
06-10 09:31:25.740  2349  2349 D StatusBarIconController: setIconVisibility icon is null or visibility not change visibility=false
06-10 09:31:25.740  2349  2349 W ResourceType: No package identifier when getting value for resource number 0x00000000
06-10 09:31:25.740  2349  2349 E HwNotchUtils: setIconForView iconId is not found
06-10 09:31:25.740  2349  2349 D StatusBarIconController: setIconVisibility icon is null or visibility not change visibility=false
06-10 09:31:25.741  2349  2349 W ResourceType: No package identifier when getting value for resource number 0x00000000
06-10 09:31:25.741  2349  2349 E HwNotchUtils: setIconForView iconId is not found
06-10 09:31:26.593  1413  2199 I chatty  : uid=1000(system) WifiStateMachin expire 18 lines
06-10 09:31:26.595  1413  2201 I chatty  : uid=1000(system) HwWifiCHRStateM expire 14 lines
06-10 09:31:26.596 28067 28067 D wpa_supplicant: sta hidl pwrPercentBoostModesetInternal
06-10 09:31:26.669  1413  1413 I chatty  : uid=1000 system_server expire 37 lines
06-10 09:31:27.237  1413  2467 E Watchdog: Failed to write to /sys/kernel/hungtask/vm_heart
06-10 09:31:27.237  1413  2467 E Watchdog: java.io.FileNotFoundException: /sys/kernel/hungtask/vm_heart (Permission denied)
06-10 09:31:27.237  1413  2467 E Watchdog: 	at java.io.FileOutputStream.open0(Native Method)
06-10 09:31:27.237  1413  2467 E Watchdog: 	at java.io.FileOutputStream.open(FileOutputStream.java:287)
06-10 09:31:27.237  1413  2467 E Watchdog: 	at java.io.FileOutputStream.<init>(FileOutputStream.java:223)
06-10 09:31:27.237  1413  2467 E Watchdog: 	at java.io.FileOutputStream.<init>(FileOutputStream.java:110)
06-10 09:31:27.237  1413  2467 E Watchdog: 	at com.android.server.Watchdog.writeHungtask(Watchdog.java:904)
06-10 09:31:27.237  1413  2467 E Watchdog: 	at com.android.server.Watchdog.run(Watchdog.java:563)
06-10 09:31:27.852   612 29814 W libc    : Set property "hw.wifi.dns_stat" to "214,109,201,1,2175"
06-10 09:31:28.326  1413  2257 I chatty  : uid=1000(system) WiFiArpStateMac expire 26 lines
06-10 09:31:28.460 28067 28067 D wpa_supplicant: sta hidl pwrPercentBoostModesetInternal
06-10 09:31:29.667 28067 28067 D wpa_supplicant: sta hidl pwrPercentBoostModesetInternal
06-10 09:31:32.738 28067 28067 D wpa_supplicant: sta hidl pwrPercentBoostModesetInternal
06-10 09:31:33.419  1413  2200 I chatty  : uid=1000(system) HwWifiStatStore expire 12 lines
06-10 09:31:35.801 28067 28067 D wpa_supplicant: sta hidl pwrPercentBoostModesetInternal
06-10 09:31:36.476 28067 28067 D wpa_supplicant: sta hidl pwrPercentBoostModesetInternal
06-10 09:31:36.499  1413  2271 I chatty  : uid=1000(system) HuaweiWifiWatch expire 10 lines
06-10 09:31:38.873 28067 28067 D wpa_supplicant: sta hidl pwrPercentBoostModesetInternal
06-10 09:31:38.876  1413  2199 I chatty  : uid=1000(system) WifiStateMachin expire 17 lines
06-10 09:31:39.940  1413  2193 D NetdConnector: RCV <- {613 IfaceClass active 1 234883735525728 1000}
06-10 09:31:39.943  1413  2193 D NetdConnector: RCV <- {613 IfaceClass active 1 234883735525728 1000}
06-10 09:31:39.945  1413  1979 D NetdConnector: RCV unsolicited event from native daemon, event = 613
06-10 09:31:40.476   612 29818 W libc    : Set property "hw.wifi.dns_stat" to "215,110,201,1,2175"
06-10 09:31:40.699  1413  1413 I chatty  : uid=1000 system_server expire 30 lines
06-10 09:31:40.792  2349  2349 D StatusBarIconController: setIconVisibility icon is null or visibility not change visibility=false
06-10 09:31:40.795  2349  2349 D StatusBarIconController: setIconVisibility icon is null or visibility not change visibility=false
06-10 09:31:41.795  2349  2349 D StatusBarIconController: setIconVisibility icon is null or visibility not change visibility=false
06-10 09:31:41.795  2349  2349 W ResourceType: No package identifier when getting value for resource number 0x00000000
06-10 09:31:41.796  2349  2349 E HwNotchUtils: setIconForView iconId is not found
06-10 09:31:41.796  2349  2349 D StatusBarIconController: setIconVisibility icon is null or visibility not change visibility=false
06-10 09:31:41.796  2349  2349 W ResourceType: No package identifier when getting value for resource number 0x00000000
06-10 09:31:41.796  2349  2349 E HwNotchUtils: setIconForView iconId is not found
06-10 09:31:41.796  2349  2349 D StatusBarIconController: setIconVisibility icon is null or visibility not change visibility=false
06-10 09:31:41.796  2349  2349 W ResourceType: No package identifier when getting value for resource number 0x00000000
06-10 09:31:41.796  2349  2349 E HwNotchUtils: setIconForView iconId is not found
06-10 09:31:41.934  1413  2201 I chatty  : uid=1000(system) HwWifiCHRStateM expire 12 lines
06-10 09:31:41.935 28067 28067 D wpa_supplicant: sta hidl pwrPercentBoostModesetInternal
06-10 09:31:43.709  7600  7640 I PrintWorker: PrintWoker poll timeout , shutdown
06-10 09:31:43.808  2349  2349 D StatusBarIconController: setIconVisibility icon is null or visibility not change visibility=false
06-10 09:31:43.811  2349  2349 D StatusBarIconController: setIconVisibility icon is null or visibility not change visibility=false
06-10 09:31:44.466 28067 28067 D wpa_supplicant: sta hidl pwrPercentBoostModesetInternal
06-10 09:31:44.812  2349  2349 D StatusBarIconController: setIconVisibility icon is null or visibility not change visibility=false
06-10 09:31:44.816  2349  2349 D StatusBarIconController: setIconVisibility icon is null or visibility not change visibility=false
06-10 09:31:44.884  3649  4193 I chatty  : uid=10057(com.huawei.hwid) KMDSDeployer-th expire 3 lines
06-10 09:31:44.962 28067 28067 D wpa_supplicant: sta hidl pwrPercentBoostModesetInternal
06-10 09:31:45.526   750  1110 I qti_sensors_hal: [LightSensor]processReportInd: the cycle luxValue ItemData[0]:7b0000,ItemData[1]:64294e, lux:123.000000,cct:6564174.000000
06-10 09:31:45.816  2349  2349 D StatusBarIconController: setIconVisibility icon is null or visibility not change visibility=false
06-10 09:31:45.817  2349  2349 W ResourceType: No package identifier when getting value for resource number 0x00000000
06-10 09:31:45.818  2349  2349 E HwNotchUtils: setIconForView iconId is not found
06-10 09:31:45.818  2349  2349 D StatusBarIconController: setIconVisibility icon is null or visibility not change visibility=false
06-10 09:31:45.818  2349  2349 W ResourceType: No package identifier when getting value for resource number 0x00000000
06-10 09:31:45.819  2349  2349 E HwNotchUtils: setIconForView iconId is not found
06-10 09:31:45.819  2349  2349 D StatusBarIconController: setIconVisibility icon is null or visibility not change visibility=false
06-10 09:31:45.819  2349  2349 W ResourceType: No package identifier when getting value for resource number 0x00000000
06-10 09:31:45.820  2349  2349 E HwNotchUtils: setIconForView iconId is not found
06-10 09:31:46.013   612 29820 W libc    : Set property "hw.wifi.dns_stat" to "216,111,201,1,2175"
06-10 09:31:48.033 28067 28067 D wpa_supplicant: sta hidl pwrPercentBoostModesetInternal
06-10 09:31:51.108 28067 28067 D wpa_supplicant: sta hidl pwrPercentBoostModesetInternal
06-10 09:31:52.495 28067 28067 D wpa_supplicant: sta hidl pwrPercentBoostModesetInternal
06-10 09:31:52.515  1413  1413 I chatty  : uid=1000 system_server expire 36 lines
06-10 09:31:54.176  1413  2199 I chatty  : uid=1000(system) WifiStateMachin expire 14 lines
06-10 09:31:54.178  1413  2201 I chatty  : uid=1000(system) HwWifiCHRStateM expire 10 lines
06-10 09:31:54.178 28067 28067 D wpa_supplicant: sta hidl pwrPercentBoostModesetInternal
06-10 09:31:57.239  1413  2467 E Watchdog: Failed to write to /sys/kernel/hungtask/vm_heart
06-10 09:31:57.239  1413  2467 E Watchdog: java.io.FileNotFoundException: /sys/kernel/hungtask/vm_heart (Permission denied)
06-10 09:31:57.239  1413  2467 E Watchdog: 	at java.io.FileOutputStream.open0(Native Method)
06-10 09:31:57.239  1413  2467 E Watchdog: 	at java.io.FileOutputStream.open(FileOutputStream.java:287)
06-10 09:31:57.239  1413  2467 E Watchdog: 	at java.io.FileOutputStream.<init>(FileOutputStream.java:223)
06-10 09:31:57.239  1413  2467 E Watchdog: 	at java.io.FileOutputStream.<init>(FileOutputStream.java:110)
06-10 09:31:57.239  1413  2467 E Watchdog: 	at com.android.server.Watchdog.writeHungtask(Watchdog.java:904)
06-10 09:31:57.239  1413  2467 E Watchdog: 	at com.android.server.Watchdog.run(Watchdog.java:563)
06-10 09:31:57.242  1413  1979 I chatty  : uid=1000(system) android.fg expire 3 lines
06-10 09:31:57.247 28067 28067 D wpa_supplicant: sta hidl pwrPercentBoostModesetInternal
06-10 09:31:59.376  1413  2193 D NetdConnector: RCV <- {613 IfaceClass idle 1 234903171488028}
06-10 09:31:59.379  1413  2193 D NetdConnector: RCV <- {613 IfaceClass idle 1 234903171488028}
06-10 09:31:59.383  1413  1979 D NetdConnector: RCV unsolicited event from native daemon, event = 613
06-10 09:31:59.385  1413  1950 I chatty  : uid=1000(system) batterystats-wo expire 12 lines
06-10 09:32:00.008  1413  1413 V AlarmManager: Received TIME_TICK alarm; rescheduling
06-10 09:32:00.010  1413  2193 D NetdConnector: RCV <- {613 IfaceClass active 1 234903806361477 1000}
06-10 09:32:00.012  1413  1413 I HwAlarmManagerService: hwSetAlarm listenerTag: time_tick
06-10 09:32:00.012  1413  2193 D NetdConnector: RCV <- {613 IfaceClass active 1 234903806361477 1000}
06-10 09:32:00.015  1413  1979 D NetdConnector: RCV unsolicited event from native daemon, event = 613
06-10 09:32:00.016  2349  2349 E DateView: DateView,mCurrentTime: 1717983120016
06-10 09:32:00.026  1413  1413 I ActivityManager: Killing 9552:com.huawei.hwid.container1/u0a57 (adj 906): empty for 1803s
06-10 09:32:00.028  1413  1938 I chatty  : uid=1000(system) ActivityManager expire 16 lines
06-10 09:32:00.061  2349  2349 W HwKeyguardDragHelper: AnimationBlocked
06-10 09:32:00.061  3649  3972 I chatty  : uid=10057(com.huawei.hwid) Binder:3649_5 expire 2 lines
06-10 09:32:00.062  1413  6374 D ActivityManager: cleanUpApplicationRecord app: ProcessRecord{313d0a8 9552:com.huawei.hwid.container1/u0a57}, app.bad: false, restarting: false, allowRestart: true
06-10 09:32:00.064  2349  2349 I EventCenter: EventCenter Get :android.intent.action.TIME_TICK
06-10 09:32:00.064  2564 12310 E HsmCoreServiceImpl: onTransact in code is: 102
06-10 09:32:00.064  2564 12310 I MediaProcessHandler: processOp opType: 1, uid: 10057, pid: 9552
06-10 09:32:00.064  2564 12310 W MediaProcessHandler: remove target not exist, maybe the UI process: uid: 10057, pid: 9552
06-10 09:32:00.064  2564 12310 I MediaProcessHandler: executedCallBack opType: 1 mMediaStatusObservers.size=0
06-10 09:32:00.065  2349  2349 W ResourceType: No known package when getting value for resource number 0xffffffff
06-10 09:32:00.066  2349  2349 W ResourceType: No known package when getting value for resource number 0xffffffff
06-10 09:32:00.067  2349  2349 W ResourceType: No known package when getting value for resource number 0xffffffff
06-10 09:32:00.067  2349  2349 W ResourceType: No known package when getting value for resource number 0xffffffff
06-10 09:32:00.069  2349  2349 D WeatherHelper: City info empty
06-10 09:32:00.071  2349  2349 D WeatherHelper: City info empty
06-10 09:32:00.071  2349  2349 D KeyguardUpdateMonitor: received broadcast android.intent.action.TIME_TICK
06-10 09:32:00.072  2349  2349 D KeyguardUpdateMonitor: handleTimeUpdate
06-10 09:32:00.072  2349  2477 I KeyguardStatusView: Runnable for refresh
06-10 09:32:00.073  2615  2615 I HwLauncher: Model  onReceive intent=Intent { act=android.intent.action.TIME_TICK flg=0x50200014 hwFlg=0x900 (has extras) }
06-10 09:32:00.073  2615  2615 I HwLauncher: Model  onReceive user=UserHandle{0}
06-10 09:32:00.076  2615  2742 E HwLauncher: SettingsEx , no such field.
06-10 09:32:00.076  2615  2742 W HwLauncher: Clock getDataFormat the getSystemString failed.
06-10 09:32:00.077  2349  2349 D WeatherHelper: City info empty
06-10 09:32:00.081  1413  2916 V BroadcastQueue: Finished with ordered broadcast BroadcastRecord{cc831ff u-1 android.intent.action.TIME_TICK}
06-10 09:32:00.088  2349  2349 W ExpandableNotificationRow: setActionsBackground,null == view,mPublicLayout
06-10 09:32:00.088  2349  2349 W ExpandableNotificationRow: setActionsBackground,null == view,mPrivateLayout
06-10 09:32:00.089  2349  2349 W ExpandableNotificationRow: setActionsBackground,null == view,mPublicLayout
06-10 09:32:00.089  2349  2349 W ExpandableNotificationRow: setActionsBackground,null == view,mPrivateLayout
06-10 09:32:00.090  2349  2349 W ExpandableNotificationRow: setActionsBackground,null == view,mPublicLayout
06-10 09:32:00.090  2349  2349 W ExpandableNotificationRow: setActionsBackground,null == view,mPrivateLayout
06-10 09:32:00.090  2349  2349 W ExpandableNotificationRow: setActionsBackground,null == view,mPublicLayout
06-10 09:32:00.090  2349  2349 W ExpandableNotificationRow: setActionsBackground,null == view,mPrivateLayout
06-10 09:32:00.091  2349  2349 W ExpandableNotificationRow: setActionsBackground,null == view,mPublicLayout
06-10 09:32:00.091  2349  2349 W ExpandableNotificationRow: setActionsBackground,null == view,mPrivateLayout
06-10 09:32:00.092  2349  2349 W ExpandableNotificationRow: setActionsBackground,null == view,mPublicLayout
06-10 09:32:00.092  2349  2349 W ExpandableNotificationRow: setActionsBackground,null == view,mPrivateLayout
06-10 09:32:00.092  2349  2349 W HwKeyguardDragHelper: AnimationBlocked
06-10 09:32:00.167  2349  2349 D WeatherHelper: City info empty
06-10 09:32:00.167  2349  2349 D DateTimeView: Change to single clock mode!
06-10 09:32:00.171  2349  2349 D WeatherHelper: City info empty
06-10 09:32:00.171  2349  2349 I ColorPickUitls: type = 2
06-10 09:32:00.172  2349  2349 D WeatherHelper: City info empty
06-10 09:32:00.172  2349  2349 D DateTimeView: Change to single clock mode!
06-10 09:32:00.176  2349  2349 D WeatherHelper: City info empty
06-10 09:32:00.176  2349  2349 I ColorPickUitls: type = 2
06-10 09:32:00.277 28067 28067 D wpa_supplicant: sta hidl pwrPercentBoostModesetInternal
06-10 09:32:00.502 28067 28067 D wpa_supplicant: sta hidl pwrPercentBoostModesetInternal
06-10 09:32:00.565   726 19770 I chatty  : uid=1041(audioserver) HwBinder:726_4 expire 14 lines
06-10 09:32:00.568  1413  1413 I HwAudioService: check HiRes Icon false
06-10 09:32:00.574  2349  2349 D StatusBarIconController: setIconVisibility icon is null or visibility not change visibility=false
06-10 09:32:00.872  2349  2349 D StatusBarIconController: setIconVisibility icon is null or visibility not change visibility=false
06-10 09:32:01.870  2349  2349 D StatusBarIconController: setIconVisibility icon is null or visibility not change visibility=false
06-10 09:32:01.871  2349  2349 W ResourceType: No package identifier when getting value for resource number 0x00000000
06-10 09:32:01.871  2349  2349 E HwNotchUtils: setIconForView iconId is not found
06-10 09:32:01.871  2349  2349 D StatusBarIconController: setIconVisibility icon is null or visibility not change visibility=false
06-10 09:32:01.871  2349  2349 W ResourceType: No package identifier when getting value for resource number 0x00000000
06-10 09:32:01.871  2349  2349 E HwNotchUtils: setIconForView iconId is not found
06-10 09:32:01.871  2349  2349 D StatusBarIconController: setIconVisibility icon is null or visibility not change visibility=false
06-10 09:32:01.871  2349  2349 W ResourceType: No package identifier when getting value for resource number 0x00000000
06-10 09:32:01.871  2349  2349 E HwNotchUtils: setIconForView iconId is not found
06-10 09:32:03.347 28067 28067 D wpa_supplicant: sta hidl pwrPercentBoostModesetInternal
06-10 09:32:04.263   612 29829 W libc    : Set property "hw.wifi.dns_stat" to "217,112,201,1,2175"
06-10 09:32:04.304  1413  2257 I chatty  : uid=1000(system) WiFiArpStateMac expire 10 lines
06-10 09:32:04.750  1413  1413 I chatty  : uid=1000 system_server expire 29 lines
06-10 09:32:06.385  1413  2199 I chatty  : uid=1000(system) WifiStateMachin expire 16 lines
06-10 09:32:06.387  1413  2201 I chatty  : uid=1000(system) HwWifiCHRStateM expire 12 lines
06-10 09:32:06.387 28067 28067 D wpa_supplicant: sta hidl pwrPercentBoostModesetInternal
06-10 09:32:06.965  2577  2723 E KernelCpuSpeedReader: Failed to read cpu-freq: /sys/devices/system/cpu/cpu0/cpufreq/stats/time_in_state (No such file or directory)
06-10 09:32:06.966  2577  2723 E KernelCpuSpeedReader: Failed to read cpu-freq: /sys/devices/system/cpu/cpu4/cpufreq/stats/time_in_state (No such file or directory)
06-10 09:32:07.011  2577  2723 I chatty  : uid=1000(system) core expire 14 lines
06-10 09:32:08.509 28067 28067 D wpa_supplicant: sta hidl pwrPercentBoostModesetInternal
06-10 09:32:08.533  1413  2271 I chatty  : uid=1000(system) HuaweiWifiWatch expire 10 lines
06-10 09:32:08.537  1413  2262 I chatty  : uid=1000(system) wifipro_uid_tcp expire 10 lines
06-10 09:32:08.542  1413  5157 I chatty  : uid=1000(system) MobileQosDetect expire 6 lines
06-10 09:32:08.902  2349  2349 D StatusBarIconController: setIconVisibility icon is null or visibility not change visibility=false
06-10 09:32:08.904  2349  2349 I chatty  : uid=10026(com.huawei.HwMultiScreenShot) com.android.systemui identical 23 lines
06-10 09:32:09.459 28067 28067 D wpa_supplicant: sta hidl pwrPercentBoostModesetInternal
06-10 09:32:09.500  1413  2200 I chatty  : uid=1000(system) HwWifiStatStore expire 10 lines
06-10 09:32:12.533 28067 28067 D wpa_supplicant: sta hidl pwrPercentBoostModesetInternal
06-10 09:32:15.605 28067 28067 D wpa_supplicant: sta hidl pwrPercentBoostModesetInternal
06-10 09:32:15.634   750  1110 I qti_sensors_hal: [LightSensor]processReportInd: the cycle luxValue ItemData[0]:7d0000,ItemData[1]:642a9a, lux:125.000000,cct:6564506.000000
06-10 09:32:16.521 28067 28067 D wpa_supplicant: sta hidl pwrPercentBoostModesetInternal
06-10 09:32:16.543  1413  1413 I chatty  : uid=1000 system_server expire 35 lines
06-10 09:32:18.675  1413  2199 I chatty  : uid=1000(system) WifiStateMachin expire 17 lines
06-10 09:32:18.677  1413  2201 I chatty  : uid=1000(system) HwWifiCHRStateM expire 13 lines
06-10 09:32:18.678 28067 28067 D wpa_supplicant: sta hidl pwrPercentBoostModesetInternal
06-10 09:32:21.750 28067 28067 D wpa_supplicant: sta hidl pwrPercentBoostModesetInternal
06-10 09:32:21.936   750  1110 I qti_sensors_hal: [LightSensor]processReportInd: the skip  luxValue  ItemData[0]:490000,ItemData[1]:641ea8, lux:73.000000,cct:6561448.000000
06-10 09:32:22.627   612 29837 W libc    : Set property "hw.wifi.dns_stat" to "218,112,201,1,2176"
06-10 09:32:22.752   750  1110 I qti_sensors_hal: [LightSensor]processReportInd: the skip  luxValue  ItemData[0]:4c0000,ItemData[1]:641fcc, lux:76.000000,cct:6561740.000000
06-10 09:32:23.157   750  1110 I qti_sensors_hal: [LightSensor]processReportInd: the skip  luxValue  ItemData[0]:450000,ItemData[1]:641d71, lux:69.000000,cct:6561137.000000
06-10 09:32:23.956  2349  2349 I chatty  : uid=10026(com.huawei.HwMultiScreenShot) com.android.systemui expire 11 lines
06-10 09:32:24.514 28067 28067 D wpa_supplicant: sta hidl pwrPercentBoostModesetInternal
06-10 09:32:24.803 28067 28067 D wpa_supplicant: sta hidl pwrPercentBoostModesetInternal
06-10 09:32:27.242  1413  2467 E Watchdog: Failed to write to /sys/kernel/hungtask/vm_heart
06-10 09:32:27.242  1413  2467 E Watchdog: java.io.FileNotFoundException: /sys/kernel/hungtask/vm_heart (Permission denied)
06-10 09:32:27.242  1413  2467 E Watchdog: 	at java.io.FileOutputStream.open0(Native Method)
06-10 09:32:27.242  1413  2467 E Watchdog: 	at java.io.FileOutputStream.open(FileOutputStream.java:287)
06-10 09:32:27.242  1413  2467 E Watchdog: 	at java.io.FileOutputStream.<init>(FileOutputStream.java:223)
06-10 09:32:27.242  1413  2467 E Watchdog: 	at java.io.FileOutputStream.<init>(FileOutputStream.java:110)
06-10 09:32:27.242  1413  2467 E Watchdog: 	at com.android.server.Watchdog.writeHungtask(Watchdog.java:904)
06-10 09:32:27.242  1413  2467 E Watchdog: 	at com.android.server.Watchdog.run(Watchdog.java:563)
06-10 09:32:27.877 28067 28067 D wpa_supplicant: sta hidl pwrPercentBoostModesetInternal
06-10 09:32:28.799  1413  1413 I chatty  : uid=1000 system_server expire 28 lines
06-10 09:32:29.353  1413  2257 I chatty  : uid=1000(system) WiFiArpStateMac expire 10 lines
06-10 09:32:30.950 28067 28067 D wpa_supplicant: sta hidl pwrPercentBoostModesetInternal
06-10 09:32:32.535  1413  2199 I chatty  : uid=1000(system) WifiStateMachin expire 35 lines
06-10 09:32:32.536  1413  2201 I chatty  : uid=1000(system) HwWifiCHRStateM expire 13 lines
06-10 09:32:32.537 28067 28067 D wpa_supplicant: sta hidl pwrPercentBoostModesetInternal
06-10 09:32:34.023 28067 28067 D wpa_supplicant: sta hidl pwrPercentBoostModesetInternal
06-10 09:32:37.094 28067 28067 D wpa_supplicant: sta hidl pwrPercentBoostModesetInternal
06-10 09:32:39.569  1413  2200 I chatty  : uid=1000(system) HwWifiStatStore expire 8 lines
06-10 09:32:40.151 28067 28067 D wpa_supplicant: sta hidl pwrPercentBoostModesetInternal
06-10 09:32:40.342  1413  2193 D NetdConnector: RCV <- {613 IfaceClass idle 1 234943171327342}
06-10 09:32:40.345  1413  2193 D NetdConnector: RCV <- {613 IfaceClass idle 1 234943171327342}
06-10 09:32:40.350  1413  1979 D NetdConnector: RCV unsolicited event from native daemon, event = 613
06-10 09:32:40.539  1413  4691 W ProcBatteryStats: timer is running , not start, name: abc.def.ghi, uid: 10296, tag: abc.def.ghi:Tag
06-10 09:32:40.540 28067 28067 D wpa_supplicant: sta hidl pwrPercentBoostModesetInternal
06-10 09:32:40.549  1413  1413 I chatty  : uid=1000 system_server expire 31 lines
06-10 09:32:40.550  1413  1413 V HwNotificationManagerService: isHwSoundAllow pkg=abc.def.ghi, channelId=abc.def.ghi.alarmService, userId=0, cfg=1
06-10 09:32:40.551  1413  1413 V NotificationService: Playing sound content://settings/system/notification_sound with attributes AudioAttributes: usage=USAGE_NOTIFICATION content=CONTENT_TYPE_SONIFICATION flags=0x0 tags= bundle=null
06-10 09:32:40.554  2349  2363 I chatty  : uid=10026(com.huawei.HwMultiScreenShot) Binder:2349_2 expire 11 lines
06-10 09:32:40.557  2349  2349 I chatty  : uid=10026(com.huawei.HwMultiScreenShot) com.android.systemui expire 44 lines
06-10 09:32:40.569  2349 29847 I chatty  : uid=10026(com.huawei.HwMultiScreenShot) com.android.systemui expire 19 lines
06-10 09:32:40.571  1413 16955 I chatty  : uid=1000(system) Binder:1413_1E expire 2 lines
06-10 09:32:40.575   874 25549 I MediaPlayerService: MediaPlayerService::Client::setDataSource local file://?FileDescriptor=33&Offset=0&Length=21315&Path=/data/system_de/0/ringtones
06-10 09:32:40.576   874 25549 D NuPlayer: hw fadein is disabled!
06-10 09:32:40.576   874 25549 D NuPlayerDriver: NuPlayerDriver(0xea824e70) created, clientPid(2349)
06-10 09:32:40.576   874 25549 D NuPlayer: hw fadein is disabled!
06-10 09:32:40.580   874 25549 V GenericSource: GenericSource
06-10 09:32:40.580   874 25549 V GenericSource: BufferingMonitor::getDefaultBufferingSettings{initialMode(1), rebufferingMode(3), initialMarks(5000 ms, -1 KB), rebufferingMarks(2000, 15000)ms, (40, 200)KB}
06-10 09:32:40.580   874 25549 V GenericSource: resetDataSource
06-10 09:32:40.580   874 29851 V NuPlayer: kWhatSetAudioSink
06-10 09:32:40.580   874 25549 V NuPlayer: setDataSourceAsync fd 33/0/21315 source: 0xe9e21580
06-10 09:32:40.581   874 25549 V GenericSource: setDataSource 33/0/21315
06-10 09:32:40.581   874 25549 V GenericSource: resetDataSource
06-10 09:32:40.581   874 29851 V NuPlayer: kWhatSetDataSource
06-10 09:32:40.581   874 29851 V NuPlayer: kWhatGetDefaultBufferingSettings
06-10 09:32:40.581   874 29851 V GenericSource: BufferingMonitor::getDefaultBufferingSettings{initialMode(1), rebufferingMode(3), initialMarks(5000 ms, -1 KB), rebufferingMarks(2000, 15000)ms, (40, 200)KB}
06-10 09:32:40.582   874 25549 V NuPlayer: prepareAsync
06-10 09:32:40.582   874 29851 V NuPlayer: onMessageReceived kWhatPrepare
06-10 09:32:40.583   874 29851 V GenericSource: prepareAsync: (looper: 0)
06-10 09:32:40.583   874 29852 V GenericSource: onPrepareAsync: mDataSource: 0
06-10 09:32:40.585   874 29852 D GenericSource: FileSource remote
06-10 09:32:40.585   874 29852 V GenericSource: IDataSource(FileSource): 0xea80ce80 35 0 21315
06-10 09:32:40.586   874 29852 I MediaExtractor: Create (null)
06-10 09:32:40.588   871 16585 V HwExtendedExtractor: HwExtendedExtractor::Sniff   in...
06-10 09:32:40.588   871 16585 V HwExtendedExtractor: HwExtendedExtractor::Sniff   out...
06-10 09:32:40.588   871 16585 I MediaExtractor: content 'application/ogg' with conf 0.20
06-10 09:32:40.590   871 16585 I MediaExtractorService: makeExtractor ((null)), uid = 1013
06-10 09:32:40.591   874 29852 V GenericSource: initFromDataSource track[0]: audio/vorbis
06-10 09:32:40.592   874 29852 V GenericSource: initFromDataSource mSources.size(): 1  mIsSecure: 0  mime[0]: audio/vorbis
06-10 09:32:40.592   874 29852 V GenericSource: checkDrmInfo: No PSSH
06-10 09:32:40.592   874 29852 V GenericSource: finishPrepareAsync
06-10 09:32:40.592   874 29852 V NuPlayer: Source::notifyPrepared 0
06-10 09:32:40.592   874 29852 V GenericSource: onPrepareAsync: Done
06-10 09:32:40.596   874 29851 V NuPlayer: onSourceNotify() kWhatFlagsChanged  FLAG_CAN_PAUSE: 1  FLAG_CAN_SEEK_BACKWARD: 1 
06-10 09:32:40.596   874 29851 V NuPlayer: 				 FLAG_CAN_SEEK_FORWARD: 1  FLAG_CAN_SEEK: 1  FLAG_DYNAMIC_DURATION: 0 
06-10 09:32:40.596   874 29851 V NuPlayer: 				 FLAG_SECURE: 0  FLAG_PROTECTED: 0
06-10 09:32:40.596   874 29851 V NuPlayer: NuPlayer::onSourceNotify Source::kWhatPrepared source: 0xe9e21580
06-10 09:32:40.596   874 29851 D NuPlayerDriver: notifyListener_l(0xea824e70), (1, 0, 0, -1), loop setting(0, 0)
06-10 09:32:40.603  2564 12310 E HsmCoreServiceImpl: onTransact in code is: 102
06-10 09:32:40.603  2564 12310 I MediaProcessHandler: processOp opType: 0, uid: 10026, pid: 2349
06-10 09:32:40.603  2564 12310 I MediaProcessHandler: executedCallBack opType: 0 mMediaStatusObservers.size=0
06-10 09:32:40.604   874 25549 D NuPlayerDriver: start(0xea824e70), state is 4, eos is 0
06-10 09:32:40.604   874 29851 V NuPlayer: kWhatStart
06-10 09:32:40.604   874 29851 V NuPlayer: onStart: mCrypto: 0x0 (0)
06-10 09:32:40.605  2564 12310 E HsmCoreServiceImpl: onTransact in code is: 102
06-10 09:32:40.605  2564 12310 I MediaProcessHandler: processOp opType: 1, uid: 10026, pid: 2349
06-10 09:32:40.605  2564 12310 I MediaProcessHandler: executedCallBack opType: 1 mMediaStatusObservers.size=0
06-10 09:32:40.606   874 25549 D NuPlayerDriver: reset(0xee5a8d20) at state 6
06-10 09:32:40.606   874 25549 D NuPlayerDriver: notifyListener_l(0xee5a8d20), (8, 0, 0, -1), loop setting(0, 0)
06-10 09:32:40.606   874 25549 D NuPlayer: NuPlayer::resetAsync()
06-10 09:32:40.606   874 25549 V GenericSource: GenericSource::disconnect begin
06-10 09:32:40.606   874 25549 V GenericSource: GenericSource::disconnect end
06-10 09:32:40.606   874 25549 D NuPlayer: NuPlayer::resetAsync() post kWhatReset
06-10 09:32:40.606   874 29790 V NuPlayer: kWhatReset
06-10 09:32:40.606   874 29790 V NuPlayer: performDecoderFlush audio=2, video=2
06-10 09:32:40.606   874 29790 V NuPlayer: [audio] flushDecoder needShutdown=1
06-10 09:32:40.606   874 29790 V NuPlayer: postponing action mFlushingAudio=2, mFlushingVideo=0
06-10 09:32:40.609   874 29790 V NuPlayer: renderer audio flush completed.
06-10 09:32:40.609   874 29790 V NuPlayer: decoder audio flush completed
06-10 09:32:40.609   874 29851 V NuPlayer: Renderer::canCreateDirect() = 1 
06-10 09:32:40.609   874 29790 V NuPlayer: initiating audio decoder shutdown
06-10 09:32:40.609   874 29851 W HwExtendedMediaDirect: canCreateDirectPcmStream: high resolution audio feature not enable 
06-10 09:32:40.609   874 29798 W ACodec  : forcing OMX state to Idle when received shutdown in ExecutingState
06-10 09:32:40.610   874 29851 W HwExtendedMediaDirect: device is not aux_digital. device 2
06-10 09:32:40.610   874 29851 I GenericSource: start  needStop = 0 
06-10 09:32:40.610   878 29799 W SimpleSoftOMXComponent: onChangeState mState= 3, mTargetState = 3, state = 2
06-10 09:32:40.613   874 29851 V NuPlayer: scanning sources haveAudio=0, haveVideo=0
06-10 09:32:40.614   878 29799 W SimpleSoftOMXComponent: onChangeState mState= 2, mTargetState = 2, state = 1
06-10 09:32:40.614   878 29799 W SimpleSoftOMXComponent: checkTransitions mState = 2, mTargetState = 1
06-10 09:32:40.615   874 29851 W HwExtendedMediaDirect: canCreateDirectPcmStream: high resolution audio feature not enable 
06-10 09:32:40.615   874 29851 V NuPlayer: determineAudioModeChange Renderer::canCreateDirect() = 1
06-10 09:32:40.616   874 29851 V NuPlayer: instantiateDecoder audio Decoder
06-10 09:32:40.617   874 29790 V NuPlayer: audio shutdown completed
06-10 09:32:40.618   874 29790 V NuPlayer: both audio and video are flushed now.
06-10 09:32:40.618   874 29790 D NuPlayer: closeAudioSink
06-10 09:32:40.618   862  1231 I chatty  : uid=1041(audioserver) Binder:862_2 expire 1 line
06-10 09:32:40.619   874 29790 D NuPlayer: performReset
06-10 09:32:40.619   874 29790 I NuPlayerRenderer: This video has played 0 frames
06-10 09:32:40.619   874 29790 V GenericSource: ~GenericSource
06-10 09:32:40.619   874 29856 E HwExtendedCodec: mime: audio/vorbis matching compontent failed!
06-10 09:32:40.619   874 29790 V GenericSource: resetDataSource
06-10 09:32:40.620   874 29790 D NuPlayerDriver: notifyResetComplete(0xee5a8d20)
06-10 09:32:40.621   874 25549 D NuPlayerDriver: updateMetrics(0xee5a8d20) from destructor at state 0
06-10 09:32:40.622   874 29856 I OMXClient: Treble IOmx obtained
06-10 09:32:40.622   878  1080 I OMXMaster: makeComponentInstance(OMX.google.vorbis.decoder) in omx@1.0-service process
06-10 09:32:40.622  2349 29845 I chatty  : uid=10026(com.huawei.HwMultiScreenShot) com.android.systemui expire 1 line
06-10 09:32:40.624   874 29856 I ACodec  : In onAllocateComponent create compenent, codec name: OMX.google.vorbis.decoder
06-10 09:32:40.625   878  1080 E OMXNodeInstance: setConfig(0xf4ca42c0:google.vorbis.decoder, ??(0x6f700006)) ERROR: Undefined(0x80001001)
06-10 09:32:40.625   874 29856 W HwExtendedUtils: hw configLocalPlayBack err = -2147483648
06-10 09:32:40.626   874 29856 I HwExtendedCodec: mime is [audio/vorbis] at setAudioFormat
06-10 09:32:40.626   878  1080 E OMXNodeInstance: setConfig(0xf4ca42c0:google.vorbis.decoder, ConfigPriority(0x6f800002)) ERROR: Undefined(0x80001001)
06-10 09:32:40.626   874 29856 I ACodec  : codec does not support config priority (err -2147483648)
06-10 09:32:40.626   878  1080 E OMXNodeInstance: getConfig(0xf4ca42c0:google.vorbis.decoder, ConfigAndroidVendorExtension(0x6f100004)) ERROR: Undefined(0x80001001)
06-10 09:32:40.628   874 29856 I MediaCodec: MediaCodec will operate in async mode
06-10 09:32:40.628   874 29856 I ACodec  : onStart
06-10 09:32:40.629   878 29857 W SimpleSoftOMXComponent: onChangeState mState= 1, mTargetState = 1, state = 2
06-10 09:32:40.629   878 29857 W SimpleSoftOMXComponent: checkTransitions port is not populate
06-10 09:32:40.630   725   725 W /system/bin/hw/android.hidl.allocator@1.0-service: ashmem_create_region(32768) returning hidl_memory(0x74ae22b530, 32768)
06-10 09:32:40.632   725   725 W /system/bin/hw/android.hidl.allocator@1.0-service: ashmem_create_region(32768) returning hidl_memory(0x74ae22b530, 32768)
06-10 09:32:40.632   878  1080 W SimpleSoftOMXComponent: checkTransitions port is not populate
06-10 09:32:40.634   725   725 W /system/bin/hw/android.hidl.allocator@1.0-service: ashmem_create_region(32768) returning hidl_memory(0x74ae22b530, 32768)
06-10 09:32:40.635   725   725 W /system/bin/hw/android.hidl.allocator@1.0-service: ashmem_create_region(32768) returning hidl_memory(0x74ae22b530, 32768)
06-10 09:32:40.636   878  1080 W SimpleSoftOMXComponent: checkTransitions mState = 1, mTargetState = 2
06-10 09:32:40.638   878 29857 W SimpleSoftOMXComponent: onChangeState mState= 2, mTargetState = 2, state = 3
06-10 09:32:40.638   878 29857 W SimpleSoftOMXComponent: checkTransitions mState = 2, mTargetState = 3
06-10 09:32:40.646   725   725 W /system/bin/hw/android.hidl.allocator@1.0-service: ashmem_create_region(32768) returning hidl_memory(0x74ae22b530, 32768)
06-10 09:32:40.647   725   725 W /system/bin/hw/android.hidl.allocator@1.0-service: ashmem_create_region(32768) returning hidl_memory(0x74ae22b530, 32768)
06-10 09:32:40.662   874 29854 D AudioTrack: OFFLOAD 0,mNotificationFrames 0,mStreamType =-1,mOriginalSampleRate 44100,mAfSampleRate 48000,mTransfer 3
06-10 09:32:40.662   874 29854 D AudioTrack: Client defaulted notificationFrames to 7350 for frameCount 22050
06-10 09:32:40.664   726 19770 I chatty  : uid=1041(audioserver) HwBinder:726_4 expire 18 lines
06-10 09:32:40.665  2577  2723 I chatty  : uid=1000(system) core expire 20 lines
06-10 09:32:40.666  1413 16955 I HwAudioService: ljc enter package length 3
06-10 09:32:40.666  1413 16955 I HwAudioService: ljc enter packageName:com.huawei.HwMultiScreenShot
06-10 09:32:40.666  2577  2596 I chatty  : uid=1000(system) Binder:2577_1 expire 12 lines
06-10 09:32:40.666  1413 16955 I HwAudioService: ljc enter packageName:com.android.keyguard
06-10 09:32:40.667  1413 16955 I HwAudioService: ljc enter packageName:com.android.systemui
06-10 09:32:40.667  1413 16955 I HwAudioService: ljc HwAudioService:music app enter -1
06-10 09:32:40.670   874 29851 V NuPlayer: media rendering started
06-10 09:32:40.670   726  4410 I chatty  : uid=1041(audioserver) writer expire 62 lines
06-10 09:32:40.670   874 29851 D NuPlayerDriver: notifyListener_l(0xea824e70), (6, 0, 0, -1), loop setting(0, 0)
06-10 09:32:40.671   759   802 E ANDR-PERF-MPCTL: Invalid profile no. 0, total profiles 0 only
06-10 09:32:40.674   874 29854 I AudioTrack: audioTrack send start state to pg
06-10 09:32:40.677  1413 16955 I HwAudioService: ljc enter package length 3
06-10 09:32:40.677  1413 16955 I HwAudioService: ljc enter packageName:com.huawei.HwMultiScreenShot
06-10 09:32:40.677  1413 16955 I HwAudioService: ljc enter packageName:com.android.keyguard
06-10 09:32:40.678  1413 16955 I HwAudioService: ljc enter packageName:com.android.systemui
06-10 09:32:40.679  1413 16955 I HwAudioService: ljc HwAudioService:music app enter -1
06-10 09:32:40.724   726  1397 I chatty  : uid=1041(audioserver) HwBinder:726_1 expire 67 lines
06-10 09:32:41.061   874 29854 I AudioTrack: audioTrack continuously zero data counter >= 20, send pause/stop state to pg, counter: 20
06-10 09:32:41.067  1413 16955 I HwAudioService: ljc enter package length 3
06-10 09:32:41.067  1413 16955 I HwAudioService: ljc enter packageName:com.huawei.HwMultiScreenShot
06-10 09:32:41.068  1413 16955 I HwAudioService: ljc enter packageName:com.android.keyguard
06-10 09:32:41.069  1413 16955 I HwAudioService: ljc enter packageName:com.android.systemui
06-10 09:32:41.069  1413 16955 I HwAudioService: ljc HwAudioService:music app exit -1
06-10 09:32:41.075   612 29859 W libc    : Set property "hw.wifi.dns_stat" to "219,113,201,1,2176"
06-10 09:32:41.106   874 29855 I NuPlayerDecoder: [audio] saw output EOS
06-10 09:32:41.186   874 29854 D AudioTrack: stop() called with 40736 frames delivered
06-10 09:32:41.668   862  1410 I chatty  : uid=1041(audioserver) AudioOut_D expire 1 line
06-10 09:32:41.723   874 29851 V NuPlayer: reached audio EOS
06-10 09:32:41.723   874 29851 D NuPlayerDriver: notifyListener_l(0xea824e70), (2, 0, 0, -1), loop setting(0, 0)
06-10 09:32:41.727  1413  2916 I chatty  : uid=1000(system) Binder:1413_D expire 3 lines
06-10 09:32:41.729  2564 12310 E HsmCoreServiceImpl: onTransact in code is: 102
06-10 09:32:41.729  2564 12310 I MediaProcessHandler: processOp opType: 1, uid: 10026, pid: 2349
06-10 09:32:41.729  2564 12310 W MediaProcessHandler: remove target not exist, maybe the UI process: uid: 10026, pid: 2349
06-10 09:32:41.729  2564 12310 I MediaProcessHandler: executedCallBack opType: 1 mMediaStatusObservers.size=0
06-10 09:32:41.762   862  1208 I chatty  : uid=1041(audioserver) ApmOutput expire 3 lines
06-10 09:32:41.775  1413 16955 I HwAudioService: ljc enter package length 3
06-10 09:32:41.776  1413 16955 I HwAudioService: ljc enter packageName:com.huawei.HwMultiScreenShot
06-10 09:32:41.777  1413 16955 I HwAudioService: ljc enter packageName:com.android.keyguard
06-10 09:32:41.777  1413 16955 I HwAudioService: ljc enter packageName:com.android.systemui
06-10 09:32:41.778  1413 16955 I HwAudioService: ljc HwAudioService:music app exit -1
06-10 09:32:43.217 28067 28067 D wpa_supplicant: sta hidl pwrPercentBoostModesetInternal
06-10 09:32:43.528  1413  2193 D NetdConnector: RCV <- {613 IfaceClass active 1 234947323407271 1000}
06-10 09:32:43.532  1413  2193 D NetdConnector: RCV <- {613 IfaceClass active 1 234947323407271 1000}
06-10 09:32:43.535  1413  1979 D NetdConnector: RCV unsolicited event from native daemon, event = 613
06-10 09:32:46.285 28067 28067 D wpa_supplicant: sta hidl pwrPercentBoostModesetInternal
06-10 09:32:47.763   750  1110 I qti_sensors_hal: [LightSensor]processReportInd: the skip  luxValue  ItemData[0]:540000,ItemData[1]:64221e, lux:84.000000,cct:6562334.000000
06-10 09:32:48.551  1413  2201 I chatty  : uid=1000(system) HwWifiCHRStateM expire 12 lines
06-10 09:32:48.552 28067 28067 D wpa_supplicant: sta hidl pwrPercentBoostModesetInternal
06-10 09:32:49.321 28067 28067 D wpa_supplicant: sta hidl pwrPercentBoostModesetInternal
06-10 09:32:49.388  1413  2257 I chatty  : uid=1000(system) WiFiArpStateMac expire 16 lines
06-10 09:32:50.574  2349  2349 V PhoneStatusBar: mStackScroller size:2,activeCount:6, childCnt:6
06-10 09:32:50.583  2349  2349 W HwKeyguardDragHelper: AnimationBlocked
06-10 09:32:50.844  1413  1413 I chatty  : uid=1000 system_server expire 98 lines
06-10 09:32:52.049  2349  2349 D StatusBarIconController: setIconVisibility icon is null or visibility not change visibility=false
06-10 09:32:52.051  2349  2349 D StatusBarIconController: setIconVisibility icon is null or visibility not change visibility=false
06-10 09:32:52.360 28067 28067 D wpa_supplicant: sta hidl pwrPercentBoostModesetInternal
06-10 09:32:53.053  2349  2349 D StatusBarIconController: setIconVisibility icon is null or visibility not change visibility=false
06-10 09:32:53.054  2349  2349 W ResourceType: No package identifier when getting value for resource number 0x00000000
06-10 09:32:53.054  2349  2349 E HwNotchUtils: setIconForView iconId is not found
06-10 09:32:53.055  2349  2349 D StatusBarIconController: setIconVisibility icon is null or visibility not change visibility=false
06-10 09:32:53.055  2349  2349 W ResourceType: No package identifier when getting value for resource number 0x00000000
06-10 09:32:53.055  2349  2349 E HwNotchUtils: setIconForView iconId is not found
06-10 09:32:53.055  2349  2349 D StatusBarIconController: setIconVisibility icon is null or visibility not change visibility=false
06-10 09:32:53.055  2349  2349 W ResourceType: No package identifier when getting value for resource number 0x00000000
06-10 09:32:53.055  2349  2349 E HwNotchUtils: setIconForView iconId is not found
06-10 09:32:54.430  7600  7600 I Cloud[10.13.20.300]Sync.ICBServiceProtocol: ICBService connected
06-10 09:32:54.458 25385 29866 I Cloud[10.13.20.300]Sync.HmsHwId: invalid oldAccessToken is empty!
06-10 09:32:54.460 25385 29866 I Cloud[10.13.20.300]Sync.HmsHwId:  [AT OPERATION] silentSignIn retry times: 0
06-10 09:32:54.461 25385 29866 I Cloud[10.13.20.300]Sync.HmsHwId:  [AT OPERATION] silentSignIn
06-10 09:32:54.463 25385 29866 I Cloud[10.13.20.300]Sync.HmsHwId: params={"subSrcPackageName":"com.huawei.hidisk.common"}
06-10 09:32:54.479 25385 29866 I HMSSDK_[HUAWEIIDSDK]HuaweiIdAuthService: HwID_SDK_Log[6.4.0.300]silentSignIn
06-10 09:32:54.480 25385 29866 I HMSSDK_HMSPackageManager: Enter getHMSPackageNameForMultiService
