06-10 09:33:03.238  5343  5343 I HwOUC   : [main-1]isAutoDownloadAvailable isFeatureSupport is true;isRootedByUser is false(HwOucUtility.java:5213)
06-10 09:33:03.239  1413  1936 V BroadcastQueue: Finished with ordered broadcast BroadcastRecord{975ccda u-1 android.intent.action.ACTION_POWER_CONNECTED}
06-10 09:33:03.239 29947 30168 I SecurityComp10200303: SX509TM: checkServerTrusted begin,size=2,authType=ECDHE_RSA
06-10 09:33:03.239 30075 30203 D Gallery_Common_StorageService: precess pre check storage info.
06-10 09:33:03.240 29947 30168 I SecurityComp10200303: SX509TM: check server i=0
06-10 09:33:03.240 29947 30168 I SecurityComp10200303: SX509TM: client root ca size=31
06-10 09:33:03.242   726  1397 D asd_primary_out: L[125]-48.370798db, R[102]-50.136995db
06-10 09:33:03.242  5343  5343 I HwOUC   : [main-1]isHotaUpdate cursor is null,return false(GDPRUtils.java:530)
06-10 09:33:03.242  5343  5343 I chatty  : uid=10060(com.huawei.android.hwouc) identical 2 lines
06-10 09:33:03.243  5343  5343 I HwOUC   : [main-1]isHotaUpdate cursor is null,return false(GDPRUtils.java:530)
06-10 09:33:03.243  5343  5343 E HwOUC   : [main-1]getVersionIds--components is null(HotaUpdateAuthAction.java:99)
06-10 09:33:03.243 30075 30171 D PhoneState: battery level is 82
06-10 09:33:03.244 30075 30171 D Gallery_Common_SelectedPhotos: is chinese: true, is network Usable: true, is Battery ok: true
06-10 09:33:03.250  5343  5343 E HwOUC   : [main-1]getDevicePolicyTypeAttempt to invoke virtual method 'int android.app.admin.SystemUpdatePolicy.getPolicyType()' on a null object reference(CDDUtils.java:77)
06-10 09:33:03.251  5343  5343 I HwOUC   : [main-1]getDevicePolicyType policyType : -1(CDDUtils.java:104)
06-10 09:33:03.251  5343  5343 I HwOUC   : [main-1]isHotaUpdate cursor is null,return false(GDPRUtils.java:530)
06-10 09:33:03.252  5343  5343 I HwOUC   : [main-1]isHotaUpdate cursor is null,return false(GDPRUtils.java:530)
06-10 09:33:03.252  5343  5343 E HwOUC   : [main-1]getVersionIds--components is null(HotaUpdateAuthAction.java:99)
06-10 09:33:03.253  5343  5343 I HwOUC   : [main-1]ForcibleUpgrade--isContinuedAfterCheckCDD, isAutoDownload is false, inForeground is false, isOpenWifi is true, devicePolicyType is -1(AutoInstallUtils.java:745)
06-10 09:33:03.253 30075 30204 D NetworkSecurityConfig: No Network Security Config specified, using platform default
06-10 09:33:03.255 29947 30205 I NK_Netdiag: RepTaskHandler ->NK_netdiag_0|netdiag.tools.NetDetectAndPolicy|50|the time count will reset!
06-10 09:33:03.261 29947 30181 I cr_CronetLibraryLoader: Cronet version: 90.0.4430.82, arch: aarch64
06-10 09:33:03.261   726  1397 D asd_primary_out: L[68]-53.658820db, R[76]-52.692727db
06-10 09:33:03.262 29947 30181 I NK_CronetNegotiateManager: HQUICManager|embedded.d2|18|HianalyticsHelper report disable
06-10 09:33:03.266 29947 30168 I SecurityComp10200303: SX509TM: checkServerTrusted end, CN=GlobalSign, O=GlobalSign, OU=GlobalSign Root CA - R3
06-10 09:33:03.270 29947 30168 I SecurityComp10200303: : verify: certificate is : CN=appgallery.cloud.huawei.com,O=Huawei Software Technologies Co.\, Ltd.,L=Nanjing,ST=Jiangsu,C=CN
06-10 09:33:03.276 30075 30075 D Gallery_Common_DataManager: registerChangeNotifier uri is content://com.huawei.gallery.provider/merge/gallery_media
06-10 09:33:03.279 29947 30135 I FormalHASDK: HAImpl==> onEvent. TAG:_default_config_tag, TYPE:1, eventId:2010600404
06-10 09:33:03.282   726  1397 D asd_primary_out: L[84]-51.823413db, R[63]-54.322188db
06-10 09:33:03.284  1413  2614 D ConnectivityService: listenForNetwork for uid/pid:10089/29947 NetworkRequest [ LISTEN id=410, [ Capabilities: INTERNET&NOT_RESTRICTED&TRUSTED] ]
06-10 09:33:03.284  1413  4691 I chatty  : uid=1000(system) Binder:1413_11 expire 1 line
06-10 09:33:03.285  1413  2217 D ConnectivityService: rematching NetworkAgentInfo [WIFI () - 104]
06-10 09:33:03.285  1413  2217 D ConnectivityService:  network has: [ Transports: WIFI Capabilities: NOT_METERED&INTERNET&NOT_RESTRICTED&TRUSTED&NOT_VPN&VALIDATED&FOREGROUND LinkUpBandwidth>=1048576Kbps LinkDnBandwidth>=1048576Kbps SignalStrength: -44]
06-10 09:33:03.285  1413  2217 D ConnectivityService: Network NetworkAgentInfo [WIFI () - 104] was already satisfying request 8. No change.
06-10 09:33:03.285  1413  2217 D ConnectivityService: Network NetworkAgentInfo [WIFI () - 104] was already satisfying request 340. No change.
06-10 09:33:03.285  1413  2217 D ConnectivityService: Network NetworkAgentInfo [WIFI () - 104] was already satisfying request 1. No change.
06-10 09:33:03.285  1413  2217 D ConnectivityService: Network NetworkAgentInfo [WIFI () - 104] was already satisfying request 5. No change.
06-10 09:33:03.285  1413  2217 D ConnectivityService: Network NetworkAgentInfo [WIFI () - 104] was already satisfying request 3. No change.
06-10 09:33:03.286  5343  5343 D HwInnerWifiManagerImpl: SupplicantState = COMPLETED
06-10 09:33:03.286  5343  5343 D HwInnerWifiManagerImpl: isPhoneAP = false
06-10 09:33:03.286  5343  5343 I HwOUC   : [main-1]onCreate->isAutoDownloadAvailable is true, isOpenWifi = true, isDownload = true, isSupportAutoDownload = true(WifiAutoDownloadManageService.java:45)
06-10 09:33:03.286  2349  2349 D StatusBar: updateNotification(StatusBarNotification(pkg=com.android.settings user=UserHandle{0} id=1000002 tag=null key=0|com.android.settings|1000002|null|1000: Notification(channel=SETTINGS_USB pri=1 contentView=null vibrate=null sound=null tick defaults=0x0 flags=0x2 color=0x00000000 vis=PRIVATE)))
06-10 09:33:03.286 30075 30171 D Gallery_cloud_PhotoShareUtils: check uri value content://com.huawei.android.cg.albumProvider/albumVersionStatus result: -1
06-10 09:33:03.287  5343  5343 I HwOUC   : [main-1]isHotaUpdate cursor is null,return false(GDPRUtils.java:530)
06-10 09:33:03.287 30075 30075 D Gallery_Common_DataManager: registerChangeNotifier uri is content://com.huawei.gallery.provider/merge/gallery_album
06-10 09:33:03.287  5343  5343 I HwOUC   : [main-1]isHotaUpdate cursor is null,return false(GDPRUtils.java:530)
06-10 09:33:03.287  5343  5343 E HwOUC   : [main-1]getVersionIds--components is null(HotaUpdateAuthAction.java:99)
06-10 09:33:03.288 29947 30135 I FormalHASDK: HAImpl==> onEvent. TAG:_default_config_tag, TYPE:1, eventId:907112013
06-10 09:33:03.288  5343  5343 E HwOUC   : [main-1]getDevicePolicyTypeAttempt to invoke virtual method 'int android.app.admin.SystemUpdatePolicy.getPolicyType()' on a null object reference(CDDUtils.java:77)
06-10 09:33:03.289  5343  5343 I HwOUC   : [main-1]getDevicePolicyType policyType : -1(CDDUtils.java:104)
06-10 09:33:03.290 30075 30075 D Gallery_Common_DataManager: registerChangeNotifier uri is content://moveoutin
06-10 09:33:03.291  2349  2349 D HwPhoneStatusBar: No peeking: not allowed notification: 0|com.android.settings|1000002|null|1000
06-10 09:33:03.291  2349  2349 D StatusBar:  shouldPeek=false alertAgain=true
06-10 09:33:03.291  2349  2349 I PhoneStatusBar: updateNotificationShade: total=7, active=7
06-10 09:33:03.292  2349  2349 W PhoneStatusBar: updateNotificationShade hasFaceDT: false; Detected:false
06-10 09:33:03.292  2349  2349 V PhoneStatusBar: mStackScroller size:3,activeCount:7, childCnt:7
06-10 09:33:03.296 30075 30075 D Gallery_Common_DataManager: registerChangeNotifier uri is content://media/external/images/media
06-10 09:33:03.296  2349  2349 W HwKeyguardDragHelper: AnimationBlocked
06-10 09:33:03.299 30075 30075 D Gallery_Common_DataManager: registerChangeNotifier uri is content://media/external/video/media
06-10 09:33:03.301   726  1397 D asd_primary_out: L[117]-48.945281db, R[83]-51.927437db
06-10 09:33:03.302 30075 30075 D Gallery_Common_DataManager: registerChangeNotifier uri is content://settings/gallery
06-10 09:33:03.303  5343  5343 I HwOUC   : [main-1]isHotaUpdate cursor is null,return false(GDPRUtils.java:530)
06-10 09:33:03.304  5343  5343 I OUC_COTA: [main-1]getCotaDownloadInfo(/CotaProxy.java:819)
06-10 09:33:03.304 30075 30075 D Gallery_Common_DataManager: registerChangeNotifier uri is content://media/external/file
06-10 09:33:03.307 30075 30075 D Gallery_Common_GalleryMediaObserver: Gallery Provider onCreate with observer com.huawei.gallery.provider.GalleryMediaObserver@c013772
06-10 09:33:03.313  2349  2349 W HwKeyguardDragHelper: AnimationBlocked
06-10 09:33:03.315 30075 30075 I Gallery_MediaSync_MediaSyncerHelper: register media observer
06-10 09:33:03.316 29947 30202 E ApkAssets: Error while loading Apkasset
06-10 09:33:03.319  5343  5343 I HwOUC   : [main-1]onReceive action=android.intent.action.ACTION_POWER_DISCONNECTED(PowerConnectedReceiver.java:27)
06-10 09:33:03.320  5343  5343 I HwOUC   : [main-1]ThirdAppCheckedUtils isProgressDialogShow not show(ThirdAppCheckedUtils.java:248)
06-10 09:33:03.320  5343  5343 I HwOUC   : [main-1]no dialog is isShowing(HwOucUtilityEx.java:923)
06-10 09:33:03.320  5343  5343 I HwOUC   : [main-1]isHotaUpdate cursor is null,return false(GDPRUtils.java:530)
06-10 09:33:03.321  5343  5343 I HwOUC   : [main-1]onReceive nextInstallRemindTime is -1 or nextSwitchABSystemRemindTime is -1 not AllFirmwareVerifySuccess and not AllFirmwareInstallSuccessUnderAB, do noting(PowerConnectedReceiver.java:60)
06-10 09:33:03.321   726  1397 D asd_primary_out: L[61]-54.602402db, R[61]-54.602402db
06-10 09:33:03.324 29947 29986 E HiApp.Dev/DevUtilsEx: RepTaskHandler{3043} initHwDeviceFeatures: No static method getHwSystemAvailableFeatures()[Landroid/content/pm/FeatureInfo; in class Lcom/huawei/android/app/PackageManagerEx; or its super classes (declaration of 'com.huawei.android.app.PackageManagerEx' appears in /system/framework/hwframework.jar)
06-10 09:33:03.328 30075 30172 D Gallery_Common_BitmapLoader: bitmap from GalleryPool is null
06-10 09:33:03.330 30075 30172 D Gallery_Common_BitmapLoader: bitmap from GalleryPool is null
06-10 09:33:03.330  2349  2349 W HwKeyguardDragHelper: AnimationBlocked
06-10 09:33:03.332 30075 30172 D Gallery_Common_BitmapLoader: bitmap from GalleryPool is null
06-10 09:33:03.341   726  1397 D asd_primary_out: L[106]-49.802881db, R[93]-50.939340db
06-10 09:33:03.342 29947 30205 I NK_Netdiag: CORE_THREAD_POOL-0 ->NK_netdiag_0|netdiag.tools.NetDetectAndPolicy|50|the time count will reset!
06-10 09:33:03.354 29947 30168 I FormalHASDK: HAImpl==> onEvent. TAG:_default_config_tag, TYPE:1, eventId:2010600404
06-10 09:33:03.355 30075 30172 D Gallery_Common_BitmapLoader: bitmap from GalleryPool is null
06-10 09:33:03.357 30075 30172 I chatty  : uid=10024(com.android.gallery3d) identical 5 lines
06-10 09:33:03.357 30075 30172 D Gallery_Common_BitmapLoader: bitmap from GalleryPool is null
06-10 09:33:03.357 30075 30172 I Gallery : app start with version 8.2.1.304(180201304)
06-10 09:33:03.361   817   843 E libnav  : CablComputeBacklightLevel(): UpdateType = DifferentSceneUpdate
06-10 09:33:03.361   726  1397 D asd_primary_out: L[72]-53.162349db, R[60]-54.745974db
06-10 09:33:03.365 29947 30135 I HMSSDK_HMSPackageManager: DSS signature check success
06-10 09:33:03.366 29947 30135 I HMSSDK_HMSPackageManager: aidlService pkgName: com.huawei.hwid
06-10 09:33:03.367 29947 30135 I HMSSDK_HMSPackageManager: Enter getHMSPackageNameForMultiService
06-10 09:33:03.371 29947 30135 I HMSSDK_HMSPackageManager: <initHmsPackageInfoForMultiService> Succeed to find HMS apk: com.huawei.hwid version: 61300351
06-10 09:33:03.372 29947 30226 I HMSSDK_HMSPackageManager: enter asyncOnceCheckMDMState
06-10 09:33:03.373 29947 30135 I HMSSDK_HMSPackageManager: Enter getHMSPackageName
06-10 09:33:03.375 29947 30226 I HMSSDK_HMSPackageManager: enter checkHmsIsSpoof
06-10 09:33:03.380  1413  6374 I chatty  : uid=1000(system) Binder:1413_13 expire 2 lines
06-10 09:33:03.381  1413  8370 V BroadcastQueue: Finished with ordered broadcast BroadcastRecord{15b3c98 u-1 android.intent.action.ACTION_POWER_DISCONNECTED}
06-10 09:33:03.383   726  1397 D asd_primary_out: L[47]-56.867042db, R[51]-56.157595db
06-10 09:33:03.387 29947 30168 I FormalHASDK: HAImpl==> onEvent. TAG:_default_config_tag, TYPE:1, eventId:907112013
06-10 09:33:03.387  1413  4691 D JobServiceContext: Scheduling time out for '.service.alarm.control.HiAppPowerConnectChangeService' jId: 200002, in 18 s
06-10 09:33:03.396 29947 30226 I HMSSDK_ReadApkFileUtil: verifyMDMSignatureV3 verify successful!
06-10 09:33:03.401   726  1397 D asd_primary_out: L[72]-53.162349db, R[45]-57.244748db
06-10 09:33:03.405 29947 30135 I HMSSDK_HMSPackageManager: DSS signature check success
06-10 09:33:03.407 29947 30135 I HMSSDK_HMSPackageManager: <initHmsPackageInfo> Succeed to find HMS apk: com.huawei.hwid version: 61300351
06-10 09:33:03.421   726  1397 D asd_primary_out: L[47]-56.867042db, R[43]-57.639630db
06-10 09:33:03.441   726  1397 D asd_primary_out: L[52]-55.988932db, R[40]-58.267799db
06-10 09:33:03.443 30075 30075 D PowerStateReceiver: onReceive intent=Intent { act=android.intent.action.ACTION_POWER_CONNECTED flg=0x4000010 cmp=com.android.gallery3d/com.huawei.gallery.phonestatus.PowerStateReceiver (has extras) } action=android.intent.action.ACTION_POWER_CONNECTED
06-10 09:33:03.444 29947 30226 I HMSSDK_HMSPackageManager: quit checkHmsIsSpoof state: SUCCESS
06-10 09:33:03.444  1413  1413 D JobServiceContext: handleServiceBound for efbab86 #u0a89/200002 com.huawei.appmarket/.service.alarm.control.HiAppPowerConnectChangeService
06-10 09:33:03.444  1413  1413 D JobServiceContext: Scheduling time out for '.service.alarm.control.HiAppPowerConnectChangeService' jId: 200002, in 8 s
06-10 09:33:03.444 29947 30226 I HMSSDK_HMSPackageManager: quit asyncOnceCheckMDMState
06-10 09:33:03.447 30075 30075 D PowerStateReceiver: battery = 82
06-10 09:33:03.447  2577  2723 I DeviceMonitor: WKLOCK EVT:160 uid:10089 flags:1 pid:-2 tag:*job*/com.huawei.appmarket/.service.alarm.control.HiAppPowerConnectChangeService
06-10 09:33:03.449  1413 10949 D JobServiceContext: doCallback of : JobStatus{efbab86 #u0a89/200002 com.huawei.appmarket/.service.alarm.control.HiAppPowerConnectChangeService u=0 s=10089 TIME=none:-62ms READY} v:VERB_STARTING
06-10 09:33:03.449  1413 10949 D JobServiceContext: Scheduling time out for '.service.alarm.control.HiAppPowerConnectChangeService' jId: 200002, in 600 s
06-10 09:33:03.461   726  1397 D asd_primary_out: L[52]-55.988932db, R[25]-62.350199db
06-10 09:33:03.461 30075 30075 D PowerStateReceiver: battery = 82
06-10 09:33:03.462 30075 30075 D PowerStateReceiver: battery current is 82
06-10 09:33:03.464 30075 30075 D CloudLocalSyncService: localSync = -1  cloudSync = -1
06-10 09:33:03.464 30075 30075 E RecycleClearService: startRecycleClearService   forceStart = true, sClearDone = false
06-10 09:33:03.465 30075 30228 D Gallery_Common_GalleryUtils: gapdays:29
06-10 09:33:03.469 29947 30227 D HwInnerWifiManagerImpl: SupplicantState = COMPLETED
06-10 09:33:03.469 29947 30227 D HwInnerWifiManagerImpl: isPhoneAP = false
06-10 09:33:03.481   726  1397 D asd_primary_out: L[42]-57.844013db, R[33]-59.938720db
06-10 09:33:03.501   726  1397 D asd_primary_out: L[33]-59.938720db, R[14]-67.386438db
06-10 09:33:03.506   876   876 E Thermal-daemon: [ap] temp_new :28  temp_old :27
06-10 09:33:03.507  2577 20317 I ThermalService: Receive temperature change, type: 0, temp: 28 from thermald
06-10 09:33:03.508   876   876 E Thermal-daemon: Report temperature: [ap] temp :28  report_threshold:1
06-10 09:33:03.515 29947 30227 D HwInnerWifiManagerImpl: SupplicantState = COMPLETED
06-10 09:33:03.515 29947 30227 D HwInnerWifiManagerImpl: isPhoneAP = false
06-10 09:33:03.515 28726 28726 D AutoCache: onReceive intent=Intent { act=android.intent.action.ACTION_POWER_CONNECTED flg=0x4000010 cmp=com.android.providers.media/com.huawei.media.autocachethumbnail.PowerStateReceiver (has extras) } action=android.intent.action.ACTION_POWER_CONNECTED
06-10 09:33:03.522   726  1397 D asd_primary_out: L[34]-59.679420db, R[13]-68.030132db
06-10 09:33:03.524 30075 30075 D Gallery_Merge_MergeClassifyDataService: request start ClassifyDataMergeService
06-10 09:33:03.525 30075 30204 D Gallery_Common_SelectedPhotos: ping server end, is support download: true
06-10 09:33:03.526 30075 30204 D Gallery_Common_SelectedPhotoInfo:  init SelectedPhotoInfo cost time: 0
06-10 09:33:03.526  1413  1424 I chatty  : uid=1000(system) HeapTaskDaemon expire 1 line
06-10 09:33:03.528   881   881 W iaware  : type=1400 audit(0.0:154147): avc: denied { write } for name="timerslack_ns" dev="proc" ino=6515567 scontext=u:r:hwpged:s0 tcontext=u:r:mediaprovider:s0:c512,c768 tclass=file permissive=0
06-10 09:33:03.528   881   881 W iaware  : type=1400 audit(0.0:154148): avc: denied { write } for name="timerslack_ns" dev="proc" ino=6515567 scontext=u:r:hwpged:s0 tcontext=u:r:mediaprovider:s0:c512,c768 tclass=file permissive=0
06-10 09:33:03.529 28726 28726 V AutoCache: registerBatteryBroadcastReceiver: sBatteryRegisterState is true, cxt is android.app.Application@5178ff3
06-10 09:33:03.529 29947 30227 D HwInnerWifiManagerImpl: SupplicantState = COMPLETED
06-10 09:33:03.529 29947 30227 D HwInnerWifiManagerImpl: isPhoneAP = false
06-10 09:33:03.530  1413  8370 D JobServiceContext: doCallback of : JobStatus{efbab86 #u0a89/200002 com.huawei.appmarket/.service.alarm.control.HiAppPowerConnectChangeService u=0 s=10089 TIME=none:-143ms READY} v:VERB_EXECUTING
06-10 09:33:03.532 30075 30232 D Gallery_Common_SelectedPhotoInfo: start generate cover.
06-10 09:33:03.532  2577  2723 I DeviceMonitor: WKLOCK EVT:161 uid:10089 flags:1 pid:-2 tag:*job*/com.huawei.appmarket/.service.alarm.control.HiAppPowerConnectChangeService
06-10 09:33:03.533 28726 28726 V AutoCache: unRegisterBatteryBroadcastReceiver: sBatteryRegisterState is false, cxt is android.app.Application@5178ff3
06-10 09:33:03.533  5343  5343 I HwOUC   : [main-1]onReceive action=android.intent.action.ACTION_POWER_CONNECTED(PowerConnectedReceiver.java:27)
06-10 09:33:03.534 30075 30075 D RecycleClearService: --schedule-- [onStartCommand] start RecycleClearService.
06-10 09:33:03.535 30075 30235 D PhoneState: charge is true
06-10 09:33:03.535 30075 30235 D PhoneState: battery level is 82
06-10 09:33:03.536 29947 29986 W HiApp.SafeJobServiceEngineImpl: AsyncTask #3{3075} dequeueWork work is invalid.
06-10 09:33:03.536 30075 30232 D HwGalleryCacheManagerImpl: mIsEffect:false
06-10 09:33:03.536 30075 30235 D PhoneState: screen on true
06-10 09:33:03.536 30075 30075 D Gallery_Merge_MergeClassifyDataService: merge service started.
06-10 09:33:03.537 30075 30236 W Gallery_Merge_MergeClassifyDataService: classify data status : true, true
06-10 09:33:03.538 30075 30075 D RecycleClearService: --schedule-- RecycleClearService onDestroy
06-10 09:33:03.541  1413  1936 V BroadcastQueue: Finished with ordered broadcast BroadcastRecord{40c5461 u-1 android.intent.action.ACTION_POWER_CONNECTED}
06-10 09:33:03.541   726  1397 D asd_primary_out: L[14]-67.386438db, R[5]-76.329599db
06-10 09:33:03.548 30075 30236 W Gallery_Merge_MergeClassifyDataService: classify data is downloading. should merge later
06-10 09:33:03.550 30075 30075 D Gallery_Merge_MergeClassifyDataService: merge service stopped.
06-10 09:33:03.561   726  1397 D asd_primary_out: L[18]-65.203549db, R[9]-71.224149db
06-10 09:33:03.574   862  1410 I AudioTrackShared: server obtain null buf part1:0 rear:35755 front:35755 mFrameCount:24000
06-10 09:33:03.581   726  1397 D asd_primary_out: L[13]-68.030132db, R[4]-78.267799db
06-10 09:33:03.601   726  1397 D asd_primary_out: L[9]-71.224149db, R[6]-74.745974db
06-10 09:33:03.609 30075 30232 D OpenGLRenderer: HWUI GL Pipeline
06-10 09:33:03.615 30237 30237 E libc    : Access denied finding property "ro.hwfix.ro.process_list"
06-10 09:33:03.617 30075 30232 I Gallery_Common_SelectedPhotoInfo: generateCover success
06-10 09:33:03.617  1413  2200 I chatty  : uid=1000(system) HwWifiStatStore expire 1 line
06-10 09:33:03.624   874 30121 V NuPlayer: reached audio EOS
06-10 09:33:03.624   874 30121 D NuPlayerDriver: notifyListener_l(0xea8243f0), (2, 0, 0, -1), loop setting(0, 0)
06-10 09:33:03.624  1413 10949 I chatty  : uid=1000(system) Binder:1413_1A expire 5 lines
06-10 09:33:03.624 30237 30237 E libc    : Access denied finding property "ro.hwfix.ro.process_list"
06-10 09:33:03.624  1413  2140 I chatty  : uid=1000(system) HwBatteryServic expire 2 lines
06-10 09:33:03.625  2564 12310 E HsmCoreServiceImpl: onTransact in code is: 102
06-10 09:33:03.625  2564 12310 W MediaProcessHandler: processOp uid 1000 is not concerned!
06-10 09:33:03.625  2564 12310 I MediaProcessHandler: executedCallBack opType: 1 mMediaStatusObservers.size=0
06-10 09:33:03.625   726  1397 D asd_primary_out: L[0],R[0], continus 20 times!
06-10 09:33:03.633 29947 30135 I HslPackageManager: Get Hsl Package Manager.
06-10 09:33:03.633 29947 30135 I HslPackageManager: is Support Hsl false
06-10 09:33:03.656  2577  2723 I DeviceMonitor: WKLOCK EVT:160 uid:1041 flags:1 pid:0 tag:AudioMix
06-10 09:33:03.665   862  1208 I APM_AudioPolicyManager: stopOutput() output 13, stream 1, session 13185
06-10 09:33:03.665   862  1207 I AudioFlinger: setParameters(): io 0, keyvalue stop_stream=1, calling pid 862
06-10 09:33:03.666   726  1402 D audio_hw_primary: adev_set_parameters: enter: stop_stream=1
06-10 09:33:03.666   726  1402 D audio_hw_extn: audio_extn_set_anc_parameters: anc_enabled:0
06-10 09:33:03.666   726  1402 D audio_hw_spkr_prot: audio_extn_fbsp_set_parameters: Speaker protection disabled
06-10 09:33:03.667   862  1208 I APM_AudioPolicyManager: getNewOutputDevice() selected device 0
06-10 09:33:03.667   862  1208 I APM_AudioPolicyManager: setOutputDevice() setting same device 0x0000 or null device
06-10 09:33:03.668  2577  2723 I PGServer: report state:2 event type:2 pid:1413 uid:1000 pkg:null to pid: 1413
06-10 09:33:03.669  2577  2723 I PGServer: report state:2 event type:2 pid:1413 uid:1000 pkg:null to pid: 2577
06-10 09:33:03.669  2577  2723 D AudioState: auido type:out state:stop pid:1413 uid:1000
06-10 09:33:03.696 30075 30204 D Gallery_Common_SelectedPhotoInfo: start download cover.
06-10 09:33:03.696 30075 30204 D Gallery_Common_SelectedPhotoInfo: need update cover
06-10 09:33:03.705   726  1397 D asd_primary_out: L[0],R[0], continus 20 times!
06-10 09:33:03.724 29947 30135 I NK_CronetEngineManager: RepTaskHandler|embedded.a2|97|the host of using quic is store-drcn.hispace.dbankcloud.com
06-10 09:33:03.733 29947 30135 I NK_CronetEngineManager: RepTaskHandler|embedded.a2|666|QUIC options:{"QUIC":{"connection_options":"STMP,HW01,AKDU,SCC0","idle_connection_timeout_seconds":300,"quic_disable_tls_0rtt":false,"quic_version":"h3","max_server_configs_stored_in_properties":50},"traffic_class":0,"server_config_persist_delay":0,"tls13_session_timeout":1296000,"commit_file_delay":10,"quic_broken_mode":2}
06-10 09:33:03.736 29947 30135 I NK_CountryCodeBean: RepTaskHandler|network.grs.local.model.CountryCodeBean|18|get issue_country code from VENDOR_COUNTRY
06-10 09:33:03.738 29947 30135 I NK_g2   : RepTaskHandler|embedded.g2|4|the request has used the cronet!
06-10 09:33:03.741 29947 30135 I NK_g2   : RepTaskHandler|embedded.g2|148|using cronet to request5268
06-10 09:33:03.786   726  1397 D asd_primary_out: L[0],R[0], continus 20 times!
06-10 09:33:03.865   726  1397 D asd_primary_out: L[0],R[0], continus 20 times!
06-10 09:33:03.902 30075 30204 D Gallery_Common_SelectedPhotoInfo: syncLocalInfo is called
06-10 09:33:03.908 30075 30204 D Gallery_Common_SelectedPhotoInfo: start generate cover.
06-10 09:33:03.945   726  1397 D asd_primary_out: L[0],R[0], continus 20 times!
06-10 09:33:03.979 30075 30204 I Gallery_Common_SelectedPhotoInfo: generateCover success
06-10 09:33:04.025   726  1397 D asd_primary_out: L[0],R[0], continus 20 times!
06-10 09:33:04.026 29947 30135 W NK_g2   : RepTaskHandler|com.huawei.appmarket.bn5|15|getHeaderFieldLong value null,name is content-length
06-10 09:33:04.027 29947 30205 I NK_Netdiag: RepTaskHandler ->NK_netdiag_0|netdiag.tools.NetDetectAndPolicy|50|the time count will reset!
06-10 09:33:04.027 29947 30135 I NK_RouteInterceptor: RepTaskHandler|embedded.q3|217|hasn't alt-svc, disable quic
06-10 09:33:04.028 29947 30135 I NK_CountryCodeBean: RepTaskHandler|network.grs.local.model.CountryCodeBean|18|get issue_country code from VENDOR_COUNTRY
06-10 09:33:04.043 29947 30135 I FormalHASDK: HAImpl==> onEvent. TAG:_default_config_tag, TYPE:1, eventId:907112013
06-10 09:33:04.049 29947 30106 W Settings: Setting adb_enabled has moved from android.provider.Settings.Secure to android.provider.Settings.Global.
06-10 09:33:04.050 29947 30106 I NK_CommonActivityUtil: NK_CronetListener_0 ->NK_report_0|common.CommonActivityUtil|15|new CommonActivityUtil
06-10 09:33:04.051 29947 30106 I FormalHASDK: HAImpl==> onEvent. TAG:_default_config_tag, TYPE:1, eventId:url_request
06-10 09:33:04.069 29947 30135 I FormalHASDK: HAImpl==> onEvent. TAG:_default_config_tag, TYPE:0, eventId:120107
06-10 09:33:04.100 29947 30135 I FormalHASDK: HAImpl==> onEvent. TAG:_default_config_tag, TYPE:0, eventId:1010600201
06-10 09:33:04.105   726  1397 D asd_primary_out: L[0],R[0], continus 20 times!
06-10 09:33:04.112 29947 30135 I FormalHASDK: HAImpl==> onEvent. TAG:_default_config_tag, TYPE:0, eventId:1380100101
06-10 09:33:04.114 29947 30135 I FormalHASDK: HAImpl==> onEvent. TAG:_default_config_tag, TYPE:0, eventId:1010901501
06-10 09:33:04.174 29947 29986 W HiApp.GRPL/GameResourcePreLoad: RepTaskHandler{3043} deleteFile failed
06-10 09:33:04.185   726  1397 D asd_primary_out: L[0],R[0], continus 20 times!
06-10 09:33:04.265   726  1397 D asd_primary_out: L[0],R[0], continus 20 times!
06-10 09:33:04.275 29947 29986 W HiApp.PreloadReportDataController: RepTaskHandler{3043} preloadAppReportInfos is empty
06-10 09:33:04.295 29947 30135 I FormalHASDK: HAImpl==> onEvent. TAG:_default_config_tag, TYPE:0, eventId:1010600202
06-10 09:33:04.298 29947 30135 I HslPackageManager: Get Hsl Package Manager.
06-10 09:33:04.298 29947 30135 I HslPackageManager: is Support Hsl false
06-10 09:33:04.345   726  1397 D asd_primary_out: L[0],R[0], continus 20 times!
06-10 09:33:04.391 29947 30135 I HslPackageManager: Get Hsl Package Manager.
06-10 09:33:04.391 29947 30135 I HslPackageManager: is Support Hsl false
06-10 09:33:04.425   726  1397 D asd_primary_out: L[0],R[0], continus 20 times!
06-10 09:33:04.468 29947 30135 I NK_CountryCodeBean: RepTaskHandler|network.grs.local.model.CountryCodeBean|18|get issue_country code from VENDOR_COUNTRY
06-10 09:33:04.469 29947 30135 I NK_OkReqTsk: RepTaskHandler|embedded.g3|284|the request has used the okhttp! 
06-10 09:33:04.506   726  1397 D asd_primary_out: L[0],R[0], continus 20 times!
06-10 09:33:04.561  1413  2199 I chatty  : uid=1000(system) WifiStateMachin expire 5 lines
06-10 09:33:04.562  1413  2201 I chatty  : uid=1000(system) HwWifiCHRStateM expire 4 lines
06-10 09:33:04.563 28067 28067 D wpa_supplicant: sta hidl pwrPercentBoostModesetInternal
06-10 09:33:04.571 28067 28067 D wpa_supplicant: sta hidl pwrPercentBoostModesetInternal
06-10 09:33:04.574 29947 30205 I NK_Netdiag: RepTaskHandler ->NK_netdiag_0|netdiag.tools.NetDetectAndPolicy|50|the time count will reset!
06-10 09:33:04.576  1413  1413 I chatty  : uid=1000 system_server expire 5 lines
06-10 09:33:04.578  1413  2262 I chatty  : uid=1000(system) wifipro_uid_tcp expire 4 lines
06-10 09:33:04.579  1413  2271 I chatty  : uid=1000(system) HuaweiWifiWatch expire 7 lines
06-10 09:33:04.581  1413  1413 I chatty  : uid=1000 system_server expire 29 lines
06-10 09:33:04.582  1413 10949 I chatty  : uid=1000(system) Binder:1413_1A expire 27 lines
06-10 09:33:04.584  1413  2266 I chatty  : uid=1000(system) WifiProStateMac expire 6 lines
06-10 09:33:04.587  1413  5157 I chatty  : uid=1000(system) MobileQosDetect expire 3 lines
06-10 09:33:04.587   726  1397 D asd_primary_out: L[0],R[0], continus 20 times!
06-10 09:33:04.589 29947 30135 I FormalHASDK: HAImpl==> onEvent. TAG:_default_config_tag, TYPE:1, eventId:907112013
06-10 09:33:04.607  1413  2199 I chatty  : uid=1000(system) WifiStateMachin expire 9 lines
06-10 09:33:04.620 29947 30135 I FormalHASDK: HAImpl==> onEvent. TAG:_default_config_tag, TYPE:0, eventId:120107
06-10 09:33:04.631 30252 30252 E libc    : Access denied finding property "ro.hwfix.ro.process_list"
06-10 09:33:04.643 30252 30252 E libc    : Access denied finding property "ro.hwfix.ro.process_list"
06-10 09:33:04.650 29947 30135 I FormalHASDK: HAImpl==> onEvent. TAG:_default_config_tag, TYPE:0, eventId:1380100101
06-10 09:33:04.652 29947 30135 I FormalHASDK: HAImpl==> onEvent. TAG:_default_config_tag, TYPE:0, eventId:1010901501
06-10 09:33:04.666   726  1397 D asd_primary_out: L[0],R[0], continus 20 times!
06-10 09:33:04.667 29947 30135 I FormalHASDK: HAImpl==> onEvent. TAG:_default_config_tag, TYPE:1, eventId:907112047
06-10 09:33:04.672 29947 30135 I FormalHASDK: HAImpl==> onEvent. TAG:_default_config_tag, TYPE:1, eventId:907112050
06-10 09:33:04.686 29947 30135 I FormalHASDK: HAImpl==> onEvent. TAG:_default_config_tag, TYPE:1, eventId:2200200201
06-10 09:33:04.738  1413  4691 I chatty  : uid=1000(system) Binder:1413_11 expire 34 lines
06-10 09:33:04.739 29947 30135 D HwInnerWifiManagerImpl: SupplicantState = COMPLETED
06-10 09:33:04.740 29947 30135 D HwInnerWifiManagerImpl: isPhoneAP = false
06-10 09:33:04.745   726  1397 D asd_primary_out: L[0],R[0], continus 20 times!
06-10 09:33:04.772 18561 18561 V AudioManager: playSoundEffect   effectType: 0
06-10 09:33:04.775  2577  2949 I ash     : view remove pid:18561 uid:1000
06-10 09:33:04.776  1413  4691 V WindowManager: removeIfPossible: Window{bcdc4ab u0 com.android.settings} callers=com.android.server.wm.WindowState.removeIfPossible:2027 com.android.server.wm.WindowManagerService.removeWindow:2098 com.android.server.wm.Session.remove:224 android.view.IWindowSession$Stub.onTransact:242 com.android.server.wm.Session.onTransact:165 
06-10 09:33:04.778  1413  4691 V WindowManager: Not removing Window{bcdc4ab u0 com.android.settings EXITING} due to exit animation 
06-10 09:33:04.779  1413  4691 V HwPhoneWindowManager: updateSystemUiColorLw window=Window{990f77b u0 com.huawei.android.launcher/com.huawei.android.launcher.unihome.UniHomeLauncher},EmuiStyle=-1,StatusBarColor=0xfffcfcfc,NavigationBarColor=0x0, mLastIsEmuiLightStyle=-1, mForceNotchStatusBar=false
06-10 09:33:04.796 29947 30135 I HslPackageManager: Get Hsl Package Manager.
06-10 09:33:04.796 29947 30135 I HslPackageManager: is Support Hsl false
06-10 09:33:04.803  2615  2615 V InputMethodManager: Reporting focus gain, without startInput
06-10 09:33:04.807 29947 30135 I NK_CountryCodeBean: RepTaskHandler|network.grs.local.model.CountryCodeBean|18|get issue_country code from VENDOR_COUNTRY
06-10 09:33:04.808 29947 30135 I NK_OkReqTsk: RepTaskHandler|embedded.g3|284|the request has used the okhttp! 
06-10 09:33:04.809 29947 30135 I NK_DNManager: RepTaskHandler|embedded.t|89|gs-drcn.game.dbankcloud.com resolve source:LocalDns,result:{'ALL', exist, createTime=1717983183061, LocalDns, 1}
06-10 09:33:04.824   726  1397 E asd     : there is more data buffers [primary_out] in circular queue!
06-10 09:33:04.825   726  1397 D asd_primary_out: L[0],R[0], continus 20 times!
06-10 09:33:04.860  1413  1937 I chatty  : uid=1000(system) android.ui expire 1 line
06-10 09:33:04.861  2349  3245 I CommandQueue: updateBarBgColor
06-10 09:33:04.861  2349  3245 D CommandQueue: CommandQueue, setBarBackgroundColor
06-10 09:33:04.862  2349  2349 D TintManager: statusBarIconTint=99000000,navigationBarIconTint=99ffffff
06-10 09:33:04.870 29947 30135 I SecurityComp10200303: SSLFNew: createSocket
06-10 09:33:04.870 29947 30135 I SecurityComp10200303: SSLFNew: set default protocols
06-10 09:33:04.870 29947 30135 I SecurityComp10200303: SSLFNew: set default cipher
06-10 09:33:04.905   726  1397 D asd_primary_out: L[0],R[0], continus 20 times!
06-10 09:33:04.941 29947 30135 I SecurityComp10200303: SX509TM: checkServerTrusted begin,size=2,authType=ECDHE_RSA
06-10 09:33:04.944 29947 30135 I SecurityComp10200303: SX509TM: check server i=0
06-10 09:33:04.944 29947 30135 I SecurityComp10200303: SX509TM: client root ca size=31
06-10 09:33:04.973 29947 30135 I SecurityComp10200303: SX509TM: checkServerTrusted end, CN=GlobalSign, O=GlobalSign, OU=GlobalSign Root CA - R3
06-10 09:33:04.977 29947 30135 I SecurityComp10200303: : verify: certificate is : CN=cges-drcn.cg.dbankcloud.com,O=Huawei Software Technologies Co.\, Ltd.,L=Nanjing,ST=Jiangsu,C=CN
06-10 09:33:04.984  1413  2135 V WindowManager: Exit animation finished in Window{bcdc4ab u0 com.android.settings EXITING}: remove=true
06-10 09:33:04.985   726  1397 D asd_primary_out: L[0],R[0], continus 20 times!
06-10 09:33:04.991  1413  2135 V WindowManager: postWindowRemoveCleanupLocked: Window{bcdc4ab u0 com.android.settings}
06-10 09:33:04.992  1413  2135 V WindowManager: Removing Window{bcdc4ab u0 com.android.settings} from WindowToken{fcb0708 android.os.BinderProxy@1c236fa}
06-10 09:33:05.001  2577 28404 I DownloadState: @@@@@@@@@@@@ uid :10024 download :true
06-10 09:33:05.001  2577 28404 I PGServer: report state:5 event type:1 pid:0 uid:10024 pkg:null to pid: 1413
06-10 09:33:05.002  2577 28404 I DownloadState: @@@@@@@@@@@@ uid :10089 download :true
06-10 09:33:05.002  2577 28404 I PGServer: report state:5 event type:1 pid:0 uid:10089 pkg:null to pid: 1413
06-10 09:33:05.062 29947 30205 I NK_Netdiag: RepTaskHandler ->NK_netdiag_0|netdiag.tools.NetDetectAndPolicy|50|the time count will reset!
06-10 09:33:05.065   726  1397 D asd_primary_out: L[0],R[0], continus 20 times!
06-10 09:33:05.073 29947 30135 I FormalHASDK: HAImpl==> onEvent. TAG:_default_config_tag, TYPE:1, eventId:907112013
06-10 09:33:05.140   817   843 E libnav  : CablComputeBacklightLevel(): UpdateType = DifferentSceneUpdate
06-10 09:33:05.145   726  1397 D asd_primary_out: L[0],R[0], continus 20 times!
06-10 09:33:05.225   726  1397 I chatty  : uid=1041(audioserver) HwBinder:726_1 identical 1 line
06-10 09:33:05.305   726  1397 D asd_primary_out: L[0],R[0], continus 20 times!
06-10 09:33:05.328  1413  2257 I chatty  : uid=1000(system) WiFiArpStateMac expire 4 lines
06-10 09:33:05.328  5343  5343 I HwOUC   : [main-1] ServiceHandler stop service(WifiAutoDownloadManageService.java:154)
06-10 09:33:05.334  5343  5343 I HwOUC   : [main-1], onDestroy(WifiAutoDownloadManageService.java:142)
06-10 09:33:05.386   726  1397 D asd_primary_out: L[0],R[0], continus 20 times!
06-10 09:33:05.465   726  1397 D asd_primary_out: L[0],R[0], continus 20 times!
06-10 09:33:05.486 29947 30259 I HslPackageManager: Get Hsl Package Manager.
06-10 09:33:05.487 29947 30259 I HslPackageManager: is Support Hsl false
06-10 09:33:05.499 29947 30259 I NK_CountryCodeBean: pool-2-thread-2|network.grs.local.model.CountryCodeBean|18|get issue_country code from VENDOR_COUNTRY
06-10 09:33:05.502 29947 30259 I NK_OkReqTsk: pool-2-thread-2|embedded.g3|284|the request has used the okhttp! 
06-10 09:33:05.545   726  1397 D asd_primary_out: L[0],R[0], continus 20 times!
06-10 09:33:05.609 29947 30205 I NK_Netdiag: pool-2-thread-2 ->NK_netdiag_0|netdiag.tools.NetDetectAndPolicy|50|the time count will reset!
06-10 09:33:05.625   726  1397 D asd_primary_out: L[0],R[0], continus 20 times!
06-10 09:33:05.649 30260 30260 E libc    : Access denied finding property "ro.hwfix.ro.process_list"
06-10 09:33:05.660 30260 30260 E libc    : Access denied finding property "ro.hwfix.ro.process_list"
06-10 09:33:05.705   726  1397 D asd_primary_out: L[0],R[0], continus 20 times!
06-10 09:33:05.770 29947 30259 I FormalHASDK: HAImpl==> onEvent. TAG:_default_config_tag, TYPE:1, eventId:907112013
06-10 09:33:05.785   726  1397 D asd_primary_out: L[0],R[0], continus 20 times!
06-10 09:33:05.865   726  1397 D asd_primary_out: L[0],R[0], continus 20 times!
06-10 09:33:05.878 29947 30135 I FormalHASDK: HAImpl==> onEvent. TAG:_default_config_tag, TYPE:1, eventId:2010100701
06-10 09:33:05.879 29947 30135 I HslPackageManager: Get Hsl Package Manager.
06-10 09:33:05.879 29947 30135 I HslPackageManager: is Support Hsl false
06-10 09:33:05.945   726  1397 D asd_primary_out: L[0],R[0], continus 20 times!
06-10 09:33:05.962 29947 30135 I HslPackageManager: Get Hsl Package Manager.
06-10 09:33:05.962 29947 30135 I HslPackageManager: is Support Hsl false
06-10 09:33:06.025   726  1397 D asd_primary_out: L[0],R[0], continus 20 times!
06-10 09:33:06.046 29947 30135 I NK_CountryCodeBean: RepTaskHandler|network.grs.local.model.CountryCodeBean|18|get issue_country code from VENDOR_COUNTRY
06-10 09:33:06.048 29947 30135 I NK_OkReqTsk: RepTaskHandler|embedded.g3|284|the request has used the okhttp! 
06-10 09:33:06.106   726  1397 D asd_primary_out: L[0],R[0], continus 20 times!
06-10 09:33:06.136 29947 30205 I NK_Netdiag: RepTaskHandler ->NK_netdiag_0|netdiag.tools.NetDetectAndPolicy|50|the time count will reset!
06-10 09:33:06.154 29947 30135 I FormalHASDK: HAImpl==> onEvent. TAG:_default_config_tag, TYPE:1, eventId:907112013
06-10 09:33:06.184 29947 30135 I FormalHASDK: HAImpl==> onEvent. TAG:_default_config_tag, TYPE:0, eventId:120107
06-10 09:33:06.185   726  1397 D asd_primary_out: L[0],R[0], continus 20 times!
06-10 09:33:06.210 29947 30261 I SecurityComp10200303: GCMKS: load key
06-10 09:33:06.240 29947 30261 I SecurityComp10200303: GCMKS: load key
06-10 09:33:06.245 29947 30135 I FormalHASDK: HAImpl==> onEvent. TAG:_default_config_tag, TYPE:0, eventId:1380100101
06-10 09:33:06.246 29947 30135 I FormalHASDK: HAImpl==> onEvent. TAG:_default_config_tag, TYPE:0, eventId:1010901501
06-10 09:33:06.254 29947 30135 I FormalHASDK: HAImpl==> onEvent. TAG:_default_config_tag, TYPE:0, eventId:1010901501
06-10 09:33:06.258 29947 30261 W FormalHASDK: HAIP==> getSdkUUID is empty,UUID enable is false
06-10 09:33:06.263 29947 30135 I HslPackageManager: Get Hsl Package Manager.
06-10 09:33:06.263 29947 30135 I HslPackageManager: is Support Hsl false
06-10 09:33:06.265   726  1397 D asd_primary_out: L[0],R[0], continus 20 times!
06-10 09:33:06.266 29947 30135 D HwInnerWifiManagerImpl: SupplicantState = COMPLETED
06-10 09:33:06.266 29947 30135 D HwInnerWifiManagerImpl: isPhoneAP = false
06-10 09:33:06.276 29947 30135 I NK_CountryCodeBean: RepTaskHandler|network.grs.local.model.CountryCodeBean|18|get issue_country code from VENDOR_COUNTRY
06-10 09:33:06.278 29947 30135 I NK_OkReqTsk: RepTaskHandler|embedded.g3|284|the request has used the okhttp! 
06-10 09:33:06.314 29947 30261 I FormalHASDK: TransportHandler==> use NetworkKitTransportHandler
06-10 09:33:06.314 29947 30261 I NK_NetworkKit: HASDK-OnReport-21|NetworkKit|45|init  Version:7.0.7.300  BuildTime:2024-04-17 cp:com.huawei.appmarket
06-10 09:33:06.315 29947 30032 I NK_NetworkKit: HASDK-OnReport-21 ->NK_NK_0|NetworkKit|13|init success
06-10 09:33:06.315 29947 30261 I FormalHASDK: TransportHandler==> initNetworkKitSync await true
06-10 09:33:06.315 29947 30261 I NK_PolicyService: HASDK-OnReport-21|httpclient.excutor.ProcessPolicyNetworkService|19|options = {"metric_policy":1}
06-10 09:33:06.324 29947 30261 I NK_CountryCodeBean: HASDK-OnReport-21|network.grs.local.model.CountryCodeBean|18|get issue_country code from VENDOR_COUNTRY
06-10 09:33:06.326 29947 30261 I NK_OkReqTsk: HASDK-OnReport-21|embedded.g3|284|the request has used the okhttp! 
06-10 09:33:06.334 30075 30075 D Gallery_MediaSync: [onStartCommand] start to sync.
06-10 09:33:06.334 30075 30075 D CloudLocalSyncService: --schedule-- start local sync
06-10 09:33:06.334 30075 30075 D CloudLocalSyncService: --schedule-- stop child service
06-10 09:33:06.338 30075 30075 D Gallery_Search: stop search servcie
06-10 09:33:06.343   612 30265 W libc    : Set property "hw.wifi.dns_stat" to "241,114,201,1,3216"
06-10 09:33:06.345   726  1397 D asd_primary_out: L[0],R[0], continus 20 times!
06-10 09:33:06.346 29947 30263 I NK_CountryCodeBean: NK_lookupPool_0 ->NK_lookupPool_1|network.grs.local.model.CountryCodeBean|18|get issue_country code from VENDOR_COUNTRY
06-10 09:33:06.347 29947 30262 I NK_DnsCallable: HASDK-OnReport-21 ->NK_lookupPool_0|embedded.i0|107|LocalDNS finish loop up
06-10 09:33:06.348 29947 30261 I NK_DNResolverManager: HASDK-OnReport-21|embedded.g0|38|metrics1-drcn.dt.dbankcloud.cn from server result is: {'A', exist, createTime=1717983186346, LocalDns, 0}
06-10 09:33:06.348 29947 30261 I NK_DNManager: HASDK-OnReport-21|embedded.t|89|metrics1-drcn.dt.dbankcloud.cn resolve source:LocalDns,result:{'A', exist, createTime=1717983186346, LocalDns, 0}
06-10 09:33:06.355 29947 30205 I NK_Netdiag: RepTaskHandler ->NK_netdiag_0|netdiag.tools.NetDetectAndPolicy|50|the time count will reset!
06-10 09:33:06.386  1413 16955 I chatty  : uid=1000(system) Binder:1413_1E expire 2 lines
06-10 09:33:06.388 29947 30135 I FormalHASDK: HAImpl==> onEvent. TAG:_default_config_tag, TYPE:1, eventId:907112013
06-10 09:33:06.391 29947 29986 W HiApp.getPushContent: RepTaskHandler{3043} pushContent is null
06-10 09:33:06.391 29947 29986 W HiApp.getPushContent: RepTaskHandler{3043} messages is emptry
06-10 09:33:06.408 29947 30261 I SecurityComp10200303: SSLFNew: createSocket
06-10 09:33:06.409 29947 30261 I SecurityComp10200303: SSLFNew: set default protocols
06-10 09:33:06.409 29947 30261 I SecurityComp10200303: SSLFNew: set default cipher
06-10 09:33:06.420 30075 30264 D Gallery_Common_GalleryProvider: sync uri: content://com.huawei.gallery.provider/none/sycnner/1
06-10 09:33:06.424 30075 30264 D Gallery_MediaSync_LocalSyncToken: no data need delete
06-10 09:33:06.424 30075 30264 D Gallery_MediaSync_LocalSyncToken: privilege buckets -1739773001 , 0 , 1028075469, 0
06-10 09:33:06.425   726  1397 D asd_primary_out: L[0],R[0], continus 20 times!
06-10 09:33:06.429 30075 30264 D Gallery_MediaSync_LocalSyncToken: sync privilege buckets from id 155417
06-10 09:33:06.441 30075 30264 D Gallery_MediaSync_LocalSyncToken: [syncInner] uri:null, whereClause:media_type IN (1,3) AND _id > 155417 AND bucket_id IN ( -1739773001 , 0 , 1028075469, 0 ), count: 0
06-10 09:33:06.446 30075 30264 D Gallery_MediaSync_LocalSyncToken: sync common buckets from id 0
06-10 09:33:06.448 29947 29986 W HiApp.PreloadReportDataController: RepTaskHandler{3043} preloadAppReportInfos is empty
06-10 09:33:06.454 29947 30135 I FormalHASDK: HAImpl==> onEvent. TAG:_default_config_tag, TYPE:0, eventId:1010600202
06-10 09:33:06.457 29947 30135 I HslPackageManager: Get Hsl Package Manager.
06-10 09:33:06.457 29947 30135 I HslPackageManager: is Support Hsl false
06-10 09:33:06.461 30075 30264 D Gallery_MediaSync_LocalSyncToken: [syncInner] uri:null, whereClause:media_type IN (1,3) AND _id > 0 AND bucket_id NOT IN ( -1739773001 , 0 , 1028075469, 0 ), count: 0
06-10 09:33:06.461 30075 30264 D Gallery_MediaSync_LocalSyncToken: sync all record cost time: 37
06-10 09:33:06.471 29947 30261 I SecurityComp10200303: SX509TM: checkServerTrusted begin,size=2,authType=ECDHE_RSA
06-10 09:33:06.472 29947 30261 I SecurityComp10200303: SX509TM: check server i=0
06-10 09:33:06.472 29947 30261 I SecurityComp10200303: SX509TM: client root ca size=31
06-10 09:33:06.477 30075 30264 D Gallery_MediaSync: sync with operation record[0] cost time: 16
06-10 09:33:06.478 30075 30264 D Gallery_MediaSync: sync done with operations. time cost(include sleep time): 136
06-10 09:33:06.481 30075 30264 W Gallery_MediaSync_LocalSyncToken: no more camera exif need sync.
06-10 09:33:06.482 30075 30264 D Gallery_Common_GalleryProvider: sync uri: content://com.huawei.gallery.provider/none/sycnner/0
06-10 09:33:06.488 29947 30261 I SecurityComp10200303: SX509TM: checkServerTrusted end, CN=GlobalSign, O=GlobalSign, OU=GlobalSign Root CA - R3
06-10 09:33:06.491 29947 30261 I SecurityComp10200303: : verify: certificate is : CN=metrics-apptouch-dre.hispace.dbankcloud.com,O=Huawei Software Technologies Co.\, Ltd.,L=Nanjing,ST=Jiangsu,C=CN
06-10 09:33:06.505   726  1397 D asd_primary_out: L[0],R[0], continus 20 times!
06-10 09:33:06.541 29947 30135 I HslPackageManager: Get Hsl Package Manager.
06-10 09:33:06.541 29947 30135 I HslPackageManager: is Support Hsl false
06-10 09:33:06.582   726 19770 D audio_hw_primary: out_standby: enter: stream (0xf418f800) usecase(1: low-latency-playback)
06-10 09:33:06.618 29947 30135 I NK_CountryCodeBean: RepTaskHandler|network.grs.local.model.CountryCodeBean|18|get issue_country code from VENDOR_COUNTRY
06-10 09:33:06.619 29947 30135 I NK_OkReqTsk: RepTaskHandler|embedded.g3|284|the request has used the okhttp! 
06-10 09:33:06.620  1413  2200 I chatty  : uid=1000(system) HwWifiStatStore expire 3 lines
06-10 09:33:06.627 29947 30205 I NK_Netdiag: HASDK-OnReport-21 ->NK_netdiag_0|netdiag.tools.NetDetectAndPolicy|50|the time count will reset!
06-10 09:33:06.634 29947 30261 I FormalHASDK: SendTask==> events PostRequest sendevent TYPE: oper, TAG: _default_config_tag, resultCode: 200, reqID: c43a4eae91016244c4ca9c0b7c7480ef
06-10 09:33:06.638 29947 30261 W FormalHASDK: HAIP==> getSdkUUID is empty,UUID enable is false
06-10 09:33:06.666 30267 30267 E libc    : Access denied finding property "ro.hwfix.ro.process_list"
06-10 09:33:06.674   726 19770 D audio_hw_primary: disable_audio_route: reset and update mixer path: low-latency-playback
06-10 09:33:06.675   726 19770 E soundtrigger: audio_extn_sound_trigger_update_stream_status: invalid input device 0x0, for event 2
06-10 09:33:06.675   726 19770 D soundtrigger: audio_extn_sound_trigger_update_stream_status: uc_info->id 1 of type 0 for Event 2, with Raise=0
06-10 09:33:06.675   726 19770 D hardware_info: hw_info_append_hw_type : device_name = speaker
06-10 09:33:06.675   726 19770 D audio_hw_primary: disable_snd_device: snd_device(2: speaker)
06-10 09:33:06.675   726 19770 D msm8916_platform: platform_split_snd_device: snd_device(2) num devices(0) new_snd_devices(0)
06-10 09:33:06.677   726 19770 D asd     : reset_circular_queue
06-10 09:33:06.677   726 19770 D audio_hw_primary: out_standby: exit
06-10 09:33:06.680 30267 30267 E libc    : Access denied finding property "ro.hwfix.ro.process_list"
06-10 09:33:06.680  2577  2723 I DeviceMonitor: WKLOCK EVT:161 uid:1041 flags:1 pid:0 tag:AudioMix
06-10 09:33:06.711 29947 30205 I NK_Netdiag: RepTaskHandler ->NK_netdiag_0|netdiag.tools.NetDetectAndPolicy|50|the time count will reset!
06-10 09:33:06.722 29947 30135 I FormalHASDK: HAImpl==> onEvent. TAG:_default_config_tag, TYPE:1, eventId:907112013
06-10 09:33:06.724 29947 30261 I FormalHASDK: TransportHandler==> use NetworkKitTransportHandler
06-10 09:33:06.725 29947 30261 I NK_PolicyService: HASDK-OnReport-21|httpclient.excutor.ProcessPolicyNetworkService|19|options = {"metric_policy":1}
06-10 09:33:06.734 29947 30261 I NK_CountryCodeBean: HASDK-OnReport-21|network.grs.local.model.CountryCodeBean|18|get issue_country code from VENDOR_COUNTRY
06-10 09:33:06.735 29947 30261 I NK_OkReqTsk: HASDK-OnReport-21|embedded.g3|284|the request has used the okhttp! 
06-10 09:33:06.743 29947 30135 I FormalHASDK: HAImpl==> onEvent. TAG:_default_config_tag, TYPE:0, eventId:120107
06-10 09:33:06.758 29947 30135 I FormalHASDK: HAImpl==> onEvent. TAG:_default_config_tag, TYPE:0, eventId:1380100101
06-10 09:33:06.759 29947 30135 I FormalHASDK: HAImpl==> onEvent. TAG:_default_config_tag, TYPE:0, eventId:1010901501
06-10 09:33:06.763 29947 30135 D HwInnerWifiManagerImpl: SupplicantState = COMPLETED
06-10 09:33:06.763 29947 30135 D HwInnerWifiManagerImpl: isPhoneAP = false
06-10 09:33:06.765 29947 30135 D HwInnerWifiManagerImpl: SupplicantState = COMPLETED
06-10 09:33:06.765 29947 30135 D HwInnerWifiManagerImpl: isPhoneAP = false
06-10 09:33:06.805 29947 30205 I NK_Netdiag: HASDK-OnReport-21 ->NK_netdiag_0|netdiag.tools.NetDetectAndPolicy|50|the time count will reset!
06-10 09:33:06.806 29947 30261 I FormalHASDK: SendTask==> events PostRequest sendevent TYPE: maint, TAG: _default_config_tag, resultCode: 200, reqID: d64025b79f555fb74c9296aac7e26ad1
06-10 09:33:06.897 29947 30135 I FormalHASDK: HAImpl==> onEvent. TAG:_default_config_tag, TYPE:1, eventId:907112047
06-10 09:33:06.902 29947 30135 I FormalHASDK: HAImpl==> onEvent. TAG:_default_config_tag, TYPE:1, eventId:907112050
06-10 09:33:06.909 29947 30135 I FormalHASDK: HAImpl==> onEvent. TAG:_default_config_tag, TYPE:1, eventId:907112047
06-10 09:33:06.915 29947 30135 D HwInnerWifiManagerImpl: SupplicantState = COMPLETED
06-10 09:33:06.915 29947 30135 D HwInnerWifiManagerImpl: isPhoneAP = false
06-10 09:33:06.918 29947 30135 D HwInnerWifiManagerImpl: SupplicantState = COMPLETED
06-10 09:33:06.918 29947 30135 D HwInnerWifiManagerImpl: isPhoneAP = false
06-10 09:33:06.921 29947 30135 D HwInnerWifiManagerImpl: SupplicantState = COMPLETED
06-10 09:33:06.921 29947 30135 D HwInnerWifiManagerImpl: isPhoneAP = false
06-10 09:33:06.924 29947 30135 D HwInnerWifiManagerImpl: SupplicantState = COMPLETED
06-10 09:33:06.924 29947 30135 D HwInnerWifiManagerImpl: isPhoneAP = false
06-10 09:33:06.928 29947 30135 D HwInnerWifiManagerImpl: SupplicantState = COMPLETED
06-10 09:33:06.928 29947 30135 D HwInnerWifiManagerImpl: isPhoneAP = false
06-10 09:33:06.972 29947 29947 I [AGC_LOG]HaConnector: Auto onReport
06-10 09:33:07.018   750  1110 I qti_sensors_hal: [LightSensor]processReportInd: the skip  luxValue  ItemData[0]:470000,ItemData[1]:641b60, lux:71.000000,cct:6560608.000000
06-10 09:33:07.024 30075 30264 D Gallery_MediaSync: operation is sync done ? true, max media id 155417, max sync id 155417
06-10 09:33:07.049 30075 30264 D Gallery_MediaSync: total count already synced:1, total: 1
06-10 09:33:07.050 30075 30264 D CloudLocalSyncService: --schedule-- stop local sync
06-10 09:33:07.050 30075 30264 D CloudLocalSyncService: localSync = 1  cloudSync = -1
06-10 09:33:07.050 30075 30264 D CloudLocalSyncService: --schedule-- start child service
06-10 09:33:07.055 30075 30264 D Gallery_Search: start search service delay
06-10 09:33:07.055 30075 30264 E RecycleClearService: startRecycleClearService   forceStart = false, sClearDone = false
06-10 09:33:07.061 30075 30075 D Gallery_Geo: --schedule-- [onStartCommand] start reverse geo code.
06-10 09:33:07.062 30075 30269 D Gallery_Geo: start resolve 
