06-10 06:30:43.227  2525  4027 W ContextImpl: Calling a method in the system process without a qualified user: android.app.ContextImpl.sendBroadcast:1131 com.huawei.android.chr.statistics.TelStatusService.updateStatisticDB:763 com.huawei.android.chr.statistics.TelStatusService.triggerStatsReport:652 com.huawei.android.chr.statistics.TelStatusService.triggerAllStatsReport:660 com.huawei.android.chr.statistics.TelStatusManager.triggerAllStatsReport:363 
06-10 06:30:43.277  2525  4027 W ContextImpl: Calling a method in the system process without a qualified user: android.app.ContextImpl.sendBroadcast:1131 com.huawei.android.chr.statistics.TelStatusService.updateStatisticDB:763 com.huawei.android.chr.statistics.TelStatusService.triggerStatsReport:652 com.huawei.android.chr.statistics.TelStatusService.triggerAllStatsReport:660 com.huawei.android.chr.statistics.TelStatusManager.triggerAllStatsReport:363 
06-10 06:30:43.542  1413  6374 I chatty  : uid=1000(system) Binder:1413_13 expire 1 line
06-10 06:30:43.596  2577 18393 E KernelCpuSpeedReader: Failed to read cpu-freq: /sys/devices/system/cpu/cpu0/cpufreq/stats/time_in_state (No such file or directory)
06-10 06:30:43.597  2577 18393 E KernelCpuSpeedReader: Failed to read cpu-freq: /sys/devices/system/cpu/cpu4/cpufreq/stats/time_in_state (No such file or directory)
06-10 06:30:44.054  1413  1413 I chatty  : uid=1000 system_server expire 5 lines
06-10 06:30:44.250  1413  7249 I chatty  : uid=1000(system) Binder:1413_15 expire 7 lines
06-10 06:30:55.139  2577  2723 E KernelCpuSpeedReader: Failed to read cpu-freq: /sys/devices/system/cpu/cpu0/cpufreq/stats/time_in_state (No such file or directory)
06-10 06:30:55.140  2577  2723 E KernelCpuSpeedReader: Failed to read cpu-freq: /sys/devices/system/cpu/cpu4/cpufreq/stats/time_in_state (No such file or directory)
06-10 06:30:55.989  1413  2467 I chatty  : uid=1000(system) watchdog expire 3 lines
06-10 06:32:19.528  1413  2614 I chatty  : uid=1000(system) Binder:1413_C expire 15 lines
06-10 06:32:20.689  1413  2315 I chatty  : uid=1000(system) Binder:1413_4 expire 5 lines
06-10 06:32:25.999  1413  2467 I chatty  : uid=1000(system) watchdog expire 2 lines
06-10 06:32:55.228  2577  2723 E KernelCpuSpeedReader: Failed to read cpu-freq: /sys/devices/system/cpu/cpu0/cpufreq/stats/time_in_state (No such file or directory)
06-10 06:32:55.229  2577  2723 E KernelCpuSpeedReader: Failed to read cpu-freq: /sys/devices/system/cpu/cpu4/cpufreq/stats/time_in_state (No such file or directory)
06-10 06:33:12.807  1413  1950 I chatty  : uid=1000(system) batterystats-wo expire 4 lines
06-10 06:33:17.825  1413  1936 I chatty  : uid=1000(system) ActivityManager expire 10 lines
06-10 06:33:22.443  1413  2614 I chatty  : uid=1000(system) Binder:1413_C expire 22 lines
06-10 06:33:22.457  1413  1413 I chatty  : uid=1000 system_server expire 12 lines
06-10 06:33:26.005  1413  2467 I chatty  : uid=1000(system) watchdog expire 11 lines
06-10 06:33:41.822  1413  2267 I chatty  : uid=1000(system) StatisticsCHRMs expire 4 lines
06-10 06:33:56.042  1413  2315 I chatty  : uid=1000(system) Binder:1413_4 expire 17 lines
06-10 06:34:55.300  2577  2723 E KernelCpuSpeedReader: Failed to read cpu-freq: /sys/devices/system/cpu/cpu0/cpufreq/stats/time_in_state (No such file or directory)
06-10 06:34:55.300  2577  2723 E KernelCpuSpeedReader: Failed to read cpu-freq: /sys/devices/system/cpu/cpu4/cpufreq/stats/time_in_state (No such file or directory)
06-10 06:35:21.948  1413 15496 I chatty  : uid=1000(system) Binder:1413_1D expire 1 line
06-10 06:35:32.866  1413  7249 I chatty  : uid=1000(system) Binder:1413_15 expire 16 lines
06-10 06:35:34.069  1413  2602 I chatty  : uid=1000(system) Binder:1413_B expire 5 lines
06-10 06:36:55.391  2577  2723 E KernelCpuSpeedReader: Failed to read cpu-freq: /sys/devices/system/cpu/cpu0/cpufreq/stats/time_in_state (No such file or directory)
06-10 06:36:55.392  2577  2723 E KernelCpuSpeedReader: Failed to read cpu-freq: /sys/devices/system/cpu/cpu4/cpufreq/stats/time_in_state (No such file or directory)
06-10 06:37:09.522  1413  2575 I chatty  : uid=1000(system) Binder:1413_9 expire 2 lines
06-10 06:37:09.545  1413  1413 I chatty  : uid=1000 system_server expire 31 lines
06-10 06:37:09.645  1413  7249 I chatty  : uid=1000(system) Binder:1413_15 expire 22 lines
06-10 06:38:46.398  1413  2562 I chatty  : uid=1000(system) Binder:1413_8 expire 8 lines
06-10 06:38:55.456  2577  2723 E KernelCpuSpeedReader: Failed to read cpu-freq: /sys/devices/system/cpu/cpu0/cpufreq/stats/time_in_state (No such file or directory)
06-10 06:38:55.457  2577  2723 E KernelCpuSpeedReader: Failed to read cpu-freq: /sys/devices/system/cpu/cpu4/cpufreq/stats/time_in_state (No such file or directory)
06-10 06:38:56.041  1413  2467 I chatty  : uid=1000(system) watchdog expire 3 lines
06-10 06:39:25.396  1413  1928 I chatty  : uid=1000(system) android.bg expire 3 lines
06-10 06:39:51.264  1413  2158 I chatty  : uid=1000(system) AlarmManager expire 1 line
06-10 06:39:51.350  1413  2193 I chatty  : uid=1000(system) NetdConnector expire 2 lines
06-10 06:39:51.351  1413  7249 I chatty  : uid=1000(system) Binder:1413_15 expire 12 lines
06-10 06:39:51.466  1413  2474 I chatty  : uid=1000(system) LocationThread expire 1 line
06-10 06:39:52.776  7875 23820 W PackageParser: Unknown element under <manifest>: queries at /data/user_de/0/com.huawei.android.hsf/modules/external/huawei_module_networkkit/70001303/com.huawei.hms.networkkit-70001303.apk Binary XML file line #14
06-10 06:39:56.292  1413  1936 I chatty  : uid=1000(system) ActivityManager expire 2 lines
06-10 06:40:21.571  1413  1928 I chatty  : uid=1000(system) android.bg expire 4 lines
06-10 06:40:21.657  1413  2193 I chatty  : uid=1000(system) NetdConnector expire 2 lines
06-10 06:40:21.683  1413  1413 I chatty  : uid=1000 system_server expire 13 lines
06-10 06:40:22.254  1413  2315 I chatty  : uid=1000(system) Binder:1413_4 expire 2 lines
06-10 06:40:23.358  1413  7249 I chatty  : uid=1000(system) Binder:1413_15 expire 3 lines
06-10 06:40:23.470  1413  2562 I chatty  : uid=1000(system) Binder:1413_8 expire 20 lines
06-10 06:40:26.051  1413  2467 I chatty  : uid=1000(system) watchdog expire 13 lines
06-10 06:40:26.593  1413  1936 I chatty  : uid=1000(system) ActivityManager expire 10 lines
06-10 06:40:55.519  2577  2723 E KernelCpuSpeedReader: Failed to read cpu-freq: /sys/devices/system/cpu/cpu0/cpufreq/stats/time_in_state (No such file or directory)
06-10 06:40:55.520  2577  2723 E KernelCpuSpeedReader: Failed to read cpu-freq: /sys/devices/system/cpu/cpu4/cpufreq/stats/time_in_state (No such file or directory)
06-10 06:42:00.432  1413  2562 I chatty  : uid=1000(system) Binder:1413_8 expire 29 lines
06-10 06:42:00.551  1413 15496 I chatty  : uid=1000(system) Binder:1413_1D expire 15 lines
06-10 06:42:55.598  2577  2723 E KernelCpuSpeedReader: Failed to read cpu-freq: /sys/devices/system/cpu/cpu0/cpufreq/stats/time_in_state (No such file or directory)
06-10 06:42:55.599  2577  2723 E KernelCpuSpeedReader: Failed to read cpu-freq: /sys/devices/system/cpu/cpu4/cpufreq/stats/time_in_state (No such file or directory)
06-10 06:43:22.456  1413  1413 I chatty  : uid=1000 system_server expire 14 lines
06-10 06:43:37.596  1413 15496 I chatty  : uid=1000(system) Binder:1413_1D expire 13 lines
06-10 06:44:55.691  2577  2723 E KernelCpuSpeedReader: Failed to read cpu-freq: /sys/devices/system/cpu/cpu0/cpufreq/stats/time_in_state (No such file or directory)
06-10 06:44:55.692  2577  2723 E KernelCpuSpeedReader: Failed to read cpu-freq: /sys/devices/system/cpu/cpu4/cpufreq/stats/time_in_state (No such file or directory)
06-10 06:45:15.007  1413  2575 I chatty  : uid=1000(system) Binder:1413_9 expire 16 lines
06-10 06:46:52.357  1413  2614 I chatty  : uid=1000(system) Binder:1413_C expire 16 lines
06-10 06:46:55.756  2577  2723 E KernelCpuSpeedReader: Failed to read cpu-freq: /sys/devices/system/cpu/cpu0/cpufreq/stats/time_in_state (No such file or directory)
06-10 06:46:55.758  2577  2723 E KernelCpuSpeedReader: Failed to read cpu-freq: /sys/devices/system/cpu/cpu4/cpufreq/stats/time_in_state (No such file or directory)
06-10 06:46:56.095  1413  2467 I chatty  : uid=1000(system) watchdog expire 5 lines
06-10 06:46:57.239  1413  1936 I chatty  : uid=1000(system) ActivityManager expire 4 lines
06-10 06:47:22.025  1413  2575 I chatty  : uid=1000(system) Binder:1413_9 expire 17 lines
06-10 06:47:22.042  1413  1413 I chatty  : uid=1000 system_server expire 6 lines
06-10 06:48:29.910  1413 15496 I chatty  : uid=1000(system) Binder:1413_1D expire 5 lines
06-10 06:48:55.834  2577  2723 E KernelCpuSpeedReader: Failed to read cpu-freq: /sys/devices/system/cpu/cpu0/cpufreq/stats/time_in_state (No such file or directory)
06-10 06:48:55.835  2577  2723 E KernelCpuSpeedReader: Failed to read cpu-freq: /sys/devices/system/cpu/cpu4/cpufreq/stats/time_in_state (No such file or directory)
06-10 06:49:22.161  1413  2575 I chatty  : uid=1000(system) Binder:1413_9 expire 1 line
06-10 06:49:22.176  1413  1413 I chatty  : uid=1000 system_server expire 2 lines
06-10 06:49:26.112  1413  2467 I chatty  : uid=1000(system) watchdog expire 11 lines
06-10 06:50:07.391  1413  2602 I chatty  : uid=1000(system) Binder:1413_B expire 16 lines
06-10 06:50:07.399  1413  1413 I chatty  : uid=1000 system_server expire 10 lines
06-10 06:50:08.675  1413  2575 I chatty  : uid=1000(system) Binder:1413_9 expire 17 lines
06-10 06:50:12.388  1413  1936 I chatty  : uid=1000(system) ActivityManager expire 10 lines
06-10 06:50:55.930  2577  2723 E KernelCpuSpeedReader: Failed to read cpu-freq: /sys/devices/system/cpu/cpu0/cpufreq/stats/time_in_state (No such file or directory)
06-10 06:50:55.931  2577  2723 E KernelCpuSpeedReader: Failed to read cpu-freq: /sys/devices/system/cpu/cpu4/cpufreq/stats/time_in_state (No such file or directory)
06-10 06:51:45.244  1413  7249 I chatty  : uid=1000(system) Binder:1413_15 expire 21 lines
06-10 06:52:56.027  2577  2723 E KernelCpuSpeedReader: Failed to read cpu-freq: /sys/devices/system/cpu/cpu0/cpufreq/stats/time_in_state (No such file or directory)
06-10 06:52:56.028  2577  2723 E KernelCpuSpeedReader: Failed to read cpu-freq: /sys/devices/system/cpu/cpu4/cpufreq/stats/time_in_state (No such file or directory)
06-10 06:53:22.885  1413 15496 I chatty  : uid=1000(system) Binder:1413_1D expire 11 lines
06-10 06:53:22.892  1413  2195 I chatty  : uid=1000(system) NetworkStats expire 7 lines
06-10 06:53:22.945  1413  2193 I chatty  : uid=1000(system) NetdConnector expire 6 lines
06-10 06:53:22.976  1413  2315 I chatty  : uid=1000(system) Binder:1413_4 expire 11 lines
06-10 06:53:23.022  1413  2602 I chatty  : uid=1000(system) Binder:1413_B expire 16 lines
06-10 06:53:23.071  2577 20317 E KernelCpuSpeedReader: Failed to read cpu-freq: /sys/devices/system/cpu/cpu0/cpufreq/stats/time_in_state (No such file or directory)
06-10 06:53:23.071  2577 20317 E KernelCpuSpeedReader: Failed to read cpu-freq: /sys/devices/system/cpu/cpu4/cpufreq/stats/time_in_state (No such file or directory)
06-10 06:53:24.194  1413  2562 I chatty  : uid=1000(system) Binder:1413_8 expire 26 lines
06-10 06:54:21.890  1413  1413 I chatty  : uid=1000 system_server expire 10 lines
06-10 06:54:56.128  2577  2723 E KernelCpuSpeedReader: Failed to read cpu-freq: /sys/devices/system/cpu/cpu0/cpufreq/stats/time_in_state (No such file or directory)
06-10 06:54:56.129  2577  2723 E KernelCpuSpeedReader: Failed to read cpu-freq: /sys/devices/system/cpu/cpu4/cpufreq/stats/time_in_state (No such file or directory)
06-10 06:54:56.148  1413  2467 I chatty  : uid=1000(system) watchdog expire 7 lines
06-10 06:55:00.780  1413  2315 I chatty  : uid=1000(system) Binder:1413_4 expire 17 lines
06-10 06:56:38.754  1413  7249 I chatty  : uid=1000(system) Binder:1413_15 expire 1 line
06-10 06:56:56.210  2577  2723 E KernelCpuSpeedReader: Failed to read cpu-freq: /sys/devices/system/cpu/cpu0/cpufreq/stats/time_in_state (No such file or directory)
06-10 06:56:56.211  2577  2723 E KernelCpuSpeedReader: Failed to read cpu-freq: /sys/devices/system/cpu/cpu4/cpufreq/stats/time_in_state (No such file or directory)
06-10 06:57:22.074  1413  1413 I chatty  : uid=1000 system_server expire 4 lines
06-10 06:58:16.873  1413  2315 I chatty  : uid=1000(system) Binder:1413_4 expire 1 line
06-10 06:58:21.856  1413  1936 I chatty  : uid=1000(system) ActivityManager expire 2 lines
06-10 06:58:22.115  1413  1413 I chatty  : uid=1000 system_server expire 2 lines
06-10 06:58:26.171  1413  2467 I chatty  : uid=1000(system) watchdog expire 10 lines
06-10 06:58:56.308  2577  2723 E KernelCpuSpeedReader: Failed to read cpu-freq: /sys/devices/system/cpu/cpu0/cpufreq/stats/time_in_state (No such file or directory)
06-10 06:58:56.309  2577  2723 E KernelCpuSpeedReader: Failed to read cpu-freq: /sys/devices/system/cpu/cpu4/cpufreq/stats/time_in_state (No such file or directory)
06-10 06:59:22.180  1413  2602 I chatty  : uid=1000(system) Binder:1413_B expire 11 lines
06-10 06:59:22.193  1413  1413 I chatty  : uid=1000 system_server expire 12 lines
06-10 06:59:51.955  1413  1928 I chatty  : uid=1000(system) android.bg expire 1 line
06-10 06:59:55.036  1413  2575 I chatty  : uid=1000(system) Binder:1413_9 expire 22 lines
06-10 06:59:55.155  1413  7249 I chatty  : uid=1000(system) Binder:1413_15 expire 8 lines
06-10 07:00:00.021  1413  1936 I chatty  : uid=1000(system) ActivityManager expire 10 lines
06-10 07:00:56.401  2577  2723 E KernelCpuSpeedReader: Failed to read cpu-freq: /sys/devices/system/cpu/cpu0/cpufreq/stats/time_in_state (No such file or directory)
06-10 07:00:56.402  2577  2723 E KernelCpuSpeedReader: Failed to read cpu-freq: /sys/devices/system/cpu/cpu4/cpufreq/stats/time_in_state (No such file or directory)
06-10 07:01:22.301  1413  2315 I chatty  : uid=1000(system) Binder:1413_4 expire 8 lines
06-10 07:01:22.338  1413  1413 I chatty  : uid=1000 system_server expire 18 lines
06-10 07:01:33.415  1413 15496 I chatty  : uid=1000(system) Binder:1413_1D expire 15 lines
06-10 07:02:56.495  2577  2723 E KernelCpuSpeedReader: Failed to read cpu-freq: /sys/devices/system/cpu/cpu0/cpufreq/stats/time_in_state (No such file or directory)
06-10 07:02:56.495  2577  2723 E KernelCpuSpeedReader: Failed to read cpu-freq: /sys/devices/system/cpu/cpu4/cpufreq/stats/time_in_state (No such file or directory)
06-10 07:03:11.688  1413  2602 I chatty  : uid=1000(system) Binder:1413_B expire 13 lines
06-10 07:03:11.807  1413 15496 I chatty  : uid=1000(system) Binder:1413_1D expire 11 lines
06-10 07:03:12.809  1413  1950 I chatty  : uid=1000(system) batterystats-wo expire 8 lines
06-10 07:03:26.202  1413  2467 I chatty  : uid=1000(system) watchdog expire 9 lines
06-10 07:03:41.898  1413  2267 I chatty  : uid=1000(system) StatisticsCHRMs expire 4 lines
06-10 07:04:51.435  1413  2562 I chatty  : uid=1000(system) Binder:1413_8 expire 8 lines
06-10 07:04:53.509  1413  2141 I chatty  : uid=1000(system) UEventObserver expire 4 lines
06-10 07:04:56.554  2577  2723 E KernelCpuSpeedReader: Failed to read cpu-freq: /sys/devices/system/cpu/cpu0/cpufreq/stats/time_in_state (No such file or directory)
06-10 07:04:56.555  2577  2723 E KernelCpuSpeedReader: Failed to read cpu-freq: /sys/devices/system/cpu/cpu4/cpufreq/stats/time_in_state (No such file or directory)
06-10 07:04:59.455  1413  1936 I chatty  : uid=1000(system) ActivityManager expire 4 lines
06-10 07:05:53.640  1413  1413 I chatty  : uid=1000 system_server expire 6 lines
06-10 07:06:28.837  1413  2602 I chatty  : uid=1000(system) Binder:1413_B expire 20 lines
06-10 07:06:56.618  2577  2723 E KernelCpuSpeedReader: Failed to read cpu-freq: /sys/devices/system/cpu/cpu0/cpufreq/stats/time_in_state (No such file or directory)
06-10 07:06:56.619  2577  2723 E KernelCpuSpeedReader: Failed to read cpu-freq: /sys/devices/system/cpu/cpu4/cpufreq/stats/time_in_state (No such file or directory)
06-10 07:07:53.786  1413  7249 I chatty  : uid=1000(system) Binder:1413_15 expire 19 lines
06-10 07:07:53.799  1413  1413 I chatty  : uid=1000 system_server expire 12 lines
06-10 07:07:56.234  1413  2467 I chatty  : uid=1000(system) watchdog expire 11 lines
06-10 07:08:07.509  1413  2575 I chatty  : uid=1000(system) Binder:1413_9 expire 18 lines
06-10 07:08:07.510  1413 15496 I chatty  : uid=1000(system) Binder:1413_1D expire 1 line
06-10 07:08:07.514  1413  2602 I chatty  : uid=1000(system) Binder:1413_B expire 29 lines
06-10 07:08:12.384  1413  1936 I chatty  : uid=1000(system) ActivityManager expire 12 lines
06-10 07:08:56.678  2577  2723 E KernelCpuSpeedReader: Failed to read cpu-freq: /sys/devices/system/cpu/cpu0/cpufreq/stats/time_in_state (No such file or directory)
06-10 07:08:56.679  2577  2723 E KernelCpuSpeedReader: Failed to read cpu-freq: /sys/devices/system/cpu/cpu4/cpufreq/stats/time_in_state (No such file or directory)
06-10 07:09:47.450  1413  2562 I chatty  : uid=1000(system) Binder:1413_8 expire 7 lines
06-10 07:10:56.740  2577  2723 E KernelCpuSpeedReader: Failed to read cpu-freq: /sys/devices/system/cpu/cpu0/cpufreq/stats/time_in_state (No such file or directory)
06-10 07:10:56.740  2577  2723 E KernelCpuSpeedReader: Failed to read cpu-freq: /sys/devices/system/cpu/cpu4/cpufreq/stats/time_in_state (No such file or directory)
06-10 07:11:25.099  1413  1413 I chatty  : uid=1000 system_server expire 12 lines
06-10 07:12:54.118  1413  2575 I chatty  : uid=1000(system) Binder:1413_9 expire 24 lines
06-10 07:12:56.813  2577  2723 E KernelCpuSpeedReader: Failed to read cpu-freq: /sys/devices/system/cpu/cpu0/cpufreq/stats/time_in_state (No such file or directory)
06-10 07:12:56.814  2577  2723 E KernelCpuSpeedReader: Failed to read cpu-freq: /sys/devices/system/cpu/cpu4/cpufreq/stats/time_in_state (No such file or directory)
06-10 07:13:26.272  1413  2467 I chatty  : uid=1000(system) watchdog expire 6 lines
06-10 07:14:43.117  1413  2614 I chatty  : uid=1000(system) Binder:1413_C expire 11 lines
06-10 07:14:43.228  1413  2315 I chatty  : uid=1000(system) Binder:1413_4 expire 10 lines
06-10 07:14:43.239  1413  4686 I chatty  : uid=1000(system) Binder:1413_10 expire 10 lines
06-10 07:14:56.879  2577  2723 E KernelCpuSpeedReader: Failed to read cpu-freq: /sys/devices/system/cpu/cpu0/cpufreq/stats/time_in_state (No such file or directory)
06-10 07:14:56.880  2577  2723 E KernelCpuSpeedReader: Failed to read cpu-freq: /sys/devices/system/cpu/cpu4/cpufreq/stats/time_in_state (No such file or directory)
06-10 07:15:21.944  1413  2315 I chatty  : uid=1000(system) Binder:1413_4 expire 1 line
06-10 07:15:21.960  1413  1413 I chatty  : uid=1000 system_server expire 6 lines
06-10 07:16:21.991  1413  4686 I chatty  : uid=1000(system) Binder:1413_10 expire 1 line
06-10 07:16:22.456  1413  2614 I chatty  : uid=1000(system) Binder:1413_C expire 6 lines
06-10 07:16:23.597  1413  2315 I chatty  : uid=1000(system) Binder:1413_4 expire 5 lines
06-10 07:16:26.292  1413  2467 I chatty  : uid=1000(system) watchdog expire 1 line
06-10 07:16:27.319  1413  1936 I chatty  : uid=1000(system) ActivityManager expire 10 lines
06-10 07:16:56.296  1413  2467 I chatty  : uid=1000(system) watchdog expire 13 lines
06-10 07:16:56.968  2577  2723 E KernelCpuSpeedReader: Failed to read cpu-freq: /sys/devices/system/cpu/cpu0/cpufreq/stats/time_in_state (No such file or directory)
06-10 07:16:56.968  2577  2723 E KernelCpuSpeedReader: Failed to read cpu-freq: /sys/devices/system/cpu/cpu4/cpufreq/stats/time_in_state (No such file or directory)
06-10 07:18:01.598  1413  2614 I chatty  : uid=1000(system) Binder:1413_C expire 21 lines
06-10 07:18:01.609  1413  1413 I chatty  : uid=1000 system_server expire 10 lines
06-10 07:18:01.726  1413  4686 I chatty  : uid=1000(system) Binder:1413_10 expire 15 lines
06-10 07:18:02.885  1413  2575 I chatty  : uid=1000(system) Binder:1413_9 expire 7 lines
06-10 07:18:57.068  2577  2723 E KernelCpuSpeedReader: Failed to read cpu-freq: /sys/devices/system/cpu/cpu0/cpufreq/stats/time_in_state (No such file or directory)
06-10 07:18:57.069  2577  2723 E KernelCpuSpeedReader: Failed to read cpu-freq: /sys/devices/system/cpu/cpu4/cpufreq/stats/time_in_state (No such file or directory)
06-10 07:20:22.242  1413  2315 I chatty  : uid=1000(system) Binder:1413_4 expire 17 lines
06-10 07:20:57.168  2577  2723 E KernelCpuSpeedReader: Failed to read cpu-freq: /sys/devices/system/cpu/cpu0/cpufreq/stats/time_in_state (No such file or directory)
06-10 07:20:57.168  2577  2723 E KernelCpuSpeedReader: Failed to read cpu-freq: /sys/devices/system/cpu/cpu4/cpufreq/stats/time_in_state (No such file or directory)
06-10 07:21:20.452  1413  2614 I chatty  : uid=1000(system) Binder:1413_C expire 11 lines
06-10 07:21:21.742  1413  2602 I chatty  : uid=1000(system) Binder:1413_B expire 12 lines
06-10 07:22:10.907  1413  4686 I chatty  : uid=1000(system) Binder:1413_10 expire 2 lines
06-10 07:22:10.926  1413  2195 I chatty  : uid=1000(system) NetworkStats expire 7 lines
06-10 07:22:10.967  1413  2193 I chatty  : uid=1000(system) NetdConnector expire 6 lines
06-10 07:22:10.986  1413  7249 I chatty  : uid=1000(system) Binder:1413_15 expire 1 line
06-10 07:22:57.248  2577  2723 E KernelCpuSpeedReader: Failed to read cpu-freq: /sys/devices/system/cpu/cpu0/cpufreq/stats/time_in_state (No such file or directory)
06-10 07:22:57.248  2577  2723 E KernelCpuSpeedReader: Failed to read cpu-freq: /sys/devices/system/cpu/cpu4/cpufreq/stats/time_in_state (No such file or directory)
06-10 07:23:00.024  1413  1413 I chatty  : uid=1000 system_server expire 8 lines
06-10 07:23:00.134  1413  2315 I chatty  : uid=1000(system) Binder:1413_4 expire 28 lines
06-10 07:23:05.012  1413  1936 I chatty  : uid=1000(system) ActivityManager expire 4 lines
06-10 07:23:26.336  1413  2467 I chatty  : uid=1000(system) watchdog expire 4 lines
06-10 07:24:57.324  2577  2723 E KernelCpuSpeedReader: Failed to read cpu-freq: /sys/devices/system/cpu/cpu0/cpufreq/stats/time_in_state (No such file or directory)
06-10 07:24:57.325  2577  2723 E KernelCpuSpeedReader: Failed to read cpu-freq: /sys/devices/system/cpu/cpu4/cpufreq/stats/time_in_state (No such file or directory)
06-10 07:25:21.945  1413  2315 I chatty  : uid=1000(system) Binder:1413_4 expire 1 line
06-10 07:25:21.962  1413  1413 I chatty  : uid=1000 system_server expire 2 lines
06-10 07:25:26.350  1413  2467 I chatty  : uid=1000(system) watchdog expire 12 lines
06-10 07:26:19.457  1413  2614 I chatty  : uid=1000(system) Binder:1413_C expire 11 lines
06-10 07:26:19.467  1413  1413 I chatty  : uid=1000 system_server expire 10 lines
06-10 07:26:19.596  1413  6374 I chatty  : uid=1000(system) Binder:1413_13 expire 11 lines
06-10 07:26:19.613  1413  7249 I chatty  : uid=1000(system) Binder:1413_15 expire 10 lines
06-10 07:26:24.445  1413  1936 I chatty  : uid=1000(system) ActivityManager expire 12 lines
06-10 07:26:57.424  2577  2723 E KernelCpuSpeedReader: Failed to read cpu-freq: /sys/devices/system/cpu/cpu0/cpufreq/stats/time_in_state (No such file or directory)
06-10 07:26:57.425  2577  2723 E KernelCpuSpeedReader: Failed to read cpu-freq: /sys/devices/system/cpu/cpu4/cpufreq/stats/time_in_state (No such file or directory)
06-10 07:27:22.066  1413  7249 I chatty  : uid=1000(system) Binder:1413_15 expire 17 lines
06-10 07:28:00.664  1413 16955 I chatty  : uid=1000(system) Binder:1413_1E expire 8 lines
06-10 07:28:57.527  2577  2723 E KernelCpuSpeedReader: Failed to read cpu-freq: /sys/devices/system/cpu/cpu0/cpufreq/stats/time_in_state (No such file or directory)
06-10 07:28:57.528  2577  2723 E KernelCpuSpeedReader: Failed to read cpu-freq: /sys/devices/system/cpu/cpu4/cpufreq/stats/time_in_state (No such file or directory)
06-10 07:29:22.190  1413  1413 I chatty  : uid=1000 system_server expire 10 lines
06-10 07:29:39.336  1413  6374 I chatty  : uid=1000(system) Binder:1413_13 expire 11 lines
06-10 07:30:57.598  2577  2723 E KernelCpuSpeedReader: Failed to read cpu-freq: /sys/devices/system/cpu/cpu0/cpufreq/stats/time_in_state (No such file or directory)
06-10 07:30:57.599  2577  2723 E KernelCpuSpeedReader: Failed to read cpu-freq: /sys/devices/system/cpu/cpu4/cpufreq/stats/time_in_state (No such file or directory)
06-10 07:31:19.436  1413  2562 I chatty  : uid=1000(system) Binder:1413_8 expire 3 lines
06-10 07:31:19.515  2577 20317 E KernelCpuSpeedReader: Failed to read cpu-freq: /sys/devices/system/cpu/cpu0/cpufreq/stats/time_in_state (No such file or directory)
06-10 07:31:19.515  2577 20317 E KernelCpuSpeedReader: Failed to read cpu-freq: /sys/devices/system/cpu/cpu4/cpufreq/stats/time_in_state (No such file or directory)
06-10 07:31:19.548  1413  6374 I chatty  : uid=1000(system) Binder:1413_13 expire 12 lines
06-10 07:31:19.557  1413  2614 I chatty  : uid=1000(system) Binder:1413_C expire 10 lines
06-10 07:31:26.394  1413  2467 I chatty  : uid=1000(system) watchdog expire 7 lines
06-10 07:32:57.691  2577  2723 E KernelCpuSpeedReader: Failed to read cpu-freq: /sys/devices/system/cpu/cpu0/cpufreq/stats/time_in_state (No such file or directory)
06-10 07:32:57.692  2577  2723 E KernelCpuSpeedReader: Failed to read cpu-freq: /sys/devices/system/cpu/cpu4/cpufreq/stats/time_in_state (No such file or directory)
06-10 07:32:59.616  1413  2614 I chatty  : uid=1000(system) Binder:1413_C expire 12 lines
06-10 07:32:59.625  1413  1413 I chatty  : uid=1000 system_server expire 6 lines
06-10 07:32:59.745  1413  2366 I chatty  : uid=1000(system) Binder:1413_5 expire 11 lines
06-10 07:33:12.805  1413  1950 I chatty  : uid=1000(system) batterystats-wo expire 4 lines
06-10 07:33:42.002  1413  2267 I chatty  : uid=1000(system) StatisticsCHRMs expire 4 lines
06-10 07:34:40.008  1413  6374 I chatty  : uid=1000(system) Binder:1413_13 expire 20 lines
06-10 07:34:44.873  1413  1936 I chatty  : uid=1000(system) ActivityManager expire 2 lines
06-10 07:34:56.415  1413  2467 I chatty  : uid=1000(system) watchdog expire 1 line
06-10 07:34:57.765  2577  2723 E KernelCpuSpeedReader: Failed to read cpu-freq: /sys/devices/system/cpu/cpu0/cpufreq/stats/time_in_state (No such file or directory)
06-10 07:34:57.766  2577  2723 E KernelCpuSpeedReader: Failed to read cpu-freq: /sys/devices/system/cpu/cpu4/cpufreq/stats/time_in_state (No such file or directory)
06-10 07:35:21.904  1413  6374 I chatty  : uid=1000(system) Binder:1413_13 expire 1 line
06-10 07:35:21.917  1413  1413 I chatty  : uid=1000 system_server expire 2 lines
06-10 07:35:26.418  1413  2467 I chatty  : uid=1000(system) watchdog expire 12 lines
06-10 07:36:20.258  1413  2614 I chatty  : uid=1000(system) Binder:1413_C expire 11 lines
06-10 07:36:20.270  1413  1413 I chatty  : uid=1000 system_server expire 10 lines
06-10 07:36:20.383  1413  2366 I chatty  : uid=1000(system) Binder:1413_5 expire 21 lines
06-10 07:36:25.241  1413  1936 I chatty  : uid=1000(system) ActivityManager expire 10 lines
06-10 07:36:57.864  2577  2723 E KernelCpuSpeedReader: Failed to read cpu-freq: /sys/devices/system/cpu/cpu0/cpufreq/stats/time_in_state (No such file or directory)
06-10 07:36:57.864  2577  2723 E KernelCpuSpeedReader: Failed to read cpu-freq: /sys/devices/system/cpu/cpu4/cpufreq/stats/time_in_state (No such file or directory)
06-10 07:37:22.034  1413  6374 I chatty  : uid=1000(system) Binder:1413_13 expire 13 lines
06-10 07:38:00.737  1413  2366 I chatty  : uid=1000(system) Binder:1413_5 expire 9 lines
06-10 07:38:00.849  1413  2315 I chatty  : uid=1000(system) Binder:1413_4 expire 15 lines
06-10 07:38:57.967  2577  2723 E KernelCpuSpeedReader: Failed to read cpu-freq: /sys/devices/system/cpu/cpu0/cpufreq/stats/time_in_state (No such file or directory)
06-10 07:38:57.967  2577  2723 E KernelCpuSpeedReader: Failed to read cpu-freq: /sys/devices/system/cpu/cpu4/cpufreq/stats/time_in_state (No such file or directory)
06-10 07:39:22.153  1413  1413 I chatty  : uid=1000 system_server expire 10 lines
06-10 07:39:41.491  1413  2315 I chatty  : uid=1000(system) Binder:1413_4 expire 10 lines
06-10 07:40:58.069  2577  2723 E KernelCpuSpeedReader: Failed to read cpu-freq: /sys/devices/system/cpu/cpu0/cpufreq/stats/time_in_state (No such file or directory)
06-10 07:40:58.070  2577  2723 E KernelCpuSpeedReader: Failed to read cpu-freq: /sys/devices/system/cpu/cpu4/cpufreq/stats/time_in_state (No such file or directory)
06-10 07:41:22.031  1413  2315 I chatty  : uid=1000(system) Binder:1413_4 expire 12 lines
06-10 07:41:26.459  1413  2467 I chatty  : uid=1000(system) watchdog expire 5 lines
06-10 07:42:58.199  2577  2723 E KernelCpuSpeedReader: Failed to read cpu-freq: /sys/devices/system/cpu/cpu0/cpufreq/stats/time_in_state (No such file or directory)
06-10 07:42:58.200  2577  2723 E KernelCpuSpeedReader: Failed to read cpu-freq: /sys/devices/system/cpu/cpu4/cpufreq/stats/time_in_state (No such file or directory)
06-10 07:43:02.792  1413  2614 I chatty  : uid=1000(system) Binder:1413_C expire 2 lines
06-10 07:43:02.802  1413  1413 I chatty  : uid=1000 system_server expire 16 lines
06-10 07:43:02.900  1413 16955 I chatty  : uid=1000(system) Binder:1413_1E expire 20 lines
06-10 07:43:36.254  1413  2186 I chatty  : uid=1000(system) InputReader expire 11 lines
06-10 07:43:36.260  1413  1998 I chatty  : uid=1000(system) PowerManagerSer expire 16 lines
06-10 07:43:36.274  1413  2188 I chatty  : uid=1000(system) StorageManagerS expire 1 line
06-10 07:43:36.275  1413  2315 I chatty  : uid=1000(system) Binder:1413_4 expire 5 lines
06-10 07:43:36.275   595   598 I vold    : TrimTask running tasks: 0
06-10 07:43:36.277  1413  2190 I chatty  : uid=1000(system) VoldConnector expire 1 line
06-10 07:43:36.289  1413  2214 I chatty  : uid=1000(system) WifiP2pService expire 3 lines
06-10 07:43:36.296  1413  2135 I chatty  : uid=1000(system) android.anim expire 4 lines
06-10 07:43:36.301  1413  1981 I chatty  : uid=1000(system) android.display expire 2 lines
06-10 07:43:36.321  1413  2562 I chatty  : uid=1000(system) Binder:1413_8 expire 5 lines
06-10 07:43:36.334  2564  2729 I DeepNoDisturbP: handleStateChanged reason=2
06-10 07:43:36.334  2564  2729 I DeepNoDisturbSM: setScreenState isScreenOn=true
06-10 07:43:36.334  2564  2564 I DeepNoDisturbSM: IdleState processMessage msg.what=EVENT_SCREEN_ON
06-10 07:43:36.337  2577  2723 E KernelCpuSpeedReader: Failed to read cpu-freq: /sys/devices/system/cpu/cpu0/cpufreq/stats/time_in_state (No such file or directory)
06-10 07:43:36.338  2577  2723 E KernelCpuSpeedReader: Failed to read cpu-freq: /sys/devices/system/cpu/cpu4/cpufreq/stats/time_in_state (No such file or directory)
06-10 07:43:36.344  2564  2564 I DeepNoDisturbSM: isNetworkTypeSuitDeepNoDisturbMode networkType = 0
06-10 07:43:36.345  2564  2564 I DeepNoDisturbSM: isCorrectState=true mIsCallOn=false mGameStatus=0 defaultDataSubId=0 default4GSlotId=0 mIsDefaultDataOn=false mIsScreenOn=true deepNoDisturbModeProp=true isDeepNoDisturbSwitchOn=false isGameDndSwitchOn=true isNetworkTypeSuitDeepNoDisturbMode=false isAirplaneModeOn()=true
06-10 07:43:36.345  2564  2564 I DeepNoDisturbSM: isNeedEnterDeepNoDisturbMode false
06-10 07:43:36.345  2564  2564 D HwGameAssistantService: ScreenOnReceiver
06-10 07:43:36.367  1413  1937 I chatty  : uid=1000(system) android.ui expire 1 line
06-10 07:43:36.483  1413  7249 I chatty  : uid=1000(system) Binder:1413_15 expire 2 lines
06-10 07:43:36.813  1413  1928 I chatty  : uid=1000(system) android.bg expire 1 line
06-10 07:43:36.861  1413  2193 I chatty  : uid=1000(system) NetdConnector expire 2 lines
06-10 07:43:40.231  1413  2191 I chatty  : uid=1000(system) CryptdConnector expire 1 line
06-10 07:43:40.244  1413 16955 I chatty  : uid=1000(system) Binder:1413_1E expire 4 lines
06-10 07:43:40.302  1413  1936 I chatty  : uid=1000(system) ActivityManager expire 1 line
06-10 07:43:40.320 25514 25514 D ActivityThread: Attach thread to application
06-10 07:43:40.418  1413 16955 I chatty  : uid=1000(system) Binder:1413_1E expire 1 line
06-10 07:43:40.419  1413  1998 I chatty  : uid=1000(system) PowerManagerSer expire 36 lines
06-10 07:43:40.439  1413  2315 I chatty  : uid=1000(system) Binder:1413_4 expire 2 lines
06-10 07:43:40.444  1413  1413 I chatty  : uid=1000 system_server expire 21 lines
06-10 07:43:40.451  1413  1981 I chatty  : uid=1000(system) android.display expire 4 lines
06-10 07:43:40.466  1413 16955 I chatty  : uid=1000(system) Binder:1413_1E expire 24 lines
06-10 07:43:40.480  1413  7249 I chatty  : uid=1000(system) Binder:1413_15 expire 12 lines
06-10 07:43:40.726  1413  2214 I chatty  : uid=1000(system) WifiP2pService expire 11 lines
06-10 07:43:40.774  2564  2729 I DeepNoDisturbP: handleStateChanged reason=2
06-10 07:43:40.774  2564  2729 I DeepNoDisturbSM: setScreenState isScreenOn=false
06-10 07:43:40.774  2564  2564 I DeepNoDisturbSM: IdleState processMessage msg.what=EVENT_SCREEN_OFF
06-10 07:43:40.774  2564  2564 I DeepNoDisturbSM: IdleState: default msg.what=11
06-10 07:43:40.787 25537 25537 D ActivityThread: Attach thread to application
06-10 07:43:40.813  1413  3369 I chatty  : uid=1000(system) HwDeviceUsageCo expire 2 lines
06-10 07:43:40.877  2577  2723 E KernelCpuSpeedReader: Failed to read cpu-freq: /sys/devices/system/cpu/cpu0/cpufreq/stats/time_in_state (No such file or directory)
06-10 07:43:40.877  2577  2723 E KernelCpuSpeedReader: Failed to read cpu-freq: /sys/devices/system/cpu/cpu4/cpufreq/stats/time_in_state (No such file or directory)
06-10 07:43:40.906  1413  1937 I chatty  : uid=1000(system) android.ui expire 3 lines
06-10 07:43:40.971  1413  2366 I chatty  : uid=1000(system) Binder:1413_5 expire 5 lines
06-10 07:43:45.478  1413  1936 I chatty  : uid=1000(system) ActivityManager expire 11 lines
06-10 07:43:47.399  1413  2186 I chatty  : uid=1000(system) InputReader expire 11 lines
06-10 07:43:47.424  1413  2188 I chatty  : uid=1000(system) StorageManagerS expire 1 line
06-10 07:43:47.424   595   598 I vold    : TrimTask running tasks: 0
06-10 07:43:47.425  1413  2190 I chatty  : uid=1000(system) VoldConnector expire 1 line
06-10 07:43:47.427  2577  2723 E KernelCpuSpeedReader: Failed to read cpu-freq: /sys/devices/system/cpu/cpu0/cpufreq/stats/time_in_state (No such file or directory)
06-10 07:43:47.427  2577  2723 E KernelCpuSpeedReader: Failed to read cpu-freq: /sys/devices/system/cpu/cpu4/cpufreq/stats/time_in_state (No such file or directory)
06-10 07:43:47.437  1413  2135 I chatty  : uid=1000(system) android.anim expire 4 lines
06-10 07:43:47.475  2564  2729 I DeepNoDisturbP: handleStateChanged reason=2
06-10 07:43:47.475  2564  2729 I DeepNoDisturbSM: setScreenState isScreenOn=true
06-10 07:43:47.475  2564  2564 I DeepNoDisturbSM: IdleState processMessage msg.what=EVENT_SCREEN_ON
06-10 07:43:47.485  2564  2564 I DeepNoDisturbSM: isNetworkTypeSuitDeepNoDisturbMode networkType = 0
06-10 07:43:47.485  2564  2564 I DeepNoDisturbSM: isCorrectState=true mIsCallOn=false mGameStatus=0 defaultDataSubId=0 default4GSlotId=0 mIsDefaultDataOn=false mIsScreenOn=true deepNoDisturbModeProp=true isDeepNoDisturbSwitchOn=false isGameDndSwitchOn=true isNetworkTypeSuitDeepNoDisturbMode=false isAirplaneModeOn()=true
06-10 07:43:47.485  2564  2564 I DeepNoDisturbSM: isNeedEnterDeepNoDisturbMode false
06-10 07:43:47.485  2564  2564 D HwGameAssistantService: ScreenOnReceiver
06-10 07:43:47.611  1413  2602 I chatty  : uid=1000(system) Binder:1413_B expire 4 lines
06-10 07:43:52.151  1413  2614 I chatty  : uid=1000(system) Binder:1413_C expire 8 lines
06-10 07:43:52.154  1413  2191 I chatty  : uid=1000(system) CryptdConnector expire 1 line
06-10 07:43:52.379  1413  2562 I chatty  : uid=1000(system) Binder:1413_8 expire 1 line
06-10 07:43:52.675  2564  2729 I DeepNoDisturbP: handleStateChanged reason=2
06-10 07:43:52.675  2564  2729 I DeepNoDisturbSM: setScreenState isScreenOn=false
06-10 07:43:52.676  2564  2564 I DeepNoDisturbSM: IdleState processMessage msg.what=EVENT_SCREEN_OFF
06-10 07:43:52.676  2564  2564 I DeepNoDisturbSM: IdleState: default msg.what=11
06-10 07:43:52.756  2577  2723 E KernelCpuSpeedReader: Failed to read cpu-freq: /sys/devices/system/cpu/cpu0/cpufreq/stats/time_in_state (No such file or directory)
06-10 07:43:52.756  2577  2723 E KernelCpuSpeedReader: Failed to read cpu-freq: /sys/devices/system/cpu/cpu4/cpufreq/stats/time_in_state (No such file or directory)
06-10 07:43:56.474  1413  2467 I chatty  : uid=1000(system) watchdog expire 7 lines
06-10 07:44:21.915  1413  1413 I chatty  : uid=1000 system_server expire 10 lines
06-10 07:44:43.707  1413  4416 I chatty  : uid=1000(system) Binder:1413_F expire 7 lines
06-10 07:44:43.814  1413  2575 I chatty  : uid=1000(system) Binder:1413_9 expire 17 lines
06-10 07:44:48.832 25627 25627 D ActivityThread: Attach thread to application
06-10 07:44:48.855  1413  6374 I chatty  : uid=1000(system) Binder:1413_13 expire 9 lines
06-10 07:44:54.285 25666 25666 D ActivityThread: Attach thread to application
06-10 07:44:57.138  1413  1936 I chatty  : uid=1000(system) ActivityManager expire 4 lines
06-10 07:44:58.260  2577  2723 E KernelCpuSpeedReader: Failed to read cpu-freq: /sys/devices/system/cpu/cpu0/cpufreq/stats/time_in_state (No such file or directory)
06-10 07:44:58.260  2577  2723 E KernelCpuSpeedReader: Failed to read cpu-freq: /sys/devices/system/cpu/cpu4/cpufreq/stats/time_in_state (No such file or directory)
06-10 07:44:59.410 25694 25694 D ActivityThread: Attach thread to application
06-10 07:44:59.941  1413  1413 I chatty  : uid=1000 system_server expire 9 lines
06-10 07:45:47.436  2577  2723 E KernelCpuSpeedReader: Failed to read cpu-freq: /sys/devices/system/cpu/cpu0/cpufreq/stats/time_in_state (No such file or directory)
06-10 07:45:47.437  2577  2723 E KernelCpuSpeedReader: Failed to read cpu-freq: /sys/devices/system/cpu/cpu4/cpufreq/stats/time_in_state (No such file or directory)
06-10 07:46:24.715  1413  2575 I chatty  : uid=1000(system) Binder:1413_9 expire 1 line
06-10 07:46:24.815  1413  7249 I chatty  : uid=1000(system) Binder:1413_15 expire 5 lines
06-10 07:46:58.341  2577  2723 E KernelCpuSpeedReader: Failed to read cpu-freq: /sys/devices/system/cpu/cpu0/cpufreq/stats/time_in_state (No such file or directory)
06-10 07:46:58.342  2577  2723 E KernelCpuSpeedReader: Failed to read cpu-freq: /sys/devices/system/cpu/cpu4/cpufreq/stats/time_in_state (No such file or directory)
06-10 07:47:11.228  1413  2186 I chatty  : uid=1000(system) InputReader expire 8 lines
06-10 07:47:11.237  1413  1998 I chatty  : uid=1000(system) PowerManagerSer expire 25 lines
06-10 07:47:11.239  1413  2186 I chatty  : uid=1000(system) InputReader expire 3 lines
06-10 07:47:11.250  1413  2188 I chatty  : uid=1000(system) StorageManagerS expire 1 line
06-10 07:47:11.251   595   598 I vold    : TrimTask running tasks: 0
06-10 07:47:11.251  1413  4686 I chatty  : uid=1000(system) Binder:1413_10 expire 26 lines
06-10 07:47:11.252  1413  2190 I chatty  : uid=1000(system) VoldConnector expire 1 line
06-10 07:47:11.254  2577  2723 E KernelCpuSpeedReader: Failed to read cpu-freq: /sys/devices/system/cpu/cpu0/cpufreq/stats/time_in_state (No such file or directory)
06-10 07:47:11.254  2577  2723 E KernelCpuSpeedReader: Failed to read cpu-freq: /sys/devices/system/cpu/cpu4/cpufreq/stats/time_in_state (No such file or directory)
06-10 07:47:11.258  1413  1413 I chatty  : uid=1000 system_server expire 60 lines
06-10 07:47:11.258  1413  2214 I chatty  : uid=1000(system) WifiP2pService expire 6 lines
06-10 07:47:11.265  1413 16955 I chatty  : uid=1000(system) Binder:1413_1E expire 14 lines
06-10 07:47:11.267  1413  2135 I chatty  : uid=1000(system) android.anim expire 18 lines
06-10 07:47:11.273  1413  1981 I chatty  : uid=1000(system) android.display expire 3 lines
06-10 07:47:11.312  2564  2729 I DeepNoDisturbP: handleStateChanged reason=2
06-10 07:47:11.313  2564  2729 I DeepNoDisturbSM: setScreenState isScreenOn=true
06-10 07:47:11.313  2564  2564 I DeepNoDisturbSM: IdleState processMessage msg.what=EVENT_SCREEN_ON
06-10 07:47:11.322  2564  2564 I DeepNoDisturbSM: isNetworkTypeSuitDeepNoDisturbMode networkType = 0
06-10 07:47:11.322  2564  2564 I DeepNoDisturbSM: isCorrectState=true mIsCallOn=false mGameStatus=0 defaultDataSubId=0 default4GSlotId=0 mIsDefaultDataOn=false mIsScreenOn=true deepNoDisturbModeProp=true isDeepNoDisturbSwitchOn=false isGameDndSwitchOn=true isNetworkTypeSuitDeepNoDisturbMode=false isAirplaneModeOn()=true
06-10 07:47:11.322  2564  2564 I DeepNoDisturbSM: isNeedEnterDeepNoDisturbMode false
06-10 07:47:11.322  2564  2564 D HwGameAssistantService: ScreenOnReceiver
06-10 07:47:11.440  1413  2575 I chatty  : uid=1000(system) Binder:1413_9 expire 8 lines
06-10 07:47:11.454  1413  1937 I chatty  : uid=1000(system) android.ui expire 2 lines
06-10 07:47:11.480  1413  4416 I chatty  : uid=1000(system) Binder:1413_F expire 11 lines
06-10 07:47:16.236  1413  1936 I chatty  : uid=1000(system) ActivityManager expire 4 lines
06-10 07:47:16.463  1413  1932 I chatty  : uid=1000(system) HwActivityManag expire 6 lines
06-10 07:47:16.478  2577  2723 E KernelCpuSpeedReader: Failed to read cpu-freq: /sys/devices/system/cpu/cpu0/cpufreq/stats/time_in_state (No such file or directory)
06-10 07:47:16.478  2577  2723 E KernelCpuSpeedReader: Failed to read cpu-freq: /sys/devices/system/cpu/cpu4/cpufreq/stats/time_in_state (No such file or directory)
06-10 07:47:16.519  1413  1985 I chatty  : uid=1000(system) HwGameAssistant expire 1 line
06-10 07:47:16.528  1413  7249 I chatty  : uid=1000(system) Binder:1413_15 expire 9 lines
06-10 07:47:16.578  2349  2349 V KeyguardDisplayManager: hide
06-10 07:47:16.585  2349  2349 V KeyguardViewMediator: updateInputRestrictedLocked 1 isInputApp = false, inputRestricted = false
06-10 07:47:24.208  1413  2191 I chatty  : uid=1000(system) CryptdConnector expire 1 line
06-10 07:47:24.428  2615  2615 V ActivityThread: Finishing stop of ActivityRecord{c03c196 token=android.os.BinderProxy@34a39c8 {com.huawei.android.launcher/com.huawei.android.launcher.unihome.UniHomeLauncher}}
06-10 07:47:24.430  1413  6374 I chatty  : uid=1000(system) Binder:1413_13 expire 1 line
06-10 07:47:24.452  1413  4686 I chatty  : uid=1000(system) Binder:1413_10 expire 2 lines
06-10 07:47:24.590  1413  4416 I chatty  : uid=1000(system) Binder:1413_F expire 17 lines
06-10 07:47:24.668  1413  1998 I chatty  : uid=1000(system) PowerManagerSer expire 1 line
06-10 07:47:24.684  2349  2349 V KeyguardViewMediator: updateInputRestrictedLocked 1 isInputApp = false, inputRestricted = true
06-10 07:47:24.692  1413 16955 I chatty  : uid=1000(system) Binder:1413_1E expire 10 lines
06-10 07:47:24.716  1413  1413 I chatty  : uid=1000 system_server expire 11 lines
06-10 07:47:24.717  1413  2214 I chatty  : uid=1000(system) WifiP2pService expire 4 lines
06-10 07:47:24.724  2349  2349 V KeyguardStatusView: refresh statusview showing:true
06-10 07:47:24.724  2615  2615 V ActivityThread: Handle window ActivityRecord{c03c196 token=android.os.BinderProxy@34a39c8 {com.huawei.android.launcher/com.huawei.android.launcher.unihome.UniHomeLauncher}} visibility: false
06-10 07:47:24.728  2349  2349 V KeyguardDisplayManager: show
06-10 07:47:24.737  2564 12310 D AntiBruteForceProcessor: RemainingAuthenticateNum = 5
06-10 07:47:24.746  2564  2729 I DeepNoDisturbP: handleStateChanged reason=2
06-10 07:47:24.746  2564  2729 I DeepNoDisturbSM: setScreenState isScreenOn=false
06-10 07:47:24.746  2564  2564 I DeepNoDisturbSM: IdleState processMessage msg.what=EVENT_SCREEN_OFF
06-10 07:47:24.746  2564  2564 I DeepNoDisturbSM: IdleState: default msg.what=11
06-10 07:47:24.765  1413  6374 I chatty  : uid=1000(system) Binder:1413_13 expire 19 lines
06-10 07:47:24.824  2577  2723 E KernelCpuSpeedReader: Failed to read cpu-freq: /sys/devices/system/cpu/cpu0/cpufreq/stats/time_in_state (No such file or directory)
06-10 07:47:24.824  2577  2723 E KernelCpuSpeedReader: Failed to read cpu-freq: /sys/devices/system/cpu/cpu4/cpufreq/stats/time_in_state (No such file or directory)
06-10 07:47:24.840  1413  2575 I chatty  : uid=1000(system) Binder:1413_9 expire 12 lines
06-10 07:47:24.843  1413  2135 I chatty  : uid=1000(system) android.anim expire 1 line
06-10 07:47:24.869  1413  1937 I chatty  : uid=1000(system) android.ui expire 1 line
06-10 07:47:24.885  1413  3369 I chatty  : uid=1000(system) HwDeviceUsageCo expire 1 line
06-10 07:47:26.499  1413  2467 I chatty  : uid=1000(system) watchdog expire 12 lines
06-10 07:47:29.408  1413  1936 I chatty  : uid=1000(system) ActivityManager expire 10 lines
06-10 07:48:58.400  2577  2723 E KernelCpuSpeedReader: Failed to read cpu-freq: /sys/devices/system/cpu/cpu0/cpufreq/stats/time_in_state (No such file or directory)
06-10 07:48:58.401  2577  2723 E KernelCpuSpeedReader: Failed to read cpu-freq: /sys/devices/system/cpu/cpu4/cpufreq/stats/time_in_state (No such file or directory)
06-10 07:49:11.265  2577  2723 E KernelCpuSpeedReader: Failed to read cpu-freq: /sys/devices/system/cpu/cpu0/cpufreq/stats/time_in_state (No such file or directory)
06-10 07:49:11.266  2577  2723 E KernelCpuSpeedReader: Failed to read cpu-freq: /sys/devices/system/cpu/cpu4/cpufreq/stats/time_in_state (No such file or directory)
06-10 07:49:24.527  1413  2575 I chatty  : uid=1000(system) Binder:1413_9 expire 10 lines
06-10 07:49:24.543  1413  1413 I chatty  : uid=1000 system_server expire 14 lines
06-10 07:49:46.930  1413  6374 I chatty  : uid=1000(system) Binder:1413_13 expire 16 lines
06-10 07:49:48.197  1413  7249 I chatty  : uid=1000(system) Binder:1413_15 expire 6 lines
06-10 07:50:58.477  2577  2723 E KernelCpuSpeedReader: Failed to read cpu-freq: /sys/devices/system/cpu/cpu0/cpufreq/stats/time_in_state (No such file or directory)
06-10 07:50:58.478  2577  2723 E KernelCpuSpeedReader: Failed to read cpu-freq: /sys/devices/system/cpu/cpu4/cpufreq/stats/time_in_state (No such file or directory)
06-10 07:51:28.328  1413 16955 I chatty  : uid=1000(system) Binder:1413_1E expire 10 lines
06-10 07:52:58.547  2577  2723 E KernelCpuSpeedReader: Failed to read cpu-freq: /sys/devices/system/cpu/cpu0/cpufreq/stats/time_in_state (No such file or directory)
06-10 07:52:58.548  2577  2723 E KernelCpuSpeedReader: Failed to read cpu-freq: /sys/devices/system/cpu/cpu4/cpufreq/stats/time_in_state (No such file or directory)
06-10 07:53:09.526  1413  1413 I chatty  : uid=1000 system_server expire 6 lines
06-10 07:53:09.597  1413  6374 I chatty  : uid=1000(system) Binder:1413_13 expire 17 lines
06-10 07:53:14.542  1413  1936 I chatty  : uid=1000(system) ActivityManager expire 4 lines
06-10 07:53:16.799  1413  2195 I chatty  : uid=1000(system) NetworkStats expire 7 lines
06-10 07:53:16.808  1413  1928 I chatty  : uid=1000(system) android.bg expire 2 lines
06-10 07:53:16.856  1413  2193 I chatty  : uid=1000(system) NetdConnector expire 8 lines
06-10 07:53:16.964  2577  9297 E KernelCpuSpeedReader: Failed to read cpu-freq: /sys/devices/system/cpu/cpu0/cpufreq/stats/time_in_state (No such file or directory)
06-10 07:53:16.964  2577  9297 E KernelCpuSpeedReader: Failed to read cpu-freq: /sys/devices/system/cpu/cpu4/cpufreq/stats/time_in_state (No such file or directory)
06-10 07:53:24.732  1413  2575 I chatty  : uid=1000(system) Binder:1413_9 expire 1 line
06-10 07:53:26.540  1413  2467 I chatty  : uid=1000(system) watchdog expire 3 lines
06-10 07:54:51.001  1413  1413 I chatty  : uid=1000 system_server expire 3 lines
06-10 07:54:51.038  1413  6374 I chatty  : uid=1000(system) Binder:1413_13 expire 1 line
06-10 07:54:51.049  1413  1413 I chatty  : uid=1000 system_server expire 17 lines
06-10 07:54:51.070  1413 16955 I chatty  : uid=1000(system) Binder:1413_1E expire 33 lines
06-10 07:54:51.173  1413  4686 I chatty  : uid=1000(system) Binder:1413_10 expire 11 lines
06-10 07:54:56.018  1413  1936 I chatty  : uid=1000(system) ActivityManager expire 10 lines
06-10 07:54:56.551  1413  2467 I chatty  : uid=1000(system) watchdog expire 13 lines
06-10 07:54:58.625  2577  2723 E KernelCpuSpeedReader: Failed to read cpu-freq: /sys/devices/system/cpu/cpu0/cpufreq/stats/time_in_state (No such file or directory)
06-10 07:54:58.625  2577  2723 E KernelCpuSpeedReader: Failed to read cpu-freq: /sys/devices/system/cpu/cpu4/cpufreq/stats/time_in_state (No such file or directory)
06-10 07:56:22.017  1413  2575 I chatty  : uid=1000(system) Binder:1413_9 expire 22 lines
06-10 07:56:58.703  2577  2723 E KernelCpuSpeedReader: Failed to read cpu-freq: /sys/devices/system/cpu/cpu0/cpufreq/stats/time_in_state (No such file or directory)
06-10 07:56:58.704  2577  2723 E KernelCpuSpeedReader: Failed to read cpu-freq: /sys/devices/system/cpu/cpu4/cpufreq/stats/time_in_state (No such file or directory)
06-10 07:57:22.091  1413  7249 I chatty  : uid=1000(system) Binder:1413_15 expire 8 lines
06-10 07:58:14.315  1413 16955 I chatty  : uid=1000(system) Binder:1413_1E expire 18 lines
06-10 07:58:16.802  1413  1928 I chatty  : uid=1000(system) android.bg expire 1 line
06-10 07:58:58.781  2577  2723 E KernelCpuSpeedReader: Failed to read cpu-freq: /sys/devices/system/cpu/cpu0/cpufreq/stats/time_in_state (No such file or directory)
06-10 07:58:58.782  2577  2723 E KernelCpuSpeedReader: Failed to read cpu-freq: /sys/devices/system/cpu/cpu4/cpufreq/stats/time_in_state (No such file or directory)
06-10 07:59:22.237  1413 16955 I chatty  : uid=1000(system) Binder:1413_1E expire 1 line
06-10 07:59:22.251  1413  1413 I chatty  : uid=1000 system_server expire 14 lines
06-10 07:59:56.129  1413  4686 I chatty  : uid=1000(system) Binder:1413_10 expire 23 lines
06-10 08:00:58.855  2577  2723 E KernelCpuSpeedReader: Failed to read cpu-freq: /sys/devices/system/cpu/cpu0/cpufreq/stats/time_in_state (No such file or directory)
06-10 08:00:58.856  2577  2723 E KernelCpuSpeedReader: Failed to read cpu-freq: /sys/devices/system/cpu/cpu4/cpufreq/stats/time_in_state (No such file or directory)
06-10 08:01:26.589  1413  2467 I chatty  : uid=1000(system) watchdog expire 4 lines
06-10 08:01:38.011  1413  2246 I chatty  : uid=1000(system) GraphicsStats-d expire 1 line
