06-10 09:27:59.881  1413  2193 D NetdConnector: RCV <- {613 IfaceClass active 1 234663675798597 1000}
06-10 09:27:59.884  1413  2193 D NetdConnector: RCV <- {613 IfaceClass active 1 234663675798597 1000}
06-10 09:27:59.888  1413  1979 D NetdConnector: RCV unsolicited event from native daemon, event = 613
06-10 09:28:00.012  1413  1413 V AlarmManager: Received TIME_TICK alarm; rescheduling
06-10 09:28:00.013  1413  1413 I HwAlarmManagerService: hwSetAlarm listenerTag: time_tick
06-10 09:28:00.047  1413  2559 V BroadcastQueue: Finished with ordered broadcast BroadcastRecord{2732b28 u-1 android.intent.action.TIME_TICK}
06-10 09:28:06.889  2577  2723 E KernelCpuSpeedReader: Failed to read cpu-freq: /sys/devices/system/cpu/cpu0/cpufreq/stats/time_in_state (No such file or directory)
06-10 09:28:06.889  2577  2723 E KernelCpuSpeedReader: Failed to read cpu-freq: /sys/devices/system/cpu/cpu4/cpufreq/stats/time_in_state (No such file or directory)
06-10 09:28:27.221  1413  2467 E Watchdog: Failed to write to /sys/kernel/hungtask/vm_heart
06-10 09:28:27.221  1413  2467 E Watchdog: java.io.FileNotFoundException: /sys/kernel/hungtask/vm_heart (Permission denied)
06-10 09:28:27.221  1413  2467 E Watchdog: 	at java.io.FileOutputStream.open0(Native Method)
06-10 09:28:27.221  1413  2467 E Watchdog: 	at java.io.FileOutputStream.open(FileOutputStream.java:287)
06-10 09:28:27.221  1413  2467 E Watchdog: 	at java.io.FileOutputStream.<init>(FileOutputStream.java:223)
06-10 09:28:27.221  1413  2467 E Watchdog: 	at java.io.FileOutputStream.<init>(FileOutputStream.java:110)
06-10 09:28:27.221  1413  2467 E Watchdog: 	at com.android.server.Watchdog.writeHungtask(Watchdog.java:904)
06-10 09:28:27.221  1413  2467 E Watchdog: 	at com.android.server.Watchdog.run(Watchdog.java:563)
06-10 09:28:40.024  1413  2141 D HwBatteryService: onUEvent fcpStatus = 0,scpStatus =0,ovpStatus=0
06-10 09:28:40.025  1413  2141 I HwBatteryService: quick charge status : 0
06-10 09:28:40.045  1413  2141 D HwBatteryService: onUEvent fcpStatus = 0,scpStatus =0,ovpStatus=0
06-10 09:28:40.046  1413  2141 I HwBatteryService: quick charge status : 0
06-10 09:28:40.057  1413  2559 I BatteryService: normal charge status : 1
06-10 09:28:40.064  1413  1936 E KernelCpuSpeedReader: Failed to read cpu-freq: /sys/devices/system/cpu/cpu0/cpufreq/stats/time_in_state (No such file or directory)
06-10 09:28:40.064  1413  1936 E KernelCpuSpeedReader: Failed to read cpu-freq: /sys/devices/system/cpu/cpu4/cpufreq/stats/time_in_state (No such file or directory)
06-10 09:28:40.069  1413  2366 I BatteryService: normal charge status : 1
06-10 09:28:40.095  1413  1950 E BatteryExternalStatsWorker: no controller energy info supplied for bluetooth
06-10 09:28:40.110  1413  1413 D WifiService: onReceive, action:android.intent.action.BATTERY_CHANGED
06-10 09:28:40.110  1413  1413 D WifiService: ACTION_BATTERY_CHANGED pluggedType: 0
06-10 09:28:40.113  1413  1413 D WifiService: onReceive, action:android.intent.action.BATTERY_CHANGED
06-10 09:28:40.113  1413  1413 D WifiService: ACTION_BATTERY_CHANGED pluggedType: 0
06-10 09:28:40.115  1413  1950 E KernelCpuSpeedReader: Failed to read cpu-freq: /sys/devices/system/cpu/cpu0/cpufreq/stats/time_in_state (No such file or directory)
06-10 09:28:40.116  1413  1950 E KernelCpuSpeedReader: Failed to read cpu-freq: /sys/devices/system/cpu/cpu4/cpufreq/stats/time_in_state (No such file or directory)
06-10 09:28:57.224  1413  2467 E Watchdog: Failed to write to /sys/kernel/hungtask/vm_heart
06-10 09:28:57.224  1413  2467 E Watchdog: java.io.FileNotFoundException: /sys/kernel/hungtask/vm_heart (Permission denied)
06-10 09:28:57.224  1413  2467 E Watchdog: 	at java.io.FileOutputStream.open0(Native Method)
06-10 09:28:57.224  1413  2467 E Watchdog: 	at java.io.FileOutputStream.open(FileOutputStream.java:287)
06-10 09:28:57.224  1413  2467 E Watchdog: 	at java.io.FileOutputStream.<init>(FileOutputStream.java:223)
06-10 09:28:57.224  1413  2467 E Watchdog: 	at java.io.FileOutputStream.<init>(FileOutputStream.java:110)
06-10 09:28:57.224  1413  2467 E Watchdog: 	at com.android.server.Watchdog.writeHungtask(Watchdog.java:904)
06-10 09:28:57.224  1413  2467 E Watchdog: 	at com.android.server.Watchdog.run(Watchdog.java:563)
06-10 09:29:00.006  1413  1413 V AlarmManager: Received TIME_TICK alarm; rescheduling
06-10 09:29:00.008  1413  1413 I HwAlarmManagerService: hwSetAlarm listenerTag: time_tick
06-10 09:29:00.056  1413  2366 V BroadcastQueue: Finished with ordered broadcast BroadcastRecord{62eae72 u-1 android.intent.action.TIME_TICK}
06-10 09:29:02.955  2577  2723 E KernelCpuSpeedReader: Failed to read cpu-freq: /sys/devices/system/cpu/cpu0/cpufreq/stats/time_in_state (No such file or directory)
06-10 09:29:02.956  2577  2723 E KernelCpuSpeedReader: Failed to read cpu-freq: /sys/devices/system/cpu/cpu4/cpufreq/stats/time_in_state (No such file or directory)
06-10 09:29:02.977  2577  2723 E KernelCpuSpeedReader: Failed to read cpu-freq: /sys/devices/system/cpu/cpu0/cpufreq/stats/time_in_state (No such file or directory)
06-10 09:29:02.977  2577  2723 E KernelCpuSpeedReader: Failed to read cpu-freq: /sys/devices/system/cpu/cpu4/cpufreq/stats/time_in_state (No such file or directory)
06-10 09:29:06.296  1413  2916 W ProcBatteryStats: timer is running , not start, name: abc.def.ghi, uid: 10296, tag: abc.def.ghi:Tag
06-10 09:29:06.306  1413  1413 V HwNotificationManagerService: isHwSoundAllow pkg=abc.def.ghi, channelId=abc.def.ghi.alarmService, userId=0, cfg=1
06-10 09:29:06.306  1413  1413 V NotificationService: Playing sound content://settings/system/notification_sound with attributes AudioAttributes: usage=USAGE_NOTIFICATION content=CONTENT_TYPE_SONIFICATION flags=0x0 tags= bundle=null
06-10 09:29:06.452  1413  2614 I HwAudioService: ljc enter package length 3
06-10 09:29:06.452  1413  2614 I HwAudioService: ljc enter packageName:com.huawei.HwMultiScreenShot
06-10 09:29:06.453  1413  2614 I HwAudioService: ljc enter packageName:com.android.keyguard
06-10 09:29:06.453  1413  2614 I HwAudioService: ljc enter packageName:com.android.systemui
06-10 09:29:06.453  1413  2614 I HwAudioService: ljc HwAudioService:music app enter -1
06-10 09:29:06.464  1413  2614 I HwAudioService: ljc enter package length 3
06-10 09:29:06.464  1413  2614 I HwAudioService: ljc enter packageName:com.huawei.HwMultiScreenShot
06-10 09:29:06.465  1413  2614 I HwAudioService: ljc enter packageName:com.android.keyguard
06-10 09:29:06.465  1413  2614 I HwAudioService: ljc enter packageName:com.android.systemui
06-10 09:29:06.465  1413  2614 I HwAudioService: ljc HwAudioService:music app enter -1
06-10 09:29:06.860  1413  2614 I HwAudioService: ljc enter package length 3
06-10 09:29:06.860  1413  2614 I HwAudioService: ljc enter packageName:com.huawei.HwMultiScreenShot
06-10 09:29:06.861  1413  2614 I HwAudioService: ljc enter packageName:com.android.keyguard
06-10 09:29:06.861  1413  2614 I HwAudioService: ljc enter packageName:com.android.systemui
06-10 09:29:06.862  1413  2614 I HwAudioService: ljc HwAudioService:music app exit -1
06-10 09:29:07.590  1413  2614 I HwAudioService: ljc enter package length 3
06-10 09:29:07.590  1413  2614 I HwAudioService: ljc enter packageName:com.huawei.HwMultiScreenShot
06-10 09:29:07.591  1413  2614 I HwAudioService: ljc enter packageName:com.android.keyguard
06-10 09:29:07.591  1413  2614 I HwAudioService: ljc enter packageName:com.android.systemui
06-10 09:29:07.592  1413  2614 I HwAudioService: ljc HwAudioService:music app exit -1
06-10 09:29:27.226  1413  2467 E Watchdog: Failed to write to /sys/kernel/hungtask/vm_heart
06-10 09:29:27.226  1413  2467 E Watchdog: java.io.FileNotFoundException: /sys/kernel/hungtask/vm_heart (Permission denied)
06-10 09:29:27.226  1413  2467 E Watchdog: 	at java.io.FileOutputStream.open0(Native Method)
06-10 09:29:27.226  1413  2467 E Watchdog: 	at java.io.FileOutputStream.open(FileOutputStream.java:287)
06-10 09:29:27.226  1413  2467 E Watchdog: 	at java.io.FileOutputStream.<init>(FileOutputStream.java:223)
06-10 09:29:27.226  1413  2467 E Watchdog: 	at java.io.FileOutputStream.<init>(FileOutputStream.java:110)
06-10 09:29:27.226  1413  2467 E Watchdog: 	at com.android.server.Watchdog.writeHungtask(Watchdog.java:904)
06-10 09:29:27.226  1413  2467 E Watchdog: 	at com.android.server.Watchdog.run(Watchdog.java:563)
06-10 09:29:40.116  1413  2614 I BatteryService: normal charge status : 1
06-10 09:29:40.167  1413  1413 D WifiService: onReceive, action:android.intent.action.BATTERY_CHANGED
06-10 09:29:40.167  1413  1413 D WifiService: ACTION_BATTERY_CHANGED pluggedType: 0
06-10 09:29:43.616  1413  2193 D NetdConnector: RCV <- {613 IfaceClass active 1 234767407870441 1000}
06-10 09:29:43.619  1413  2193 D NetdConnector: RCV <- {613 IfaceClass active 1 234767407870441 1000}
06-10 09:29:43.622  1413  1979 D NetdConnector: RCV unsolicited event from native daemon, event = 613
06-10 09:29:57.229  1413  2467 E Watchdog: Failed to write to /sys/kernel/hungtask/vm_heart
06-10 09:29:57.229  1413  2467 E Watchdog: java.io.FileNotFoundException: /sys/kernel/hungtask/vm_heart (Permission denied)
06-10 09:29:57.229  1413  2467 E Watchdog: 	at java.io.FileOutputStream.open0(Native Method)
06-10 09:29:57.229  1413  2467 E Watchdog: 	at java.io.FileOutputStream.open(FileOutputStream.java:287)
06-10 09:29:57.229  1413  2467 E Watchdog: 	at java.io.FileOutputStream.<init>(FileOutputStream.java:223)
06-10 09:29:57.229  1413  2467 E Watchdog: 	at java.io.FileOutputStream.<init>(FileOutputStream.java:110)
06-10 09:29:57.229  1413  2467 E Watchdog: 	at com.android.server.Watchdog.writeHungtask(Watchdog.java:904)
06-10 09:29:57.229  1413  2467 E Watchdog: 	at com.android.server.Watchdog.run(Watchdog.java:563)
06-10 09:30:00.005  1413  1413 V AlarmManager: Received TIME_TICK alarm; rescheduling
06-10 09:30:00.007  1413  1413 I HwAlarmManagerService: hwSetAlarm listenerTag: time_tick
06-10 09:30:00.072  1413  2366 V BroadcastQueue: Finished with ordered broadcast BroadcastRecord{4383bb1 u0 com.huawei.hwsystemmanager.power.SCHEDULE_RECORD_POWER_CONSUME}
06-10 09:30:00.098  1413  2614 V BroadcastQueue: Finished with ordered broadcast BroadcastRecord{52b9822 u0 com.huawei.hwsystemmanager.power.SCHEDULE_RECORD_REMAING_TIME_SCENE}
06-10 09:30:00.104  1413  2366 V BroadcastQueue: Finished with ordered broadcast BroadcastRecord{83652b3 u0 com.huawei.bd.action.heartbeat_hour}
06-10 09:30:00.108  1413 10949 V BroadcastQueue: Finished with ordered broadcast BroadcastRecord{546373b u-1 android.intent.action.TIME_TICK}
06-10 09:30:00.168  2577 20317 E KernelCpuSpeedReader: Failed to read cpu-freq: /sys/devices/system/cpu/cpu0/cpufreq/stats/time_in_state (No such file or directory)
06-10 09:30:00.168  2577 20317 E KernelCpuSpeedReader: Failed to read cpu-freq: /sys/devices/system/cpu/cpu4/cpufreq/stats/time_in_state (No such file or directory)
06-10 09:30:00.175  2577 20317 E KernelCpuSpeedReader: Failed to read cpu-freq: /sys/devices/system/cpu/cpu0/cpufreq/stats/time_in_state (No such file or directory)
06-10 09:30:00.176  2577 20317 E KernelCpuSpeedReader: Failed to read cpu-freq: /sys/devices/system/cpu/cpu4/cpufreq/stats/time_in_state (No such file or directory)
--------- beginning of main
06-10 09:30:03.768 28067 28067 D wpa_supplicant: sta hidl pwrPercentBoostModesetInternal
06-10 09:30:03.771  1413  2199 I chatty  : uid=1000(system) WifiStateMachin expire 12 lines
06-10 09:30:06.842  1413  2201 I chatty  : uid=1000(system) HwWifiCHRStateM expire 18 lines
06-10 09:30:06.844 28067 28067 D wpa_supplicant: sta hidl pwrPercentBoostModesetInternal
06-10 09:30:07.261  1413  2257 I chatty  : uid=1000(system) WiFiArpStateMac expire 10 lines
06-10 09:30:08.342   876   876 E Thermal-daemon: [charger_ic] temp_new :29  temp_old :28
06-10 09:30:08.345   876   876 E Thermal-daemon: Report temperature: [charger_ic] temp :29  report_threshold:1
06-10 09:30:08.374 28067 28067 D wpa_supplicant: sta hidl pwrPercentBoostModesetInternal
06-10 09:30:09.915 28067 28067 D wpa_supplicant: sta hidl pwrPercentBoostModesetInternal
06-10 09:30:10.522  1413  1413 I chatty  : uid=1000 system_server expire 44 lines
06-10 09:30:12.984 28067 28067 D wpa_supplicant: sta hidl pwrPercentBoostModesetInternal
06-10 09:30:15.247   750  1110 I qti_sensors_hal: [LightSensor]processReportInd: the cycle luxValue ItemData[0]:760000,ItemData[1]:642634, lux:118.000000,cct:6563380.000000
06-10 09:30:16.051  1413  2199 I chatty  : uid=1000(system) WifiStateMachin expire 35 lines
06-10 09:30:16.054 28067 28067 D wpa_supplicant: sta hidl pwrPercentBoostModesetInternal
06-10 09:30:16.307   612 29768 W libc    : Set property "hw.wifi.dns_stat" to "210,106,201,1,2174"
06-10 09:30:16.379 28067 28067 D wpa_supplicant: sta hidl pwrPercentBoostModesetInternal
06-10 09:30:16.406  1413  2271 I chatty  : uid=1000(system) HuaweiWifiWatch expire 10 lines
06-10 09:30:16.409  1413  2262 I chatty  : uid=1000(system) wifipro_uid_tcp expire 10 lines
06-10 09:30:19.123 28067 28067 D wpa_supplicant: sta hidl pwrPercentBoostModesetInternal
06-10 09:30:22.194 28067 28067 D wpa_supplicant: sta hidl pwrPercentBoostModesetInternal
06-10 09:30:24.393 28067 28067 D wpa_supplicant: sta hidl pwrPercentBoostModesetInternal
06-10 09:30:25.261  1413  2201 I chatty  : uid=1000(system) HwWifiCHRStateM expire 16 lines
06-10 09:30:25.262 28067 28067 D wpa_supplicant: sta hidl pwrPercentBoostModesetInternal
06-10 09:30:26.532  2349  2349 I chatty  : uid=10026(com.huawei.HwMultiScreenShot) com.android.systemui expire 20 lines
06-10 09:30:26.554  1413  1413 I chatty  : uid=1000 system_server expire 40 lines
06-10 09:30:27.232  1413  2467 E Watchdog: Failed to write to /sys/kernel/hungtask/vm_heart
06-10 09:30:27.232  1413  2467 E Watchdog: java.io.FileNotFoundException: /sys/kernel/hungtask/vm_heart (Permission denied)
06-10 09:30:27.232  1413  2467 E Watchdog: 	at java.io.FileOutputStream.open0(Native Method)
06-10 09:30:27.232  1413  2467 E Watchdog: 	at java.io.FileOutputStream.open(FileOutputStream.java:287)
06-10 09:30:27.232  1413  2467 E Watchdog: 	at java.io.FileOutputStream.<init>(FileOutputStream.java:223)
06-10 09:30:27.232  1413  2467 E Watchdog: 	at java.io.FileOutputStream.<init>(FileOutputStream.java:110)
06-10 09:30:27.232  1413  2467 E Watchdog: 	at com.android.server.Watchdog.writeHungtask(Watchdog.java:904)
06-10 09:30:27.232  1413  2467 E Watchdog: 	at com.android.server.Watchdog.run(Watchdog.java:563)
06-10 09:30:27.275  1413  2200 I chatty  : uid=1000(system) HwWifiStatStore expire 12 lines
06-10 09:30:28.333 28067 28067 D wpa_supplicant: sta hidl pwrPercentBoostModesetInternal
06-10 09:30:31.401 28067 28067 D wpa_supplicant: sta hidl pwrPercentBoostModesetInternal
06-10 09:30:32.307  1413  2257 I chatty  : uid=1000(system) WiFiArpStateMac expire 10 lines
06-10 09:30:32.387 28067 28067 D wpa_supplicant: sta hidl pwrPercentBoostModesetInternal
06-10 09:30:34.044   612 29775 W libc    : Set property "hw.wifi.dns_stat" to "211,107,201,1,2174"
06-10 09:30:34.470 28067 28067 D wpa_supplicant: sta hidl pwrPercentBoostModesetInternal
06-10 09:30:37.530 28067 28067 D wpa_supplicant: sta hidl pwrPercentBoostModesetInternal
06-10 09:30:40.164  7600  7640 I PrintWorker: PrintWoker poll timeout , shutdown
06-10 09:30:40.396 28067 28067 D wpa_supplicant: sta hidl pwrPercentBoostModesetInternal
06-10 09:30:40.579  2349  2349 I chatty  : uid=10026(com.huawei.HwMultiScreenShot) com.android.systemui expire 42 lines
06-10 09:30:40.585 28067 28067 D wpa_supplicant: sta hidl pwrPercentBoostModesetInternal
06-10 09:30:41.573  1413  1413 I chatty  : uid=1000 system_server expire 67 lines
06-10 09:30:43.650  1413  4416 I BatteryService: normal charge status : 1
06-10 09:30:43.655  1413  2199 I chatty  : uid=1000(system) WifiStateMachin expire 22 lines
06-10 09:30:43.655  1413  2201 I chatty  : uid=1000(system) HwWifiCHRStateM expire 16 lines
06-10 09:30:43.656 28067 28067 D wpa_supplicant: sta hidl pwrPercentBoostModesetInternal
06-10 09:30:43.664  1413  1413 D WifiService: onReceive, action:android.intent.action.BATTERY_CHANGED
06-10 09:30:43.664  1413  1413 D WifiService: ACTION_BATTERY_CHANGED pluggedType: 0
06-10 09:30:43.665  7600  7600 I Cloud[10.13.20.300]Sync.SyncObserverService: batteryStatus: 3
06-10 09:30:45.358   750  1110 I qti_sensors_hal: [LightSensor]processReportInd: the cycle luxValue ItemData[0]:770000,ItemData[1]:6426eb, lux:119.000000,cct:6563563.000000
06-10 09:30:46.721 28067 28067 D wpa_supplicant: sta hidl pwrPercentBoostModesetInternal
06-10 09:30:48.418 28067 28067 D wpa_supplicant: sta hidl pwrPercentBoostModesetInternal
06-10 09:30:48.441  1413  2271 I chatty  : uid=1000(system) HuaweiWifiWatch expire 16 lines
06-10 09:30:49.791 28067 28067 D wpa_supplicant: sta hidl pwrPercentBoostModesetInternal
06-10 09:30:51.886   612 29782 W libc    : Set property "hw.wifi.dns_stat" to "212,107,201,1,2175"
06-10 09:30:52.347  1413  2257 I chatty  : uid=1000(system) WiFiArpStateMac expire 14 lines
06-10 09:30:52.850 28067 28067 D wpa_supplicant: sta hidl pwrPercentBoostModesetInternal
06-10 09:30:53.367  1413  4416 W ProcBatteryStats: timer is running , not start, name: abc.def.ghi, uid: 10296, tag: abc.def.ghi:Tag
06-10 09:30:53.382  1413  1413 V HwNotificationManagerService: isHwSoundAllow pkg=abc.def.ghi, channelId=abc.def.ghi.alarmService, userId=0, cfg=1
06-10 09:30:53.382  1413  1413 V NotificationService: Playing sound content://settings/system/notification_sound with attributes AudioAttributes: usage=USAGE_NOTIFICATION content=CONTENT_TYPE_SONIFICATION flags=0x0 tags= bundle=null
06-10 09:30:53.383  2349  2363 I chatty  : uid=10026(com.huawei.HwMultiScreenShot) Binder:2349_2 expire 11 lines
06-10 09:30:53.388  2349  2349 I chatty  : uid=10026(com.huawei.HwMultiScreenShot) com.android.systemui expire 71 lines
06-10 09:30:53.391   862  9564 D AudioFlinger: event 162 
06-10 09:30:53.395   862  9564 D AudioFlinger: event 162 
06-10 09:30:53.397  2349 29788 I chatty  : uid=10026(com.huawei.HwMultiScreenShot) com.android.systemui expire 19 lines
06-10 09:30:53.402   874 25549 I MediaPlayerService: MediaPlayerService::Client::setDataSource local file://?FileDescriptor=33&Offset=0&Length=21315&Path=/data/system_de/0/ringtones
06-10 09:30:53.402   874 25549 D NuPlayer: hw fadein is disabled!
06-10 09:30:53.402   874 25549 D NuPlayerDriver: NuPlayerDriver(0xee5a8d20) created, clientPid(2349)
06-10 09:30:53.403   874 25549 D NuPlayer: hw fadein is disabled!
06-10 09:30:53.406   874 25549 V GenericSource: GenericSource
06-10 09:30:53.406   874 25549 V GenericSource: BufferingMonitor::getDefaultBufferingSettings{initialMode(1), rebufferingMode(3), initialMarks(5000 ms, -1 KB), rebufferingMarks(2000, 15000)ms, (40, 200)KB}
06-10 09:30:53.406   874 25549 V GenericSource: resetDataSource
06-10 09:30:53.406   874 25549 V NuPlayer: setDataSourceAsync fd 33/0/21315 source: 0xe9e21400
06-10 09:30:53.406   874 25549 V GenericSource: setDataSource 33/0/21315
06-10 09:30:53.406   874 25549 V GenericSource: resetDataSource
06-10 09:30:53.406   874 29790 V NuPlayer: kWhatSetAudioSink
06-10 09:30:53.406   874 29790 V NuPlayer: kWhatSetDataSource
06-10 09:30:53.407   874 29790 V NuPlayer: kWhatGetDefaultBufferingSettings
06-10 09:30:53.407   874 29790 V GenericSource: BufferingMonitor::getDefaultBufferingSettings{initialMode(1), rebufferingMode(3), initialMarks(5000 ms, -1 KB), rebufferingMarks(2000, 15000)ms, (40, 200)KB}
06-10 09:30:53.409   874 25549 V NuPlayer: prepareAsync
06-10 09:30:53.409   874 29790 V NuPlayer: onMessageReceived kWhatPrepare
06-10 09:30:53.409   874 29790 V GenericSource: prepareAsync: (looper: 0)
06-10 09:30:53.410   874 29794 V GenericSource: onPrepareAsync: mDataSource: 0
06-10 09:30:53.411   874 29794 D GenericSource: FileSource remote
06-10 09:30:53.412   874 29794 V GenericSource: IDataSource(FileSource): 0xea80cb60 35 0 21315
06-10 09:30:53.413   874 29794 I MediaExtractor: Create (null)
06-10 09:30:53.415   871   871 V HwExtendedExtractor: HwExtendedExtractor::Sniff   in...
06-10 09:30:53.415   871   871 V HwExtendedExtractor: HwExtendedExtractor::Sniff   out...
06-10 09:30:53.415   871   871 I MediaExtractor: content 'application/ogg' with conf 0.20
06-10 09:30:53.418   871   871 I MediaExtractorService: makeExtractor ((null)), uid = 1013
06-10 09:30:53.419   874 29794 V GenericSource: initFromDataSource track[0]: audio/vorbis
06-10 09:30:53.419   874 29794 V GenericSource: initFromDataSource mSources.size(): 1  mIsSecure: 0  mime[0]: audio/vorbis
06-10 09:30:53.419   874 29794 V GenericSource: checkDrmInfo: No PSSH
06-10 09:30:53.420   874 29794 V GenericSource: finishPrepareAsync
06-10 09:30:53.420   874 29790 V NuPlayer: onSourceNotify() kWhatFlagsChanged  FLAG_CAN_PAUSE: 1  FLAG_CAN_SEEK_BACKWARD: 1 
06-10 09:30:53.420   874 29790 V NuPlayer: 				 FLAG_CAN_SEEK_FORWARD: 1  FLAG_CAN_SEEK: 1  FLAG_DYNAMIC_DURATION: 0 
06-10 09:30:53.420   874 29790 V NuPlayer: 				 FLAG_SECURE: 0  FLAG_PROTECTED: 0
06-10 09:30:53.420   874 29794 V NuPlayer: Source::notifyPrepared 0
06-10 09:30:53.420   874 29794 V GenericSource: onPrepareAsync: Done
06-10 09:30:53.421   874 29790 V NuPlayer: NuPlayer::onSourceNotify Source::kWhatPrepared source: 0xe9e21400
06-10 09:30:53.421   874 29790 D NuPlayerDriver: notifyListener_l(0xee5a8d20), (1, 0, 0, -1), loop setting(0, 0)
06-10 09:30:53.427  2564 12310 I chatty  : uid=1000(system) Binder:2564_7 expire 8 lines
06-10 09:30:53.428   874 25549 D NuPlayerDriver: start(0xee5a8d20), state is 4, eos is 0
06-10 09:30:53.428   874 29790 V NuPlayer: kWhatStart
06-10 09:30:53.428   874 29790 V NuPlayer: onStart: mCrypto: 0x0 (0)
06-10 09:30:53.429   874 25549 D NuPlayerDriver: reset(0xee5a8310) at state 6
06-10 09:30:53.429   874 25549 D NuPlayerDriver: notifyListener_l(0xee5a8310), (8, 0, 0, -1), loop setting(0, 0)
06-10 09:30:53.429   874 25549 D NuPlayer: NuPlayer::resetAsync()
06-10 09:30:53.429   874 25549 V GenericSource: GenericSource::disconnect begin
06-10 09:30:53.429   874 25549 V GenericSource: GenericSource::disconnect end
06-10 09:30:53.429   874 25549 D NuPlayer: NuPlayer::resetAsync() post kWhatReset
06-10 09:30:53.430   874 29732 V NuPlayer: kWhatReset
06-10 09:30:53.430   874 29732 V NuPlayer: performDecoderFlush audio=2, video=2
06-10 09:30:53.430   874 29732 V NuPlayer: [audio] flushDecoder needShutdown=1
06-10 09:30:53.430   874 29732 V NuPlayer: postponing action mFlushingAudio=2, mFlushingVideo=0
06-10 09:30:53.431   874 29732 V NuPlayer: renderer audio flush completed.
06-10 09:30:53.431   874 29732 V NuPlayer: decoder audio flush completed
06-10 09:30:53.431   874 29790 V NuPlayer: Renderer::canCreateDirect() = 1 
06-10 09:30:53.432   874 29732 V NuPlayer: initiating audio decoder shutdown
06-10 09:30:53.432   874 29790 W HwExtendedMediaDirect: canCreateDirectPcmStream: high resolution audio feature not enable 
06-10 09:30:53.432   874 29740 W ACodec  : forcing OMX state to Idle when received shutdown in ExecutingState
06-10 09:30:53.432   878 29741 W SimpleSoftOMXComponent: onChangeState mState= 3, mTargetState = 3, state = 2
06-10 09:30:53.432   874 29790 W HwExtendedMediaDirect: device is not aux_digital. device 2
06-10 09:30:53.433   874 29790 I GenericSource: start  needStop = 0 
06-10 09:30:53.434   878 29741 W SimpleSoftOMXComponent: onChangeState mState= 2, mTargetState = 2, state = 1
06-10 09:30:53.434   878 29741 W SimpleSoftOMXComponent: checkTransitions port buf count is not zero
06-10 09:30:53.434   878  1080 W SimpleSoftOMXComponent: checkTransitions port buf count is not zero
06-10 09:30:53.434   878  1924 W SimpleSoftOMXComponent: checkTransitions port buf count is not zero
06-10 09:30:53.434   878  1924 W SimpleSoftOMXComponent: checkTransitions port buf count is not zero
06-10 09:30:53.434   878  1080 W SimpleSoftOMXComponent: checkTransitions port buf count is not zero
06-10 09:30:53.435   878  8377 W SimpleSoftOMXComponent: checkTransitions port buf count is not zero
06-10 09:30:53.435   878  8377 W SimpleSoftOMXComponent: checkTransitions mState = 2, mTargetState = 1
06-10 09:30:53.436   874 29790 V NuPlayer: scanning sources haveAudio=0, haveVideo=0
06-10 09:30:53.438   874 29732 V NuPlayer: audio shutdown completed
06-10 09:30:53.438   874 29790 W HwExtendedMediaDirect: canCreateDirectPcmStream: high resolution audio feature not enable 
06-10 09:30:53.438   874 29790 V NuPlayer: determineAudioModeChange Renderer::canCreateDirect() = 1
06-10 09:30:53.439   874 29732 V NuPlayer: both audio and video are flushed now.
06-10 09:30:53.439   874 29732 D NuPlayer: closeAudioSink
06-10 09:30:53.440   874 29790 V NuPlayer: instantiateDecoder audio Decoder
06-10 09:30:53.440   862  9564 I AudioMixer: Pid:862 deleteTrackName(1)
06-10 09:30:53.440   862 20318 D AudioFlinger: event 163 
06-10 09:30:53.440   874 29732 D NuPlayer: performReset
06-10 09:30:53.441   874 29732 I NuPlayerRenderer: This video has played 0 frames
06-10 09:30:53.441   874 29732 V GenericSource: ~GenericSource
06-10 09:30:53.441   874 29732 V GenericSource: resetDataSource
06-10 09:30:53.441   874 29732 D NuPlayerDriver: notifyResetComplete(0xee5a8310)
06-10 09:30:53.442   874 25549 D NuPlayerDriver: updateMetrics(0xee5a8310) from destructor at state 0
06-10 09:30:53.442  2577  2723 I chatty  : uid=1000(system) core expire 36 lines
06-10 09:30:53.444   862  9564 D AudioFlinger: event 163 
06-10 09:30:53.444  2349 29787 I chatty  : uid=10026(com.huawei.HwMultiScreenShot) com.android.systemui expire 1 line
06-10 09:30:53.445   874 29798 E HwExtendedCodec: mime: audio/vorbis matching compontent failed!
06-10 09:30:53.449   874 29798 I OMXClient: Treble IOmx obtained
06-10 09:30:53.450   878  1080 I OMXMaster: makeComponentInstance(OMX.google.vorbis.decoder) in omx@1.0-service process
06-10 09:30:53.451   874 29798 I ACodec  : In onAllocateComponent create compenent, codec name: OMX.google.vorbis.decoder
06-10 09:30:53.453   878  1080 E OMXNodeInstance: setConfig(0xf25c12a0:google.vorbis.decoder, ??(0x6f700006)) ERROR: Undefined(0x80001001)
06-10 09:30:53.453   874 29798 W HwExtendedUtils: hw configLocalPlayBack err = -2147483648
06-10 09:30:53.453   874 29798 I HwExtendedCodec: mime is [audio/vorbis] at setAudioFormat
06-10 09:30:53.453   878  1080 E OMXNodeInstance: setConfig(0xf25c12a0:google.vorbis.decoder, ConfigPriority(0x6f800002)) ERROR: Undefined(0x80001001)
06-10 09:30:53.454   874 29798 I ACodec  : codec does not support config priority (err -2147483648)
06-10 09:30:53.454   878  1080 E OMXNodeInstance: getConfig(0xf25c12a0:google.vorbis.decoder, ConfigAndroidVendorExtension(0x6f100004)) ERROR: Undefined(0x80001001)
06-10 09:30:53.455   874 29798 I MediaCodec: MediaCodec will operate in async mode
06-10 09:30:53.455   874 29798 I ACodec  : onStart
06-10 09:30:53.456   878 29799 W SimpleSoftOMXComponent: onChangeState mState= 1, mTargetState = 1, state = 2
06-10 09:30:53.456   878 29799 W SimpleSoftOMXComponent: checkTransitions port is not populate
06-10 09:30:53.458   725   725 I chatty  : uid=1000(system) allocator@1.0-s expire 17 lines
06-10 09:30:53.461   878  1080 W SimpleSoftOMXComponent: checkTransitions port is not populate
06-10 09:30:53.466   878  1080 W SimpleSoftOMXComponent: checkTransitions mState = 1, mTargetState = 2
06-10 09:30:53.468   878 29799 W SimpleSoftOMXComponent: onChangeState mState= 2, mTargetState = 2, state = 3
06-10 09:30:53.468   878 29799 W SimpleSoftOMXComponent: checkTransitions mState = 2, mTargetState = 3
06-10 09:30:53.482   725   725 W /system/bin/hw/android.hidl.allocator@1.0-service: ashmem_create_region(32768) returning hidl_memory(0x74ae22b530, 32768)
06-10 09:30:53.489   862  1207 I AudioFlinger: setParameters(): io 0, keyvalue output_device=2, calling pid 862
06-10 09:30:53.489   862  1207 E stereoWidening_frame: output device is not A2DP
06-10 09:30:53.489   862  1207 D stereoWidening_frame: SWS switch to speaker
06-10 09:30:53.489   726  1402 D audio_hw_primary: adev_set_parameters: enter: output_device=2
06-10 09:30:53.490   726  1402 D audio_hw_extn: audio_extn_set_anc_parameters: anc_enabled:0
06-10 09:30:53.490   726  1402 D audio_hw_spkr_prot: audio_extn_fbsp_set_parameters: Speaker protection disabled
06-10 09:30:53.492   862  9564 I APM_AudioPolicyManager: getOutput() device 2, stream 5, samplingRate 0, format 0, channelMask 3, flags 0
06-10 09:30:53.492   862  9564 I APM_AudioPolicyManager: getOutputForDevice() returns output 13
06-10 09:30:53.493   862  1207 I AudioFlinger: setParameters(): io 0, keyvalue output_device=2, calling pid 862
06-10 09:30:53.493   862  1207 E stereoWidening_frame: output device is not A2DP
06-10 09:30:53.493   862  1207 D stereoWidening_frame: SWS switch to speaker
06-10 09:30:53.493   726  1402 D audio_hw_primary: adev_set_parameters: enter: output_device=2
06-10 09:30:53.494   726  1402 D audio_hw_extn: audio_extn_set_anc_parameters: anc_enabled:0
06-10 09:30:53.494   726  1402 D audio_hw_spkr_prot: audio_extn_fbsp_set_parameters: Speaker protection disabled
06-10 09:30:53.495   862  9564 I APM_AudioPolicyManager: getOutput() device 2, stream 5, samplingRate 0, format 0, channelMask 3, flags 0
06-10 09:30:53.495   862  9564 I APM_AudioPolicyManager: getOutputForDevice() returns output 13
06-10 09:30:53.496   862  9564 I APM_AudioPolicyManager: getOutput() device 2, stream 5, samplingRate 44100, format 1, channelMask 3, flags 0
06-10 09:30:53.496   862  9564 I APM_AudioPolicyManager: getOutputForDevice() returns output 13
06-10 09:30:53.497   726  1402 D Huawei_audio_cust: huawei_cust_get_parameters: returns 
06-10 09:30:53.497   726  1402 D audio_hw_spkr_prot: audio_extn_fbsp_get_parameters: Speaker protection disabled
06-10 09:30:53.497   726  1402 D audio_hw_extn: audio_extn_get_parameters: returns 
06-10 09:30:53.497   726  1402 I audio_hw_primary: adev_get_parameters: exit: returns - 
06-10 09:30:53.497   862  9564 I hash_map_utils: key: 'mode' value: ''
06-10 09:30:53.498   862  9564 D HuaweiAudioFlinger: AudioException do not check.now is not communication state!
06-10 09:30:53.498   862  9564 D AudioFlinger: event 162 
06-10 09:30:53.499   862  9564 I AudioMixer: Pid:862 add track (1)
06-10 09:30:53.499   862  9564 D AudioFlinger: DevSched: uid is 10026, factor is 1.000000, mode_eq is 0
06-10 09:30:53.500   874 29796 D AudioTrack: OFFLOAD 0,mNotificationFrames 0,mStreamType =-1,mOriginalSampleRate 44100,mAfSampleRate 48000,mTransfer 3
06-10 09:30:53.500   874 29796 D AudioTrack: Client defaulted notificationFrames to 7350 for frameCount 22050
06-10 09:30:53.501   862  9564 I APM_AudioPolicyManager: startOutput() output 13, stream 5, session 13145
06-10 09:30:53.502   862  1207 I AudioFlinger: setParameters(): io 0, keyvalue start_stream=5, calling pid 862
06-10 09:30:53.502   726  1402 D audio_hw_primary: adev_set_parameters: enter: start_stream=5
06-10 09:30:53.502   726  1402 D audio_hw_extn: audio_extn_set_anc_parameters: anc_enabled:0
06-10 09:30:53.503   726  1402 D audio_hw_spkr_prot: audio_extn_fbsp_set_parameters: Speaker protection disabled
06-10 09:30:53.504   862  9564 I APM_AudioPolicyManager: getNewOutputDevice() selected device 2
06-10 09:30:53.504  1413  4697 I HwAudioService: ljc enter package length 3
06-10 09:30:53.504  1413  4697 I HwAudioService: ljc enter packageName:com.huawei.HwMultiScreenShot
06-10 09:30:53.504   862  1207 I AudioFlinger: setParameters(): io 0, keyvalue sws_volume=-43.0000000000, calling pid 862
06-10 09:30:53.504   862  1207 D stereoWidening_frame: SWS_update_volume volumeDb = -43.000000
06-10 09:30:53.504  1413  4697 I HwAudioService: ljc enter packageName:com.android.keyguard
06-10 09:30:53.505  1413  4697 I HwAudioService: ljc enter packageName:com.android.systemui
06-10 09:30:53.505   726  1402 D audio_hw_primary: adev_set_parameters: enter: sws_volume=-43.0000000000
06-10 09:30:53.505  1413  4697 I HwAudioService: ljc HwAudioService:music app enter -1
06-10 09:30:53.505   726  1402 D audio_hw_extn: audio_extn_set_anc_parameters: anc_enabled:0
06-10 09:30:53.505   726  1402 D audio_hw_spkr_prot: audio_extn_fbsp_set_parameters: Speaker protection disabled
06-10 09:30:53.507   862  9564 I APM_AudioPolicyManager: setOutputDevice() setting same device 0x0002 or null device
06-10 09:30:53.508   726  4410 D audio_hw_primary: start_output_stream: enter: stream(0xf418f800)usecase(1: low-latency-playback) devices(0x2)
06-10 09:30:53.509   759   802 E ANDR-PERF-MPCTL: Invalid profile no. 0, total profiles 0 only
06-10 09:30:53.509   726  4410 D audio_hw_primary: select_devices for use case (low-latency-playback)
06-10 09:30:53.509   726  4410 D msm8916_platform: platform_get_output_snd_device: enter: output devices(0x2), usecase:1
06-10 09:30:53.509   726  4410 D msm8916_platform: platform_get_output_snd_device: enter: output devices(0x2) mode 0, bt_wb_speech_enabled 0
06-10 09:30:53.509   726  4410 I audio_custom: dev_get_output_device: out_snd_device 0
06-10 09:30:53.509   726  4410 I Huawei_audio_cust: huawei_get_output_device_MMI: MMI test:snd_output_device = 0
06-10 09:30:53.509   726  4410 I Huawei_audio_cust: huawei_common_get_output_device_FM: huawei_audio select fm(0) device(0x2)exit
06-10 09:30:53.509   726  4410 D audio_hw_primary: select_devices: out_snd_device(2: speaker) in_snd_device(0: )
06-10 09:30:53.509   726  4410 I msm8916_platform: platform_check_and_set_codec_backend_cfg:becf: afe: bitwidth 16, samplerate 48000 channels 2, backend_idx 0 usecase = 1 device (speaker)
06-10 09:30:53.509   726  4410 D msm8916_platform: platform_split_snd_device: snd_device(2) num devices(1) new_snd_devices(0)
06-10 09:30:53.509   726  4410 I msm8916_platform: platform_check_and_set_codec_backend_cfg: becf: new_snd_devices[0] is speaker
06-10 09:30:53.509   726  4410 I msm8916_platform: platform_check_codec_backend_cfg:becf: afe: Codec selected backend: 0 current bit width: 16 sample rate: 48000 channels: 2 usecase 1 device (speaker)
06-10 09:30:53.509   726  4410 D msm8916_platform: platform_check_codec_backend_cfg:becf: afe: playback on codec device not supporting native playback set default Sample Rate(48k)
06-10 09:30:53.509   726  4410 D msm8916_platform: platform_check_codec_backend_cfg:becf: afe: only 48KHZ sample rate is supported Configure afe to default Sample Rate(48k)
06-10 09:30:53.510   726  4410 I msm8916_platform: platform_check_codec_backend_cfg:becf: afe: Codec selected backend: 0 updated bit width: 16 sample rate: 48000 channels: 2
06-10 09:30:53.510   726  4410 D audio_hw_primary: check_usecases_codec_backend:becf: force routing 0
06-10 09:30:53.510   726  4410 E msm8916_platform: platform_check_backends_match: Invalid snd_device = 
06-10 09:30:53.510   726  4410 D audio_hw_primary: check_usecases_codec_backend:becf: (62) check_usecases curr device: speaker, usecase device: backends match 0
06-10 09:30:53.510   726  4410 D audio_hw_primary: check_usecases_codec_backend:becf: check_usecases num.of Usecases to switch 0
06-10 09:30:53.510   726  4410 D hardware_info: hw_info_append_hw_type : device_name = speaker
06-10 09:30:53.510   726  4410 D msm8916_platform: platform_split_snd_device: snd_device(2) num devices(0) new_snd_devices(0)
06-10 09:30:53.510   726  4410 D audio_hw_primary: enable_snd_device: snd_device(2: speaker)
06-10 09:30:53.510   726  4410 D audio_route: Apply path: speaker
06-10 09:30:53.511   874 29790 V NuPlayer: media rendering started
06-10 09:30:53.511   874 29790 D NuPlayerDriver: notifyListener_l(0xee5a8d20), (6, 0, 0, -1), loop setting(0, 0)
06-10 09:30:53.513   726  4410 E soundtrigger: audio_extn_sound_trigger_update_stream_status: invalid input device 0x0, for event 3
06-10 09:30:53.514   726  4410 D soundtrigger: audio_extn_sound_trigger_update_stream_status: uc_info->id 1 of type 0 for Event 3, with Raise=0
06-10 09:30:53.514   726  4410 D audio_hw_utils: audio_extn_utils_send_app_type_cfg: usecase->out_snd_device speaker
06-10 09:30:53.514   726  4410 D msm8916_platform: platform_split_snd_device: snd_device(2) num devices(0) new_snd_devices(0)
06-10 09:30:53.514   874 29796 I AudioTrack: audioTrack send start state to pg
06-10 09:30:53.514   726  4410 D audio_hw_utils: audio_extn_btsco_get_sample_rate:Not a BT SCO device, need not update sampling rate
06-10 09:30:53.514   726  4410 I audio_hw_utils: send_app_type_cfg_for_device PLAYBACK app_type 69937, acdb_dev_id 14, sample_rate 48000, snd_device_be_idx 43
06-10 09:30:53.515   726  4410 D msm8916_platform: platform_split_snd_device: snd_device(2) num devices(1) new_snd_devices(0)
06-10 09:30:53.515   726  4410 D ACDB-LOADER: ACDB -> send_audio_cal, acdb_id = 14, path = 0, app id = 0x11131, sample rate = 48000
06-10 09:30:53.515   726  4410 D ACDB-LOADER: ACDB -> send_asm_topology
06-10 09:30:53.515   726  4410 D ACDB-LOADER: ACDB -> ACDB_CMD_GET_AUDPROC_STREAM_TOPOLOGY_ID
06-10 09:30:53.515   726  4410 D ACDB-LOADER: ACDB -> send_adm_topology
06-10 09:30:53.515   726  4410 D ACDB-LOADER: ACDB -> ACDB_CMD_GET_AUDPROC_COMMON_TOPOLOGY_ID
06-10 09:30:53.515   726  4410 D ACDB-LOADER: ACDB -> send_audtable
06-10 09:30:53.515   726  4410 D ACDB-LOADER: ACDB -> ACDB_CMD_GET_AUDPROC_COMMON_TABLE_SIZE
06-10 09:30:53.515   726  4410 D ACDB-LOADER: ACDB -> ACDB_CMD_GET_AUDPROC_COMMON_TABLE
06-10 09:30:53.515   726  4410 D ACDB-LOADER: ACDB -> AUDIO_SET_AUDPROC_CAL
06-10 09:30:53.515   726  4410 D ACDB-LOADER: ACDB -> send_audvoltable
06-10 09:30:53.515   726  4410 D ACDB-LOADER: ACDB -> ACDB_CMD_GET_AUDPROC_VOL_STEP_TABLE_SIZE
06-10 09:30:53.515   726  4410 D ACDB-LOADER: ACDB -> ACDB_CMD_GET_AUDPROC_GAIN_DEP_STEP_TABLE, vol index 0
06-10 09:30:53.515   726  4410 D ACDB-LOADER: ACDB -> AUDIO_SET_VOL_CAL cal type = 12
06-10 09:30:53.515   726  4410 D ACDB-LOADER: ACDB -> ACDB_CMD_GET_AUDPROC_STREAM_TABLE_SIZE
06-10 09:30:53.515   726  4410 D ACDB-LOADER: ACDB -> send_audstrmtable
06-10 09:30:53.515   726  4410 D ACDB-LOADER: ACDB -> ACDB_CMD_GET_AUDPROC_STREAM_TABLE_V2
06-10 09:30:53.515   726  4410 D ACDB-LOADER: ACDB -> audstrm_cal->cal_type.cal_data.cal_size = 16
06-10 09:30:53.515   726  4410 D ACDB-LOADER: ACDB -> send_afe_topology
06-10 09:30:53.515   726  4410 D ACDB-LOADER: ACDB -> ACDB_CMD_GET_AFE_TOPOLOGY_ID
06-10 09:30:53.515   726  4410 D ACDB-LOADER: ACDB -> GET_AFE_TOPOLOGY_ID for adcd_id 14, Topology Id 1025e
06-10 09:30:53.515   726  4410 D ACDB-LOADER: ACDB -> send_afe_cal
06-10 09:30:53.515   726  4410 D ACDB-LOADER: ACDB -> ACDB_CMD_GET_AFE_COMMON_TABLE_SIZE
06-10 09:30:53.515   726  4410 D ACDB-LOADER: ACDB -> ACDB_CMD_GET_AFE_COMMON_TABLE
06-10 09:30:53.515   726  4410 D ACDB-LOADER: ACDB -> AUDIO_SET_AFE_CAL
06-10 09:30:53.515   726  4410 D ACDB-LOADER: ACDB -> send_hw_delay : acdb_id = 14 path = 0
06-10 09:30:53.515   726  4410 D ACDB-LOADER: ACDB -> ACDB_AVSYNC_INFO: ACDB_CMD_GET_DEVICE_PROPERTY
06-10 09:30:53.515   726  4410 D audio_hw_primary: enable_audio_route: apply mixer and update path: low-latency-playback
06-10 09:30:53.515   726  4410 D audio_route: Apply path: low-latency-playback
06-10 09:30:53.516   726  4410 D audio_hw_primary: select_devices: done
06-10 09:30:53.516  1413  4697 I HwAudioService: ljc enter package length 3
06-10 09:30:53.516  1413  4697 I HwAudioService: ljc enter packageName:com.huawei.HwMultiScreenShot
06-10 09:30:53.517  2577 20317 I chatty  : uid=1000(system) Binder:2577_A expire 7 lines
06-10 09:30:53.517  1413  4697 I HwAudioService: ljc enter packageName:com.android.keyguard
06-10 09:30:53.517  1413  4697 I HwAudioService: ljc enter packageName:com.android.systemui
06-10 09:30:53.518  1413  4697 I HwAudioService: ljc HwAudioService:music app enter -1
06-10 09:30:53.524   726  4410 D msm8916_platform: platform_set_channel_map mixer_ctl_name:Playback Channel Map12
06-10 09:30:53.525   726  4410 D msm8916_platform: platform_set_channel_map: set mapping(1 2 0 0 0 0 0 0) for channel:2
06-10 09:30:53.566   726  4410 D audio_hw_primary: start_output_stream: exit
06-10 09:30:53.566   726  1397 W asd_primary_out: audio_pop_detect_proc: illegal input, skipping!
06-10 09:30:53.614   726  1397 D asd_primary_out: L[0],R[0], continus 20 times!
06-10 09:30:53.695   726  1397 D asd_primary_out: L[1]-90.308999db, R[1]-90.308999db
06-10 09:30:53.715   726  1397 D asd_primary_out: L[718]-33.186510db, R[718]-33.186510db
06-10 09:30:53.735   726  1397 D asd_primary_out: L[243]-42.596873db, R[243]-42.596873db
06-10 09:30:53.754   726  1397 D asd_primary_out: L[72]-53.162349db, R[72]-53.162349db
06-10 09:30:53.775   726  1397 D asd_primary_out: L[23]-63.074442db, R[23]-63.074442db
06-10 09:30:53.794   726  1397 D asd_primary_out: L[6]-74.745974db, R[6]-74.745974db
06-10 09:30:53.815   726  1397 D asd_primary_out: L[2]-84.288399db, R[2]-84.288399db
06-10 09:30:53.835   726  1397 D asd_primary_out: L[1]-90.308999db, R[1]-90.308999db
06-10 09:30:53.855   726  1397 D asd_primary_out: L[433]-37.579241db, R[433]-37.579241db
06-10 09:30:53.874   726  1397 D asd_primary_out: L[128]-48.164799db, R[128]-48.164799db
06-10 09:30:53.894   726  1397 D asd_primary_out: L[40]-58.267799db, R[40]-58.267799db
06-10 09:30:53.906   874 29796 I AudioTrack: audioTrack continuously zero data counter >= 20, send pause/stop state to pg, counter: 20
06-10 09:30:53.912  1413  4697 I HwAudioService: ljc enter package length 3
06-10 09:30:53.912  1413  4697 I HwAudioService: ljc enter packageName:com.huawei.HwMultiScreenShot
06-10 09:30:53.913  1413  4697 I HwAudioService: ljc enter packageName:com.android.keyguard
06-10 09:30:53.914  1413  4697 I HwAudioService: ljc enter packageName:com.android.systemui
06-10 09:30:53.914   726  1397 D asd_primary_out: L[12]-68.725374db, R[12]-68.725374db
06-10 09:30:53.914  1413  4697 I HwAudioService: ljc HwAudioService:music app exit -1
06-10 09:30:53.934   726  1397 D asd_primary_out: L[3]-80.766574db, R[3]-80.766574db
06-10 09:30:53.952   874 29797 I NuPlayerDecoder: [audio] saw output EOS
06-10 09:30:53.954   726  1397 D asd_primary_out: L[0]-infdb, R[0]-infdb
06-10 09:30:53.974   726  1397 D asd_primary_out: L[0],R[0], continus 20 times!
06-10 09:30:53.990   726  1397 D asd_primary_out: L[1]-90.308999db, R[1]-90.308999db
06-10 09:30:54.010   726  1397 D asd_primary_out: L[361]-39.158855db, R[361]-39.158855db
06-10 09:30:54.030   726  1397 D asd_primary_out: L[107]-49.721323db, R[107]-49.721323db
06-10 09:30:54.032   874 29796 D AudioTrack: stop() called with 40736 frames delivered
06-10 09:30:54.051   726  1397 D asd_primary_out: L[31]-60.481765db, R[31]-60.481765db
06-10 09:30:54.071   726  1397 D asd_primary_out: L[9]-71.224149db, R[9]-71.224149db
06-10 09:30:54.091   726  1397 D asd_primary_out: L[3]-80.766574db, R[3]-80.766574db
06-10 09:30:54.111   726  1397 D asd_primary_out: L[1]-90.308999db, R[1]-90.308999db
06-10 09:30:54.195   726  1397 D asd_primary_out: L[0],R[0], continus 20 times!
06-10 09:30:54.275   726  1397 D asd_primary_out: L[0],R[0], continus 20 times!
06-10 09:30:54.355   726  1397 D asd_primary_out: L[0],R[0], continus 20 times!
06-10 09:30:54.434   726  1397 D asd_primary_out: L[0],R[0], continus 20 times!
06-10 09:30:54.510   862  1410 I AudioTrackShared: server obtain null buf part1:0 rear:40736 front:40736 mFrameCount:22050
06-10 09:30:54.515   726  1397 D asd_primary_out: L[0],R[0], continus 20 times!
06-10 09:30:54.564   874 29790 V NuPlayer: reached audio EOS
06-10 09:30:54.565   874 29790 D NuPlayerDriver: notifyListener_l(0xee5a8d20), (2, 0, 0, -1), loop setting(0, 0)
06-10 09:30:54.570  2564 12310 W MediaProcessHandler: remove target not exist, maybe the UI process: uid: 10026, pid: 2349
06-10 09:30:54.570  2564 12310 I MediaProcessHandler: executedCallBack opType: 1 mMediaStatusObservers.size=0
06-10 09:30:54.594   726  1397 D asd_primary_out: L[0],R[0], continus 20 times!
06-10 09:30:54.603   862  1208 I APM_AudioPolicyManager: stopOutput() output 13, stream 5, session 13145
06-10 09:30:54.604   862  1207 I AudioFlinger: setParameters(): io 0, keyvalue stop_stream=5, calling pid 862
06-10 09:30:54.605   726  1402 D audio_hw_primary: adev_set_parameters: enter: stop_stream=5
06-10 09:30:54.606   726  1402 D audio_hw_extn: audio_extn_set_anc_parameters: anc_enabled:0
06-10 09:30:54.606   726  1402 D audio_hw_spkr_prot: audio_extn_fbsp_set_parameters: Speaker protection disabled
06-10 09:30:54.608   862  1208 I APM_AudioPolicyManager: getNewOutputDevice() selected device 0
06-10 09:30:54.609   862  1208 I APM_AudioPolicyManager: setOutputDevice() setting same device 0x0000 or null device
06-10 09:30:54.610   726  1397 E asd     : there is more data buffers [primary_out] in circular queue!
06-10 09:30:54.615  1413  4697 I HwAudioService: ljc enter package length 3
06-10 09:30:54.615  1413  4697 I HwAudioService: ljc enter packageName:com.huawei.HwMultiScreenShot
06-10 09:30:54.616  1413  4697 I HwAudioService: ljc enter packageName:com.android.keyguard
06-10 09:30:54.616  1413  4697 I HwAudioService: ljc enter packageName:com.android.systemui
06-10 09:30:54.617  1413  4697 I HwAudioService: ljc HwAudioService:music app exit -1
06-10 09:30:54.673   726  1397 D asd_primary_out: L[0],R[0], continus 20 times!
06-10 09:30:55.794   726  1397 I chatty  : uid=1041(audioserver) HwBinder:726_1 identical 36 lines
06-10 09:30:55.904 28067 28067 D wpa_supplicant: sta hidl pwrPercentBoostModesetInternal
06-10 09:30:56.423 28067 28067 D wpa_supplicant: sta hidl pwrPercentBoostModesetInternal
06-10 09:30:56.451  1413  5157 I chatty  : uid=1000(system) MobileQosDetect expire 12 lines
06-10 09:30:57.234  1413  2467 E Watchdog: Failed to write to /sys/kernel/hungtask/vm_heart
06-10 09:30:57.234  1413  2467 E Watchdog: java.io.FileNotFoundException: /sys/kernel/hungtask/vm_heart (Permission denied)
06-10 09:30:57.234  1413  2467 E Watchdog: 	at java.io.FileOutputStream.open0(Native Method)
06-10 09:30:57.234  1413  2467 E Watchdog: 	at java.io.FileOutputStream.open(FileOutputStream.java:287)
06-10 09:30:57.234  1413  2467 E Watchdog: 	at java.io.FileOutputStream.<init>(FileOutputStream.java:223)
06-10 09:30:57.234  1413  2467 E Watchdog: 	at java.io.FileOutputStream.<init>(FileOutputStream.java:110)
06-10 09:30:57.234  1413  2467 E Watchdog: 	at com.android.server.Watchdog.writeHungtask(Watchdog.java:904)
06-10 09:30:57.234  1413  2467 E Watchdog: 	at com.android.server.Watchdog.run(Watchdog.java:563)
06-10 09:30:58.962 28067 28067 D wpa_supplicant: sta hidl pwrPercentBoostModesetInternal
06-10 09:31:00.006  1413  1413 V AlarmManager: Received TIME_TICK alarm; rescheduling
06-10 09:31:00.008  1413  1413 I HwAlarmManagerService: hwSetAlarm listenerTag: time_tick
06-10 09:31:00.018  1413  1413 I ActivityManager: Killing 27480:com.huawei.android.hsf/u0a30 (adj 904): empty for 1818s
06-10 09:31:00.023  1413  1413 I ActivityManager: Killing 25537:com.huawei.android.totemweather/u0a33 (adj 906): empty for 1818s
06-10 09:31:00.024  1413  1938 I chatty  : uid=1000(system) ActivityManager expire 20 lines
06-10 09:31:00.025  1413  1413 I ActivityManager: Killing 27425:com.android.calendar/u0a13 (adj 906): empty for 1818s
06-10 09:31:00.026  1413  1413 I ActivityManager: Killing 25514:com.android.providers.calendar/u0a11 (adj 906): empty for 1818s
06-10 09:31:00.064  2615  2615 I HwLauncher: Model  onReceive intent=Intent { act=android.intent.action.TIME_TICK flg=0x50200014 hwFlg=0x900 (has extras) }
06-10 09:31:00.065  2615  2615 I HwLauncher: Model  onReceive user=UserHandle{0}
06-10 09:31:00.068  2615  2742 E HwLauncher: SettingsEx , no such field.
06-10 09:31:00.068  2615  2742 W HwLauncher: Clock getDataFormat the getSystemString failed.
06-10 09:31:00.071  1413  2916 D ActivityManager: cleanUpApplicationRecord app: ProcessRecord{e788648 27480:com.huawei.android.hsf/u0a30}, app.bad: false, restarting: false, allowRestart: true
06-10 09:31:00.073  1413  2161 I chatty  : uid=1000(system) sManagerService expire 5 lines
06-10 09:31:00.073  2564  2891 E HsmCoreServiceImpl: onTransact in code is: 102
06-10 09:31:00.074  2564  2891 I MediaProcessHandler: processOp opType: 1, uid: 10030, pid: 27480
06-10 09:31:00.074  2564  2891 W MediaProcessHandler: remove target not exist, maybe the UI process: uid: 10030, pid: 27480
06-10 09:31:00.074  2564  2891 I MediaProcessHandler: executedCallBack opType: 1 mMediaStatusObservers.size=0
06-10 09:31:00.075  2577  6535 I chatty  : uid=1000(system) GameSdkManagerT expire 10 lines
06-10 09:31:00.079  1413  4691 D ActivityManager: cleanUpApplicationRecord app: ProcessRecord{fa654b7 25514:com.android.providers.calendar/u0a11}, app.bad: false, restarting: false, allowRestart: true
06-10 09:31:00.085  1413 10949 D ActivityManager: cleanUpApplicationRecord app: ProcessRecord{b734ac1 25537:com.huawei.android.totemweather/u0a33}, app.bad: false, restarting: false, allowRestart: true
06-10 09:31:00.091  1413 16955 D ActivityManager: cleanUpApplicationRecord app: ProcessRecord{faaa36b 27425:com.android.calendar/u0a13}, app.bad: false, restarting: false, allowRestart: true
06-10 09:31:00.091  2349  2349 I chatty  : uid=10026(com.huawei.HwMultiScreenShot) com.android.systemui expire 40 lines
06-10 09:31:00.097  1413  2614 V BroadcastQueue: Finished with ordered broadcast BroadcastRecord{8c35d88 u-1 android.intent.action.TIME_TICK}
06-10 09:31:00.101  2564  2891 E HsmCoreServiceImpl: onTransact in code is: 102
06-10 09:31:00.101  2564  2891 I MediaProcessHandler: processOp opType: 1, uid: 10011, pid: 25514
06-10 09:31:00.101  2564  2891 W MediaProcessHandler: remove target not exist, maybe the UI process: uid: 10011, pid: 25514
06-10 09:31:00.101  2564  2891 I MediaProcessHandler: executedCallBack opType: 1 mMediaStatusObservers.size=0
06-10 09:31:00.104  2564  2891 E HsmCoreServiceImpl: onTransact in code is: 102
06-10 09:31:00.104  2564  2891 I MediaProcessHandler: processOp opType: 1, uid: 10033, pid: 25537
06-10 09:31:00.104  2564  2891 W MediaProcessHandler: remove target not exist, maybe the UI process: uid: 10033, pid: 25537
