06-10 09:33:02.328  7600 30019 I zygote64: Deoptimizing void com.android.org.bouncycastle.asn1.x509.X509Name.<init>(com.android.org.bouncycastle.asn1.ASN1Sequence) due to JIT inline cache
06-10 09:33:02.334 29947 29947 I chatty  : uid=10089(com.huawei.appmarket) expire 41 lines
06-10 09:33:02.335 29947 30032 I chatty  : uid=10089(com.huawei.appmarket) HASDK-OnReport- expire 2 lines
06-10 09:33:02.338 29947 29947 I chatty  : uid=10089(com.huawei.appmarket) expire 58 lines
06-10 09:33:02.339 29947 30032 I chatty  : uid=10089(com.huawei.appmarket) HASDK-OnReport- expire 3 lines
06-10 09:33:02.345   726  1397 D asd_primary_out: L[0],R[0], continus 20 times!
06-10 09:33:02.347  7600 30019 I SecurityComp10200303: SecureX509TrustManager: checkServerTrusted succeed ,root ca issuer is : CN=GlobalSign, O=GlobalSign, OU=GlobalSign Root CA - R3
06-10 09:33:02.347 29947 30051 I chatty  : uid=10089(com.huawei.appmarket) NK_NK_0 ->NK_Cf expire 3 lines
06-10 09:33:02.352 29947 30032 I chatty  : uid=10089(com.huawei.appmarket) HASDK-OnReport- expire 1 line
06-10 09:33:02.352 29947 30053 I chatty  : uid=10089(com.huawei.appmarket) expire 2 lines
06-10 09:33:02.353 29947 30032 I chatty  : uid=10089(com.huawei.appmarket) HASDK-OnReport- expire 4 lines
06-10 09:33:02.358 29947 29947 I chatty  : uid=10089(com.huawei.appmarket) expire 1 line
06-10 09:33:02.358 29947 29986 I chatty  : uid=10089(com.huawei.appmarket) logger expire 2 lines
06-10 09:33:02.360 29947 30053 I chatty  : uid=10089(com.huawei.appmarket) expire 3 lines
06-10 09:33:02.362 29947 30032 I chatty  : uid=10089(com.huawei.appmarket) HASDK-OnReport- expire 1 line
06-10 09:33:02.362 29947 30055 I chatty  : uid=10089(com.huawei.appmarket) NK_NK_0 ->NK_DN expire 3 lines
06-10 09:33:02.364 29947 30032 I chatty  : uid=10089(com.huawei.appmarket) HASDK-OnReport- expire 1 line
06-10 09:33:02.364 29947 30053 I chatty  : uid=10089(com.huawei.appmarket) expire 1 line
06-10 09:33:02.365 29947 30032 I chatty  : uid=10089(com.huawei.appmarket) HASDK-OnReport- expire 6 lines
06-10 09:33:02.373 29947 30059 I chatty  : uid=10089(com.huawei.appmarket) expire 4 lines
06-10 09:33:02.377 29947 30032 I chatty  : uid=10089(com.huawei.appmarket) HASDK-OnReport- expire 1 line
06-10 09:33:02.378 29947 30056 I chatty  : uid=10089(com.huawei.appmarket) NK_NK_0 ->NK_Dn expire 11 lines
06-10 09:33:02.380 29947 29986 I chatty  : uid=10089(com.huawei.appmarket) logger expire 1 line
06-10 09:33:02.381 29947 29947 I chatty  : uid=10089(com.huawei.appmarket) expire 47 lines
06-10 09:33:02.382 29947 29968 I chatty  : uid=10089(com.huawei.appmarket) expire 1 line
06-10 09:33:02.384 18561 18561 D UsbSettingsService: BroadcastReceiver, action = android.hardware.usb.action.USB_STATE
06-10 09:33:02.385  2577  2577 I MsgReceiver: intent action: android.hardware.usb.action.USB_STATE
06-10 09:33:02.385 18561 18561 D UsbSettingsService: ACTION_USB_STATE, usbConnected = true
06-10 09:33:02.386  2577  6413 I ThermalTraceTool: file:/sys/class/power_supply/Mains/online,fileExists:false,fileCanRead:false
06-10 09:33:02.386  2577  6413 I ThermalTraceTool: file:/sys/class/power_supply/USB/online,fileExists:false,fileCanRead:false
06-10 09:33:02.391 28726 28726 D MtpReceiver: Debug MTP:ACTION_USB_STATE 
06-10 09:33:02.391 28726 28726 D MtpReceiver: Debug MTP:handleUsbState, configured is [true] connected is [true] mtpEnabled is [false] ptpEnabled is [false] unlocked is [false] configChanged is [false]
06-10 09:33:02.391 28726 28726 D MtpReceiver: Debug MTP:stop MTP service 
06-10 09:33:02.392 18561 18561 D UsbSettingsService: ACTION_USB_STATE usbConnected = true, chargingOnly = false, deviceConnected = true, dataRole = -1
06-10 09:33:02.392 18561 18561 I UsbSettingsService: ACTION_USB_STATE start service!
06-10 09:33:02.392 28726 28726 D MtpReceiver: handleUsbState stopService status=false
06-10 09:33:02.393 18561 18561 D UsbSettingsService: send refresh content message to refresh usb notification
06-10 09:33:02.404  1413  8370 D JobServiceContext: Scheduling time out for '.service.alarm.control.HiAppPowerConnectChangeService' jId: 200002, in 18 s
06-10 09:33:02.405 18561 18561 D UsbReceiver: initialize UsbSettingsService!
06-10 09:33:02.405 18561 18561 D UsbReceiver: ACTION_USB_STATE arrived!
06-10 09:33:02.405 18561 18561 D UsbReceiver: onUsbStateReceive chargingOnly = true, usbConnected = true
06-10 09:33:02.405 18561 18561 D UsbReceiver: ACTION_USB_STATE:usbConnected = true, usbState=manufacture,adb, chargingOnly = true, isLegacyCharging = false
06-10 09:33:02.405 18561 18561 D UsbReceiver: start usb settings service
06-10 09:33:02.405 18561 18561 W ContextImpl: Calling a method in the system process without a qualified user: android.app.ContextImpl.startService:1708 android.content.ContextWrapper.startService:657 android.content.ContextWrapper.startService:657 com.android.settings.deviceinfo.UsbReceiver.startUsbService:286 com.android.settings.deviceinfo.UsbReceiver.onUsbStateReceive:161 
06-10 09:33:02.410 18561 18561 D UsbReceiver: start usb settings service
06-10 09:33:02.411 18561 18561 W ContextImpl: Calling a method in the system process without a qualified user: android.app.ContextImpl.startService:1708 android.content.ContextWrapper.startService:657 android.content.ContextWrapper.startService:657 com.android.settings.deviceinfo.UsbReceiver.startUsbService:286 com.android.settings.deviceinfo.UsbReceiver.onUsbStateReceive:208 
06-10 09:33:02.413 18561 18561 E libc    : Access denied finding property "persist.sys.usb.config"
06-10 09:33:02.413 18561 18561 D UsbSettingsService: onStartCommand, action = null
06-10 09:33:02.414 18561 18561 D UsbSettingsService: onStartCommand, action = null
06-10 09:33:02.414  1413  1447 V BroadcastQueue: Finished with ordered broadcast BroadcastRecord{8f48c8e u-1 android.hardware.usb.action.USB_STATE}
06-10 09:33:02.423  1413  1447 I chatty  : uid=1000(system) Binder:1413_2 expire 1 line
06-10 09:33:02.423  1413  1447 V ActivityManager: startProcess: name=com.android.gallery3d app=null knownToBeDead=true thread=null pid=-1
06-10 09:33:02.425   726  1397 D asd_primary_out: L[0],R[0], continus 20 times!
06-10 09:33:02.427 29947 30055 I chatty  : uid=10089(com.huawei.appmarket) NK_NK_0 ->NK_DN expire 2 lines
06-10 09:33:02.433   612 30074 D libc    : GetAddrInfoHandler addr: ::1
06-10 09:33:02.441 30075 30075 I         : power log dlsym ok
06-10 09:33:02.441 29947 30063 I chatty  : uid=10089(com.huawei.appmarket) NK_request_0 -> expire 1 line
06-10 09:33:02.444  1413  1447 I ActivityManager: Start proc 30075:com.android.gallery3d/u0a24 for broadcast com.android.gallery3d/com.huawei.gallery.phonestatus.PowerStateReceiver
06-10 09:33:02.448 29947 30065 I chatty  : uid=10089(com.huawei.appmarket) NK_DnsManager_0 expire 1 line
06-10 09:33:02.450 29947 30066 I chatty  : uid=10089(com.huawei.appmarket) NK_DnsManager_0 expire 1 line
06-10 09:33:02.451 29947 30071 I chatty  : uid=10089(com.huawei.appmarket) NK_DnsManager_0 expire 1 line
06-10 09:33:02.454 29947 30059 I chatty  : uid=10089(com.huawei.appmarket) expire 1 line
06-10 09:33:02.463 29947 30070 I chatty  : uid=10089(com.huawei.appmarket) NK_DnsManager_0 expire 1 line
06-10 09:33:02.466  1413  2141 D HwBatteryService: onUEvent fcpStatus = 0,scpStatus =0,ovpStatus=0
06-10 09:33:02.467  1413  2141 I HwBatteryService: quick charge status : 0
06-10 09:33:02.476   765   765 W libc    : Set property "sys.check.usbupdate" to "start"
06-10 09:33:02.479  1413  1950 I chatty  : uid=1000(system) batterystats-wo expire 3 lines
06-10 09:33:02.480  1413  1447 D BatteryService: power connected,isWirelessCharge:false
06-10 09:33:02.481  1413  1447 I BatteryService: normal charge status : 1
06-10 09:33:02.481   747   747 D qdlights: set_speaker_light_locked: get  property HWDUB-Q 
06-10 09:33:02.482   747   747 D qdlights: write_init ok
06-10 09:33:02.482   747   747 I chatty  : uid=1000(system) light@2.0-servi identical 1 line
06-10 09:33:02.482   747   747 D qdlights: write_init ok
06-10 09:33:02.482   747   747 D qdlights: set_speaker_light_locked mode=0, colorRGB=FFFFFF00, onMS=0, offMS=0, rc=0
06-10 09:33:02.483   880  1992 I dubaid  : [BatteryHandler.cpp] onChargerOnlineChanged# Battery charge state: 1
06-10 09:33:02.484   880  2167 I dubaid  : [PollingRoutine.cpp] notifyPolling# Polling routine start, timestamp: 1717983182482, reason: 6
06-10 09:33:02.493   726  1397 E asd     : there is more data buffers [primary_out] in circular queue!
06-10 09:33:02.494   726  1397 E asd     : there is more data buffers [primary_out] in circular queue!
06-10 09:33:02.494  2577  2723 I DeviceStateService: power connected.
06-10 09:33:02.495  2577  2723 I GameCenterRecognise: power connect, game check start.
06-10 09:33:02.495  2577  2723 I NegFeedbackMonitor: stop feedback monitor.
06-10 09:33:02.495  2577  2723 W PG_DBS_TIMER: setRunning 1, mPastUptime: 38920027000, mPastRealtime: 38920026000, batteryUptime: 38920027000, batteryRealtime: 38920026000
06-10 09:33:02.495  2577  2723 W PG_DBS_TIMER: setRunning 1, mPastUptime: 1852087000, mPastRealtime: 1852086000, batteryUptime: 1852087000, batteryRealtime: 1852086000
06-10 09:33:02.495  2577  2723 E KernelCpuSpeedReader: Failed to read cpu-freq: /sys/devices/system/cpu/cpu0/cpufreq/stats/time_in_state (No such file or directory)
06-10 09:33:02.496  2577  2723 E KernelCpuSpeedReader: Failed to read cpu-freq: /sys/devices/system/cpu/cpu4/cpufreq/stats/time_in_state (No such file or directory)
06-10 09:33:02.497  3649  3649 I fwkit_sec_breaker: [fwkit SecBreaker.java:74] Process is empty
06-10 09:33:02.497  7600 30019 I FormalHASDK: SendTask==> events PostRequest sendevent TYPE: maint, TAG: _default_config_tag, resultCode: 200, reqID: 6132a1ceeeef022f858682fda6d415cf
06-10 09:33:02.497  3649  3649 W fwkit_kit_breaker: [fwkit KitBreaker.java:343] infos invalid
06-10 09:33:02.497  1413  1413 I EntropyMixer: Writing entropy...
06-10 09:33:02.498  3649  3977 I fwkit_kams_stubmanager: [fwkit StubManagerService.java:449] getSPNByComponent:com.huawei.hms.keyring, com.huawei.hms.keyring, true
06-10 09:33:02.498  3649  3649 I fwkit_kStore_alNew_PowerReceiver: [fwkit PowerConnectChangeReceiver.java:38] enter PowerConnectChangeReceiver:android.intent.action.ACTION_POWER_CONNECTED
06-10 09:33:02.498  1413  1998 D PickUpWakeScreenManager: isPickupSensorSupport isSensorSupport = true
06-10 09:33:02.498  3649  3649 I fwkit_ScreenStatusReceiver: [fwkit ScreenStatusReceiver.java:120] addStatusSubscriber key = ContinueScreenOffDetectComponent
06-10 09:33:02.499  2349  2349 W PowerUI : unknown intent: Intent { act=android.intent.action.ACTION_POWER_CONNECTED flg=0x4000010 (has extras) }
06-10 09:33:02.499  3649  3977 I fwkit_kams_scheduler: [fwkit ProcessScheduler.java:423] ProPre:com.huawei.hwid.container3
06-10 09:33:02.499  3649  3977 I fwkit_kbct_dsp: [fwkit KitBroadcastDispatcher.java:640] action:android.intent.action.ACTION_POWER_CONNECTED,receiver:com.huawei.hms.keyring.credential.receiver.PowerReceiver|com.huawei.hwid.container3
06-10 09:33:02.499  7600 30019 W FormalHASDK: ReportTask==> events size is empty
06-10 09:33:02.499  3649  3977 I fwkit_kbct_dsp: [fwkit KitBroadcastDispatcher.java:703] proc not run
06-10 09:33:02.500  3649  3649 I fwkit_kStore_alNew_helper: [fwkit SilentTaskHelper.java:157] minUpgradeInterval: 7
06-10 09:33:02.500  1413  3577 I chatty  : uid=1000(system) IzatProvider expire 3 lines
06-10 09:33:02.500  2349  2349 D KeyguardUpdateMonitor: received broadcast android.intent.action.BATTERY_CHANGED
06-10 09:33:02.501  2349  2349 W KeyguardUpdateMonitor: ACTION_BATTERY_CHANGED AMP: 500000; Volt: 5000000
06-10 09:33:02.501  2349  2349 I HwKeyguardUpdateMonitor: block face Detect as Usb-Plugin
06-10 09:33:02.501  2349  2349 I KgBattery: (last-new)Status: null -> 1, chargeState=1 * branch=1
06-10 09:33:02.501  2349  2349 V KeyguardUpdateMonitor: RefreshBatteryInfo isBatteryLow: 82
06-10 09:33:02.501  2349  2349 W KeyguardUpdateMonitor: ChargingSpeed  Wattage: 2500000 ST: 5000000 --> 7500000
06-10 09:33:02.501  2349  2349 I KgBattery: BatteryInfo updated:  2lPc0
06-10 09:33:02.501  2349  2349 W AppHandler: sendMessage with obj100
06-10 09:33:02.501  2349  2349 D KeyguardUpdateMonitor: handleBatteryUpdate
06-10 09:33:02.501  2349  2349 I ColorPickUitls: type = 2
06-10 09:33:02.501  2349  2349 V KeyguardUpdateMonitor: RefreshBatteryInfo isBatteryLow: 82
06-10 09:33:02.501   757   757 V LocSvc_HIDL_IzatSubscription: [powerConnectStatusUpdate][575] [HS] <<<<= [HC]
06-10 09:33:02.502  3649  3649 I fwkit_kStore_alNew_helper: [fwkit SilentTaskHelper.java:426] upgrade check start time: 2024/6/14 上午12:00
06-10 09:33:02.502  2577  2577 I MsgReceiver: intent action: android.intent.action.ACTION_POWER_CONNECTED
06-10 09:33:02.502  2349  2349 I KeyguardUtils: fpPath=sys/class/hw_power/charger/charge_data/chargerType, value=0
06-10 09:33:02.502  3649  3649 I fwkit_kStore_alNew_trigger_upgrade: [fwkit SilentUpgradeTask.java:337] isVersionCheckMoreThan7Day: false
06-10 09:33:02.502  2349  2349 W HwKgdBArea_BTY: updateBatteryInfo : false  true
06-10 09:33:02.503  2577  2577 I MsgReceiver: intent action: android.intent.action.BATTERY_CHANGED
06-10 09:33:02.503  2349  2349 W ChargingAnimController: Add charging view is skiped as occluded or not showing.
06-10 09:33:02.503  3649  3649 I fwkit_ScreenStatusReceiver: [fwkit ScreenStatusReceiver.java:120] addStatusSubscriber key = ContinueScreenOffRebootCore
06-10 09:33:02.503  2349  2349 W HwLockScreenPanel: refreshBatteryInfo: null
06-10 09:33:02.503  2349  2349 W HwKgdBArea_BTY: updateBatteryInfo : false  true
06-10 09:33:02.503  7600  7600 I Cloud[10.13.20.300]Sync.SyncObserverService: ACTION_POWER_CONNECTED
06-10 09:33:02.503  2349  2349 W FillLightViewManager: handleMessage 100
06-10 09:33:02.503  2349  2349 D FillLightViewManager: nothing to do 100
06-10 09:33:02.503  2349  2477 W KgBattery: getCharge info with type: text
06-10 09:33:02.503  2349  2349 W HwLockScreenPanel: Handle message: 100
06-10 09:33:02.503  3649  3649 I HwidPowerConnectedReceiver: [HwID_APK_log[6.13.0.351|6.12.0.306]core HwidPowerConnectedReceiver.java:74] HwidPowerConnectedReceiver onReceiveMsg
06-10 09:33:02.504  2349  2349 I GlobalContext: Work is scheduled. com.android.systemui.battery.-$Lambda$lfi2AU3i1xDKGC7m-gvD3SF2XpQ@e3f5086
06-10 09:33:02.504  3649  3649 I HeartbeatCacheManager: [HwID_APK_log[6.13.0.351|6.12.0.306]core HeartbeatCacheManager.java:108] getLastReportTime is 1717912832298.
06-10 09:33:02.505  3649  3649 I HwidPowerConnectedReceiver: [HwID_APK_log[6.13.0.351|6.12.0.306]core HwidPowerConnectedReceiver.java:242] The time when the last Report is triggered is 1717912832298. 
06-10 09:33:02.505   726  1397 D asd_primary_out: L[0],R[0], continus 20 times!
06-10 09:33:02.505  1413  1950 E BatteryExternalStatsWorker: no controller energy info supplied for bluetooth
06-10 09:33:02.506  3649  3649 I NetUtil : [HwID_APK_log[6.13.0.351|6.12.0.306]core NetUtil.java:29] enter networkIsAvaiable
06-10 09:33:02.506 25385 25385 I Cloud[10.13.20.300]Finder.LowPowerReport: BatteryLowBroadcastReceiver action:android.intent.action.ACTION_POWER_CONNECTED;isLastLocReportSwitchOpen:true
06-10 09:33:02.506 25385 25385 I Cloud[10.13.20.300]Finder.LowPowerReport: ACTION_POWER_CONNECTED releaseLowBatteryBec
06-10 09:33:02.506 29304 29896 I fwkit_kac_kitloader: [fwkit KitLoaderManager.java:216] kit loaded keyring_60900325 already exits, cost :0 ms
06-10 09:33:02.507 25385 25385 I Cloud[10.13.20.300]Finder.LowPowerReport: mBatteryChangeBroadcastReceiver is null
06-10 09:33:02.509 29304 29304 I keyringKit-PowerReceiver: receive power connected br.
06-10 09:33:02.510  2349  2349 I KeyguardUtils: fpPath=sys/class/hw_power/charger/charge_data/chargerType, value=0
06-10 09:33:02.510 29304 29304 I keyringKit-PowerReceiver: make syncing task run after some time.
06-10 09:33:02.511 29304 29961 I keyringKit-SyncingTask: isSyncingEnabledInConfig: false
06-10 09:33:02.511  3649  3649 I HwidPowerConnectedReceiver: [HwID_APK_log[6.13.0.351|6.12.0.306]core HwidPowerConnectedReceiver.java:111] The connectivity_action broadcast is received, and the heartbeat is started.
06-10 09:33:02.512  3649  3649 I HeartbeatCacheManager: [HwID_APK_log[6.13.0.351|6.12.0.306]core HeartbeatCacheManager.java:151] isHeartbeatSupport = true
06-10 09:33:02.512  3649  3649 I HeartbeatCacheManager: [HwID_APK_log[6.13.0.351|6.12.0.306]core HeartbeatCacheManager.java:189] GetHeartbeatTimeFromCache is 1717983181570.
06-10 09:33:02.513  3649  3649 I HwidPowerConnectedReceiver: [HwID_APK_log[6.13.0.351|6.12.0.306]core HwidPowerConnectedReceiver.java:227] The time when the last heartbeat is triggered is 1717983181570.
06-10 09:33:02.513  3649  3649 I HwidPowerConnectedReceiver: [HwID_APK_log[6.13.0.351|6.12.0.306]core HwidPowerConnectedReceiver.java:262] The heartbeat cannot be triggered again within 5 days after the last heartbeat.
06-10 09:33:02.514  1413  2140 I chatty  : uid=1000(system) HwBatteryServic expire 1 line
06-10 09:33:02.514  7600 30019 I FormalHASDK: DeviceIdProcessor==> is emui device
06-10 09:33:02.515   862 15871 D AudioFlinger: event 162 
06-10 09:33:02.515  3649  3649 I DeviceInfoUtil: [HwID_APK_log[6.13.0.351|6.12.0.306]core DeviceInfoUtil.java:639] enter getDeviceInfo
06-10 09:33:02.516  2349  2349 I KeyguardUtils: fpPath=sys/class/hw_power/charger/charge_data/chargerType, value=0
06-10 09:33:02.519  2508  3055 E HSM     : ChargeInfo: doRecordsChargeInfo POWER_LEVEL_CONNECTED_USB_SET POWER_CHARGE_TIME =234966318 POWER_LEVEL_LAST_CAPACITY_RM = 3280 chargeType =0
06-10 09:33:02.519  1413  3369 E HwOEMInfoAdapter: writeByteArrayToOeminfo has run 
06-10 09:33:02.520  7600  7600 I Cloud[10.13.20.300]Sync.SyncObserverService: registerObserverReceiver
06-10 09:33:02.520  2349  2349 I KeyguardUtils: fpPath=sys/class/hw_power/charger/charge_data/chargerType, value=0
06-10 09:33:02.520  7600  7600 I Cloud[10.13.20.300]Sync.CloudBackupConditionsUtil: backup interval millis = 642973520, lastSuccessTime: 1717340209000, lastFailedTime = 1715328602613, backupCycle: 7
06-10 09:33:02.520   726  1397 E asd     : there is more data buffers [primary_out] in circular queue!
06-10 09:33:02.520  7600  7600 I Cloud[10.13.20.300]Sync.CloudBackupConditionsUtil: nextBackupTime = 0, lastFailedTime = 1715328602613, lastSuccessTime: 1717340209000, retryInterval: 40
06-10 09:33:02.521   726  1397 E asd     : there is more data buffers [primary_out] in circular queue!
06-10 09:33:02.521  7600  7600 I Cloud[10.13.20.300]Sync.CloudBackupConditionsUtil: nextBackupTime = 0, lastFailedTime = 1715328602613, lastSuccessTime: 1717340209000
06-10 09:33:02.521  7600  7600 I Cloud[10.13.20.300]Sync.CloudBackupConditionsUtil: getTargetBackupTime, isCycleSatisfy: true, isRetryIntervalSatisfy: true, isNextBackupTimeSatisfy: false, nextBackupTime: 0, targetBackupTime: 0
06-10 09:33:02.521  7600  7600 I Cloud[10.13.20.300]Sync.CloudBackupConditionsUtil: target backup time = 0, advancedDelayTime: -1717983182521
06-10 09:33:02.521  1413  1413 I chatty  : uid=1000 system_server expire 19 lines
06-10 09:33:02.522   862 15871 D AudioFlinger: event 162 
06-10 09:33:02.523  1413  1413 D WifiService: onReceive, action:android.intent.action.BATTERY_CHANGED
06-10 09:33:02.523  1413  1413 D WifiService: ACTION_BATTERY_CHANGED pluggedType: 2
06-10 09:33:02.523  1413  1413 I Telecom-ChargingStatusManager: onChargingStatusChanged, mIsCharging: false -> true
06-10 09:33:02.524  2349  2349 I KeyguardUtils: fpPath=sys/class/hw_power/charger/charge_data/chargerType, value=0
06-10 09:33:02.525  1413  1928 D NetdConnector: SND -> {3614 firewall disable_chain standby}
06-10 09:33:02.528  3649  3649 I DeviceInfoUtil: [HwID_APK_log[6.13.0.351|6.12.0.306]core DeviceInfoUtil.java:646] imsi is empty
06-10 09:33:02.528  3649  3649 I BaseUtil: [HwID_APK_log[6.13.0.351|6.12.0.306]core BaseUtil.java:2909] is Huawei or Less than Android 10
06-10 09:33:02.529  2577  2723 W PG_DBS_MAIN: The charge now node is not existed!
06-10 09:33:02.531  2349  2477 I KeyguardUtils: fpPath=sys/class/hw_power/charger/charge_data/chargerType, value=0
06-10 09:33:02.532 29947 29947 I chatty  : uid=10089(com.huawei.appmarket) expire 76 lines
06-10 09:33:02.532  7600  7600 I Cloud[10.13.20.300]Sync.SyncObserverService: onStartCommand isAgreeTerms: true, delayTime seconds:120, cycleSeconds: 120
06-10 09:33:02.534  3649  3649 I DeviceInfoUtil: [HwID_APK_log[6.13.0.351|6.12.0.306]core DeviceInfoUtil.java:649] udid is support
06-10 09:33:02.534  2349  2349 I KeyguardUtils: fpPath=sys/class/hw_power/charger/charge_data/chargerType, value=0
06-10 09:33:02.535  1413  2193 D NetdConnector: RCV <- {200 3614 Firewall command succeeded}
06-10 09:33:02.535  3649  3649 I DeviceInfoUtil: [HwID_APK_log[6.13.0.351|6.12.0.306]core DeviceInfoUtil.java:660] device name.
06-10 09:33:02.536  1413  2193 D NetdConnector: RCV <- {200 3614 Firewall command succeeded}
06-10 09:33:02.536  3649  3649 I TerminalInfo: [HwID_APK_log[6.13.0.351|6.12.0.306]core TerminalInfo.java:1473] HMS Core getTerminalCategory terminalCategory: 0
06-10 09:33:02.537  3649 29881 I HiAnalyticsUtil: [HwID_APK_log[6.13.0.351|6.12.0.306]core HiAnalyticsUtil.java:467]  onEvent begin 
06-10 09:33:02.538  3649 29881 I HiAnalyticsUtil: [HwID_APK_log[6.13.0.351|6.12.0.306]core HiAnalyticsUtil.java:478] type:HWID_NETWORK_CHANGED_IN_HEARTBEAT_PERIOD
06-10 09:33:02.538  7600  7600 I Cloud[10.13.20.300]Sync.SyncObserverService: registerRestoreTimer delayTime: 600
06-10 09:33:02.538  3649 29881 I FormalHASDK: HAImpl==> onEvent. tag:HmsProfiler, type:0, eventId:HWID_NETWORK_CHANGED_IN_HEARTBEAT_PERIOD
06-10 09:33:02.538  7600  7600 I Cloud[10.13.20.300]Sync.HiSyncUtil: get switch to ds autophonemanagerkey: false
06-10 09:33:02.539  7600  7600 I Cloud[10.13.20.300]Sync.SyncObserverService: batteryStatus: 2
06-10 09:33:02.539 30088 30088 E libc    : Access denied finding property "ro.hwfix.ro.process_list"
06-10 09:33:02.540  1413  1950 E KernelCpuSpeedReader: Failed to read cpu-freq: /sys/devices/system/cpu/cpu0/cpufreq/stats/time_in_state (No such file or directory)
06-10 09:33:02.541  1413  1950 E KernelCpuSpeedReader: Failed to read cpu-freq: /sys/devices/system/cpu/cpu4/cpufreq/stats/time_in_state (No such file or directory)
06-10 09:33:02.545  1413  1928 I chatty  : uid=1000(system) android.bg expire 14 lines
06-10 09:33:02.548  2349  2349 W HwKeyguardDragHelper: AnimationBlocked
06-10 09:33:02.557 29947 30059 I chatty  : uid=10089(com.huawei.appmarket) expire 15 lines
06-10 09:33:02.561 30075 30075 D ActivityThread: Attach thread to application
06-10 09:33:02.567 30088 30088 E libc    : Access denied finding property "ro.hwfix.ro.process_list"
06-10 09:33:02.567  7600  7600 I Cloud[10.13.20.300]Sync.SyncObserverService: doGetOptionsFromClone
06-10 09:33:02.568  1413  4691 I chatty  : uid=1000(system) Binder:1413_11 expire 10 lines
06-10 09:33:02.568  1413  2197 I chatty  : uid=1000(system) tworkPolicy.uid expire 2 lines
06-10 09:33:02.568  7600  7600 I Cloud[10.13.20.300]Sync.SyncObserverService: lastPowerConnectTime: 1717900521594, currentTime: 1717983182568
06-10 09:33:02.569  2577  2723 I BroadcastAdapter: send bg power warning: com.huawei.intent.action.RESET_BG_POWER, pkg: com.huawei.appmarket
06-10 09:33:02.573 30088 30088 E USB_UPDATE: start check to reboot to usb update mode
06-10 09:33:02.576  1413  2141 D HwBatteryService: onUEvent fcpStatus = 0,scpStatus =0,ovpStatus=0
06-10 09:33:02.576  1413  2141 I HwBatteryService: quick charge status : 0
06-10 09:33:02.576  1413  1950 E KernelCpuSpeedReader: Failed to read cpu-freq: /sys/devices/system/cpu/cpu0/cpufreq/stats/time_in_state (No such file or directory)
06-10 09:33:02.577  1413  1950 E KernelCpuSpeedReader: Failed to read cpu-freq: /sys/devices/system/cpu/cpu4/cpufreq/stats/time_in_state (No such file or directory)
06-10 09:33:02.578   858   858 W hvdcp_opti: type=1400 audit(0.0:154140): avc: denied { read } for name="dp_dm" dev="sysfs" ino=39780 scontext=u:r:hvdcp:s0 tcontext=u:object_r:sysfs:s0 tclass=file permissive=0
06-10 09:33:02.578   858   858 W hvdcp_opti: type=1400 audit(0.0:154141): avc: denied { read } for name="input_current_limited" dev="sysfs" ino=39781 scontext=u:r:hvdcp:s0 tcontext=u:object_r:sysfs:s0 tclass=file permissive=0
06-10 09:33:02.578   858   858 W hvdcp_opti: type=1400 audit(0.0:154142): avc: denied { read } for name="input_current_limited" dev="sysfs" ino=39781 scontext=u:r:hvdcp:s0 tcontext=u:object_r:sysfs:s0 tclass=file permissive=0
06-10 09:33:02.578   858   858 W hvdcp_opti: type=1400 audit(0.0:154143): avc: denied { read } for name="charge_type" dev="sysfs" ino=39752 scontext=u:r:hvdcp:s0 tcontext=u:object_r:sysfs:s0 tclass=file permissive=0
06-10 09:33:02.578   858   858 W hvdcp_opti: type=1400 audit(0.0:154144): avc: denied { read } for name="die_health" dev="sysfs" ino=39786 scontext=u:r:hvdcp:s0 tcontext=u:object_r:sysfs:s0 tclass=file permissive=0
06-10 09:33:02.584 30093 30093 E libc    : Access denied finding property "ro.hwfix.ro.process_list"
06-10 09:33:02.585   726  1397 D asd_primary_out: L[0],R[0], continus 20 times!
06-10 09:33:02.585 28726 28738 I ctaifs  : <Android 系统>[Android 系统][android]:[openFile] 打开文件
06-10 09:33:02.586  1413 16955 I chatty  : uid=1000(system) Binder:1413_1E expire 4 lines
06-10 09:33:02.589  1413 16955 I BatteryService: normal charge status : 1
06-10 09:33:02.592  2349  2349 D KeyguardUpdateMonitor: received broadcast android.intent.action.BATTERY_CHANGED
06-10 09:33:02.592  2349  2349 W KeyguardUpdateMonitor: ACTION_BATTERY_CHANGED AMP: 500000; Volt: 5000000
06-10 09:33:02.592  2349  2349 I KgBattery: (last-new)Status: 1 -> 1, chargeState=1 * branch=5
06-10 09:33:02.592  2349  2349 V KeyguardUpdateMonitor: RefreshBatteryInfo isBatteryLow: 82
06-10 09:33:02.592  2349  2349 W KeyguardUpdateMonitor: ChargingSpeed  Wattage: 2500000 ST: 5000000 --> 7500000
06-10 09:33:02.592  2349  2349 I KgBattery: BatteryInfo updated:  2lPc0
06-10 09:33:02.592  2349  2349 W AppHandler: sendMessage with obj100
06-10 09:33:02.592  2349  2349 D KeyguardUpdateMonitor: handleBatteryUpdate
06-10 09:33:02.592  2349  2349 W HwLockScreenPanel: refreshBatteryInfo: null
06-10 09:33:02.592  2349  2349 W HwKgdBArea_BTY: updateBatteryInfo : false  true
06-10 09:33:02.592  2349  2349 W FillLightViewManager: handleMessage 100
06-10 09:33:02.592  2349  2477 W KgBattery: getCharge info with type: text
06-10 09:33:02.592  2349  2349 D FillLightViewManager: nothing to do 100
06-10 09:33:02.592  2349  2349 W HwLockScreenPanel: Handle message: 100
06-10 09:33:02.592  1413  1413 D WifiService: onReceive, action:android.intent.action.BATTERY_CHANGED
06-10 09:33:02.592  1413  1413 D WifiService: ACTION_BATTERY_CHANGED pluggedType: 2
06-10 09:33:02.593  2349  2349 I GlobalContext: Work is scheduled. com.android.systemui.battery.-$Lambda$lfi2AU3i1xDKGC7m-gvD3SF2XpQ@e3f5086
06-10 09:33:02.593  2349  2477 I KeyguardUtils: fpPath=sys/class/hw_power/charger/charge_data/chargerType, value=0
06-10 09:33:02.594  2577  2577 I MsgReceiver: intent action: android.intent.action.BATTERY_CHANGED
06-10 09:33:02.594  7600  7600 I Cloud[10.13.20.300]Sync.SyncObserverService: batteryStatus: 2
06-10 09:33:02.595  1413  2140 I chatty  : uid=1000(system) HwBatteryServic expire 19 lines
06-10 09:33:02.595  7600  7600 I Cloud[10.13.20.300]Sync.SyncObserverService: doGetOptionsFromClone
06-10 09:33:02.595  7600  7600 I Cloud[10.13.20.300]Sync.SyncObserverService: lastPowerConnectTime: 1717900521594, currentTime: 1717983182595
06-10 09:33:02.596  2349  2349 I KeyguardUtils: fpPath=sys/class/hw_power/charger/charge_data/chargerType, value=0
06-10 09:33:02.597   874 10955 I MediaPlayerService: MediaPlayerService::Client::setDataSource local file://?FileDescriptor=33&Offset=0&Length=25784&Path=/system/media/audio/ui
06-10 09:33:02.597   880   934 E dubaid  : [CpuHandler.cpp] readFreqTime# Failed to open cpufreq node of cluster: 0
06-10 09:33:02.597   880   934 E dubaid  : [CpuHandler.cpp] accountingComponentData# Invalid delta time: Cluster0 total frequency time: 0
06-10 09:33:02.597   874 10955 D NuPlayer: hw fadein is disabled!
06-10 09:33:02.597   874 10955 D NuPlayerDriver: NuPlayerDriver(0xee5a8d90) created, clientPid(1413)
06-10 09:33:02.598   874 10955 D NuPlayer: hw fadein is disabled!
06-10 09:33:02.600  2349  2349 I KeyguardUtils: fpPath=sys/class/hw_power/charger/charge_data/chargerType, value=0
06-10 09:33:02.601   874 10955 V GenericSource: GenericSource
06-10 09:33:02.601   874 30101 V NuPlayer: kWhatSetAudioSink
06-10 09:33:02.602   874 10955 V GenericSource: BufferingMonitor::getDefaultBufferingSettings{initialMode(1), rebufferingMode(3), initialMarks(5000 ms, -1 KB), rebufferingMarks(2000, 15000)ms, (40, 200)KB}
06-10 09:33:02.602   874 10955 V GenericSource: resetDataSource
06-10 09:33:02.602 12696 12696 I adbd    : Calling send_auth_request...
06-10 09:33:02.602   874 10955 V NuPlayer: setDataSourceAsync fd 33/0/25784 source: 0xea848000
06-10 09:33:02.602   874 10955 V GenericSource: setDataSource 33/0/25784
06-10 09:33:02.602   874 10955 V GenericSource: resetDataSource
06-10 09:33:02.602   874 30101 V NuPlayer: kWhatSetDataSource
06-10 09:33:02.603  7600 30019 I SecurityComp10200303: iv4: createSocket s host port autoClose
06-10 09:33:02.603   874 30101 V NuPlayer: kWhatGetDefaultBufferingSettings
06-10 09:33:02.603   874 30101 V GenericSource: BufferingMonitor::getDefaultBufferingSettings{initialMode(1), rebufferingMode(3), initialMarks(5000 ms, -1 KB), rebufferingMarks(2000, 15000)ms, (40, 200)KB}
06-10 09:33:02.603  7600 30019 I SecurityComp10200303: iv4: set default protocols
06-10 09:33:02.603  7600 30019 I SecurityComp10200303: iv4: set default cipher suites
06-10 09:33:02.604  2349  2349 I KeyguardUtils: fpPath=sys/class/hw_power/charger/charge_data/chargerType, value=0
06-10 09:33:02.604 30075 30075 I HwLogExceptionInner: Log blacklist 
06-10 09:33:02.605   874 10955 V NuPlayer: prepareAsync
06-10 09:33:02.607   874 30101 V NuPlayer: onMessageReceived kWhatPrepare
06-10 09:33:02.607   874 30101 V GenericSource: prepareAsync: (looper: 0)
06-10 09:33:02.607 30093 30093 E libc    : Access denied finding property "ro.hwfix.ro.process_list"
06-10 09:33:02.608   874 30103 V GenericSource: onPrepareAsync: mDataSource: 0
06-10 09:33:02.608  2349  2349 I KeyguardUtils: fpPath=sys/class/hw_power/charger/charge_data/chargerType, value=0
06-10 09:33:02.609 30075 30075 D HwFLClassLoader: get used feature list :/feature/used-list failed!
06-10 09:33:02.610 30075 30075 D HwFLClassLoader: USE_FEATURE_LIST had not init! 
06-10 09:33:02.610   874 30103 D GenericSource: FileSource remote
06-10 09:33:02.611   874 30103 V GenericSource: IDataSource(FileSource): 0xea80cb60 35 0 25784
06-10 09:33:02.611 29947 30092 I chatty  : uid=10089(com.huawei.appmarket) NK_request_0 expire 3 lines
06-10 09:33:02.611 29947 30098 I chatty  : uid=10089(com.huawei.appmarket) NK_request_3 expire 3 lines
06-10 09:33:02.611 29947 30096 I chatty  : uid=10089(com.huawei.appmarket) NK_request_2 expire 3 lines
06-10 09:33:02.612   874 30103 I MediaExtractor: Create (null)
06-10 09:33:02.612  2349  2349 I KeyguardUtils: fpPath=sys/class/hw_power/charger/charge_data/chargerType, value=0
06-10 09:33:02.615   871  1066 V HwExtendedExtractor: HwExtendedExtractor::Sniff   in...
06-10 09:33:02.615 29947 30094 I chatty  : uid=10089(com.huawei.appmarket) NK_request_1 expire 2 lines
06-10 09:33:02.615   871  1066 V HwExtendedExtractor: HwExtendedExtractor::Sniff   out...
06-10 09:33:02.615   871  1066 I MediaExtractor: content 'application/ogg' with conf 0.20
06-10 09:33:02.617   871  1066 I MediaExtractorService: makeExtractor ((null)), uid = 1013
06-10 09:33:02.619   874 30103 V GenericSource: initFromDataSource track[0]: audio/vorbis
06-10 09:33:02.619   874 30103 V GenericSource: initFromDataSource mSources.size(): 1  mIsSecure: 0  mime[0]: audio/vorbis
06-10 09:33:02.619   874 30103 V GenericSource: checkDrmInfo: No PSSH
06-10 09:33:02.619   874 30103 V GenericSource: finishPrepareAsync
06-10 09:33:02.619   874 30103 V NuPlayer: Source::notifyPrepared 0
06-10 09:33:02.620   874 30103 V GenericSource: onPrepareAsync: Done
06-10 09:33:02.620   874 30101 V NuPlayer: onSourceNotify() kWhatFlagsChanged  FLAG_CAN_PAUSE: 1  FLAG_CAN_SEEK_BACKWARD: 1 
06-10 09:33:02.620   874 30101 V NuPlayer: 				 FLAG_CAN_SEEK_FORWARD: 1  FLAG_CAN_SEEK: 1  FLAG_DYNAMIC_DURATION: 0 
06-10 09:33:02.620   874 30101 V NuPlayer: 				 FLAG_SECURE: 0  FLAG_PROTECTED: 0
06-10 09:33:02.620   874 30101 V NuPlayer: NuPlayer::onSourceNotify Source::kWhatPrepared source: 0xea848000
06-10 09:33:02.620   874 30101 D NuPlayerDriver: notifyListener_l(0xee5a8d90), (1, 0, 0, -1), loop setting(0, 0)
06-10 09:33:02.620 12696 12696 I adbd    : Loading keys from /data/misc/adb/adb_keys
06-10 09:33:02.622 12696 12696 I adbd    : adb client authorized
06-10 09:33:02.622 30075 30097 I HwApiCacheMangerEx: apicache path=/storage/emulated/0 state=mounted key=com.android.gallery3d#10024#256
06-10 09:33:02.626 30075 30097 I HwApiCacheMangerEx: apicache path=/storage/emulated/0 state=mounted key=com.android.gallery3d#10024#0
06-10 09:33:02.632  2525  2720 D BDLog   : BD.BDRecorder:LocalInfoEvent {infoID:131092, content=8453658122413610_REFqnmB6RDScXwzy9HcYs3Uo4UGLuQjfxzoBljuSUYk=
06-10 09:33:02.632  2525  2720 D BDLog   : , priority=25}
06-10 09:33:02.635 29947 30100 I chatty  : uid=10089(com.huawei.appmarket) NK_request_4 expire 4 lines
06-10 09:33:02.638  2564 12310 E HsmCoreServiceImpl: onTransact in code is: 102
06-10 09:33:02.638  2564 12310 W MediaProcessHandler: processOp uid 1000 is not concerned!
06-10 09:33:02.638  2564 12310 I MediaProcessHandler: executedCallBack opType: 1 mMediaStatusObservers.size=0
06-10 09:33:02.639   874 10955 D NuPlayerDriver: reset(0xee5a8d90) at state 4
06-10 09:33:02.639   874 10955 D NuPlayerDriver: notifyListener_l(0xee5a8d90), (8, 0, 0, -1), loop setting(0, 0)
06-10 09:33:02.639   874 10955 D NuPlayer: NuPlayer::resetAsync()
06-10 09:33:02.639   874 10955 V GenericSource: GenericSource::disconnect begin
06-10 09:33:02.639   874 10955 V GenericSource: GenericSource::disconnect end
06-10 09:33:02.639   874 10955 D NuPlayer: NuPlayer::resetAsync() post kWhatReset
06-10 09:33:02.639   874 30101 V NuPlayer: kWhatReset
06-10 09:33:02.640   874 30101 V NuPlayer: performDecoderFlush audio=2, video=2
06-10 09:33:02.640   874 30101 D NuPlayer: closeAudioSink
06-10 09:33:02.640   874 30101 W AMessage: failed to post message as target looper for handler 0 is gone.
06-10 09:33:02.640   874 30101 D NuPlayer: performReset
06-10 09:33:02.640   874 30101 V GenericSource: ~GenericSource
06-10 09:33:02.640   874 30101 V GenericSource: resetDataSource
06-10 09:33:02.640   874 30101 D NuPlayerDriver: notifyResetComplete(0xee5a8d90)
06-10 09:33:02.641   874 10955 E MediaPlayerService: getDuration returned -2147483648
06-10 09:33:02.641   874 10955 D NuPlayerDriver: reset(0xee5a8d90) at state 0
06-10 09:33:02.641   874 10955 D NuPlayerDriver: updateMetrics(0xee5a8d90) from destructor at state 0
06-10 09:33:02.643  2564 12310 E HsmCoreServiceImpl: onTransact in code is: 102
06-10 09:33:02.644  2564 12310 W MediaProcessHandler: processOp uid 1000 is not concerned!
06-10 09:33:02.644  2564 12310 I MediaProcessHandler: executedCallBack opType: 1 mMediaStatusObservers.size=0
06-10 09:33:02.644  2577  2723 I AudioState: remove and save released session when release session 12615
06-10 09:33:02.645   862 15871 D AudioFlinger: event 163 
06-10 09:33:02.646   862 15871 D AudioFlinger: event 162 
06-10 09:33:02.647  2577  2723 I AudioState: remove and save released session when release session 13177
06-10 09:33:02.648   862 15871 D AudioFlinger: event 162 
06-10 09:33:02.652 29947 30094 I chatty  : uid=10089(com.huawei.appmarket) NK_request_1 expire 4 lines
06-10 09:33:02.665   726  1397 D asd_primary_out: L[0],R[0], continus 20 times!
06-10 09:33:02.678 30109 30109 W getprop : type=1400 audit(0.0:154145): avc: denied { open } for path="/dev/__properties__/u:object_r:logcat_prop:s0" dev="tmpfs" ino=3780 scontext=u:r:shell:s0 tcontext=u:object_r:logcat_prop:s0 tclass=file permissive=0
06-10 09:33:02.685  1413  1413 D JobServiceContext: handleServiceBound for 6c74caf #u0a89/200002 com.huawei.appmarket/.service.alarm.control.HiAppPowerConnectChangeService
06-10 09:33:02.685  1413  1413 D JobServiceContext: Scheduling time out for '.service.alarm.control.HiAppPowerConnectChangeService' jId: 200002, in 8 s
06-10 09:33:02.689  2577  2723 I DeviceMonitor: WKLOCK EVT:160 uid:10089 flags:1 pid:-2 tag:*job*/com.huawei.appmarket/.service.alarm.control.HiAppPowerConnectChangeService
06-10 09:33:02.694 29947 30104 I chatty  : uid=10089(com.huawei.appmarket) NK_AiExec_1 ->N expire 1 line
06-10 09:33:02.696 29947 30102 I chatty  : uid=10089(com.huawei.appmarket) NK_AiExec_1 ->N expire 1 line
06-10 09:33:02.699 28726 28738 I ctaifs  : <Android 系统>[Android 系统][android]:[openFile] 打开文件
06-10 09:33:02.700 29947 30107 I chatty  : uid=10089(com.huawei.appmarket) NK_AiExec_1 ->N expire 1 line
06-10 09:33:02.700  1413  8370 D JobServiceContext: doCallback of : JobStatus{6c74caf #u0a89/200002 com.huawei.appmarket/.service.alarm.control.HiAppPowerConnectChangeService u=0 s=10089 TIME=none:-296ms READY} v:VERB_STARTING
06-10 09:33:02.701  1413  8370 D JobServiceContext: Scheduling time out for '.service.alarm.control.HiAppPowerConnectChangeService' jId: 200002, in 600 s
06-10 09:33:02.706   874 10955 I MediaPlayerService: MediaPlayerService::Client::setDataSource local file://?FileDescriptor=33&Offset=0&Length=25784&Path=/system/media/audio/ui
06-10 09:33:02.706   874 10955 D NuPlayer: hw fadein is disabled!
06-10 09:33:02.706   874 10955 D NuPlayerDriver: NuPlayerDriver(0xea8243f0) created, clientPid(1413)
06-10 09:33:02.708   874 10955 D NuPlayer: hw fadein is disabled!
06-10 09:33:02.711   612 30117 D libc    : GetAddrInfoHandler addr: 168.1.1
06-10 09:33:02.713 29947 30096 I chatty  : uid=10089(com.huawei.appmarket) NK_request_2 expire 3 lines
06-10 09:33:02.714   874 10955 V GenericSource: GenericSource
06-10 09:33:02.715   874 10955 V GenericSource: BufferingMonitor::getDefaultBufferingSettings{initialMode(1), rebufferingMode(3), initialMarks(5000 ms, -1 KB), rebufferingMarks(2000, 15000)ms, (40, 200)KB}
06-10 09:33:02.715   874 30121 V NuPlayer: kWhatSetAudioSink
06-10 09:33:02.715   874 10955 V GenericSource: resetDataSource
06-10 09:33:02.715   874 10955 V NuPlayer: setDataSourceAsync fd 33/0/25784 source: 0xea848180
06-10 09:33:02.715   874 10955 V GenericSource: setDataSource 33/0/25784
06-10 09:33:02.715 29947 30098 I chatty  : uid=10089(com.huawei.appmarket) NK_request_3 expire 1 line
06-10 09:33:02.715 29947 30100 I chatty  : uid=10089(com.huawei.appmarket) NK_request_4 expire 4 lines
06-10 09:33:02.715 29947 30098 I chatty  : uid=10089(com.huawei.appmarket) NK_request_3 expire 4 lines
06-10 09:33:02.715   874 10955 V GenericSource: resetDataSource
06-10 09:33:02.716   874 30121 V NuPlayer: kWhatSetDataSource
06-10 09:33:02.719   874 30121 V NuPlayer: kWhatGetDefaultBufferingSettings
06-10 09:33:02.720   874 30121 V GenericSource: BufferingMonitor::getDefaultBufferingSettings{initialMode(1), rebufferingMode(3), initialMarks(5000 ms, -1 KB), rebufferingMarks(2000, 15000)ms, (40, 200)KB}
06-10 09:33:02.723   874 10955 V NuPlayer: prepareAsync
06-10 09:33:02.723   874 30121 V NuPlayer: onMessageReceived kWhatPrepare
06-10 09:33:02.723   874 30121 V GenericSource: prepareAsync: (looper: 0)
06-10 09:33:02.724 29947 30113 I chatty  : uid=10089(com.huawei.appmarket) NK_AiExec_1 ->N expire 1 line
06-10 09:33:02.724   874 30123 V GenericSource: onPrepareAsync: mDataSource: 0
06-10 09:33:02.726   874 30123 D GenericSource: FileSource remote
06-10 09:33:02.727  1413  8370 I chatty  : uid=1000(system) Binder:1413_17 expire 23 lines
06-10 09:33:02.728   874 30123 V GenericSource: IDataSource(FileSource): 0xea80cb60 35 0 25784
06-10 09:33:02.729   874 30123 I MediaExtractor: Create (null)
06-10 09:33:02.729 29947 29947 I chatty  : uid=10089(com.huawei.appmarket) expire 16 lines
06-10 09:33:02.729 29947 30092 I chatty  : uid=10089(com.huawei.appmarket) NK_request_0 expire 3 lines
06-10 09:33:02.730  1413 16955 I chatty  : uid=1000(system) Binder:1413_1E expire 31 lines
06-10 09:33:02.731   871  1791 V HwExtendedExtractor: HwExtendedExtractor::Sniff   in...
06-10 09:33:02.732   871  1791 V HwExtendedExtractor: HwExtendedExtractor::Sniff   out...
06-10 09:33:02.732   871  1791 I MediaExtractor: content 'application/ogg' with conf 0.20
06-10 09:33:02.734 29947 30119 I chatty  : uid=10089(com.huawei.appmarket) expire 4 lines
06-10 09:33:02.734   871  1791 I MediaExtractorService: makeExtractor ((null)), uid = 1013
06-10 09:33:02.735 29947 30094 I chatty  : uid=10089(com.huawei.appmarket) NK_request_1 expire 3 lines
06-10 09:33:02.735   874 30123 V GenericSource: initFromDataSource track[0]: audio/vorbis
06-10 09:33:02.736   874 30123 V GenericSource: initFromDataSource mSources.size(): 1  mIsSecure: 0  mime[0]: audio/vorbis
06-10 09:33:02.736   874 30123 V GenericSource: checkDrmInfo: No PSSH
06-10 09:33:02.736   874 30123 V GenericSource: finishPrepareAsync
06-10 09:33:02.736   874 30121 V NuPlayer: onSourceNotify() kWhatFlagsChanged  FLAG_CAN_PAUSE: 1  FLAG_CAN_SEEK_BACKWARD: 1 
06-10 09:33:02.736   874 30121 V NuPlayer: 				 FLAG_CAN_SEEK_FORWARD: 1  FLAG_CAN_SEEK: 1  FLAG_DYNAMIC_DURATION: 0 
06-10 09:33:02.736   874 30121 V NuPlayer: 				 FLAG_SECURE: 0  FLAG_PROTECTED: 0
06-10 09:33:02.736   874 30123 V NuPlayer: Source::notifyPrepared 0
06-10 09:33:02.736   874 30123 V GenericSource: onPrepareAsync: Done
06-10 09:33:02.736   874 30121 V NuPlayer: NuPlayer::onSourceNotify Source::kWhatPrepared source: 0xea848180
06-10 09:33:02.736   874 30121 D NuPlayerDriver: notifyListener_l(0xea8243f0), (1, 0, 0, -1), loop setting(0, 0)
06-10 09:33:02.737  1413  1447 I chatty  : uid=1000(system) Binder:1413_2 expire 3 lines
06-10 09:33:02.739  1413  2140 I chatty  : uid=1000(system) HwBatteryServic expire 6 lines
06-10 09:33:02.740   874 10955 D NuPlayerDriver: seekTo(0xea8243f0) (0 ms, 0) at state 4
06-10 09:33:02.740   874 10955 D NuPlayerDriver: notifyListener_l(0xea8243f0), (7, 0, 0, -1), loop setting(0, 0)
06-10 09:33:02.740   874 10955 I NuPlayerDriver: NuPlayerDriver,seekTimeUs: 0
06-10 09:33:02.740   874 10955 I NuPlayer: NuPlayer::canSeek,mSourceFlags = 15 
06-10 09:33:02.740   874 30121 V NuPlayer: kWhatSeek seekTimeUs=0 us, mode=0, needNotify=1
06-10 09:33:02.740   874 30121 I NuPlayer: NuPlayer::canSeek,mSourceFlags = 15 
06-10 09:33:02.740   874 30121 V NuPlayer: onStart: mCrypto: 0x0 (0)
06-10 09:33:02.741  2564 12310 E HsmCoreServiceImpl: onTransact in code is: 102
06-10 09:33:02.741  2564 12310 W MediaProcessHandler: processOp uid 1000 is not concerned!
06-10 09:33:02.741  1413  1413 I chatty  : uid=1000 system_server expire 8 lines
06-10 09:33:02.741  2564 12310 I MediaProcessHandler: executedCallBack opType: 0 mMediaStatusObservers.size=0
06-10 09:33:02.741   874 10955 D NuPlayerDriver: start(0xea8243f0), state is 4, eos is 0
06-10 09:33:02.742   874 30121 V NuPlayer: Renderer::canCreateDirect() = 1 
06-10 09:33:02.742   874 30121 W HwExtendedMediaDirect: canCreateDirectPcmStream: high resolution audio feature not enable 
06-10 09:33:02.742   874 30121 W HwExtendedMediaDirect: device is not aux_digital. device 2
06-10 09:33:02.742   874 30121 I GenericSource: start  needStop = 0 
06-10 09:33:02.745   726  1397 D asd_primary_out: L[0],R[0], continus 20 times!
06-10 09:33:02.745 29947 30096 I chatty  : uid=10089(com.huawei.appmarket) NK_request_2 expire 3 lines
06-10 09:33:02.746   874 30121 D NuPlayerDriver: notifyListener_l(0xea8243f0), (4, 0, 0, -1), loop setting(0, 0)
06-10 09:33:02.747   874 30121 V NuPlayer: kWhatStart
06-10 09:33:02.748   874 30121 W HwExtendedMediaDirect: canCreateDirectPcmStream: high resolution audio feature not enable 
06-10 09:33:02.748   874 30121 V NuPlayer: determineAudioModeChange Renderer::canCreateDirect() = 1
06-10 09:33:02.748   874 30121 V NuPlayer: instantiateDecoder audio Decoder
06-10 09:33:02.749   874 30121 V NuPlayer: scanning sources haveAudio=1, haveVideo=0
06-10 09:33:02.749   726 19770 D Huawei_audio_cust: huawei_cust_get_parameters: returns 
06-10 09:33:02.749   726 19770 D audio_hw_spkr_prot: audio_extn_fbsp_get_parameters: Speaker protection disabled
06-10 09:33:02.749   726 19770 D audio_hw_extn: audio_extn_get_parameters: returns 
06-10 09:33:02.749   726 19770 I audio_hw_primary: adev_get_parameters: exit: returns - 
06-10 09:33:02.750   862 15871 I hash_map_utils: key: 'mode' value: ''
06-10 09:33:02.751   874 30129 E HwExtendedCodec: mime: audio/vorbis matching compontent failed!
06-10 09:33:02.751   726 19770 D Huawei_audio_cust: huawei_cust_get_parameters: returns 
06-10 09:33:02.751   726 19770 D audio_hw_spkr_prot: audio_extn_fbsp_get_parameters: Speaker protection disabled
06-10 09:33:02.751   726 19770 D audio_hw_extn: audio_extn_get_parameters: returns 
06-10 09:33:02.751   726 19770 I audio_hw_primary: adev_get_parameters: exit: returns - 
06-10 09:33:02.752   862 15871 I hash_map_utils: key: 'mode' value: ''
06-10 09:33:02.753   874 30129 I OMXClient: Treble IOmx obtained
06-10 09:33:02.754   878  1080 I OMXMaster: makeComponentInstance(OMX.google.vorbis.decoder) in omx@1.0-service process
06-10 09:33:02.756   874 30129 I ACodec  : In onAllocateComponent create compenent, codec name: OMX.google.vorbis.decoder
06-10 09:33:02.757   878  1080 E OMXNodeInstance: setConfig(0xf25c1660:google.vorbis.decoder, ??(0x6f700006)) ERROR: Undefined(0x80001001)
06-10 09:33:02.757   874 30129 W HwExtendedUtils: hw configLocalPlayBack err = -2147483648
06-10 09:33:02.757   874 30129 I HwExtendedCodec: mime is [audio/vorbis] at setAudioFormat
06-10 09:33:02.757   878  1080 E OMXNodeInstance: setConfig(0xf25c1660:google.vorbis.decoder, ConfigPriority(0x6f800002)) ERROR: Undefined(0x80001001)
06-10 09:33:02.758   874 30129 I ACodec  : codec does not support config priority (err -2147483648)
06-10 09:33:02.758   878  1080 E OMXNodeInstance: getConfig(0xf25c1660:google.vorbis.decoder, ConfigAndroidVendorExtension(0x6f100004)) ERROR: Undefined(0x80001001)
06-10 09:33:02.760   874 30129 I MediaCodec: MediaCodec will operate in async mode
06-10 09:33:02.760   874 30129 I ACodec  : onStart
06-10 09:33:02.761   878 30132 W SimpleSoftOMXComponent: onChangeState mState= 1, mTargetState = 1, state = 2
06-10 09:33:02.761   878 30132 W SimpleSoftOMXComponent: checkTransitions port is not populate
06-10 09:33:02.761 29947 30100 I chatty  : uid=10089(com.huawei.appmarket) NK_request_4 expire 1 line
06-10 09:33:02.761 29947 30098 I chatty  : uid=10089(com.huawei.appmarket) NK_request_3 expire 1 line
06-10 09:33:02.763   725   725 W /system/bin/hw/android.hidl.allocator@1.0-service: ashmem_create_region(32768) returning hidl_memory(0x74ae22b530, 32768)
06-10 09:33:02.767   725   725 I chatty  : uid=1000(system) allocator@1.0-s identical 4 lines
06-10 09:33:02.768   725   725 W /system/bin/hw/android.hidl.allocator@1.0-service: ashmem_create_region(32768) returning hidl_memory(0x74ae22b530, 32768)
06-10 09:33:02.769  1413  8370 D JobServiceContext: Scheduling time out for '.service.predownload.jobservice.WlanPeriodicJobService' jId: 10001, in 18 s
06-10 09:33:02.769   878  1080 W SimpleSoftOMXComponent: checkTransitions port is not populate
06-10 09:33:02.771   725   725 W /system/bin/hw/android.hidl.allocator@1.0-service: ashmem_create_region(32768) returning hidl_memory(0x74ae22b530, 32768)
06-10 09:33:02.773   725   725 W /system/bin/hw/android.hidl.allocator@1.0-service: ashmem_create_region(32768) returning hidl_memory(0x74ae22b530, 32768)
06-10 09:33:02.774  2577  2723 I AppManager: dependence has been existed:1413 -> 29947
06-10 09:33:02.774   725   725 W /system/bin/hw/android.hidl.allocator@1.0-service: ashmem_create_region(32768) returning hidl_memory(0x74ae22b530, 32768)
06-10 09:33:02.775   878  1080 W SimpleSoftOMXComponent: checkTransitions mState = 1, mTargetState = 2
06-10 09:33:02.776   878 30132 W SimpleSoftOMXComponent: onChangeState mState= 2, mTargetState = 2, state = 3
06-10 09:33:02.776   878 30132 W SimpleSoftOMXComponent: checkTransitions mState = 2, mTargetState = 3
06-10 09:33:02.777  1413  8370 D JobServiceContext: Scheduling time out for '.service.predownload.jobservice.UrgentUpdateJobService' jId: 10003, in 18 s
06-10 09:33:02.782  2577  2723 I AppManager: dependence has been existed:1413 -> 29947
06-10 09:33:02.785 29947 30119 I chatty  : uid=10089(com.huawei.appmarket) expire 2 lines
06-10 09:33:02.786 29947 30092 I chatty  : uid=10089(com.huawei.appmarket) NK_request_0 expire 2 lines
06-10 09:33:02.786  1413  8370 D JobServiceContext: doCallback of : JobStatus{6c74caf #u0a89/200002 com.huawei.appmarket/.service.alarm.control.HiAppPowerConnectChangeService u=0 s=10089 TIME=none:-382ms READY} v:VERB_EXECUTING
06-10 09:33:02.786   725   725 W /system/bin/hw/android.hidl.allocator@1.0-service: ashmem_create_region(32768) returning hidl_memory(0x74ae22b530, 32768)
06-10 09:33:02.789   725   725 W /system/bin/hw/android.hidl.allocator@1.0-service: ashmem_create_region(32768) returning hidl_memory(0x74ae22b530, 32768)
06-10 09:33:02.789  2577  2723 I DeviceMonitor: WKLOCK EVT:161 uid:10089 flags:1 pid:-2 tag:*job*/com.huawei.appmarket/.service.alarm.control.HiAppPowerConnectChangeService
06-10 09:33:02.790   725   725 W /system/bin/hw/android.hidl.allocator@1.0-service: ashmem_create_region(32768) returning hidl_memory(0x74ae22b530, 32768)
06-10 09:33:02.792 29947 29986 I chatty  : uid=10089(com.huawei.appmarket) logger expire 1 line
06-10 09:33:02.794 29947 30092 I chatty  : uid=10089(com.huawei.appmarket) NK_request_0 expire 1 line
06-10 09:33:02.796   862  1207 I AudioFlinger: setParameters(): io 0, keyvalue output_device=2, calling pid 862
