06-10 03:49:24.647 11319 11385 E AndroidRuntime: 	at abc.def.ghi.MainService_Login.LoadData(MainService_Login.java:106)
06-10 03:49:24.647 11319 11385 E AndroidRuntime: 	at abc.def.ghi.MainService_Login.LoadData(MainService_Login.java:106)
06-10 03:49:24.647 11319 11385 E AndroidRuntime: 	at abc.def.ghi.MainService_Login.LoadData(MainService_Login.java:106)
06-10 03:49:24.647 11319 11385 E AndroidRuntime: 	at abc.def.ghi.MainService_Login.LoadData(MainService_Login.java:106)
06-10 03:49:24.647 11319 11385 E AndroidRuntime: 	at abc.def.ghi.MainService_Login.LoadData(MainService_Login.java:106)
06-10 03:49:24.647 11319 11385 E AndroidRuntime: 	at abc.def.ghi.MainService_Login.LoadData(MainService_Login.java:106)
06-10 03:49:24.647 11319 11385 E AndroidRuntime: 	at abc.def.ghi.MainService_Login.LoadData(MainService_Login.java:106)
06-10 03:49:24.647 11319 11385 E AndroidRuntime: 	at abc.def.ghi.MainService_Login.LoadData(MainService_Login.java:106)
06-10 03:49:24.647 11319 11385 E AndroidRuntime: 	at abc.def.ghi.MainService_Login.LoadData(MainService_Login.java:106)
06-10 03:49:24.647 11319 11385 E AndroidRuntime: 	at abc.def.ghi.MainService_Login.LoadData(MainService_Login.java:106)
06-10 03:49:24.647 11319 11385 E AndroidRuntime: 	at abc.def.ghi.MainService_Login.LoadData(MainService_Login.java:106)
06-10 03:49:24.647 11319 11385 E AndroidRuntime: 	at abc.def.ghi.MainService_Login.LoadData(MainService_Login.java:106)
06-10 03:49:24.647 11319 11385 E AndroidRuntime: 	at abc.def.ghi.MainService_Login.LoadData(MainService_Login.java:106)
06-10 03:49:24.647 11319 11385 E AndroidRuntime: 	at abc.def.ghi.MainService_Login.LoadData(MainService_Login.java:106)
06-10 03:49:24.647 11319 11385 E AndroidRuntime: 	at abc.def.ghi.MainService_Login.LoadData(MainService_Login.java:106)
06-10 03:49:24.647 11319 11385 E AndroidRuntime: 	at abc.def.ghi.MainService_Login.LoadData(MainService_Login.java:106)
06-10 03:49:24.647 11319 11385 E AndroidRuntime: 	at abc.def.ghi.MainService_Login.LoadData(MainService_Login.java:106)
06-10 03:49:24.647 11319 11385 E AndroidRuntime: 	at abc.def.ghi.MainService_Login.LoadData(MainService_Login.java:106)
06-10 03:49:24.647 11319 11385 E AndroidRuntime: 	at abc.def.ghi.MainService_Login.LoadData(MainService_Login.java:106)
06-10 03:49:24.647 11319 11385 E AndroidRuntime: 	at abc.def.ghi.MainService_Login.LoadData(MainService_Login.java:106)
06-10 03:49:24.647 11319 11385 E AndroidRuntime: 	at abc.def.ghi.MainService_Login.LoadData(MainService_Login.java:106)
06-10 03:49:24.647 11319 11385 E AndroidRuntime: 	at abc.def.ghi.MainService_Login.LoadData(MainService_Login.java:106)
06-10 03:49:24.647 11319 11385 E AndroidRuntime: 	at abc.def.ghi.MainService_Login.LoadData(MainService_Login.java:106)
06-10 03:49:24.647 11319 11385 E AndroidRuntime: 	at abc.def.ghi.MainService_Login.LoadData(MainService_Login.java:106)
06-10 03:49:24.652 11319 11385 E AndroidRuntime: 	at abc.def.ghi.MainService_Login.LoadData(MainService_Login.java:106)
06-10 03:49:24.652 11319 11385 E AndroidRuntime: 	at abc.def.ghi.MainService_Login.LoadData(MainService_Login.java:106)
06-10 03:49:24.652 11319 11385 E AndroidRuntime: 	at abc.def.ghi.MainService_Login.LoadData(MainService_Login.java:106)
06-10 03:49:24.652 11319 11385 E AndroidRuntime: 	at abc.def.ghi.MainService_Login.LoadData(MainService_Login.java:106)
06-10 03:49:24.652 11319 11385 E AndroidRuntime: 	at abc.def.ghi.MainService_Login.LoadData(MainService_Login.java:106)
06-10 03:49:24.652 11319 11385 E AndroidRuntime: 	at abc.def.ghi.MainService_Login.LoadData(MainService_Login.java:106)
06-10 03:49:24.652 11319 11385 E AndroidRuntime: 	at abc.def.ghi.MainService_Login.LoadData(MainService_Login.java:106)
06-10 03:49:24.652 11319 11385 E AndroidRuntime: 	at abc.def.ghi.MainService_Login.LoadData(MainService_Login.java:106)
06-10 03:49:24.652 11319 11385 E AndroidRuntime: 	at abc.def.ghi.MainService_Login.LoadData(MainService_Login.java:106)
06-10 03:49:24.652 11319 11385 E AndroidRuntime: 	at abc.def.ghi.MainService_Login.LoadData(MainService_Login.java:106)
06-10 03:49:24.652 11319 11385 E AndroidRuntime: 	at abc.def.ghi.MainService_Login.LoadData(MainService_Login.java:106)
06-10 03:49:24.652 11319 11385 E AndroidRuntime: 	at abc.def.ghi.MainService_Login.LoadData(MainService_Login.java:106)
06-10 03:49:24.652 11319 11385 E AndroidRuntime: 	at abc.def.ghi.MainService_Login.LoadData(MainService_Login.java:106)
06-10 03:49:24.652 11319 11385 E AndroidRuntime: 	at abc.def.ghi.MainService_Login.LoadData(MainService_Login.java:106)
06-10 03:49:24.652 11319 11385 E AndroidRuntime: 	at abc.def.ghi.MainService_Login.LoadData(MainService_Login.java:106)
06-10 03:49:24.652 11319 11385 E AndroidRuntime: 	at abc.def.ghi.MainService_Login.LoadData(MainService_Login.java:106)
06-10 03:49:24.652 11319 11385 E AndroidRuntime: 	at abc.def.ghi.MainService_Login.LoadData(MainService_Login.java:106)
06-10 03:49:24.652 11319 11385 E AndroidRuntime: 	at abc.def.ghi.MainService_Login.LoadData(MainService_Login.java:106)
06-10 03:49:24.652 11319 11385 E AndroidRuntime: 	at abc.def.ghi.MainService_Login.LoadData(MainService_Login.java:106)
06-10 03:49:24.652 11319 11385 E AndroidRuntime: 	at abc.def.ghi.MainService_Login.LoadData(MainService_Login.java:106)
06-10 03:49:24.652 11319 11385 E AndroidRuntime: 	at abc.def.ghi.MainService_Login.LoadData(MainService_Login.java:106)
06-10 03:49:24.652 11319 11385 E AndroidRuntime: 	at abc.def.ghi.MainService_Login.LoadData(MainService_Login.java:106)
06-10 03:49:24.652 11319 11385 E AndroidRuntime: 	at abc.def.ghi.MainService_Login.LoadData(MainService_Login.java:106)
06-10 03:49:24.652 11319 11385 E AndroidRuntime: 	at abc.def.ghi.MainService_Login.LoadData(MainService_Login.java:106)
06-10 03:49:24.652 11319 11385 E AndroidRuntime: 	at abc.def.ghi.MainService_Login.LoadData(MainService_Login.java:106)
06-10 03:49:24.652 11319 11385 E AndroidRuntime: 	at abc.def.ghi.MainService_Login.LoadData(MainService_Login.java:106)
06-10 03:49:24.652 11319 11385 E AndroidRuntime: 	at abc.def.ghi.MainService_Login.LoadData(MainService_Login.java:106)
06-10 03:49:24.652 11319 11385 E AndroidRuntime: 	at abc.def.ghi.MainService_Login.LoadData(MainService_Login.java:106)
06-10 03:49:24.652 11319 11385 E AndroidRuntime: 	at abc.def.ghi.MainService_Login.LoadData(MainService_Login.java:106)
06-10 03:49:24.652 11319 11385 E AndroidRuntime: 	at abc.def.ghi.MainService_Login.LoadData(MainService_Login.java:106)
06-10 03:49:24.652 11319 11385 E AndroidRuntime: 	at abc.def.ghi.MainService_Login.LoadData(MainService_Login.java:106)
06-10 03:49:24.652 11319 11385 E AndroidRuntime: 	at abc.def.ghi.MainService_Login.LoadData(MainService_Login.java:106)
06-10 03:49:24.652 11319 11385 E AndroidRuntime: 	at abc.def.ghi.MainService_Login.LoadData(MainService_Login.java:106)
06-10 03:49:24.652 11319 11385 E AndroidRuntime: 	at abc.def.ghi.MainService_Login.LoadData(MainService_Login.java:106)
06-10 03:49:24.652 11319 11385 E AndroidRuntime: 	at abc.def.ghi.MainService_Login.LoadData(MainService_Login.java:106)
06-10 03:49:24.652 11319 11385 E AndroidRuntime: 	at abc.def.ghi.MainService_Login.LoadData(MainService_Login.java:106)
06-10 03:49:24.652 11319 11385 E AndroidRuntime: 	at abc.def.ghi.MainService_Login.LoadData(MainService_Login.java:106)
06-10 03:49:24.652 11319 11385 E AndroidRuntime: 	at abc.def.ghi.MainService_Login.LoadData(MainService_Login.java:106)
06-10 03:49:24.652 11319 11385 E AndroidRuntime: 	at abc.def.ghi.MainService_Login.LoadData(MainService_Login.java:106)
06-10 03:49:24.652 11319 11385 E AndroidRuntime: 	at abc.def.ghi.MainService_Login.LoadData(MainService_Login.java:106)
06-10 03:49:24.652 11319 11385 E AndroidRuntime: 	at abc.def.ghi.MainService_Login.LoadData(MainService_Login.java:106)
06-10 03:49:24.652 11319 11385 E AndroidRuntime: 	at abc.def.ghi.MainService_Login.LoadData(MainService_Login.java:106)
06-10 03:49:24.652 11319 11385 E AndroidRuntime: 	at abc.def.ghi.MainService_Login.LoadData(MainService_Login.java:106)
06-10 03:49:24.652 11319 11385 E AndroidRuntime: 	at abc.def.ghi.MainService_Login.LoadData(MainService_Login.java:106)
06-10 03:49:24.652 11319 11385 E AndroidRuntime: 	at abc.def.ghi.MainService_Login.LoadData(MainService_Login.java:106)
06-10 03:49:24.652 11319 11385 E AndroidRuntime: 	at abc.def.ghi.MainService_Login.LoadData(MainService_Login.java:106)
06-10 03:49:24.652 11319 11385 E AndroidRuntime: 	at abc.def.ghi.MainService_Login.LoadData(MainService_Login.java:106)
06-10 03:49:24.652 11319 11385 E AndroidRuntime: 	at abc.def.ghi.MainService_Login.LoadData(MainService_Login.java:106)
06-10 03:49:24.652 11319 11385 E AndroidRuntime: 	at abc.def.ghi.MainService_Login.LoadData(MainService_Login.java:106)
06-10 03:49:24.652 11319 11385 E AndroidRuntime: 	at abc.def.ghi.MainService_Login.LoadData(MainService_Login.java:106)
06-10 03:49:24.652 11319 11385 E AndroidRuntime: 	at abc.def.ghi.MainService_Login.LoadData(MainService_Login.java:106)
06-10 03:49:24.652 11319 11385 E AndroidRuntime: 	at abc.def.ghi.MainService_Login.LoadData(MainService_Login.java:106)
06-10 03:49:24.652 11319 11385 E AndroidRuntime: 	at abc.def.ghi.MainService_Login.LoadData(MainService_Login.java:106)
06-10 03:49:24.652 11319 11385 E AndroidRuntime: 	at abc.def.ghi.MainService_Login.LoadData(MainService_Login.java:106)
06-10 03:49:24.652 11319 11385 E AndroidRuntime: 	at abc.def.ghi.MainService_Login.LoadData(MainService_Login.java:106)
06-10 03:49:24.652 11319 11385 E AndroidRuntime: 	at abc.def.ghi.MainService_Login.LoadData(MainService_Login.java:106)
06-10 03:49:24.781 11319 11385 I chatty  : uid=10296 abc.def.ghi:mainService identical 99 lines
06-10 03:49:24.782 11319 11385 E AndroidRuntime: 	at abc.def.ghi.MainService_Login.LoadData(MainService_Login.java:106)
06-10 03:49:24.782 11319 11385 E AndroidRuntime: 	at abc.def.ghi.MainService_Login.LoadData(MainService_Login.java:106)
06-10 03:49:24.782 11319 11385 E AndroidRuntime: 	at abc.def.ghi.MainService_Login.LoadData(MainService_Login.java:106)
06-10 03:49:24.782 11319 11385 E AndroidRuntime: 	at abc.def.ghi.MainService_Login.LoadData(MainService_Login.java:106)
06-10 03:49:24.782 11319 11385 E AndroidRuntime: 	at abc.def.ghi.MainService_Login.LoadData(MainService_Login.java:106)
06-10 03:49:24.782 11319 11385 E AndroidRuntime: 	at abc.def.ghi.MainService_Login.LoadData(MainService_Login.java:106)
06-10 03:49:24.782 11319 11385 E AndroidRuntime: 	at abc.def.ghi.MainService_Login.LoadData(MainService_Login.java:106)
06-10 03:49:24.782 11319 11385 E AndroidRuntime: 	at abc.def.ghi.MainService_Login.LoadData(MainService_Login.java:106)
06-10 03:49:24.782 11319 11385 E AndroidRuntime: 	at abc.def.ghi.MainService_Login.LoadData(MainService_Login.java:106)
06-10 03:49:24.782 11319 11385 E AndroidRuntime: 	at abc.def.ghi.MainService_Login.LoadData(MainService_Login.java:106)
06-10 03:49:24.782 11319 11385 E AndroidRuntime: 	at abc.def.ghi.MainService_Login.LoadData(MainService_Login.java:106)
06-10 03:49:24.782 11319 11385 E AndroidRuntime: 	at abc.def.ghi.MainService_Login.LoadData(MainService_Login.java:106)
06-10 03:49:24.782 11319 11385 E AndroidRuntime: 	at abc.def.ghi.MainService_Login.LoadData(MainService_Login.java:106)
06-10 03:49:24.782 11319 11385 E AndroidRuntime: 	at abc.def.ghi.MainService_Login.LoadData(MainService_Login.java:106)
06-10 03:49:24.782 11319 11385 E AndroidRuntime: 	at abc.def.ghi.MainService_Login.LoadData(MainService_Login.java:106)
06-10 03:49:24.782 11319 11385 E AndroidRuntime: 	at abc.def.ghi.MainService_Login.LoadData(MainService_Login.java:106)
06-10 03:49:24.782 11319 11385 E AndroidRuntime: 	at abc.def.ghi.MainService_Login.LoadData(MainService_Login.java:106)
06-10 03:49:24.782 11319 11385 E AndroidRuntime: 	at abc.def.ghi.MainService_Login.LoadData(MainService_Login.java:106)
06-10 03:49:24.782 11319 11385 E AndroidRuntime: 	at abc.def.ghi.MainService_Login.LoadData(MainService_Login.java:106)
06-10 03:49:24.782 11319 11385 E AndroidRuntime: 	at abc.def.ghi.MainService_Login.LoadData(MainService_Login.java:106)
06-10 03:49:24.782 11319 11385 E AndroidRuntime: 	at abc.def.ghi.MainService_Login.LoadData(MainService_Login.java:106)
06-10 03:49:24.782 11319 11385 E AndroidRuntime: 	at abc.def.ghi.MainService_Login.LoadData(MainService_Login.java:106)
06-10 03:49:24.782 11319 11385 E AndroidRuntime: 	at abc.def.ghi.MainService_Login.LoadData(MainService_Login.java:106)
06-10 03:49:24.782 11319 11385 E AndroidRuntime: 	at abc.def.ghi.MainService_Login.LoadData(MainService_Login.java:106)
06-10 03:49:24.782 11319 11385 E AndroidRuntime: 	at abc.def.ghi.MainService_Login.LoadData(MainService_Login.java:106)
06-10 03:49:24.782 11319 11385 E AndroidRuntime: 	at abc.def.ghi.MainService_Login.LoadData(MainService_Login.java:106)
06-10 03:49:24.782 11319 11385 E AndroidRuntime: 	at abc.def.ghi.MainService_Login.LoadData(MainService_Login.java:106)
06-10 03:49:24.782 11319 11385 E AndroidRuntime: 	at abc.def.ghi.MainService_Login.LoadData(MainService_Login.java:106)
06-10 03:49:24.782 11319 11385 E AndroidRuntime: 	at abc.def.ghi.MainService_Login.LoadData(MainService_Login.java:106)
06-10 03:49:24.782 11319 11385 E AndroidRuntime: 	at abc.def.ghi.MainService_Login.LoadData(MainService_Login.java:106)
06-10 03:49:24.782 11319 11385 E AndroidRuntime: 	at abc.def.ghi.MainService_Login.LoadData(MainService_Login.java:106)
06-10 03:49:24.782 11319 11385 E AndroidRuntime: 	at abc.def.ghi.MainService_Login.LoadData(MainService_Login.java:106)
06-10 03:49:24.782 11319 11385 E AndroidRuntime: 	at abc.def.ghi.MainService_Login.LoadData(MainService_Login.java:106)
06-10 03:49:24.782 11319 11385 E AndroidRuntime: 	at abc.def.ghi.MainService_Login.LoadData(MainService_Login.java:106)
06-10 03:49:24.782 11319 11385 E AndroidRuntime: 	at abc.def.ghi.MainService_Login.LoadData(MainService_Login.java:106)
06-10 03:49:24.782 11319 11385 E AndroidRuntime: 	at abc.def.ghi.MainService_Login.LoadData(MainService_Login.java:106)
06-10 03:49:24.782 11319 11385 E AndroidRuntime: 	at abc.def.ghi.MainService_Login.LoadData(MainService_Login.java:106)
06-10 03:49:24.782 11319 11385 E AndroidRuntime: 	at abc.def.ghi.MainService_Login.LoadData(MainService_Login.java:106)
06-10 03:49:24.782 11319 11385 E AndroidRuntime: 	at abc.def.ghi.MainService_Login.LoadData(MainService_Login.java:106)
06-10 03:49:24.782 11319 11385 E AndroidRuntime: 	at abc.def.ghi.MainService_Login.LoadData(MainService_Login.java:106)
06-10 03:49:24.782 11319 11385 E AndroidRuntime: 	at abc.def.ghi.MainService_Login.LoadData(MainService_Login.java:106)
06-10 03:49:24.782 11319 11385 E AndroidRuntime: 	at abc.def.ghi.MainService_Login.LoadData(MainService_Login.java:106)
06-10 03:49:24.782 11319 11385 E AndroidRuntime: 	at abc.def.ghi.MainService_Login.LoadData(MainService_Login.java:106)
06-10 03:49:24.782 11319 11385 E AndroidRuntime: 	at abc.def.ghi.MainService_Login.LoadData(MainService_Login.java:106)
06-10 03:49:24.782 11319 11385 E AndroidRuntime: 	at abc.def.ghi.MainService_Login.LoadData(MainService_Login.java:106)
06-10 03:49:24.782 11319 11385 E AndroidRuntime: 	at abc.def.ghi.MainService_Login.LoadData(MainService_Login.java:106)
06-10 03:49:24.782 11319 11385 E AndroidRuntime: 	at abc.def.ghi.MainService_Login.LoadData(MainService_Login.java:106)
06-10 03:49:24.782 11319 11385 E AndroidRuntime: 	at abc.def.ghi.MainService_Login.LoadData(MainService_Login.java:106)
06-10 03:49:24.782 11319 11385 E AndroidRuntime: 	at abc.def.ghi.MainService_Login.LoadData(MainService_Login.java:106)
06-10 03:49:24.782 11319 11385 E AndroidRuntime: 	at abc.def.ghi.MainService_Login.LoadData(MainService_Login.java:106)
06-10 03:49:24.782 11319 11385 E AndroidRuntime: 	at abc.def.ghi.MainService_Login.LoadData(MainService_Login.java:106)
06-10 03:49:24.782 11319 11385 E AndroidRuntime: 	at abc.def.ghi.MainService_Login.LoadData(MainService_Login.java:106)
06-10 03:49:24.782 11319 11385 E AndroidRuntime: 	at abc.def.ghi.MainService_Login.LoadData(MainService_Login.java:106)
06-10 03:49:24.782 11319 11385 E AndroidRuntime: 	at abc.def.ghi.MainService_Login.LoadData(MainService_Login.java:106)
06-10 03:49:24.782 11319 11385 E AndroidRuntime: 	at abc.def.ghi.MainService_Login.LoadData(MainService_Login.java:106)
06-10 03:49:24.782 11319 11385 E AndroidRuntime: 	at abc.def.ghi.MainService_Login.LoadData(MainService_Login.java:106)
06-10 03:49:24.783 11319 11385 E AndroidRuntime: 	at abc.def.ghi.MainService_Login.LoadData(MainService_Login.java:106)
06-10 03:49:24.783 11319 11385 E AndroidRuntime: 	at abc.def.ghi.MainService_Login.LoadData(MainService_Login.java:106)
06-10 03:49:24.783 11319 11385 E AndroidRuntime: 	at abc.def.ghi.MainService_Login.LoadData(MainService_Login.java:106)
06-10 03:49:24.783 11319 11385 E AndroidRuntime: 	at abc.def.ghi.MainService_Login.LoadData(MainService_Login.java:106)
06-10 03:49:24.783 11319 11385 E AndroidRuntime: 	at abc.def.ghi.MainService_Login.LoadData(MainService_Login.java:106)
06-10 03:49:24.783 11319 11385 E AndroidRuntime: 	at abc.def.ghi.MainService_Login.LoadData(MainService_Login.java:106)
06-10 03:49:24.783 11319 11385 E AndroidRuntime: 	at abc.def.ghi.MainService_Login.LoadData(MainService_Login.java:106)
06-10 03:49:24.783 11319 11385 E AndroidRuntime: 	at abc.def.ghi.MainService_Login.LoadData(MainService_Login.java:106)
06-10 03:49:24.783 11319 11385 E AndroidRuntime: 	at abc.def.ghi.MainService_Login.LoadData(MainService_Login.java:106)
06-10 03:49:24.783 11319 11385 E AndroidRuntime: 	at abc.def.ghi.MainService_Login.LoadData(MainService_Login.java:106)
06-10 03:49:24.783 11319 11385 E AndroidRuntime: 	at abc.def.ghi.MainService_Login.access$000(MainService_Login.java:26)
06-10 03:49:24.783 11319 11385 E AndroidRuntime: 	at abc.def.ghi.MainService_Login$1.run(MainService_Login.java:68)
06-10 03:49:24.783 11319 11385 E AndroidRuntime: 	at java.lang.Thread.run(Thread.java:784)
06-10 03:50:22.269  1413  2575 I chatty  : uid=1000(system) Binder:1413_9 expire 24 lines
06-10 03:50:22.430  1413  4697 I chatty  : uid=1000(system) Binder:1413_12 expire 15 lines
06-10 03:50:47.573  2577  2723 E KernelCpuSpeedReader: Failed to read cpu-freq: /sys/devices/system/cpu/cpu0/cpufreq/stats/time_in_state (No such file or directory)
06-10 03:50:47.574  2577  2723 E KernelCpuSpeedReader: Failed to read cpu-freq: /sys/devices/system/cpu/cpu4/cpufreq/stats/time_in_state (No such file or directory)
06-10 03:51:22.335  1413  4697 I chatty  : uid=1000(system) Binder:1413_12 expire 2 lines
06-10 03:51:22.348  1413  1413 I chatty  : uid=1000 system_server expire 14 lines
06-10 03:51:48.333  1413  4691 I chatty  : uid=1000(system) Binder:1413_11 expire 16 lines
06-10 03:51:53.165  1413  1936 I chatty  : uid=1000(system) ActivityManager expire 8 lines
06-10 03:52:47.671  2577  2723 E KernelCpuSpeedReader: Failed to read cpu-freq: /sys/devices/system/cpu/cpu0/cpufreq/stats/time_in_state (No such file or directory)
06-10 03:52:47.672  2577  2723 E KernelCpuSpeedReader: Failed to read cpu-freq: /sys/devices/system/cpu/cpu4/cpufreq/stats/time_in_state (No such file or directory)
06-10 03:53:14.284  1413  4691 I chatty  : uid=1000(system) Binder:1413_11 expire 11 lines
06-10 03:54:40.353  1413  2614 I chatty  : uid=1000(system) Binder:1413_C expire 16 lines
06-10 03:54:47.750  2577  2723 E KernelCpuSpeedReader: Failed to read cpu-freq: /sys/devices/system/cpu/cpu0/cpufreq/stats/time_in_state (No such file or directory)
06-10 03:54:47.750  2577  2723 E KernelCpuSpeedReader: Failed to read cpu-freq: /sys/devices/system/cpu/cpu4/cpufreq/stats/time_in_state (No such file or directory)
06-10 03:54:54.950  1413  2467 I chatty  : uid=1000(system) watchdog expire 6 lines
06-10 03:56:06.413  1413  2602 I chatty  : uid=1000(system) Binder:1413_B expire 6 lines
06-10 03:56:06.418  1413  1413 I chatty  : uid=1000 system_server expire 8 lines
06-10 03:56:06.529  1413  4691 I chatty  : uid=1000(system) Binder:1413_11 expire 15 lines
06-10 03:56:47.849  2577  2723 E KernelCpuSpeedReader: Failed to read cpu-freq: /sys/devices/system/cpu/cpu0/cpufreq/stats/time_in_state (No such file or directory)
06-10 03:56:47.850  2577  2723 E KernelCpuSpeedReader: Failed to read cpu-freq: /sys/devices/system/cpu/cpu4/cpufreq/stats/time_in_state (No such file or directory)
06-10 03:57:22.081  1413  2614 I chatty  : uid=1000(system) Binder:1413_C expire 3 lines
06-10 03:57:32.676  1413  4691 I chatty  : uid=1000(system) Binder:1413_11 expire 21 lines
06-10 03:57:32.806  1413  2614 I chatty  : uid=1000(system) Binder:1413_C expire 13 lines
06-10 03:57:33.967  1413  2575 I chatty  : uid=1000(system) Binder:1413_9 expire 19 lines
06-10 03:57:37.671  1413  1936 I chatty  : uid=1000(system) ActivityManager expire 12 lines
06-10 03:57:54.971  1413  2467 I chatty  : uid=1000(system) watchdog expire 10 lines
06-10 03:58:22.152  1413  1413 I chatty  : uid=1000 system_server expire 10 lines
06-10 03:58:47.949  2577  2723 E KernelCpuSpeedReader: Failed to read cpu-freq: /sys/devices/system/cpu/cpu0/cpufreq/stats/time_in_state (No such file or directory)
06-10 03:58:47.950  2577  2723 E KernelCpuSpeedReader: Failed to read cpu-freq: /sys/devices/system/cpu/cpu4/cpufreq/stats/time_in_state (No such file or directory)
06-10 03:58:59.037  1413  2614 I chatty  : uid=1000(system) Binder:1413_C expire 11 lines
06-10 03:58:59.150  1413  4686 I chatty  : uid=1000(system) Binder:1413_10 expire 16 lines
06-10 03:59:00.302  1413  2602 I chatty  : uid=1000(system) Binder:1413_B expire 13 lines
06-10 04:00:25.489  1413  2195 I chatty  : uid=1000(system) NetworkStats expire 7 lines
06-10 04:00:25.553  1413  2193 I chatty  : uid=1000(system) NetdConnector expire 6 lines
06-10 04:00:25.588  1413  4697 I chatty  : uid=1000(system) Binder:1413_12 expire 23 lines
06-10 04:00:25.678  2577 20317 E KernelCpuSpeedReader: Failed to read cpu-freq: /sys/devices/system/cpu/cpu0/cpufreq/stats/time_in_state (No such file or directory)
06-10 04:00:25.678  2577 20317 E KernelCpuSpeedReader: Failed to read cpu-freq: /sys/devices/system/cpu/cpu4/cpufreq/stats/time_in_state (No such file or directory)
06-10 04:00:26.052  1413  2602 I chatty  : uid=1000(system) Binder:1413_B expire 6 lines
06-10 04:00:48.042  2577  2723 E KernelCpuSpeedReader: Failed to read cpu-freq: /sys/devices/system/cpu/cpu0/cpufreq/stats/time_in_state (No such file or directory)
06-10 04:00:48.043  2577  2723 E KernelCpuSpeedReader: Failed to read cpu-freq: /sys/devices/system/cpu/cpu4/cpufreq/stats/time_in_state (No such file or directory)
06-10 04:01:52.077  1413  2614 I chatty  : uid=1000(system) Binder:1413_C expire 1 line
06-10 04:01:52.088  1413  1413 I chatty  : uid=1000 system_server expire 14 lines
06-10 04:02:48.160  2577  2723 E KernelCpuSpeedReader: Failed to read cpu-freq: /sys/devices/system/cpu/cpu0/cpufreq/stats/time_in_state (No such file or directory)
06-10 04:02:48.161  2577  2723 E KernelCpuSpeedReader: Failed to read cpu-freq: /sys/devices/system/cpu/cpu4/cpufreq/stats/time_in_state (No such file or directory)
06-10 04:02:55.005  1413  2467 I chatty  : uid=1000(system) watchdog expire 7 lines
06-10 04:03:12.791  1413  1950 I chatty  : uid=1000(system) batterystats-wo expire 4 lines
06-10 04:03:18.870  1413  4691 I chatty  : uid=1000(system) Binder:1413_11 expire 5 lines
06-10 04:03:41.445  1413  2267 I chatty  : uid=1000(system) StatisticsCHRMs expire 4 lines
06-10 04:04:45.641  1413  4686 I chatty  : uid=1000(system) Binder:1413_10 expire 27 lines
06-10 04:04:48.236  2577  2723 E KernelCpuSpeedReader: Failed to read cpu-freq: /sys/devices/system/cpu/cpu0/cpufreq/stats/time_in_state (No such file or directory)
06-10 04:04:48.237  2577  2723 E KernelCpuSpeedReader: Failed to read cpu-freq: /sys/devices/system/cpu/cpu4/cpufreq/stats/time_in_state (No such file or directory)
06-10 04:04:50.510  1413  1936 I chatty  : uid=1000(system) ActivityManager expire 10 lines
06-10 04:06:25.029  1413  2467 I chatty  : uid=1000(system) watchdog expire 13 lines
06-10 04:06:48.326  2577  2723 E KernelCpuSpeedReader: Failed to read cpu-freq: /sys/devices/system/cpu/cpu0/cpufreq/stats/time_in_state (No such file or directory)
06-10 04:06:48.326  2577  2723 E KernelCpuSpeedReader: Failed to read cpu-freq: /sys/devices/system/cpu/cpu4/cpufreq/stats/time_in_state (No such file or directory)
06-10 04:07:39.355  1413  4686 I chatty  : uid=1000(system) Binder:1413_10 expire 28 lines
06-10 04:07:39.368  1413  2614 I chatty  : uid=1000(system) Binder:1413_C expire 12 lines
06-10 04:07:39.378  1413  1413 I chatty  : uid=1000 system_server expire 10 lines
06-10 04:07:39.477  1413  4697 I chatty  : uid=1000(system) Binder:1413_12 expire 21 lines
06-10 04:08:48.410  2577  2723 E KernelCpuSpeedReader: Failed to read cpu-freq: /sys/devices/system/cpu/cpu0/cpufreq/stats/time_in_state (No such file or directory)
06-10 04:08:48.410  2577  2723 E KernelCpuSpeedReader: Failed to read cpu-freq: /sys/devices/system/cpu/cpu4/cpufreq/stats/time_in_state (No such file or directory)
06-10 04:08:51.529  1413  1928 I chatty  : uid=1000(system) android.bg expire 1 line
06-10 04:09:06.443  1413  4697 I chatty  : uid=1000(system) Binder:1413_12 expire 1 line
06-10 04:09:06.549  1413  4691 I chatty  : uid=1000(system) Binder:1413_11 expire 30 lines
06-10 04:09:07.733  1413  2575 I chatty  : uid=1000(system) Binder:1413_9 expire 17 lines
06-10 04:10:48.494  2577  2723 E KernelCpuSpeedReader: Failed to read cpu-freq: /sys/devices/system/cpu/cpu0/cpufreq/stats/time_in_state (No such file or directory)
06-10 04:10:48.495  2577  2723 E KernelCpuSpeedReader: Failed to read cpu-freq: /sys/devices/system/cpu/cpu4/cpufreq/stats/time_in_state (No such file or directory)
06-10 04:11:22.289  1413  1413 I chatty  : uid=1000 system_server expire 12 lines
06-10 04:12:01.003  1413  4691 I chatty  : uid=1000(system) Binder:1413_11 expire 21 lines
06-10 04:12:05.875  1413  1936 I chatty  : uid=1000(system) ActivityManager expire 8 lines
06-10 04:12:48.593  2577  2723 E KernelCpuSpeedReader: Failed to read cpu-freq: /sys/devices/system/cpu/cpu0/cpufreq/stats/time_in_state (No such file or directory)
06-10 04:12:48.594  2577  2723 E KernelCpuSpeedReader: Failed to read cpu-freq: /sys/devices/system/cpu/cpu4/cpufreq/stats/time_in_state (No such file or directory)
06-10 04:12:55.073  1413  2467 I chatty  : uid=1000(system) watchdog expire 8 lines
06-10 04:13:22.419  1413  4691 I chatty  : uid=1000(system) Binder:1413_11 expire 80 lines
06-10 04:14:48.694  2577  2723 E KernelCpuSpeedReader: Failed to read cpu-freq: /sys/devices/system/cpu/cpu0/cpufreq/stats/time_in_state (No such file or directory)
06-10 04:14:48.695  2577  2723 E KernelCpuSpeedReader: Failed to read cpu-freq: /sys/devices/system/cpu/cpu4/cpufreq/stats/time_in_state (No such file or directory)
06-10 04:14:55.778  1413  2575 I chatty  : uid=1000(system) Binder:1413_9 expire 23 lines
06-10 04:14:55.784  1413  1413 I chatty  : uid=1000 system_server expire 8 lines
06-10 04:14:55.827  1413  4416 I chatty  : uid=1000(system) Binder:1413_F expire 23 lines
06-10 04:16:48.790  2577  2723 E KernelCpuSpeedReader: Failed to read cpu-freq: /sys/devices/system/cpu/cpu0/cpufreq/stats/time_in_state (No such file or directory)
06-10 04:16:48.791  2577  2723 E KernelCpuSpeedReader: Failed to read cpu-freq: /sys/devices/system/cpu/cpu4/cpufreq/stats/time_in_state (No such file or directory)
06-10 04:16:55.098  1413  2467 I chatty  : uid=1000(system) watchdog expire 12 lines
06-10 04:17:50.994  1413  4686 I chatty  : uid=1000(system) Binder:1413_10 expire 24 lines
06-10 04:17:51.017  1413  2614 I chatty  : uid=1000(system) Binder:1413_C expire 11 lines
06-10 04:17:51.025  1413  1413 I chatty  : uid=1000 system_server expire 12 lines
06-10 04:17:51.127  1413  4691 I chatty  : uid=1000(system) Binder:1413_11 expire 11 lines
06-10 04:17:55.990  1413  1936 I chatty  : uid=1000(system) ActivityManager expire 12 lines
06-10 04:18:48.880  2577  2723 E KernelCpuSpeedReader: Failed to read cpu-freq: /sys/devices/system/cpu/cpu0/cpufreq/stats/time_in_state (No such file or directory)
06-10 04:18:48.881  2577  2723 E KernelCpuSpeedReader: Failed to read cpu-freq: /sys/devices/system/cpu/cpu4/cpufreq/stats/time_in_state (No such file or directory)
06-10 04:19:18.792  1413  4691 I chatty  : uid=1000(system) Binder:1413_11 expire 16 lines
06-10 04:19:18.913  1413  2602 I chatty  : uid=1000(system) Binder:1413_B expire 10 lines
06-10 04:19:19.301  1413  2614 I chatty  : uid=1000(system) Binder:1413_C expire 23 lines
06-10 04:20:48.950  2577  2723 E KernelCpuSpeedReader: Failed to read cpu-freq: /sys/devices/system/cpu/cpu0/cpufreq/stats/time_in_state (No such file or directory)
06-10 04:20:48.951  2577  2723 E KernelCpuSpeedReader: Failed to read cpu-freq: /sys/devices/system/cpu/cpu4/cpufreq/stats/time_in_state (No such file or directory)
06-10 04:21:22.329  1413  2614 I chatty  : uid=1000(system) Binder:1413_C expire 15 lines
06-10 04:21:22.343  1413  1413 I chatty  : uid=1000 system_server expire 12 lines
06-10 04:22:14.625  1413  4691 I chatty  : uid=1000(system) Binder:1413_11 expire 19 lines
06-10 04:22:14.744  1413  2575 I chatty  : uid=1000(system) Binder:1413_9 expire 15 lines
06-10 04:22:49.056  2577  2723 E KernelCpuSpeedReader: Failed to read cpu-freq: /sys/devices/system/cpu/cpu0/cpufreq/stats/time_in_state (No such file or directory)
06-10 04:22:49.057  2577  2723 E KernelCpuSpeedReader: Failed to read cpu-freq: /sys/devices/system/cpu/cpu4/cpufreq/stats/time_in_state (No such file or directory)
06-10 04:22:55.139  1413  2467 I chatty  : uid=1000(system) watchdog expire 11 lines
06-10 04:23:22.473  1413  2575 I chatty  : uid=1000(system) Binder:1413_9 expire 2 lines
06-10 04:24:49.153  2577  2723 E KernelCpuSpeedReader: Failed to read cpu-freq: /sys/devices/system/cpu/cpu0/cpufreq/stats/time_in_state (No such file or directory)
06-10 04:24:49.154  2577  2723 E KernelCpuSpeedReader: Failed to read cpu-freq: /sys/devices/system/cpu/cpu4/cpufreq/stats/time_in_state (No such file or directory)
06-10 04:25:10.931  1413  2614 I chatty  : uid=1000(system) Binder:1413_C expire 1 line
06-10 04:25:10.947  1413  1413 I chatty  : uid=1000 system_server expire 6 lines
06-10 04:25:15.917  1413  1936 I chatty  : uid=1000(system) ActivityManager expire 4 lines
06-10 04:26:49.246  2577  2723 E KernelCpuSpeedReader: Failed to read cpu-freq: /sys/devices/system/cpu/cpu0/cpufreq/stats/time_in_state (No such file or directory)
06-10 04:26:49.246  2577  2723 E KernelCpuSpeedReader: Failed to read cpu-freq: /sys/devices/system/cpu/cpu4/cpufreq/stats/time_in_state (No such file or directory)
06-10 04:28:07.556  1413  4686 I chatty  : uid=1000(system) Binder:1413_10 expire 27 lines
06-10 04:28:07.568  1413  1413 I chatty  : uid=1000 system_server expire 15 lines
06-10 04:28:07.673  1413  2602 I chatty  : uid=1000(system) Binder:1413_B expire 15 lines
06-10 04:28:12.548  1413  1936 I chatty  : uid=1000(system) ActivityManager expire 12 lines
06-10 04:28:25.175  1413  2467 I chatty  : uid=1000(system) watchdog expire 13 lines
06-10 04:28:49.362  2577  2723 E KernelCpuSpeedReader: Failed to read cpu-freq: /sys/devices/system/cpu/cpu0/cpufreq/stats/time_in_state (No such file or directory)
06-10 04:28:49.363  2577  2723 E KernelCpuSpeedReader: Failed to read cpu-freq: /sys/devices/system/cpu/cpu4/cpufreq/stats/time_in_state (No such file or directory)
06-10 04:29:36.165  1413  2602 I chatty  : uid=1000(system) Binder:1413_B expire 15 lines
06-10 04:29:37.351  1413  4416 I chatty  : uid=1000(system) Binder:1413_F expire 10 lines
06-10 04:30:49.483  2577  2723 E KernelCpuSpeedReader: Failed to read cpu-freq: /sys/devices/system/cpu/cpu0/cpufreq/stats/time_in_state (No such file or directory)
06-10 04:30:49.484  2577  2723 E KernelCpuSpeedReader: Failed to read cpu-freq: /sys/devices/system/cpu/cpu4/cpufreq/stats/time_in_state (No such file or directory)
06-10 04:31:04.602  1413  2195 I chatty  : uid=1000(system) NetworkStats expire 7 lines
06-10 04:31:04.622  1413  2602 I chatty  : uid=1000(system) Binder:1413_B expire 16 lines
06-10 04:31:04.669  1413  2193 I chatty  : uid=1000(system) NetdConnector expire 6 lines
06-10 04:31:04.760  1413  2614 I chatty  : uid=1000(system) Binder:1413_C expire 7 lines
06-10 04:31:04.774 16359 16359 D ActivityThread: Attach thread to application
06-10 04:31:05.155  1413  4416 I chatty  : uid=1000(system) Binder:1413_F expire 15 lines
06-10 04:31:05.207  1413  4697 I chatty  : uid=1000(system) Binder:1413_12 expire 22 lines
06-10 04:31:05.224  1413  2575 I chatty  : uid=1000(system) Binder:1413_9 expire 19 lines
06-10 04:31:05.309  2577  6631 E KernelCpuSpeedReader: Failed to read cpu-freq: /sys/devices/system/cpu/cpu0/cpufreq/stats/time_in_state (No such file or directory)
06-10 04:31:05.309  2577  6631 E KernelCpuSpeedReader: Failed to read cpu-freq: /sys/devices/system/cpu/cpu4/cpufreq/stats/time_in_state (No such file or directory)
06-10 04:32:49.575  2577  2723 E KernelCpuSpeedReader: Failed to read cpu-freq: /sys/devices/system/cpu/cpu0/cpufreq/stats/time_in_state (No such file or directory)
06-10 04:32:49.576  2577  2723 E KernelCpuSpeedReader: Failed to read cpu-freq: /sys/devices/system/cpu/cpu4/cpufreq/stats/time_in_state (No such file or directory)
06-10 04:33:04.852  1413  4416 I chatty  : uid=1000(system) Binder:1413_F expire 2 lines
06-10 04:33:04.868  1413  1413 I chatty  : uid=1000 system_server expire 8 lines
06-10 04:33:12.800  1413  1950 I chatty  : uid=1000(system) batterystats-wo expire 4 lines
06-10 04:33:41.491  1413  2267 I chatty  : uid=1000(system) StatisticsCHRMs expire 4 lines
06-10 04:34:02.079  1413  2602 I chatty  : uid=1000(system) Binder:1413_B expire 1 line
06-10 04:34:49.662  2577  2723 E KernelCpuSpeedReader: Failed to read cpu-freq: /sys/devices/system/cpu/cpu0/cpufreq/stats/time_in_state (No such file or directory)
06-10 04:34:49.663  2577  2723 E KernelCpuSpeedReader: Failed to read cpu-freq: /sys/devices/system/cpu/cpu4/cpufreq/stats/time_in_state (No such file or directory)
06-10 04:34:55.220  1413  2467 I chatty  : uid=1000(system) watchdog expire 5 lines
06-10 04:35:32.261  1413  4686 I chatty  : uid=1000(system) Binder:1413_10 expire 7 lines
06-10 04:35:35.937  1413  1936 I chatty  : uid=1000(system) ActivityManager expire 10 lines
06-10 04:36:49.740  2577  2723 E KernelCpuSpeedReader: Failed to read cpu-freq: /sys/devices/system/cpu/cpu0/cpufreq/stats/time_in_state (No such file or directory)
06-10 04:36:49.741  2577  2723 E KernelCpuSpeedReader: Failed to read cpu-freq: /sys/devices/system/cpu/cpu4/cpufreq/stats/time_in_state (No such file or directory)
06-10 04:37:01.177  1413  4697 I chatty  : uid=1000(system) Binder:1413_12 expire 23 lines
06-10 04:37:22.119  1413  1413 I chatty  : uid=1000 system_server expire 10 lines
06-10 04:37:25.236  1413  2467 I chatty  : uid=1000(system) watchdog expire 11 lines
06-10 04:38:29.125  1413  2602 I chatty  : uid=1000(system) Binder:1413_B expire 20 lines
06-10 04:38:49.819  2577  2723 E KernelCpuSpeedReader: Failed to read cpu-freq: /sys/devices/system/cpu/cpu0/cpufreq/stats/time_in_state (No such file or directory)
06-10 04:38:49.819  2577  2723 E KernelCpuSpeedReader: Failed to read cpu-freq: /sys/devices/system/cpu/cpu4/cpufreq/stats/time_in_state (No such file or directory)
06-10 04:39:58.166  1413  4686 I chatty  : uid=1000(system) Binder:1413_10 expire 23 lines
06-10 04:39:58.290  1413  2602 I chatty  : uid=1000(system) Binder:1413_B expire 15 lines
06-10 04:40:49.914  2577  2723 E KernelCpuSpeedReader: Failed to read cpu-freq: /sys/devices/system/cpu/cpu0/cpufreq/stats/time_in_state (No such file or directory)
06-10 04:40:49.915  2577  2723 E KernelCpuSpeedReader: Failed to read cpu-freq: /sys/devices/system/cpu/cpu4/cpufreq/stats/time_in_state (No such file or directory)
06-10 04:41:27.449  1413  1413 I chatty  : uid=1000 system_server expire 10 lines
06-10 04:41:27.567  1413  2315 I chatty  : uid=1000(system) Binder:1413_4 expire 11 lines
06-10 04:42:50.039  2577  2723 E KernelCpuSpeedReader: Failed to read cpu-freq: /sys/devices/system/cpu/cpu0/cpufreq/stats/time_in_state (No such file or directory)
06-10 04:42:50.040  2577  2723 E KernelCpuSpeedReader: Failed to read cpu-freq: /sys/devices/system/cpu/cpu4/cpufreq/stats/time_in_state (No such file or directory)
06-10 04:42:55.272  1413  2467 I chatty  : uid=1000(system) watchdog expire 10 lines
06-10 04:42:58.165  1413  4691 I chatty  : uid=1000(system) Binder:1413_11 expire 8 lines
06-10 04:43:01.840  1413  1936 I chatty  : uid=1000(system) ActivityManager expire 6 lines
06-10 04:44:26.477  1413  4686 I chatty  : uid=1000(system) Binder:1413_10 expire 15 lines
06-10 04:44:50.128  2577  2723 E KernelCpuSpeedReader: Failed to read cpu-freq: /sys/devices/system/cpu/cpu0/cpufreq/stats/time_in_state (No such file or directory)
06-10 04:44:50.129  2577  2723 E KernelCpuSpeedReader: Failed to read cpu-freq: /sys/devices/system/cpu/cpu4/cpufreq/stats/time_in_state (No such file or directory)
06-10 04:45:21.912  1413  4697 I chatty  : uid=1000(system) Binder:1413_12 expire 16 lines
06-10 04:45:21.930  1413  1413 I chatty  : uid=1000 system_server expire 10 lines
06-10 04:45:55.891  1413  4686 I chatty  : uid=1000(system) Binder:1413_10 expire 3 lines
06-10 04:45:57.170  1413  2575 I chatty  : uid=1000(system) Binder:1413_9 expire 7 lines
06-10 04:46:50.232  2577  2723 E KernelCpuSpeedReader: Failed to read cpu-freq: /sys/devices/system/cpu/cpu0/cpufreq/stats/time_in_state (No such file or directory)
06-10 04:46:50.233  2577  2723 E KernelCpuSpeedReader: Failed to read cpu-freq: /sys/devices/system/cpu/cpu4/cpufreq/stats/time_in_state (No such file or directory)
06-10 04:47:25.758  1413  4697 I chatty  : uid=1000(system) Binder:1413_12 expire 21 lines
06-10 04:47:30.549  1413  1936 I chatty  : uid=1000(system) ActivityManager expire 10 lines
06-10 04:47:55.306  1413  2467 I chatty  : uid=1000(system) watchdog expire 10 lines
06-10 04:48:22.134  1413  1413 I chatty  : uid=1000 system_server expire 10 lines
06-10 04:48:50.332  2577  2723 E KernelCpuSpeedReader: Failed to read cpu-freq: /sys/devices/system/cpu/cpu0/cpufreq/stats/time_in_state (No such file or directory)
06-10 04:48:50.333  2577  2723 E KernelCpuSpeedReader: Failed to read cpu-freq: /sys/devices/system/cpu/cpu4/cpufreq/stats/time_in_state (No such file or directory)
06-10 04:48:55.373  1413  2575 I chatty  : uid=1000(system) Binder:1413_9 expire 5 lines
06-10 04:48:55.488  1413  4697 I chatty  : uid=1000(system) Binder:1413_12 expire 15 lines
06-10 04:48:55.497  1413  2602 I chatty  : uid=1000(system) Binder:1413_B expire 26 lines
06-10 04:50:50.426  2577  2723 E KernelCpuSpeedReader: Failed to read cpu-freq: /sys/devices/system/cpu/cpu0/cpufreq/stats/time_in_state (No such file or directory)
06-10 04:50:50.426  2577  2723 E KernelCpuSpeedReader: Failed to read cpu-freq: /sys/devices/system/cpu/cpu4/cpufreq/stats/time_in_state (No such file or directory)
06-10 04:51:55.258  1413  2602 I chatty  : uid=1000(system) Binder:1413_B expire 21 lines
06-10 04:51:55.399  1413  4416 I chatty  : uid=1000(system) Binder:1413_F expire 15 lines
06-10 04:52:50.555  2577  2723 E KernelCpuSpeedReader: Failed to read cpu-freq: /sys/devices/system/cpu/cpu0/cpufreq/stats/time_in_state (No such file or directory)
06-10 04:52:50.556  2577  2723 E KernelCpuSpeedReader: Failed to read cpu-freq: /sys/devices/system/cpu/cpu4/cpufreq/stats/time_in_state (No such file or directory)
06-10 04:52:55.335  1413  2467 I chatty  : uid=1000(system) watchdog expire 11 lines
06-10 04:53:25.468  1413  4691 I chatty  : uid=1000(system) Binder:1413_11 expire 5 lines
06-10 04:54:50.707  2577  2723 E KernelCpuSpeedReader: Failed to read cpu-freq: /sys/devices/system/cpu/cpu0/cpufreq/stats/time_in_state (No such file or directory)
06-10 04:54:50.708  2577  2723 E KernelCpuSpeedReader: Failed to read cpu-freq: /sys/devices/system/cpu/cpu4/cpufreq/stats/time_in_state (No such file or directory)
06-10 04:54:55.492  1413  2602 I chatty  : uid=1000(system) Binder:1413_B expire 32 lines
06-10 04:54:55.499  1413  1413 I chatty  : uid=1000 system_server expire 12 lines
06-10 04:54:55.619  1413  4697 I chatty  : uid=1000(system) Binder:1413_12 expire 12 lines
06-10 04:55:00.486  1413  1936 I chatty  : uid=1000(system) ActivityManager expire 4 lines
06-10 04:56:50.797  2577  2723 E KernelCpuSpeedReader: Failed to read cpu-freq: /sys/devices/system/cpu/cpu0/cpufreq/stats/time_in_state (No such file or directory)
06-10 04:56:50.797  2577  2723 E KernelCpuSpeedReader: Failed to read cpu-freq: /sys/devices/system/cpu/cpu4/cpufreq/stats/time_in_state (No such file or directory)
06-10 04:57:22.001  1413  2602 I chatty  : uid=1000(system) Binder:1413_B expire 13 lines
06-10 04:57:56.300  1413  2575 I chatty  : uid=1000(system) Binder:1413_9 expire 12 lines
06-10 04:58:01.137  1413  1936 I chatty  : uid=1000(system) ActivityManager expire 12 lines
06-10 04:58:22.040  1413  1413 I chatty  : uid=1000 system_server expire 16 lines
06-10 04:58:25.370  1413  2467 I chatty  : uid=1000(system) watchdog expire 13 lines
06-10 04:58:50.896  2577  2723 E KernelCpuSpeedReader: Failed to read cpu-freq: /sys/devices/system/cpu/cpu0/cpufreq/stats/time_in_state (No such file or directory)
06-10 04:58:50.897  2577  2723 E KernelCpuSpeedReader: Failed to read cpu-freq: /sys/devices/system/cpu/cpu4/cpufreq/stats/time_in_state (No such file or directory)
06-10 04:59:22.093  1413  2575 I chatty  : uid=1000(system) Binder:1413_9 expire 22 lines
06-10 04:59:26.728  1413  4691 I chatty  : uid=1000(system) Binder:1413_11 expire 16 lines
06-10 05:00:50.984  2577  2723 E KernelCpuSpeedReader: Failed to read cpu-freq: /sys/devices/system/cpu/cpu0/cpufreq/stats/time_in_state (No such file or directory)
06-10 05:00:50.984  2577  2723 E KernelCpuSpeedReader: Failed to read cpu-freq: /sys/devices/system/cpu/cpu4/cpufreq/stats/time_in_state (No such file or directory)
06-10 05:00:57.169  1413  2195 I chatty  : uid=1000(system) NetworkStats expire 7 lines
06-10 05:00:57.187  1413  4691 I chatty  : uid=1000(system) Binder:1413_11 expire 4 lines
06-10 05:00:57.227  1413  2193 I chatty  : uid=1000(system) NetdConnector expire 6 lines
06-10 05:00:57.289  1413  6374 I chatty  : uid=1000(system) Binder:1413_13 expire 18 lines
06-10 05:00:57.707  1413  1447 I chatty  : uid=1000(system) Binder:1413_2 expire 7 lines
06-10 05:02:51.082  2577  2723 E KernelCpuSpeedReader: Failed to read cpu-freq: /sys/devices/system/cpu/cpu0/cpufreq/stats/time_in_state (No such file or directory)
06-10 05:02:51.083  2577  2723 E KernelCpuSpeedReader: Failed to read cpu-freq: /sys/devices/system/cpu/cpu4/cpufreq/stats/time_in_state (No such file or directory)
06-10 05:03:12.800  1413  1950 I chatty  : uid=1000(system) batterystats-wo expire 4 lines
06-10 05:03:31.446  1413  1413 I chatty  : uid=1000 system_server expire 11 lines
06-10 05:03:41.600  1413  2267 I chatty  : uid=1000(system) StatisticsCHRMs expire 4 lines
06-10 05:03:58.799  1413  2602 I chatty  : uid=1000(system) Binder:1413_B expire 11 lines
06-10 05:03:58.808  1413  6374 I chatty  : uid=1000(system) Binder:1413_13 expire 10 lines
06-10 05:04:51.177  2577  2723 E KernelCpuSpeedReader: Failed to read cpu-freq: /sys/devices/system/cpu/cpu0/cpufreq/stats/time_in_state (No such file or directory)
06-10 05:04:51.178  2577  2723 E KernelCpuSpeedReader: Failed to read cpu-freq: /sys/devices/system/cpu/cpu4/cpufreq/stats/time_in_state (No such file or directory)
06-10 05:04:55.415  1413  2467 I chatty  : uid=1000(system) watchdog expire 5 lines
06-10 05:05:21.907  1413  6374 I chatty  : uid=1000(system) Binder:1413_13 expire 2 lines
06-10 05:05:29.709  1413  2602 I chatty  : uid=1000(system) Binder:1413_B expire 21 lines
06-10 05:05:34.586  1413  1936 I chatty  : uid=1000(system) ActivityManager expire 10 lines
06-10 05:06:51.263  2577  2723 E KernelCpuSpeedReader: Failed to read cpu-freq: /sys/devices/system/cpu/cpu0/cpufreq/stats/time_in_state (No such file or directory)
06-10 05:06:51.264  2577  2723 E KernelCpuSpeedReader: Failed to read cpu-freq: /sys/devices/system/cpu/cpu4/cpufreq/stats/time_in_state (No such file or directory)
06-10 05:07:00.563  1413  2575 I chatty  : uid=1000(system) Binder:1413_9 expire 1 line
06-10 05:07:00.588  1413  2602 I chatty  : uid=1000(system) Binder:1413_B expire 8 lines
06-10 05:07:00.602  1413  1413 I chatty  : uid=1000 system_server expire 10 lines
06-10 05:07:00.704  1413  6374 I chatty  : uid=1000(system) Binder:1413_13 expire 36 lines
06-10 05:07:01.017  1413  1928 I chatty  : uid=1000(system) android.bg expire 1 line
06-10 05:07:25.432  1413  2467 I chatty  : uid=1000(system) watchdog expire 11 lines
06-10 05:08:31.654  1413  2614 I chatty  : uid=1000(system) Binder:1413_C expire 24 lines
06-10 05:08:32.945  1413  4691 I chatty  : uid=1000(system) Binder:1413_11 expire 11 lines
06-10 05:08:51.353  2577  2723 E KernelCpuSpeedReader: Failed to read cpu-freq: /sys/devices/system/cpu/cpu0/cpufreq/stats/time_in_state (No such file or directory)
06-10 05:08:51.354  2577  2723 E KernelCpuSpeedReader: Failed to read cpu-freq: /sys/devices/system/cpu/cpu4/cpufreq/stats/time_in_state (No such file or directory)
06-10 05:10:03.018  1413  1447 I chatty  : uid=1000(system) Binder:1413_2 expire 19 lines
06-10 05:10:03.026  1413  6374 I chatty  : uid=1000(system) Binder:1413_13 expire 22 lines
06-10 05:10:51.489  2577  2723 E KernelCpuSpeedReader: Failed to read cpu-freq: /sys/devices/system/cpu/cpu0/cpufreq/stats/time_in_state (No such file or directory)
06-10 05:10:51.490  2577  2723 E KernelCpuSpeedReader: Failed to read cpu-freq: /sys/devices/system/cpu/cpu4/cpufreq/stats/time_in_state (No such file or directory)
06-10 05:11:34.194  1413  1447 I chatty  : uid=1000(system) Binder:1413_2 expire 16 lines
06-10 05:11:34.206  1413  1413 I chatty  : uid=1000 system_server expire 10 lines
06-10 05:11:39.187  1413  1936 I chatty  : uid=1000(system) ActivityManager expire 8 lines
06-10 05:12:51.637  2577  2723 E KernelCpuSpeedReader: Failed to read cpu-freq: /sys/devices/system/cpu/cpu0/cpufreq/stats/time_in_state (No such file or directory)
06-10 05:12:51.638  2577  2723 E KernelCpuSpeedReader: Failed to read cpu-freq: /sys/devices/system/cpu/cpu4/cpufreq/stats/time_in_state (No such file or directory)
06-10 05:12:55.469  1413  2467 I chatty  : uid=1000(system) watchdog expire 9 lines
06-10 05:13:05.557  1413  4691 I chatty  : uid=1000(system) Binder:1413_11 expire 1 line
06-10 05:14:51.716  2577  2723 E KernelCpuSpeedReader: Failed to read cpu-freq: /sys/devices/system/cpu/cpu0/cpufreq/stats/time_in_state (No such file or directory)
06-10 05:14:51.717  2577  2723 E KernelCpuSpeedReader: Failed to read cpu-freq: /sys/devices/system/cpu/cpu4/cpufreq/stats/time_in_state (No such file or directory)
06-10 05:16:08.604  1413  1413 I chatty  : uid=1000 system_server expire 4 lines
06-10 05:16:08.717  1413  2614 I chatty  : uid=1000(system) Binder:1413_C expire 11 lines
06-10 05:16:08.729  1413  1447 I chatty  : uid=1000(system) Binder:1413_2 expire 10 lines
06-10 05:16:51.797  2577  2723 E KernelCpuSpeedReader: Failed to read cpu-freq: /sys/devices/system/cpu/cpu0/cpufreq/stats/time_in_state (No such file or directory)
06-10 05:16:51.798  2577  2723 E KernelCpuSpeedReader: Failed to read cpu-freq: /sys/devices/system/cpu/cpu4/cpufreq/stats/time_in_state (No such file or directory)
06-10 05:17:21.992  1413  2614 I chatty  : uid=1000(system) Binder:1413_C expire 18 lines
06-10 05:17:22.012  1413  1413 I chatty  : uid=1000 system_server expire 14 lines
06-10 05:17:25.500  1413  2467 I chatty  : uid=1000(system) watchdog expire 11 lines
06-10 05:17:40.248  1413  1447 I chatty  : uid=1000(system) Binder:1413_2 expire 22 lines
06-10 05:17:40.262  1413  2575 I chatty  : uid=1000(system) Binder:1413_9 expire 11 lines
06-10 05:17:41.525  1413  2602 I chatty  : uid=1000(system) Binder:1413_B expire 7 lines
06-10 05:17:45.249  1413  1936 I chatty  : uid=1000(system) ActivityManager expire 10 lines
06-10 05:18:51.893  2577  2723 E KernelCpuSpeedReader: Failed to read cpu-freq: /sys/devices/system/cpu/cpu0/cpufreq/stats/time_in_state (No such file or directory)
06-10 05:18:51.894  2577  2723 E KernelCpuSpeedReader: Failed to read cpu-freq: /sys/devices/system/cpu/cpu4/cpufreq/stats/time_in_state (No such file or directory)
06-10 05:20:44.080  1413  4691 I chatty  : uid=1000(system) Binder:1413_11 expire 25 lines
06-10 05:20:51.970  2577  2723 E KernelCpuSpeedReader: Failed to read cpu-freq: /sys/devices/system/cpu/cpu0/cpufreq/stats/time_in_state (No such file or directory)
06-10 05:20:51.970  2577  2723 E KernelCpuSpeedReader: Failed to read cpu-freq: /sys/devices/system/cpu/cpu4/cpufreq/stats/time_in_state (No such file or directory)
06-10 05:21:22.283  1413  1447 I chatty  : uid=1000(system) Binder:1413_2 expire 14 lines
06-10 05:21:22.305  1413  1413 I chatty  : uid=1000 system_server expire 10 lines
06-10 05:22:52.075  2577  2723 E KernelCpuSpeedReader: Failed to read cpu-freq: /sys/devices/system/cpu/cpu0/cpufreq/stats/time_in_state (No such file or directory)
06-10 05:22:52.076  2577  2723 E KernelCpuSpeedReader: Failed to read cpu-freq: /sys/devices/system/cpu/cpu4/cpufreq/stats/time_in_state (No such file or directory)
06-10 05:22:55.539  1413  2467 I chatty  : uid=1000(system) watchdog expire 8 lines
06-10 05:23:48.038  1413  4691 I chatty  : uid=1000(system) Binder:1413_11 expire 16 lines
06-10 05:24:52.177  2577  2723 E KernelCpuSpeedReader: Failed to read cpu-freq: /sys/devices/system/cpu/cpu0/cpufreq/stats/time_in_state (No such file or directory)
06-10 05:24:52.177  2577  2723 E KernelCpuSpeedReader: Failed to read cpu-freq: /sys/devices/system/cpu/cpu4/cpufreq/stats/time_in_state (No such file or directory)
06-10 05:25:20.213  1413  4691 I chatty  : uid=1000(system) Binder:1413_11 expire 16 lines
06-10 05:25:20.225  1413  1413 I chatty  : uid=1000 system_server expire 6 lines
