06-10 09:33:01.149  2349  2349 D KeyguardUpdateMonitor: received broadcast android.intent.action.BATTERY_CHANGED
06-10 09:33:01.149  2349  2349 W KeyguardUpdateMonitor: ACTION_BATTERY_CHANGED AMP: 0; Volt: 0
06-10 09:33:01.149  2349  2349 I KgBattery: (last-new)Status: 1 -> 1, chargeState=1 * branch=5
06-10 09:33:01.150  2349  2349 I GlobalContext: Work is scheduled. com.android.systemui.battery.-$Lambda$lfi2AU3i1xDKGC7m-gvD3SF2XpQ@e3f5086
06-10 09:33:01.152  1413  1413 D WifiService: onReceive, action:android.intent.action.BATTERY_CHANGED
06-10 09:33:01.152  1413  1413 D WifiService: ACTION_BATTERY_CHANGED pluggedType: 0
06-10 09:33:01.153  2349  2349 I KeyguardUtils: fpPath=sys/class/hw_power/charger/charge_data/chargerType, value=5
06-10 09:33:01.162  2349  2349 I KeyguardUtils: fpPath=sys/class/hw_power/charger/charge_data/chargerType, value=5
06-10 09:33:01.164  7600  7600 I Cloud[10.13.20.300]Sync.SyncObserverService: batteryStatus: 2
06-10 09:33:01.166  2349  2349 I KeyguardUtils: fpPath=sys/class/hw_power/charger/charge_data/chargerType, value=5
06-10 09:33:01.167  2349  2349 D KeyguardUpdateMonitor: received broadcast android.intent.action.BATTERY_CHANGED
06-10 09:33:01.167  2349  2349 W KeyguardUpdateMonitor: ACTION_BATTERY_CHANGED AMP: 0; Volt: 0
06-10 09:33:01.167  2349  2349 I KgBattery: (last-new)Status: 1 -> 1, chargeState=1 * branch=5
06-10 09:33:01.167  2349  2349 V KeyguardUpdateMonitor: RefreshBatteryInfo isBatteryLow: 82
06-10 09:33:01.167  2349  2349 W KeyguardUpdateMonitor: ChargingSpeed  Wattage: -1 ST: 5000000 --> 7500000
06-10 09:33:01.168  2349  2349 I KgBattery: BatteryInfo updated:  2lpc-1
06-10 09:33:01.168  2349  2349 W AppHandler: sendMessage with obj100
06-10 09:33:01.168  2349  2349 D KeyguardUpdateMonitor: handleBatteryUpdate
06-10 09:33:01.168  2349  2349 V KeyguardUpdateMonitor: RefreshBatteryInfo isBatteryLow: 82
06-10 09:33:01.168  2349  2349 I GlobalContext: Work is scheduled. com.android.systemui.battery.-$Lambda$lfi2AU3i1xDKGC7m-gvD3SF2XpQ@e3f5086
06-10 09:33:01.171  2349  2349 I KeyguardUtils: fpPath=sys/class/hw_power/charger/charge_data/chargerType, value=5
06-10 09:33:01.184  2349  2349 I KeyguardUtils: fpPath=sys/class/hw_power/charger/charge_data/chargerType, value=5
06-10 09:33:01.186  2349  2349 V KeyguardUpdateMonitor: RefreshBatteryInfo isBatteryLow: 82
06-10 09:33:01.186  2349  2349 W KeyguardUpdateMonitor: ChargingSpeed  Wattage: -1 ST: 5000000 --> 7500000
06-10 09:33:01.186  2349  2349 I KgBattery: BatteryInfo updated:  2lpc-1
06-10 09:33:01.186  2349  2349 W AppHandler: sendMessage with obj100
06-10 09:33:01.186  2349  2349 D KeyguardUpdateMonitor: handleBatteryUpdate
06-10 09:33:01.186  2349  2349 V KeyguardUpdateMonitor: RefreshBatteryInfo isBatteryLow: 82
06-10 09:33:01.186  2349  2349 W HwLockScreenPanel: refreshBatteryInfo: null
06-10 09:33:01.186  2349  2349 W HwKgdBArea_BTY: updateBatteryInfo : false  true
06-10 09:33:01.186  2349  2349 W FillLightViewManager: handleMessage 100
06-10 09:33:01.186  2349  2349 D FillLightViewManager: nothing to do 100
06-10 09:33:01.186  2349  2349 W HwLockScreenPanel: Handle message: 100
06-10 09:33:01.186  2349  2477 W KgBattery: getCharge info with type: text
06-10 09:33:01.186  2349  2349 W HwLockScreenPanel: refreshBatteryInfo: null
06-10 09:33:01.187  2349  2349 W HwKgdBArea_BTY: updateBatteryInfo : false  true
06-10 09:33:01.187  2349  2349 W FillLightViewManager: handleMessage 100
06-10 09:33:01.187  2349  2349 D FillLightViewManager: nothing to do 100
06-10 09:33:01.187  2349  2349 W HwLockScreenPanel: Handle message: 100
06-10 09:33:01.187  2349  2477 I KeyguardUtils: fpPath=sys/class/hw_power/charger/charge_data/chargerType, value=5
06-10 09:33:01.189  2349  2477 W KgBattery: getCharge info with type: text
06-10 09:33:01.190  2349  2477 I KeyguardUtils: fpPath=sys/class/hw_power/charger/charge_data/chargerType, value=5
06-10 09:33:01.490  1413  2141 D HwBatteryService: onUEvent fcpStatus = 0,scpStatus =0,ovpStatus=0
06-10 09:33:01.492  1413  2141 I HwBatteryService: quick charge status : 0
06-10 09:33:01.500  1413  2141 D HwBatteryService: onUEvent fcpStatus = 0,scpStatus =0,ovpStatus=0
06-10 09:33:01.501   858   858 W hvdcp_opti: type=1400 audit(0.0:154106): avc: denied { read } for name="dp_dm" dev="sysfs" ino=39780 scontext=u:r:hvdcp:s0 tcontext=u:object_r:sysfs:s0 tclass=file permissive=0
06-10 09:33:01.501  1413  2141 I HwBatteryService: quick charge status : 0
06-10 09:33:01.505   858   858 W hvdcp_opti: type=1400 audit(0.0:154107): avc: denied { read } for name="input_current_limited" dev="sysfs" ino=39781 scontext=u:r:hvdcp:s0 tcontext=u:object_r:sysfs:s0 tclass=file permissive=0
06-10 09:33:01.505   858   858 W hvdcp_opti: type=1400 audit(0.0:154108): avc: denied { read } for name="input_current_limited" dev="sysfs" ino=39781 scontext=u:r:hvdcp:s0 tcontext=u:object_r:sysfs:s0 tclass=file permissive=0
06-10 09:33:01.505   858   858 W hvdcp_opti: type=1400 audit(0.0:154109): avc: denied { read } for name="charge_type" dev="sysfs" ino=39752 scontext=u:r:hvdcp:s0 tcontext=u:object_r:sysfs:s0 tclass=file permissive=0
06-10 09:33:01.505   858   858 W hvdcp_opti: type=1400 audit(0.0:154110): avc: denied { read } for name="die_health" dev="sysfs" ino=39786 scontext=u:r:hvdcp:s0 tcontext=u:object_r:sysfs:s0 tclass=file permissive=0
06-10 09:33:01.518   765   765 W libc    : Set property "sys.check.usbupdate" to "start"
06-10 09:33:01.523   880  2167 I dubaid  : [PollingRoutine.cpp] notifyPolling# Polling routine start, timestamp: 1717983181521, reason: 6
06-10 09:33:01.524  1413  4691 D BatteryService: power connected,isWirelessCharge:false
06-10 09:33:01.524  1413  4691 I BatteryService: normal charge status : 1
06-10 09:33:01.526   880  1992 I dubaid  : [BatteryHandler.cpp] onChargerOnlineChanged# Battery charge state: 1
06-10 09:33:01.527  2577  2723 I chatty  : uid=1000(system) core expire 22 lines
06-10 09:33:01.528  2349  2349 W PowerUI : unknown intent: Intent { act=android.intent.action.ACTION_POWER_CONNECTED flg=0x4000010 (has extras) }
06-10 09:33:01.530  1413  3577 I chatty  : uid=1000(system) IzatProvider expire 6 lines
06-10 09:33:01.530  3649  3649 I fwkit_sec_breaker: [fwkit SecBreaker.java:74] Process is empty
06-10 09:33:01.530  2577  2949 I chatty  : uid=1000(system) actions handler expire 1 line
06-10 09:33:01.530   757   757 V LocSvc_HIDL_IzatSubscription: [powerConnectStatusUpdate][575] [HS] <<<<= [HC]
06-10 09:33:01.531  3649  3649 W fwkit_kit_breaker: [fwkit KitBreaker.java:343] infos invalid
06-10 09:33:01.531  1413  1936 V ActivityManager: startProcess: name=com.huawei.appmarket app=null knownToBeDead=true thread=null pid=-1
06-10 09:33:01.531  3649  3649 I fwkit_kStore_alNew_PowerReceiver: [fwkit PowerConnectChangeReceiver.java:38] enter PowerConnectChangeReceiver:android.intent.action.ACTION_POWER_CONNECTED
06-10 09:33:01.531  3649  3977 I fwkit_kams_stubmanager: [fwkit StubManagerService.java:449] getSPNByComponent:com.huawei.hms.keyring, com.huawei.hms.keyring, true
06-10 09:33:01.532  1413  2199 I chatty  : uid=1000(system) WifiStateMachin expire 3 lines
06-10 09:33:01.532  3649  3649 I fwkit_ScreenStatusReceiver: [fwkit ScreenStatusReceiver.java:120] addStatusSubscriber key = ContinueScreenOffDetectComponent
06-10 09:33:01.532  3649  3977 I fwkit_kams_scheduler: [fwkit ProcessScheduler.java:423] ProPre:com.huawei.hwid.container3
06-10 09:33:01.532  1413  2201 I chatty  : uid=1000(system) HwWifiCHRStateM expire 2 lines
06-10 09:33:01.533  3649  3977 I fwkit_kbct_dsp: [fwkit KitBroadcastDispatcher.java:640] action:android.intent.action.ACTION_POWER_CONNECTED,receiver:com.huawei.hms.keyring.credential.receiver.PowerReceiver|com.huawei.hwid.container3
06-10 09:33:01.533 28067 28067 D wpa_supplicant: sta hidl pwrPercentBoostModesetInternal
06-10 09:33:01.533  3649  3977 I fwkit_kbct_dsp: [fwkit KitBroadcastDispatcher.java:703] proc not run
06-10 09:33:01.533  3649  3649 I fwkit_kStore_alNew_helper: [fwkit SilentTaskHelper.java:157] minUpgradeInterval: 7
06-10 09:33:01.534  3649  3649 I fwkit_kStore_alNew_helper: [fwkit SilentTaskHelper.java:426] upgrade check start time: 2024/6/14 上午12:00
06-10 09:33:01.535  3649  3649 I fwkit_kStore_alNew_trigger_upgrade: [fwkit SilentUpgradeTask.java:337] isVersionCheckMoreThan7Day: false
06-10 09:33:01.535  3649  3649 I fwkit_ScreenStatusReceiver: [fwkit ScreenStatusReceiver.java:120] addStatusSubscriber key = ContinueScreenOffRebootCore
06-10 09:33:01.536  3649  3649 I HwidPowerConnectedReceiver: [HwID_APK_log[6.13.0.351|6.12.0.306]core HwidPowerConnectedReceiver.java:74] HwidPowerConnectedReceiver onReceiveMsg
06-10 09:33:01.537  2577  2577 I chatty  : uid=1000(system) com.huawei.powergenie expire 6 lines
06-10 09:33:01.537  7600  7600 I Cloud[10.13.20.300]Sync.SyncObserverService: ACTION_POWER_CONNECTED
06-10 09:33:01.537  3649  3649 I HeartbeatCacheManager: [HwID_APK_log[6.13.0.351|6.12.0.306]core HeartbeatCacheManager.java:108] getLastReportTime is 1717912832298.
06-10 09:33:01.538  3649  3649 I HwidPowerConnectedReceiver: [HwID_APK_log[6.13.0.351|6.12.0.306]core HwidPowerConnectedReceiver.java:242] The time when the last Report is triggered is 1717912832298. 
06-10 09:33:01.538  3649  3649 I NetUtil : [HwID_APK_log[6.13.0.351|6.12.0.306]core NetUtil.java:29] enter networkIsAvaiable
06-10 09:33:01.540  1413  1447 I BatteryService: normal charge status : 1
06-10 09:33:01.542  2577  6413 I chatty  : uid=1000(system) ThermalTraceThr expire 4 lines
06-10 09:33:01.544  3649  3649 I HwidPowerConnectedReceiver: [HwID_APK_log[6.13.0.351|6.12.0.306]core HwidPowerConnectedReceiver.java:111] The connectivity_action broadcast is received, and the heartbeat is started.
06-10 09:33:01.545  3649  3649 I HeartbeatCacheManager: [HwID_APK_log[6.13.0.351|6.12.0.306]core HeartbeatCacheManager.java:151] isHeartbeatSupport = true
06-10 09:33:01.545  3649  3649 I HeartbeatCacheManager: [HwID_APK_log[6.13.0.351|6.12.0.306]core HeartbeatCacheManager.java:189] GetHeartbeatTimeFromCache is 1717544500073.
06-10 09:33:01.546  3649  3649 I HwidPowerConnectedReceiver: [HwID_APK_log[6.13.0.351|6.12.0.306]core HwidPowerConnectedReceiver.java:227] The time when the last heartbeat is triggered is 1717544500073.
06-10 09:33:01.549  3649  3649 I HwidPowerConnectedReceiver: [HwID_APK_log[6.13.0.351|6.12.0.306]core HwidPowerConnectedReceiver.java:269] The ST is valid, and the heartbeat will continue to be triggered.
06-10 09:33:01.549  3649  3649 I HwidPowerConnectedReceiver: [HwID_APK_log[6.13.0.351|6.12.0.306]core HwidPowerConnectedReceiver.java:145] Start to execute the heartbeat use case....
06-10 09:33:01.551  3649  3649 I DeviceInfoUtil: [HwID_APK_log[6.13.0.351|6.12.0.306]core DeviceInfoUtil.java:639] enter getDeviceInfo
06-10 09:33:01.551 29304 29896 E fwkit_RC_Parser: [fwkit RemoteConfigParser.java:538] parseListFromConfig is blank
06-10 09:33:01.551 29304 29896 I fwkit_ShareLibManager: [fwkit ClassLoaderManager.java:528] sSharedLibRemoteConfig: []
06-10 09:33:01.553 29304 29896 I fwkit_ShareLibManager: [fwkit ClassLoaderManager.java:118] kitUid: keyring_60900325, mClassLoaderPath:/system/framework/hwkeystore.jar:/system/framework/org.apache.http.legacy.jar:/data/user_de/0/com.huawei.hwid/files/kits/com.huawei.hms.keyring/60900325/com.huawei.hms.keyring.apk, sharePath: []
06-10 09:33:01.554 29304 29896 I fwkit_ShareLib: [fwkit ProxyClassLoader.java:100] keyring_60900325 add library: commonKit_restclient
06-10 09:33:01.555 29304 29896 W zygote64: Unsupported class loader
06-10 09:33:01.557 29304 29896 W zygote64: Skipping duplicate class check due to unsupported classloader
06-10 09:33:01.558 29304 29896 W System  : ClassLoader referenced unknown path: /system/framework/org.apache.http.legacy.jar
06-10 09:33:01.558 29304 29896 W zygote64: Unsupported class loader
06-10 09:33:01.558  3649  3649 I DeviceInfoUtil: [HwID_APK_log[6.13.0.351|6.12.0.306]core DeviceInfoUtil.java:646] imsi is empty
06-10 09:33:01.559  3649  3649 I BaseUtil: [HwID_APK_log[6.13.0.351|6.12.0.306]core BaseUtil.java:2909] is Huawei or Less than Android 10
06-10 09:33:01.561 29947 29947 I chatty  : uid=10089(com.huawei.appmarket) expire 133 lines
06-10 09:33:01.561 29947 29947 I         : power log dlsym ok
06-10 09:33:01.562  3649  3649 I DeviceInfoUtil: [HwID_APK_log[6.13.0.351|6.12.0.306]core DeviceInfoUtil.java:649] udid is support
06-10 09:33:01.563 29304 29896 W zygote64: Skipping duplicate class check due to unsupported classloader
06-10 09:33:01.563  3649  3649 I DeviceInfoUtil: [HwID_APK_log[6.13.0.351|6.12.0.306]core DeviceInfoUtil.java:660] device name.
06-10 09:33:01.564 29304 29896 I fwkit_CLUtils: [fwkit ClsLoaderUtils.java:64] New dloader com.huawei.hms.keyring.apk,cost:8
06-10 09:33:01.564 29304 29896 I fwkit_ShareLib: [fwkit ClassLoaderManager.java:146] classLoader: dalvik.system.DexClassLoader[DexPathList[[zip file "/system/framework/hwkeystore.jar", zip file "/data/user_de/0/com.huawei.hwid/files/kits/com.huawei.hms.keyring/60900325/com.huawei.hms.keyring.apk"],nativeLibraryDirectories=[/data/user_de/0/com.huawei.hwid/files/kits/com.huawei.hms.keyring/60900325/lib, /system/lib64, /vendor/lib64, /product/lib64]]]
06-10 09:33:01.565  3649  3649 I TerminalInfo: [HwID_APK_log[6.13.0.351|6.12.0.306]core TerminalInfo.java:1473] HMS Core getTerminalCategory terminalCategory: 0
06-10 09:33:01.566  3649 29881 I ThreadPool: [HwID_APK_log[6.13.0.351|6.12.0.306]core CustomThreadPoolExecutor.java:140] thread dump:poolName:Hwid-Tracker-Pool activeCount:1 completedTaskCount:391 taskCount:392 corePoolSize:1 largestPoolSize:1 maxPoolSize:1 queueSize:0 
06-10 09:33:01.567  3649 29881 I HiAnalyticsUtil: [HwID_APK_log[6.13.0.351|6.12.0.306]core HiAnalyticsUtil.java:467]  onEvent begin 
06-10 09:33:01.567  3649 29881 I HiAnalyticsUtil: [HwID_APK_log[6.13.0.351|6.12.0.306]core HiAnalyticsUtil.java:478] type:HWID_NETWORK_CHANGED_DO_HEARTBEAT
06-10 09:33:01.568  3649 29881 I FormalHASDK: HAImpl==> onEvent. tag:HmsProfiler, type:0, eventId:HWID_NETWORK_CHANGED_DO_HEARTBEAT
06-10 09:33:01.571  3649 20109 I ThreadPool: [HwID_APK_log[6.13.0.351|6.12.0.306]core CustomThreadPoolExecutor.java:140] thread dump:poolName:Hwid-UseCase-Pool activeCount:1 completedTaskCount:86 taskCount:87 corePoolSize:9 largestPoolSize:9 maxPoolSize:27 queueSize:0 
06-10 09:33:01.571  1413  1936 I ActivityManager: Start proc 29947:com.huawei.appmarket/u0a89 for broadcast com.huawei.appmarket/.service.alarm.PowerConnectChangeReceiver
06-10 09:33:01.571  3649 20109 I UseCaseHandler: [HwID_APK_log[6.13.0.351|6.12.0.306]core UseCaseHandler.java:128] UseCase[HeartbeatSTAuthCase] begin | TransID:b6f585ee-7556-45b3-a4db-105fb6c87335
06-10 09:33:01.571  1413  2141 D HwBatteryService: onUEvent fcpStatus = 0,scpStatus =0,ovpStatus=0
06-10 09:33:01.571  3649 20109 I HeartbeatSTAuthCase: [HwID_APK_log[6.13.0.351|6.12.0.306]core HeartbeatSTAuthCase.java:42] HeartbeatSTAuthCase start execute.
06-10 09:33:01.571  1413  2141 I HwBatteryService: quick charge status : 0
06-10 09:33:01.572  3649 20109 I TerminalInfo: [HwID_APK_log[6.13.0.351|6.12.0.306]core TerminalInfo.java:1256] enter getGdprUnitedId
06-10 09:33:01.572  3649 20109 I BaseUtil: [HwID_APK_log[6.13.0.351|6.12.0.306]core BaseUtil.java:2909] is Huawei or Less than Android 10
06-10 09:33:01.572  1413  1413 I EntropyMixer: Writing entropy...
06-10 09:33:01.573  1413  1998 D PickUpWakeScreenManager: isPickupSensorSupport isSensorSupport = true
06-10 09:33:01.573  1413  1950 E BatteryExternalStatsWorker: no controller energy info supplied for bluetooth
06-10 09:33:01.575  2349  2349 D KeyguardUpdateMonitor: received broadcast android.intent.action.BATTERY_CHANGED
06-10 09:33:01.575  2349  2349 W KeyguardUpdateMonitor: ACTION_BATTERY_CHANGED AMP: 250000; Volt: 5000000
06-10 09:33:01.575  2349  2349 I KgBattery: (last-new)Status: 1 -> 1, chargeState=1 * branch=5
06-10 09:33:01.575  2349  2349 V KeyguardUpdateMonitor: RefreshBatteryInfo isBatteryLow: 82
06-10 09:33:01.575  2349  2349 W KeyguardUpdateMonitor: ChargingSpeed  Wattage: 1250000 ST: 5000000 --> 7500000
06-10 09:33:01.575  2349  2349 I KgBattery: BatteryInfo updated:  2lPc0
06-10 09:33:01.575  2349  2349 W AppHandler: sendMessage with obj100
06-10 09:33:01.575  2349  2349 D KeyguardUpdateMonitor: handleBatteryUpdate
06-10 09:33:01.575  2349  2349 I ColorPickUitls: type = 2
06-10 09:33:01.575  2349  2349 V KeyguardUpdateMonitor: RefreshBatteryInfo isBatteryLow: 82
06-10 09:33:01.576  2349  2349 I KeyguardUtils: fpPath=sys/class/hw_power/charger/charge_data/chargerType, value=0
06-10 09:33:01.576  2349  2349 W HwKgdBArea_BTY: updateBatteryInfo : false  true
06-10 09:33:01.577  2349  2349 W HwLockScreenPanel: refreshBatteryInfo: null
06-10 09:33:01.577  2349  2349 W HwKgdBArea_BTY: updateBatteryInfo : false  true
06-10 09:33:01.577  2349  2349 W FillLightViewManager: handleMessage 100
06-10 09:33:01.577  2349  2477 W KgBattery: getCharge info with type: text
06-10 09:33:01.577  2349  2349 D FillLightViewManager: nothing to do 100
06-10 09:33:01.577  2349  2349 W HwLockScreenPanel: Handle message: 100
06-10 09:33:01.578 29304 29896 I fwkit_kac_kitloader: [fwkit KitLoaderManager.java:251] kit loaded:keyring_60900325, cost :42 ms
06-10 09:33:01.578  2349  2349 I GlobalContext: Work is scheduled. com.android.systemui.battery.-$Lambda$lfi2AU3i1xDKGC7m-gvD3SF2XpQ@e3f5086
06-10 09:33:01.578  2349  2477 I KeyguardUtils: fpPath=sys/class/hw_power/charger/charge_data/chargerType, value=0
06-10 09:33:01.578 29304 29304 I fwkit_kac_dynamic_loader: [fwkit SplitCompat.java:198] getSplitPath application.packageName = com.huawei.hms.keyring
06-10 09:33:01.579 29304 29304 I fwkit_kac_dynamic_loader: [fwkit SplitCompat.java:201] getSplitPath dirs == null || dirs.length == 0
06-10 09:33:01.579 29304 29304 I fwkit_kac_dynamic_loader: [fwkit SplitCompat.java:134] dynamicInstall no splitPaths
06-10 09:33:01.580  1413  1447 I BatteryService: normal charge status : 1
06-10 09:33:01.581  2349  2349 I KeyguardUtils: fpPath=sys/class/hw_power/charger/charge_data/chargerType, value=0
06-10 09:33:01.582 29950 29950 E libc    : Access denied finding property "ro.hwfix.ro.process_list"
06-10 09:33:01.582 29304 29304 I keyringKit-KeyringApplication: has created.
06-10 09:33:01.586  1413  2140 I chatty  : uid=1000(system) HwBatteryServic expire 36 lines
06-10 09:33:01.586  2349  2349 I KeyguardUtils: fpPath=sys/class/hw_power/charger/charge_data/chargerType, value=0
06-10 09:33:01.588  3649 20109 I TerminalInfo: [HwID_APK_log[6.13.0.351|6.12.0.306]core TerminalInfo.java:1258] udid support
06-10 09:33:01.588  3649 20109 I ServiceTokenAuthRequest: [HwID_APK_log[6.13.0.351|6.12.0.306]core ServiceTokenAuthRequest.java:138] stauth stTimeStamp is :1702200429637
06-10 09:33:01.589  3649 20109 I BaseUtil: [HwID_APK_log[6.13.0.351|6.12.0.306]core BaseUtil.java:2909] is Huawei or Less than Android 10
06-10 09:33:01.589 29304 29304 I keyringKit-PowerReceiver: receive power connected br.
06-10 09:33:01.589 29304 29304 I keyringKit-PowerReceiver: make syncing task run after some time.
06-10 09:33:01.591  2349  2349 I KeyguardUtils: fpPath=sys/class/hw_power/charger/charge_data/chargerType, value=0
06-10 09:33:01.591 25385 25385 I Cloud[10.13.20.300]Finder.LowPowerReport: BatteryLowBroadcastReceiver action:android.intent.action.ACTION_POWER_CONNECTED;isLastLocReportSwitchOpen:true
06-10 09:33:01.592 25385 25385 I Cloud[10.13.20.300]Finder.LowPowerReport: ACTION_POWER_CONNECTED releaseLowBatteryBec
06-10 09:33:01.592 25385 25385 I Cloud[10.13.20.300]Finder.LowPowerReport: mBatteryChangeBroadcastReceiver is null
06-10 09:33:01.592  3649  3649 I HwidPowerConnectedReceiver: [HwID_APK_log[6.13.0.351|6.12.0.306]core HwidPowerConnectedReceiver.java:285] The heartbeat use case is executed finish.
06-10 09:33:01.593   880   934 E dubaid  : [CpuHandler.cpp] readFreqTime# Failed to open cpufreq node of cluster: 0
06-10 09:33:01.593   880   934 E dubaid  : [CpuHandler.cpp] accountingComponentData# Invalid delta time: Cluster0 total frequency time: 0
06-10 09:33:01.595  2349  2349 I KeyguardUtils: fpPath=sys/class/hw_power/charger/charge_data/chargerType, value=0
06-10 09:33:01.595  1413  1950 E KernelCpuSpeedReader: Failed to read cpu-freq: /sys/devices/system/cpu/cpu0/cpufreq/stats/time_in_state (No such file or directory)
06-10 09:33:01.596  1413  1950 E KernelCpuSpeedReader: Failed to read cpu-freq: /sys/devices/system/cpu/cpu4/cpufreq/stats/time_in_state (No such file or directory)
06-10 09:33:01.598  1413  2197 I chatty  : uid=1000(system) tworkPolicy.uid expire 4 lines
06-10 09:33:01.598  2508  3055 E HSM     : ChargeInfo: doRecordsChargeInfo POWER_LEVEL_CONNECTED_USB_SET POWER_CHARGE_TIME =234965397 POWER_LEVEL_LAST_CAPACITY_RM = 3280 chargeType =0
06-10 09:33:01.599  3649 20109 I SiteCountryDataManager: [HwID_APK_log[6.13.0.351|6.12.0.306]core SiteCountryDataManager.java:2992] isSupportTransferKey: true
06-10 09:33:01.599  3649 20109 I HttpRequest: [HwID_APK_log[6.13.0.351|6.12.0.306]core HttpRequest.java:684] requestName:stAuth isNeedEncrypt:truesiteID:1
06-10 09:33:01.600  3649 20109 I HttpRequest: [HwID_APK_log[6.13.0.351|6.12.0.306]core HttpRequest.java:767] mySiteId:1,siteId1
06-10 09:33:01.601  2349  2349 I KeyguardUtils: fpPath=sys/class/hw_power/charger/charge_data/chargerType, value=0
06-10 09:33:01.602  3649 20109 I HttpRequest: [HwID_APK_log[6.13.0.351|6.12.0.306]core HttpRequest.java:834] getSiteDomainLoginStatus start.
06-10 09:33:01.602  3649 20109 I AppInfoUtil: [HwID_APK_log[6.13.0.351|6.12.0.306]core AppInfoUtil.java:87] getAppChannel is:
06-10 09:33:01.605  1413  3369 E HwOEMInfoAdapter: writeByteArrayToOeminfo has run 
06-10 09:33:01.605  7600  7600 I Cloud[10.13.20.300]Sync.SyncObserverService: registerObserverReceiver
06-10 09:33:01.606  7600  7600 I Cloud[10.13.20.300]Sync.CloudBackupConditionsUtil: backup interval millis = 642972605, lastSuccessTime: 1717340209000, lastFailedTime = 1715328602613, backupCycle: 7
06-10 09:33:01.606  7600  7600 I Cloud[10.13.20.300]Sync.CloudBackupConditionsUtil: nextBackupTime = 0, lastFailedTime = 1715328602613, lastSuccessTime: 1717340209000, retryInterval: 40
06-10 09:33:01.606  7600  7600 I Cloud[10.13.20.300]Sync.CloudBackupConditionsUtil: nextBackupTime = 0, lastFailedTime = 1715328602613, lastSuccessTime: 1717340209000
06-10 09:33:01.606  7600  7600 I Cloud[10.13.20.300]Sync.CloudBackupConditionsUtil: getTargetBackupTime, isCycleSatisfy: true, isRetryIntervalSatisfy: true, isNextBackupTimeSatisfy: false, nextBackupTime: 0, targetBackupTime: 0
06-10 09:33:01.606  7600  7600 I Cloud[10.13.20.300]Sync.CloudBackupConditionsUtil: target backup time = 0, advancedDelayTime: -1717983181606
06-10 09:33:01.608  1413  1928 D NetdConnector: SND -> {3612 firewall disable_chain standby}
06-10 09:33:01.609  2349  2349 D KeyguardUpdateMonitor: received broadcast android.intent.action.BATTERY_CHANGED
06-10 09:33:01.609  2349  2349 W KeyguardUpdateMonitor: ACTION_BATTERY_CHANGED AMP: 350000; Volt: 5000000
06-10 09:33:01.609  2349  2349 I KgBattery: (last-new)Status: 1 -> 1, chargeState=1 * branch=5
06-10 09:33:01.609  2349  2349 V KeyguardUpdateMonitor: RefreshBatteryInfo isBatteryLow: 82
06-10 09:33:01.609  2349  2349 W KeyguardUpdateMonitor: ChargingSpeed  Wattage: 1750000 ST: 5000000 --> 7500000
06-10 09:33:01.609  2349  2349 I KgBattery: BatteryInfo updated:  2lPc0
06-10 09:33:01.609  2349  2349 W AppHandler: sendMessage with obj100
06-10 09:33:01.609  2349  2349 D KeyguardUpdateMonitor: handleBatteryUpdate
06-10 09:33:01.609  2349  2349 I ColorPickUitls: type = 2
06-10 09:33:01.609  2349  2349 V KeyguardUpdateMonitor: RefreshBatteryInfo isBatteryLow: 82
06-10 09:33:01.610  2349  2349 I KeyguardUtils: fpPath=sys/class/hw_power/charger/charge_data/chargerType, value=0
06-10 09:33:01.610  2349  2349 W HwKgdBArea_BTY: updateBatteryInfo : false  true
06-10 09:33:01.611  2349  2349 W HwLockScreenPanel: refreshBatteryInfo: null
06-10 09:33:01.611  2349  2349 W HwKgdBArea_BTY: updateBatteryInfo : false  true
06-10 09:33:01.611  2349  2349 W FillLightViewManager: handleMessage 100
06-10 09:33:01.611  2349  2349 D FillLightViewManager: nothing to do 100
06-10 09:33:01.611  2349  2349 W HwLockScreenPanel: Handle message: 100
06-10 09:33:01.611  2349  2477 W KgBattery: getCharge info with type: text
06-10 09:33:01.612  2349  2477 I KeyguardUtils: fpPath=sys/class/hw_power/charger/charge_data/chargerType, value=0
06-10 09:33:01.612  1413  1413 D WifiService: onReceive, action:android.intent.action.BATTERY_CHANGED
06-10 09:33:01.612  1413  1413 D WifiService: ACTION_BATTERY_CHANGED pluggedType: 2
06-10 09:33:01.612  2349  2349 I GlobalContext: Work is scheduled. com.android.systemui.battery.-$Lambda$lfi2AU3i1xDKGC7m-gvD3SF2XpQ@e3f5086
06-10 09:33:01.614  3649  4196 I UseCaseHandler: [HwID_APK_log[6.13.0.351|6.12.0.306]core UseCaseHandler.java:128] UseCase[CheckScreenLockOn] begin | TransID:d883525d-7420-4e16-ba7c-f3c018fc090a
06-10 09:33:01.616  3649  4196 I CheckScreenLockOn: [HwID_APK_log[6.13.0.351|6.12.0.306]core CheckScreenLockOn.java:67] getScreenLockOn false
06-10 09:33:01.616  2349  2349 I KeyguardUtils: fpPath=sys/class/hw_power/charger/charge_data/chargerType, value=0
06-10 09:33:01.616  3649  4196 I TerminalInfo: [HwID_APK_log[6.13.0.351|6.12.0.306]core TerminalInfo.java:1256] enter getGdprUnitedId
06-10 09:33:01.617  3649  4196 I BaseUtil: [HwID_APK_log[6.13.0.351|6.12.0.306]core BaseUtil.java:2909] is Huawei or Less than Android 10
06-10 09:33:01.618  3649 20109 I UseCaseHandler: [HwID_APK_log[6.13.0.351|6.12.0.306]core UseCaseHandler.java:94] ret==true
06-10 09:33:01.619  1413  1413 D WifiService: onReceive, action:android.intent.action.BATTERY_CHANGED
06-10 09:33:01.619  1413  1413 D WifiService: ACTION_BATTERY_CHANGED pluggedType: 2
06-10 09:33:01.619 29947 29947 D ActivityThread: Attach thread to application
06-10 09:33:01.619  1413  2614 I chatty  : uid=1000(system) Binder:1413_C expire 8 lines
06-10 09:33:01.620 29950 29950 E libc    : Access denied finding property "ro.hwfix.ro.process_list"
06-10 09:33:01.620  1413  1950 E KernelCpuSpeedReader: Failed to read cpu-freq: /sys/devices/system/cpu/cpu0/cpufreq/stats/time_in_state (No such file or directory)
06-10 09:33:01.620  1413  1950 E KernelCpuSpeedReader: Failed to read cpu-freq: /sys/devices/system/cpu/cpu4/cpufreq/stats/time_in_state (No such file or directory)
06-10 09:33:01.621  2349  2349 I KeyguardUtils: fpPath=sys/class/hw_power/charger/charge_data/chargerType, value=0
06-10 09:33:01.625  2577  2723 E KernelCpuSpeedReader: Failed to read cpu-freq: /sys/devices/system/cpu/cpu0/cpufreq/stats/time_in_state (No such file or directory)
06-10 09:33:01.625  2349  2349 I KeyguardUtils: fpPath=sys/class/hw_power/charger/charge_data/chargerType, value=0
06-10 09:33:01.625  2577  2723 E KernelCpuSpeedReader: Failed to read cpu-freq: /sys/devices/system/cpu/cpu4/cpufreq/stats/time_in_state (No such file or directory)
06-10 09:33:01.627 29950 29950 E USB_UPDATE: start check to reboot to usb update mode
06-10 09:33:01.628  3649  4196 I TerminalInfo: [HwID_APK_log[6.13.0.351|6.12.0.306]core TerminalInfo.java:1258] udid support
06-10 09:33:01.628  3649  4196 I UseCaseHandler: [HwID_APK_log[6.13.0.351|6.12.0.306]core UseCaseHandler.java:130] UseCase[CheckScreenLockOn] end | TransID:d883525d-7420-4e16-ba7c-f3c018fc090a
06-10 09:33:01.629  2349  2349 I KeyguardUtils: fpPath=sys/class/hw_power/charger/charge_data/chargerType, value=0
06-10 09:33:01.629  3649  4192 I ThreadPool: [HwID_APK_log[6.13.0.351|6.12.0.306]core CustomThreadPoolExecutor.java:140] thread dump:poolName:Hwid-Core-Pool activeCount:1 completedTaskCount:214 taskCount:215 corePoolSize:14 largestPoolSize:14 maxPoolSize:14 queueSize:0 
06-10 09:33:01.630  3649  4192 I LocalRepository: [HwID_APK_log[6.13.0.351|6.12.0.306]core LocalRepository.java:371] saveUserDeviceInfo
06-10 09:33:01.631 29304 29961 I keyringKit-CredentialDB: credential database init success
06-10 09:33:01.632  2577  2723 E KernelCpuSpeedReader: Failed to read cpu-freq: /sys/devices/system/cpu/cpu0/cpufreq/stats/time_in_state (No such file or directory)
06-10 09:33:01.632  2577  2723 E KernelCpuSpeedReader: Failed to read cpu-freq: /sys/devices/system/cpu/cpu4/cpufreq/stats/time_in_state (No such file or directory)
06-10 09:33:01.633  1413  1413 D WifiService: onReceive, action:android.intent.action.BATTERY_CHANGED
06-10 09:33:01.633  1413  1413 D WifiService: ACTION_BATTERY_CHANGED pluggedType: 2
06-10 09:33:01.634  2349  2349 I KeyguardUtils: fpPath=sys/class/hw_power/charger/charge_data/chargerType, value=0
06-10 09:33:01.635  2349  2349 D KeyguardUpdateMonitor: received broadcast android.intent.action.BATTERY_CHANGED
06-10 09:33:01.635  2349  2349 W KeyguardUpdateMonitor: ACTION_BATTERY_CHANGED AMP: 500000; Volt: 5000000
06-10 09:33:01.635  2349  2349 I KgBattery: (last-new)Status: 1 -> 1, chargeState=1 * branch=5
06-10 09:33:01.636  2349  2349 I GlobalContext: Work is scheduled. com.android.systemui.battery.-$Lambda$lfi2AU3i1xDKGC7m-gvD3SF2XpQ@e3f5086
06-10 09:33:01.636 29304 29961 I keyringKit-SyncingTask: isSyncingEnabledInConfig: false
06-10 09:33:01.638 29967 29967 E libc    : Access denied finding property "ro.hwfix.ro.process_list"
06-10 09:33:01.639  2349  2349 I KeyguardUtils: fpPath=sys/class/hw_power/charger/charge_data/chargerType, value=0
06-10 09:33:01.644  2349  2349 I KeyguardUtils: fpPath=sys/class/hw_power/charger/charge_data/chargerType, value=0
06-10 09:33:01.646 29964 29964 E         : iptables cmd:iptables-restore
06-10 09:33:01.648  2349  2349 I KeyguardUtils: fpPath=sys/class/hw_power/charger/charge_data/chargerType, value=0
06-10 09:33:01.652  2349  2349 I KeyguardUtils: fpPath=sys/class/hw_power/charger/charge_data/chargerType, value=0
06-10 09:33:01.652  7600  7600 I Cloud[10.13.20.300]Sync.SyncObserverService: onStartCommand isAgreeTerms: true, delayTime seconds:120, cycleSeconds: 120
06-10 09:33:01.654  2525  2720 D BDLog   : BD.BDRecorder:LocalInfoEvent {infoID:131092, content=5726225452941983_QwxVktHq3R8tjVeA7kV2ktW8EAqP6G1TRSXrhWN4Z1c=
06-10 09:33:01.654  2525  2720 D BDLog   : , priority=25}
06-10 09:33:01.656  2349  2349 I KeyguardUtils: fpPath=sys/class/hw_power/charger/charge_data/chargerType, value=0
06-10 09:33:01.656  7600  7600 I Cloud[10.13.20.300]Sync.SyncObserverService: registerRestoreTimer delayTime: 600
06-10 09:33:01.657 29967 29967 E libc    : Access denied finding property "ro.hwfix.ro.process_list"
06-10 09:33:01.657  7600  7600 I Cloud[10.13.20.300]Sync.HiSyncUtil: get switch to ds autophonemanagerkey: false
06-10 09:33:01.657  7600  7600 I Cloud[10.13.20.300]Sync.SyncObserverService: batteryStatus: 2
06-10 09:33:01.657  7600  7600 I chatty  : uid=1001(radio) com.huawei.android.ds identical 1 line
06-10 09:33:01.658  7600  7600 I Cloud[10.13.20.300]Sync.SyncObserverService: batteryStatus: 2
06-10 09:33:01.664  2349  2349 V KeyguardUpdateMonitor: RefreshBatteryInfo isBatteryLow: 82
06-10 09:33:01.664  2349  2349 W KeyguardUpdateMonitor: ChargingSpeed  Wattage: 2500000 ST: 5000000 --> 7500000
06-10 09:33:01.664  1413  1936 W ProcessCpuTracker: Skipping unknown process pid 29950
06-10 09:33:01.664  2349  2349 I KgBattery: BatteryInfo updated:  2lPc0
06-10 09:33:01.664  2349  2349 W AppHandler: sendMessage with obj100
06-10 09:33:01.664  2349  2349 D KeyguardUpdateMonitor: handleBatteryUpdate
06-10 09:33:01.664  2349  2349 I ColorPickUitls: type = 2
06-10 09:33:01.664  2349  2349 V KeyguardUpdateMonitor: RefreshBatteryInfo isBatteryLow: 82
06-10 09:33:01.665  2349  2349 I KeyguardUtils: fpPath=sys/class/hw_power/charger/charge_data/chargerType, value=0
06-10 09:33:01.665  2349  2349 W HwKgdBArea_BTY: updateBatteryInfo : false  true
06-10 09:33:01.665  2349  2349 W HwLockScreenPanel: refreshBatteryInfo: null
06-10 09:33:01.665  2349  2349 W HwKgdBArea_BTY: updateBatteryInfo : false  true
06-10 09:33:01.666  2349  2349 W FillLightViewManager: handleMessage 100
06-10 09:33:01.666  2349  2349 D FillLightViewManager: nothing to do 100
06-10 09:33:01.666  2349  2349 W HwLockScreenPanel: Handle message: 100
06-10 09:33:01.666  2349  2477 W KgBattery: getCharge info with type: text
06-10 09:33:01.666  7600  7600 I Cloud[10.13.20.300]Sync.SyncObserverService: doGetOptionsFromClone
06-10 09:33:01.666  2349  2477 I KeyguardUtils: fpPath=sys/class/hw_power/charger/charge_data/chargerType, value=0
06-10 09:33:01.667  7600  7600 I Cloud[10.13.20.300]Sync.SyncObserverService: lastPowerConnectTime: 1717900521594, currentTime: 1717983181667
06-10 09:33:01.669 28726 28738 I ctaifs  : <Android 系统>[Android 系统][android]:[openFile] 打开文件
06-10 09:33:01.675 29969 29969 E         : iptables cmd:ip6tables-restore
06-10 09:33:01.675   874 10955 I MediaPlayerService: MediaPlayerService::Client::setDataSource local file://?FileDescriptor=33&Offset=0&Length=25784&Path=/system/media/audio/ui
06-10 09:33:01.676   874 10955 D NuPlayer: hw fadein is disabled!
06-10 09:33:01.676   874 10955 D NuPlayerDriver: NuPlayerDriver(0xee5a8d90) created, clientPid(1413)
06-10 09:33:01.677   874 10955 D NuPlayer: hw fadein is disabled!
06-10 09:33:01.679  1413  2193 D NetdConnector: RCV <- {200 3612 Firewall command succeeded}
06-10 09:33:01.679   874 10955 V GenericSource: GenericSource
06-10 09:33:01.679   874 29970 V NuPlayer: kWhatSetAudioSink
06-10 09:33:01.679   874 10955 V GenericSource: BufferingMonitor::getDefaultBufferingSettings{initialMode(1), rebufferingMode(3), initialMarks(5000 ms, -1 KB), rebufferingMarks(2000, 15000)ms, (40, 200)KB}
06-10 09:33:01.679   874 10955 V GenericSource: resetDataSource
06-10 09:33:01.680   874 10955 V NuPlayer: setDataSourceAsync fd 33/0/25784 source: 0xea0f0180
06-10 09:33:01.680   874 10955 V GenericSource: setDataSource 33/0/25784
06-10 09:33:01.680 29947 29968 I chatty  : uid=10089(com.huawei.appmarket) expire 2 lines
06-10 09:33:01.680   874 10955 V GenericSource: resetDataSource
06-10 09:33:01.680   874 29970 V NuPlayer: kWhatSetDataSource
06-10 09:33:01.680   874 29970 V NuPlayer: kWhatGetDefaultBufferingSettings
06-10 09:33:01.680  1413  2193 D NetdConnector: RCV <- {200 3612 Firewall command succeeded}
06-10 09:33:01.680   874 29970 V GenericSource: BufferingMonitor::getDefaultBufferingSettings{initialMode(1), rebufferingMode(3), initialMarks(5000 ms, -1 KB), rebufferingMarks(2000, 15000)ms, (40, 200)KB}
06-10 09:33:01.681  1413  1928 I chatty  : uid=1000(system) android.bg expire 46 lines
06-10 09:33:01.684   874 10955 V NuPlayer: prepareAsync
06-10 09:33:01.684   874 29970 V NuPlayer: onMessageReceived kWhatPrepare
06-10 09:33:01.684   874 29970 V GenericSource: prepareAsync: (looper: 0)
06-10 09:33:01.686   874 29971 V GenericSource: onPrepareAsync: mDataSource: 0
06-10 09:33:01.688   874 29971 D GenericSource: FileSource remote
06-10 09:33:01.689   874 29971 V GenericSource: IDataSource(FileSource): 0xea80cb60 35 0 25784
06-10 09:33:01.690   874 29971 I MediaExtractor: Create (null)
06-10 09:33:01.693   871 16585 V HwExtendedExtractor: HwExtendedExtractor::Sniff   in...
06-10 09:33:01.693  3649 20109 I TerminalInfo: [HwID_APK_log[6.13.0.351|6.12.0.306]core TerminalInfo.java:1473] HMS Core getTerminalCategory terminalCategory: 0
06-10 09:33:01.694   871 16585 V HwExtendedExtractor: HwExtendedExtractor::Sniff   out...
06-10 09:33:01.694   871 16585 I MediaExtractor: content 'application/ogg' with conf 0.20
06-10 09:33:01.695  3649 20109 I UseCaseHandler: [HwID_APK_log[6.13.0.351|6.12.0.306]core UseCaseHandler.java:130] UseCase[HeartbeatSTAuthCase] end | TransID:b6f585ee-7556-45b3-a4db-105fb6c87335
06-10 09:33:01.696   871 16585 I MediaExtractorService: makeExtractor ((null)), uid = 1013
06-10 09:33:01.696  3649 29972 I ThreadPool: [HwID_APK_log[6.13.0.351|6.12.0.306]core CustomThreadPoolExecutor.java:140] thread dump:poolName:Hwid-Single-RequestAgent-Pool activeCount:1 completedTaskCount:38 taskCount:39 corePoolSize:0 largestPoolSize:1 maxPoolSize:1 queueSize:0 
06-10 09:33:01.697  3649 29972 I RequestTask: [HwID_APK_log[6.13.0.351|6.12.0.306]core RequestTask.java:343] initHwAccount
06-10 09:33:01.697   874 29971 V GenericSource: initFromDataSource track[0]: audio/vorbis
06-10 09:33:01.698  3649 29972 I RequestTask: [HwID_APK_log[6.13.0.351|6.12.0.306]core RequestTask.java:292] requestName:stAuth doInBackground....
06-10 09:33:01.698   874 29971 V GenericSource: initFromDataSource mSources.size(): 1  mIsSecure: 0  mime[0]: audio/vorbis
06-10 09:33:01.698   874 29971 V GenericSource: checkDrmInfo: No PSSH
06-10 09:33:01.698   874 29971 V GenericSource: finishPrepareAsync
06-10 09:33:01.699   874 29971 V NuPlayer: Source::notifyPrepared 0
06-10 09:33:01.699   874 29970 V NuPlayer: onSourceNotify() kWhatFlagsChanged  FLAG_CAN_PAUSE: 1  FLAG_CAN_SEEK_BACKWARD: 1 
06-10 09:33:01.699   874 29970 V NuPlayer: 				 FLAG_CAN_SEEK_FORWARD: 1  FLAG_CAN_SEEK: 1  FLAG_DYNAMIC_DURATION: 0 
06-10 09:33:01.699   874 29970 V NuPlayer: 				 FLAG_SECURE: 0  FLAG_PROTECTED: 0
06-10 09:33:01.699   874 29971 V GenericSource: onPrepareAsync: Done
06-10 09:33:01.699   874 29970 V NuPlayer: NuPlayer::onSourceNotify Source::kWhatPrepared source: 0xea0f0180
06-10 09:33:01.699   874 29970 D NuPlayerDriver: notifyListener_l(0xee5a8d90), (1, 0, 0, -1), loop setting(0, 0)
06-10 09:33:01.701  3649 29972 I AccountTools: [HwID_APK_log[6.13.0.351|6.12.0.306]core AccountTools.java:401] isBackEnd:false isTokenValidLocal:true
06-10 09:33:01.703  2564 12310 E HsmCoreServiceImpl: onTransact in code is: 102
06-10 09:33:01.704  2564 12310 W MediaProcessHandler: processOp uid 1000 is not concerned!
06-10 09:33:01.704  2564 12310 I MediaProcessHandler: executedCallBack opType: 1 mMediaStatusObservers.size=0
06-10 09:33:01.704   874 10955 D NuPlayerDriver: reset(0xee5a8d90) at state 4
06-10 09:33:01.704   874 10955 D NuPlayerDriver: notifyListener_l(0xee5a8d90), (8, 0, 0, -1), loop setting(0, 0)
06-10 09:33:01.704   874 10955 D NuPlayer: NuPlayer::resetAsync()
06-10 09:33:01.704   874 10955 V GenericSource: GenericSource::disconnect begin
06-10 09:33:01.704   874 10955 V GenericSource: GenericSource::disconnect end
06-10 09:33:01.704   874 10955 D NuPlayer: NuPlayer::resetAsync() post kWhatReset
06-10 09:33:01.705   874 29970 V NuPlayer: kWhatReset
06-10 09:33:01.705   874 29970 V NuPlayer: performDecoderFlush audio=2, video=2
06-10 09:33:01.705   874 29970 D NuPlayer: closeAudioSink
06-10 09:33:01.705   874 29970 W AMessage: failed to post message as target looper for handler 0 is gone.
06-10 09:33:01.705   874 29970 D NuPlayer: performReset
06-10 09:33:01.705   874 29970 V GenericSource: ~GenericSource
06-10 09:33:01.705   874 29970 V GenericSource: resetDataSource
06-10 09:33:01.705   874 29970 D NuPlayerDriver: notifyResetComplete(0xee5a8d90)
06-10 09:33:01.706   874 10955 E MediaPlayerService: getDuration returned -2147483648
06-10 09:33:01.706   874 10955 D NuPlayerDriver: reset(0xee5a8d90) at state 0
06-10 09:33:01.706   874 10955 D NuPlayerDriver: updateMetrics(0xee5a8d90) from destructor at state 0
06-10 09:33:01.707  2564 12310 E HsmCoreServiceImpl: onTransact in code is: 102
06-10 09:33:01.707  2564 12310 W MediaProcessHandler: processOp uid 1000 is not concerned!
06-10 09:33:01.707  2564 12310 I MediaProcessHandler: executedCallBack opType: 1 mMediaStatusObservers.size=0
06-10 09:33:01.708  3649 29972 E APKAccountManager: [HwID_APK_log[6.13.0.351|6.12.0.306]core APKAccountManager.java:374] getUserData data is empty
06-10 09:33:01.709  3649 29972 I HwIDCommonUtils: [HwID_APK_log[6.13.0.351|6.12.0.306]core HwIDCommonUtils.java:60] isAsciiString empty string
06-10 09:33:01.709  3649 29972 I AccountTools: [HwID_APK_log[6.13.0.351|6.12.0.306]core AccountTools.java:293] bindFlag:(-1)
06-10 09:33:01.709  3649 29972 I AccountTools: [HwID_APK_log[6.13.0.351|6.12.0.306]core AccountTools.java:388] localTokenValid:true needCheckDevice:true
06-10 09:33:01.709  3649 29972 I NetUtil : [HwID_APK_log[6.13.0.351|6.12.0.306]core NetUtil.java:29] enter networkIsAvaiable
06-10 09:33:01.714  3649 29972 I RequestTask: [HwID_APK_log[6.13.0.351|6.12.0.306]core RequestTask.java:339] request siteId:1
06-10 09:33:01.717  3649 29972 I HwIDRestClientCall: [HwID_APK_log[6.13.0.351|6.12.0.306]core HwIDRestClientCall.java:113] UPHttpRequest execute start.
06-10 09:33:01.718  3649 29972 I HwIDRestClientCall: [HwID_APK_log[6.13.0.351|6.12.0.306]core HwIDRestClientCall.java:140] realCall host:***************orm.hicloud.com
06-10 09:33:01.718  3649 29972 I ServiceTokenAuthRequest: [HwID_APK_log[6.13.0.351|6.12.0.306]core ServiceTokenAuthRequest.java:200] enter pack mTransID:
06-10 09:33:01.723 28726 28738 I ctaifs  : <Android 系统>[Android 系统][android]:[openFile] 打开文件
06-10 09:33:01.728   874 10955 I MediaPlayerService: MediaPlayerService::Client::setDataSource local file://?FileDescriptor=33&Offset=0&Length=25784&Path=/system/media/audio/ui
06-10 09:33:01.728   874 10955 D NuPlayer: hw fadein is disabled!
06-10 09:33:01.728   874 10955 D NuPlayerDriver: NuPlayerDriver(0xea8243f0) created, clientPid(1413)
06-10 09:33:01.729   874 10955 D NuPlayer: hw fadein is disabled!
06-10 09:33:01.731   874 10955 V GenericSource: GenericSource
06-10 09:33:01.731   874 29974 V NuPlayer: kWhatSetAudioSink
06-10 09:33:01.731   874 10955 V GenericSource: BufferingMonitor::getDefaultBufferingSettings{initialMode(1), rebufferingMode(3), initialMarks(5000 ms, -1 KB), rebufferingMarks(2000, 15000)ms, (40, 200)KB}
06-10 09:33:01.731   874 10955 V GenericSource: resetDataSource
06-10 09:33:01.731   874 10955 V NuPlayer: setDataSourceAsync fd 33/0/25784 source: 0xea0f0900
06-10 09:33:01.731   874 10955 V GenericSource: setDataSource 33/0/25784
06-10 09:33:01.731   874 10955 V GenericSource: resetDataSource
06-10 09:33:01.731   874 29974 V NuPlayer: kWhatSetDataSource
06-10 09:33:01.732   874 29974 V NuPlayer: kWhatGetDefaultBufferingSettings
06-10 09:33:01.732   874 29974 V GenericSource: BufferingMonitor::getDefaultBufferingSettings{initialMode(1), rebufferingMode(3), initialMarks(5000 ms, -1 KB), rebufferingMarks(2000, 15000)ms, (40, 200)KB}
06-10 09:33:01.734   874 10955 V NuPlayer: prepareAsync
06-10 09:33:01.735   874 29974 V NuPlayer: onMessageReceived kWhatPrepare
06-10 09:33:01.735   874 29974 V GenericSource: prepareAsync: (looper: 0)
06-10 09:33:01.736   874 29975 V GenericSource: onPrepareAsync: mDataSource: 0
06-10 09:33:01.736  3649 29972 I fwkit_NetInitThread: [fwkit ShareNetworkKit.java:50] The context of network sdk register successfully
06-10 09:33:01.737   874 29975 D GenericSource: FileSource remote
06-10 09:33:01.738  3649 29972 I UPHttpRequest: [HwID_APK_log[6.13.0.351|6.12.0.306]core UPHttpRequest.java:142] stAuthnot need set cookie
06-10 09:33:01.738   874 29975 V GenericSource: IDataSource(FileSource): 0xea80cb60 35 0 25784
06-10 09:33:01.739   874 29975 I MediaExtractor: Create (null)
06-10 09:33:01.739  3649 29972 I XasymJwtUtil: [HwID_APK_log[6.13.0.351|6.12.0.306]core XasymJwtUtil.java:185] uri:/IdmClientApi/IDM/stAuth/ use signKey
06-10 09:33:01.741   871  1066 V HwExtendedExtractor: HwExtendedExtractor::Sniff   in...
06-10 09:33:01.741   871  1066 V HwExtendedExtractor: HwExtendedExtractor::Sniff   out...
06-10 09:33:01.741   871  1066 I MediaExtractor: content 'application/ogg' with conf 0.20
06-10 09:33:01.741  3649 29972 I XasymJwtUtil: [HwID_APK_log[6.13.0.351|6.12.0.306]core XasymJwtUtil.java:204] asysmauth:KtERdUleDtc3ZzhZA2Q8cost 2ms, reqname:/IdmClientApi/IDM/stAuth/
06-10 09:33:01.742  3649 29972 I fwkit_NetInitThread: [fwkit ShareNetworkKit.java:50] The context of network sdk register successfully
06-10 09:33:01.743   871  1066 I MediaExtractorService: makeExtractor ((null)), uid = 1013
06-10 09:33:01.745   874 29975 V GenericSource: initFromDataSource track[0]: audio/vorbis
06-10 09:33:01.745   874 29975 V GenericSource: initFromDataSource mSources.size(): 1  mIsSecure: 0  mime[0]: audio/vorbis
06-10 09:33:01.745   874 29975 V GenericSource: checkDrmInfo: No PSSH
06-10 09:33:01.745   874 29975 V GenericSource: finishPrepareAsync
06-10 09:33:01.745   874 29974 V NuPlayer: onSourceNotify() kWhatFlagsChanged  FLAG_CAN_PAUSE: 1  FLAG_CAN_SEEK_BACKWARD: 1 
06-10 09:33:01.745   874 29974 V NuPlayer: 				 FLAG_CAN_SEEK_FORWARD: 1  FLAG_CAN_SEEK: 1  FLAG_DYNAMIC_DURATION: 0 
06-10 09:33:01.745   874 29974 V NuPlayer: 				 FLAG_SECURE: 0  FLAG_PROTECTED: 0
06-10 09:33:01.746   874 29975 V NuPlayer: Source::notifyPrepared 0
06-10 09:33:01.746   874 29975 V GenericSource: onPrepareAsync: Done
06-10 09:33:01.746   874 29974 V NuPlayer: NuPlayer::onSourceNotify Source::kWhatPrepared source: 0xea0f0900
06-10 09:33:01.746   874 29974 D NuPlayerDriver: notifyListener_l(0xea8243f0), (1, 0, 0, -1), loop setting(0, 0)
06-10 09:33:01.750   874 10955 D NuPlayerDriver: seekTo(0xea8243f0) (0 ms, 0) at state 4
06-10 09:33:01.750   874 10955 D NuPlayerDriver: notifyListener_l(0xea8243f0), (7, 0, 0, -1), loop setting(0, 0)
06-10 09:33:01.750   874 10955 I NuPlayerDriver: NuPlayerDriver,seekTimeUs: 0
06-10 09:33:01.750   874 10955 I NuPlayer: NuPlayer::canSeek,mSourceFlags = 15 
06-10 09:33:01.751   874 29974 V NuPlayer: kWhatSeek seekTimeUs=0 us, mode=0, needNotify=1
06-10 09:33:01.751   874 29974 I NuPlayer: NuPlayer::canSeek,mSourceFlags = 15 
06-10 09:33:01.751   874 29974 V NuPlayer: onStart: mCrypto: 0x0 (0)
06-10 09:33:01.751  1413  1413 I chatty  : uid=1000 system_server expire 15 lines
06-10 09:33:01.751  2564 12310 E HsmCoreServiceImpl: onTransact in code is: 102
06-10 09:33:01.751  2564 12310 W MediaProcessHandler: processOp uid 1000 is not concerned!
06-10 09:33:01.751  2564 12310 I MediaProcessHandler: executedCallBack opType: 0 mMediaStatusObservers.size=0
06-10 09:33:01.752   874 29974 V NuPlayer: Renderer::canCreateDirect() = 1 
06-10 09:33:01.752   874 29974 W HwExtendedMediaDirect: canCreateDirectPcmStream: high resolution audio feature not enable 
06-10 09:33:01.752   874 29974 W HwExtendedMediaDirect: device is not aux_digital. device 2
06-10 09:33:01.752   874 29974 I GenericSource: start  needStop = 0 
06-10 09:33:01.752   874 10955 D NuPlayerDriver: start(0xea8243f0), state is 4, eos is 0
06-10 09:33:01.752  3649 29972 I NetworkSdk_OkRequestTask: [HMSCore NetworkLog.java:1] Hwid-Single-RequestAgent-Pool25|embedded.f3|295|the request has used the okhttp! 
06-10 09:33:01.755  3649 29972 I NetworkSdk_DNManager: [HMSCore NetworkLog.java:1] Hwid-Single-RequestAgent-Pool25|embedded.t|53|hwid-drcn.platform.hicloud.com dns resolve source is LocalDns first
06-10 09:33:01.755   874 29974 D NuPlayerDriver: notifyListener_l(0xea8243f0), (4, 0, 0, -1), loop setting(0, 0)
06-10 09:33:01.755   874 29974 V NuPlayer: kWhatStart
06-10 09:33:01.756  3649 29972 I NetworkSdk_DNResolverManager: [HMSCore NetworkLog.java:1] Hwid-Single-RequestAgent-Pool25|embedded.g0|45|enter Dns lazy update flow, domain: hwid-drcn.platform.hicloud.com, trigger type: dns_lazy_update, source: LocalDns
06-10 09:33:01.757   874 29974 W HwExtendedMediaDirect: canCreateDirectPcmStream: high resolution audio feature not enable 
06-10 09:33:01.757   874 29974 V NuPlayer: determineAudioModeChange Renderer::canCreateDirect() = 1
06-10 09:33:01.758   874 29974 V NuPlayer: instantiateDecoder audio Decoder
06-10 09:33:01.759  3649 29972 I NetworkSdk_DNManager: [HMSCore NetworkLog.java:1] Hwid-Single-RequestAgent-Pool25|embedded.t|114|hwid-drcn.platform.hicloud.com from cache result is: DomainResult{type='A', addressList is not Empty, createTime=1717981590932, source=LocalDns, cache=1}
06-10 09:33:01.760   874 29974 V NuPlayer: scanning sources haveAudio=1, haveVideo=0
06-10 09:33:01.760   726 19770 I chatty  : uid=1041(audioserver) HwBinder:726_4 expire 17 lines
06-10 09:33:01.764   874 29980 E HwExtendedCodec: mime: audio/vorbis matching compontent failed!
06-10 09:33:01.766   874 29980 I OMXClient: Treble IOmx obtained
06-10 09:33:01.767   878  1080 I OMXMaster: makeComponentInstance(OMX.google.vorbis.decoder) in omx@1.0-service process
06-10 09:33:01.772   874 29980 I ACodec  : In onAllocateComponent create compenent, codec name: OMX.google.vorbis.decoder
06-10 09:33:01.773   878  1080 E OMXNodeInstance: setConfig(0xf4ca5b80:google.vorbis.decoder, ??(0x6f700006)) ERROR: Undefined(0x80001001)
06-10 09:33:01.773   874 29980 W HwExtendedUtils: hw configLocalPlayBack err = -2147483648
06-10 09:33:01.773   874 29980 I HwExtendedCodec: mime is [audio/vorbis] at setAudioFormat
06-10 09:33:01.774   878  1080 E OMXNodeInstance: setConfig(0xf4ca5b80:google.vorbis.decoder, ConfigPriority(0x6f800002)) ERROR: Undefined(0x80001001)
06-10 09:33:01.774   874 29980 I ACodec  : codec does not support config priority (err -2147483648)
06-10 09:33:01.774   878  1080 E OMXNodeInstance: getConfig(0xf4ca5b80:google.vorbis.decoder, ConfigAndroidVendorExtension(0x6f100004)) ERROR: Undefined(0x80001001)
06-10 09:33:01.775   874 29980 I MediaCodec: MediaCodec will operate in async mode
06-10 09:33:01.775   874 29980 I ACodec  : onStart
06-10 09:33:01.775   878 29982 W SimpleSoftOMXComponent: onChangeState mState= 1, mTargetState = 1, state = 2
06-10 09:33:01.775   878 29982 W SimpleSoftOMXComponent: checkTransitions port is not populate
06-10 09:33:01.777   725   725 W /system/bin/hw/android.hidl.allocator@1.0-service: ashmem_create_region(32768) returning hidl_memory(0x74ae22b530, 32768)
06-10 09:33:01.779   725   725 W /system/bin/hw/android.hidl.allocator@1.0-service: ashmem_create_region(32768) returning hidl_memory(0x74ae22b530, 32768)
06-10 09:33:01.780   878  1080 W SimpleSoftOMXComponent: checkTransitions port is not populate
06-10 09:33:01.781   725   725 W /system/bin/hw/android.hidl.allocator@1.0-service: ashmem_create_region(32768) returning hidl_memory(0x74ae22b530, 32768)
06-10 09:33:01.783   725   725 W /system/bin/hw/android.hidl.allocator@1.0-service: ashmem_create_region(32768) returning hidl_memory(0x74ae22b530, 32768)
06-10 09:33:01.784   878  1924 W SimpleSoftOMXComponent: checkTransitions mState = 1, mTargetState = 2
