06-10 09:18:26.576  1413  4697 I HwAudioService: ljc HwAudioService:music app exit -1
06-10 09:18:27.158  1413  2467 E Watchdog: Failed to write to /sys/kernel/hungtask/vm_heart
06-10 09:18:27.158  1413  2467 E Watchdog: java.io.FileNotFoundException: /sys/kernel/hungtask/vm_heart (Permission denied)
06-10 09:18:27.158  1413  2467 E Watchdog: 	at java.io.FileOutputStream.open0(Native Method)
06-10 09:18:27.158  1413  2467 E Watchdog: 	at java.io.FileOutputStream.open(FileOutputStream.java:287)
06-10 09:18:27.158  1413  2467 E Watchdog: 	at java.io.FileOutputStream.<init>(FileOutputStream.java:223)
06-10 09:18:27.158  1413  2467 E Watchdog: 	at java.io.FileOutputStream.<init>(FileOutputStream.java:110)
06-10 09:18:27.158  1413  2467 E Watchdog: 	at com.android.server.Watchdog.writeHungtask(Watchdog.java:904)
06-10 09:18:27.158  1413  2467 E Watchdog: 	at com.android.server.Watchdog.run(Watchdog.java:563)
06-10 09:18:27.267  1413  4697 I HwAudioService: ljc enter package length 3
06-10 09:18:27.267  1413  4697 I HwAudioService: ljc enter packageName:com.huawei.HwMultiScreenShot
06-10 09:18:27.268  1413  4697 I HwAudioService: ljc enter packageName:com.android.keyguard
06-10 09:18:27.269  1413  4697 I HwAudioService: ljc enter packageName:com.android.systemui
06-10 09:18:27.269  1413  4697 I HwAudioService: ljc HwAudioService:music app exit -1
06-10 09:18:51.450  1413  4697 I ActivityManager: Need to start process com.huawei.hwid.container3 for provider ContentProviderInfo{name=com.huawei.hms.runtimekit.kitcontainerservice.KitProcessAgent3Provider className=com.huawei.hms.runtimekit.kitcontainerservice.KitProcessAgent3Provider}, callerApp: ProcessRecord{7c73bfb 3649:com.huawei.hwid.core/u0a57}
06-10 09:18:51.451  1413  4697 V ActivityManager: startProcess: name=com.huawei.hwid.container3 app=null knownToBeDead=false thread=null pid=-1
06-10 09:18:51.480  1413  4697 I ActivityManager: Start proc 29304:com.huawei.hwid.container3/u0a57 for content provider com.huawei.hwid/com.huawei.hms.runtimekit.kitcontainerservice.KitProcessAgent3Provider
06-10 09:18:51.485  1413  4697 V ActivityManager_MU: Waiting to start provider ContentProviderRecord{b2d6333 u0 com.huawei.hwid/com.huawei.hms.runtimekit.kitcontainerservice.KitProcessAgent3Provider} launchingApp=ProcessRecord{94a9aa2 29304:com.huawei.hwid.container3/u0a57} caller pid= 3649
06-10 09:18:51.521 29304 29304 D ActivityThread: Attach thread to application
06-10 09:18:51.818  1413  4697 V ActivityManager: Successfully start provider ContentProviderRecord{b2d6333 u0 com.huawei.hwid/com.huawei.hms.runtimekit.kitcontainerservice.KitProcessAgent3Provider} launchingApp=ProcessRecord{94a9aa2 29304:com.huawei.hwid.container3/u0a57} caller pid= 3649
06-10 09:18:57.160  1413  2467 E Watchdog: Failed to write to /sys/kernel/hungtask/vm_heart
06-10 09:18:57.160  1413  2467 E Watchdog: java.io.FileNotFoundException: /sys/kernel/hungtask/vm_heart (Permission denied)
06-10 09:18:57.160  1413  2467 E Watchdog: 	at java.io.FileOutputStream.open0(Native Method)
06-10 09:18:57.160  1413  2467 E Watchdog: 	at java.io.FileOutputStream.open(FileOutputStream.java:287)
06-10 09:18:57.160  1413  2467 E Watchdog: 	at java.io.FileOutputStream.<init>(FileOutputStream.java:223)
06-10 09:18:57.160  1413  2467 E Watchdog: 	at java.io.FileOutputStream.<init>(FileOutputStream.java:110)
06-10 09:18:57.160  1413  2467 E Watchdog: 	at com.android.server.Watchdog.writeHungtask(Watchdog.java:904)
06-10 09:18:57.160  1413  2467 E Watchdog: 	at com.android.server.Watchdog.run(Watchdog.java:563)
06-10 09:19:00.006  1413  1413 V AlarmManager: Received TIME_TICK alarm; rescheduling
06-10 09:19:00.007  1413  1413 I HwAlarmManagerService: hwSetAlarm listenerTag: time_tick
06-10 09:19:00.059  1413  4691 V BroadcastQueue: Finished with ordered broadcast BroadcastRecord{babbf9e u-1 android.intent.action.TIME_TICK}
06-10 09:19:02.492  2577  2723 E KernelCpuSpeedReader: Failed to read cpu-freq: /sys/devices/system/cpu/cpu0/cpufreq/stats/time_in_state (No such file or directory)
06-10 09:19:02.493  2577  2723 E KernelCpuSpeedReader: Failed to read cpu-freq: /sys/devices/system/cpu/cpu4/cpufreq/stats/time_in_state (No such file or directory)
06-10 09:19:02.514  2577  2723 E KernelCpuSpeedReader: Failed to read cpu-freq: /sys/devices/system/cpu/cpu0/cpufreq/stats/time_in_state (No such file or directory)
06-10 09:19:02.514  2577  2723 E KernelCpuSpeedReader: Failed to read cpu-freq: /sys/devices/system/cpu/cpu4/cpufreq/stats/time_in_state (No such file or directory)
06-10 09:19:12.073  1413  4691 I BatteryService: normal charge status : 1
06-10 09:19:12.086  1413  1413 D WifiService: onReceive, action:android.intent.action.BATTERY_CHANGED
06-10 09:19:12.086  1413  1413 D WifiService: ACTION_BATTERY_CHANGED pluggedType: 0
06-10 09:19:27.163  1413  2467 E Watchdog: Failed to write to /sys/kernel/hungtask/vm_heart
06-10 09:19:27.163  1413  2467 E Watchdog: java.io.FileNotFoundException: /sys/kernel/hungtask/vm_heart (Permission denied)
06-10 09:19:27.163  1413  2467 E Watchdog: 	at java.io.FileOutputStream.open0(Native Method)
06-10 09:19:27.163  1413  2467 E Watchdog: 	at java.io.FileOutputStream.open(FileOutputStream.java:287)
06-10 09:19:27.163  1413  2467 E Watchdog: 	at java.io.FileOutputStream.<init>(FileOutputStream.java:223)
06-10 09:19:27.163  1413  2467 E Watchdog: 	at java.io.FileOutputStream.<init>(FileOutputStream.java:110)
06-10 09:19:27.163  1413  2467 E Watchdog: 	at com.android.server.Watchdog.writeHungtask(Watchdog.java:904)
06-10 09:19:27.163  1413  2467 E Watchdog: 	at com.android.server.Watchdog.run(Watchdog.java:563)
06-10 09:19:36.976  1413  2193 D NetdConnector: RCV <- {613 IfaceClass idle 1 234159707512159}
06-10 09:19:36.980  1413  2193 D NetdConnector: RCV <- {613 IfaceClass idle 1 234159707512159}
06-10 09:19:36.984  1413  1979 D NetdConnector: RCV unsolicited event from native daemon, event = 613
06-10 09:19:40.066  1413  2193 D NetdConnector: RCV <- {613 IfaceClass active 1 234163856636202 0}
06-10 09:19:40.069  1413  2193 D NetdConnector: RCV <- {613 IfaceClass active 1 234163856636202 0}
06-10 09:19:40.073  1413  1979 D NetdConnector: RCV unsolicited event from native daemon, event = 613
06-10 09:19:57.166  1413  2467 E Watchdog: Failed to write to /sys/kernel/hungtask/vm_heart
06-10 09:19:57.166  1413  2467 E Watchdog: java.io.FileNotFoundException: /sys/kernel/hungtask/vm_heart (Permission denied)
06-10 09:19:57.166  1413  2467 E Watchdog: 	at java.io.FileOutputStream.open0(Native Method)
06-10 09:19:57.166  1413  2467 E Watchdog: 	at java.io.FileOutputStream.open(FileOutputStream.java:287)
06-10 09:19:57.166  1413  2467 E Watchdog: 	at java.io.FileOutputStream.<init>(FileOutputStream.java:223)
06-10 09:19:57.166  1413  2467 E Watchdog: 	at java.io.FileOutputStream.<init>(FileOutputStream.java:110)
06-10 09:19:57.166  1413  2467 E Watchdog: 	at com.android.server.Watchdog.writeHungtask(Watchdog.java:904)
06-10 09:19:57.166  1413  2467 E Watchdog: 	at com.android.server.Watchdog.run(Watchdog.java:563)
06-10 09:20:00.005  1413  1413 V AlarmManager: Received TIME_TICK alarm; rescheduling
06-10 09:20:00.007  1413  1413 I HwAlarmManagerService: hwSetAlarm listenerTag: time_tick
06-10 09:20:00.067  1413  4686 V BroadcastQueue: Finished with ordered broadcast BroadcastRecord{132f38 u-1 android.intent.action.TIME_TICK}
06-10 09:20:06.625  2577  2723 E KernelCpuSpeedReader: Failed to read cpu-freq: /sys/devices/system/cpu/cpu0/cpufreq/stats/time_in_state (No such file or directory)
06-10 09:20:06.626  2577  2723 E KernelCpuSpeedReader: Failed to read cpu-freq: /sys/devices/system/cpu/cpu4/cpufreq/stats/time_in_state (No such file or directory)
06-10 09:20:11.115  1413  2193 D NetdConnector: RCV <- {613 IfaceClass idle 1 234194905186743}
06-10 09:20:11.118  1413  2193 D NetdConnector: RCV <- {613 IfaceClass idle 1 234194905186743}
06-10 09:20:11.121  1413  1979 D NetdConnector: RCV unsolicited event from native daemon, event = 613
06-10 09:20:12.479  1413  6374 W ProcBatteryStats: timer is running , not start, name: abc.def.ghi, uid: 10296, tag: abc.def.ghi:Tag
06-10 09:20:12.491  1413  1413 V HwNotificationManagerService: isHwSoundAllow pkg=abc.def.ghi, channelId=abc.def.ghi.alarmService, userId=0, cfg=1
06-10 09:20:12.492  1413  1413 V NotificationService: Playing sound content://settings/system/notification_sound with attributes AudioAttributes: usage=USAGE_NOTIFICATION content=CONTENT_TYPE_SONIFICATION flags=0x0 tags= bundle=null
06-10 09:20:12.610  1413  6374 I HwAudioService: ljc enter package length 3
06-10 09:20:12.610  1413  6374 I HwAudioService: ljc enter packageName:com.huawei.HwMultiScreenShot
06-10 09:20:12.611  1413  6374 I HwAudioService: ljc enter packageName:com.android.keyguard
06-10 09:20:12.611  1413  6374 I HwAudioService: ljc enter packageName:com.android.systemui
06-10 09:20:12.611  1413  6374 I HwAudioService: ljc HwAudioService:music app enter -1
06-10 09:20:12.621  1413  6374 I HwAudioService: ljc enter package length 3
06-10 09:20:12.621  1413  6374 I HwAudioService: ljc enter packageName:com.huawei.HwMultiScreenShot
06-10 09:20:12.621  1413  6374 I HwAudioService: ljc enter packageName:com.android.keyguard
06-10 09:20:12.622  1413  6374 I HwAudioService: ljc enter packageName:com.android.systemui
06-10 09:20:12.622  1413  6374 I HwAudioService: ljc HwAudioService:music app enter -1
06-10 09:20:13.024  1413  6374 I HwAudioService: ljc enter package length 3
06-10 09:20:13.024  1413  6374 I HwAudioService: ljc enter packageName:com.huawei.HwMultiScreenShot
06-10 09:20:13.025  1413  6374 I HwAudioService: ljc enter packageName:com.android.keyguard
06-10 09:20:13.025  1413  6374 I HwAudioService: ljc enter packageName:com.android.systemui
06-10 09:20:13.026  1413  6374 I HwAudioService: ljc HwAudioService:music app exit -1
06-10 09:20:13.747  1413  6374 I HwAudioService: ljc enter package length 3
06-10 09:20:13.748  1413  6374 I HwAudioService: ljc enter packageName:com.huawei.HwMultiScreenShot
06-10 09:20:13.749  1413  6374 I HwAudioService: ljc enter packageName:com.android.keyguard
06-10 09:20:13.750  1413  6374 I HwAudioService: ljc enter packageName:com.android.systemui
06-10 09:20:13.750  1413  6374 I HwAudioService: ljc HwAudioService:music app exit -1
06-10 09:20:24.002  1413  2193 D NetdConnector: RCV <- {613 IfaceClass active 1 234207787635630 0}
06-10 09:20:24.005  1413  2193 D NetdConnector: RCV <- {613 IfaceClass active 1 234207787635630 0}
06-10 09:20:24.008  1413  1979 D NetdConnector: RCV unsolicited event from native daemon, event = 613
06-10 09:20:27.169  1413  2467 E Watchdog: Failed to write to /sys/kernel/hungtask/vm_heart
06-10 09:20:27.169  1413  2467 E Watchdog: java.io.FileNotFoundException: /sys/kernel/hungtask/vm_heart (Permission denied)
06-10 09:20:27.169  1413  2467 E Watchdog: 	at java.io.FileOutputStream.open0(Native Method)
06-10 09:20:27.169  1413  2467 E Watchdog: 	at java.io.FileOutputStream.open(FileOutputStream.java:287)
06-10 09:20:27.169  1413  2467 E Watchdog: 	at java.io.FileOutputStream.<init>(FileOutputStream.java:223)
06-10 09:20:27.169  1413  2467 E Watchdog: 	at java.io.FileOutputStream.<init>(FileOutputStream.java:110)
06-10 09:20:27.169  1413  2467 E Watchdog: 	at com.android.server.Watchdog.writeHungtask(Watchdog.java:904)
06-10 09:20:27.169  1413  2467 E Watchdog: 	at com.android.server.Watchdog.run(Watchdog.java:563)
06-10 09:20:31.703  1413  6374 V BroadcastQueue: Finished with ordered broadcast BroadcastRecord{5f47713 u0 com.huawei.push.alarm.HEARTBEAT}
06-10 09:20:31.819  1413  4686 I AlarmManager: remove alarm.operation :110ad50 according to operation:4c85b49
06-10 09:20:31.823  1413  4686 D SmartHeartBeat: isPendingPackage, false, pkg:com.android.deskclock, action:com.android.deskclock.ALARM_ALERT,not pending alarm with AlarmClockInfo
06-10 09:20:31.836  1413 10949 I AlarmManager: remove alarm.operation :aa4d054 according to operation:725716f
06-10 09:20:31.841  1413 10949 D SmartHeartBeat: isPendingPackage, false, pkg:com.android.deskclock, action:com.android.deskclock.ALARM_ALERT,not pending alarm with AlarmClockInfo
06-10 09:20:41.729  1413  1928 I UsageStatsService: User[0] Flushing usage stats to disk
06-10 09:20:57.172  1413  2467 E Watchdog: Failed to write to /sys/kernel/hungtask/vm_heart
06-10 09:20:57.172  1413  2467 E Watchdog: java.io.FileNotFoundException: /sys/kernel/hungtask/vm_heart (Permission denied)
06-10 09:20:57.172  1413  2467 E Watchdog: 	at java.io.FileOutputStream.open0(Native Method)
06-10 09:20:57.172  1413  2467 E Watchdog: 	at java.io.FileOutputStream.open(FileOutputStream.java:287)
06-10 09:20:57.172  1413  2467 E Watchdog: 	at java.io.FileOutputStream.<init>(FileOutputStream.java:223)
06-10 09:20:57.172  1413  2467 E Watchdog: 	at java.io.FileOutputStream.<init>(FileOutputStream.java:110)
06-10 09:20:57.172  1413  2467 E Watchdog: 	at com.android.server.Watchdog.writeHungtask(Watchdog.java:904)
06-10 09:20:57.172  1413  2467 E Watchdog: 	at com.android.server.Watchdog.run(Watchdog.java:563)
06-10 09:21:00.006  1413  1413 V AlarmManager: Received TIME_TICK alarm; rescheduling
06-10 09:21:00.008  1413  1413 I HwAlarmManagerService: hwSetAlarm listenerTag: time_tick
06-10 09:21:00.100  1413  2366 V BroadcastQueue: Finished with ordered broadcast BroadcastRecord{54cd668 u-1 android.intent.action.TIME_TICK}
06-10 09:21:02.574  2577  2723 E KernelCpuSpeedReader: Failed to read cpu-freq: /sys/devices/system/cpu/cpu0/cpufreq/stats/time_in_state (No such file or directory)
06-10 09:21:02.575  2577  2723 E KernelCpuSpeedReader: Failed to read cpu-freq: /sys/devices/system/cpu/cpu4/cpufreq/stats/time_in_state (No such file or directory)
06-10 09:21:02.596  2577  2723 E KernelCpuSpeedReader: Failed to read cpu-freq: /sys/devices/system/cpu/cpu0/cpufreq/stats/time_in_state (No such file or directory)
06-10 09:21:02.596  2577  2723 E KernelCpuSpeedReader: Failed to read cpu-freq: /sys/devices/system/cpu/cpu4/cpufreq/stats/time_in_state (No such file or directory)
06-10 09:21:11.936  1413  2141 D HwBatteryService: onUEvent fcpStatus = 0,scpStatus =0,ovpStatus=0
06-10 09:21:11.938  1413  2141 I HwBatteryService: quick charge status : 0
06-10 09:21:11.955  1413  2141 D HwBatteryService: onUEvent fcpStatus = 0,scpStatus =0,ovpStatus=0
06-10 09:21:11.956  1413  2141 I HwBatteryService: quick charge status : 0
06-10 09:21:11.968  1413  2916 I BatteryService: normal charge status : 1
06-10 09:21:11.977  1413  1413 D WifiService: onReceive, action:android.intent.action.BATTERY_CHANGED
06-10 09:21:11.977  1413  4416 I BatteryService: normal charge status : 1
06-10 09:21:11.977  1413  1413 D WifiService: ACTION_BATTERY_CHANGED pluggedType: 0
06-10 09:21:11.982  1413  1936 E KernelCpuSpeedReader: Failed to read cpu-freq: /sys/devices/system/cpu/cpu0/cpufreq/stats/time_in_state (No such file or directory)
06-10 09:21:11.982  1413  1936 E KernelCpuSpeedReader: Failed to read cpu-freq: /sys/devices/system/cpu/cpu4/cpufreq/stats/time_in_state (No such file or directory)
06-10 09:21:12.013  1413  1950 E BatteryExternalStatsWorker: no controller energy info supplied for bluetooth
06-10 09:21:12.028  1413  1950 E KernelCpuSpeedReader: Failed to read cpu-freq: /sys/devices/system/cpu/cpu0/cpufreq/stats/time_in_state (No such file or directory)
06-10 09:21:12.028  1413  1950 E KernelCpuSpeedReader: Failed to read cpu-freq: /sys/devices/system/cpu/cpu4/cpufreq/stats/time_in_state (No such file or directory)
06-10 09:21:12.038  1413  1413 D WifiService: onReceive, action:android.intent.action.BATTERY_CHANGED
06-10 09:21:12.038  1413  1413 D WifiService: ACTION_BATTERY_CHANGED pluggedType: 0
06-10 09:21:27.175  1413  2467 E Watchdog: Failed to write to /sys/kernel/hungtask/vm_heart
06-10 09:21:27.175  1413  2467 E Watchdog: java.io.FileNotFoundException: /sys/kernel/hungtask/vm_heart (Permission denied)
06-10 09:21:27.175  1413  2467 E Watchdog: 	at java.io.FileOutputStream.open0(Native Method)
06-10 09:21:27.175  1413  2467 E Watchdog: 	at java.io.FileOutputStream.open(FileOutputStream.java:287)
06-10 09:21:27.175  1413  2467 E Watchdog: 	at java.io.FileOutputStream.<init>(FileOutputStream.java:223)
06-10 09:21:27.175  1413  2467 E Watchdog: 	at java.io.FileOutputStream.<init>(FileOutputStream.java:110)
06-10 09:21:27.175  1413  2467 E Watchdog: 	at com.android.server.Watchdog.writeHungtask(Watchdog.java:904)
06-10 09:21:27.175  1413  2467 E Watchdog: 	at com.android.server.Watchdog.run(Watchdog.java:563)
06-10 09:21:39.855  1413  2193 D NetdConnector: RCV <- {613 IfaceClass idle 1 234283650989854}
06-10 09:21:39.858  1413  2193 D NetdConnector: RCV <- {613 IfaceClass idle 1 234283650989854}
06-10 09:21:39.861  1413  1979 D NetdConnector: RCV unsolicited event from native daemon, event = 613
06-10 09:21:43.562  1413  2193 D NetdConnector: RCV <- {613 IfaceClass active 1 234287352967098 0}
06-10 09:21:43.565  1413  2193 D NetdConnector: RCV <- {613 IfaceClass active 1 234287352967098 0}
06-10 09:21:43.568  1413  1979 D NetdConnector: RCV unsolicited event from native daemon, event = 613
06-10 09:21:50.928  1413  2193 D NetdConnector: RCV <- {614 Address updated ****************************f8f1/64 wlan0 0 0}
06-10 09:21:50.930  1413  2193 D NetdConnector: RCV <- {614 Address updated ****************************f8f1/64 wlan0 0 0}
06-10 09:21:50.933  1413  1979 D NetdConnector: RCV unsolicited event from native daemon, event = 614
06-10 09:21:50.936  1413  2193 D NetdConnector: RCV <- {614 Address updated ****************************f9f8/64 wlan0 1 0}
06-10 09:21:50.939  1413  2193 D NetdConnector: RCV <- {614 Address updated ****************************f9f8/64 wlan0 1 0}
06-10 09:21:50.941  1413  1979 D NetdConnector: RCV unsolicited event from native daemon, event = 614
06-10 09:21:50.941  1413  2193 D NetdConnector: RCV <- {615 DnsInfo servers wlan0 1800 ****1%wlan0}
06-10 09:21:50.943  1413  2193 D NetdConnector: RCV <- {615 DnsInfo servers wlan0 1800 ****1%wlan0}
06-10 09:21:50.946  1413  1979 D NetdConnector: RCV unsolicited event from native daemon, event = 615
06-10 09:21:57.178  1413  2467 E Watchdog: Failed to write to /sys/kernel/hungtask/vm_heart
06-10 09:21:57.178  1413  2467 E Watchdog: java.io.FileNotFoundException: /sys/kernel/hungtask/vm_heart (Permission denied)
06-10 09:21:57.178  1413  2467 E Watchdog: 	at java.io.FileOutputStream.open0(Native Method)
06-10 09:21:57.178  1413  2467 E Watchdog: 	at java.io.FileOutputStream.open(FileOutputStream.java:287)
06-10 09:21:57.178  1413  2467 E Watchdog: 	at java.io.FileOutputStream.<init>(FileOutputStream.java:223)
06-10 09:21:57.178  1413  2467 E Watchdog: 	at java.io.FileOutputStream.<init>(FileOutputStream.java:110)
06-10 09:21:57.178  1413  2467 E Watchdog: 	at com.android.server.Watchdog.writeHungtask(Watchdog.java:904)
06-10 09:21:57.178  1413  2467 E Watchdog: 	at com.android.server.Watchdog.run(Watchdog.java:563)
06-10 09:21:59.021  1413  4416 W ProcBatteryStats: timer is running , not start, name: abc.def.ghi, uid: 10296, tag: abc.def.ghi:Tag
06-10 09:21:59.037  1413  1413 V HwNotificationManagerService: isHwSoundAllow pkg=abc.def.ghi, channelId=abc.def.ghi.alarmService, userId=0, cfg=1
06-10 09:21:59.037  1413  1413 V NotificationService: Playing sound content://settings/system/notification_sound with attributes AudioAttributes: usage=USAGE_NOTIFICATION content=CONTENT_TYPE_SONIFICATION flags=0x0 tags= bundle=null
06-10 09:21:59.159  1413  2916 I HwAudioService: ljc enter package length 3
06-10 09:21:59.159  1413  2916 I HwAudioService: ljc enter packageName:com.huawei.HwMultiScreenShot
06-10 09:21:59.161  1413  2916 I HwAudioService: ljc enter packageName:com.android.keyguard
06-10 09:21:59.162  1413  2916 I HwAudioService: ljc enter packageName:com.android.systemui
06-10 09:21:59.162  1413  2916 I HwAudioService: ljc HwAudioService:music app enter -1
06-10 09:21:59.170  1413  2916 I HwAudioService: ljc enter package length 3
06-10 09:21:59.170  1413  2916 I HwAudioService: ljc enter packageName:com.huawei.HwMultiScreenShot
06-10 09:21:59.170  1413  2916 I HwAudioService: ljc enter packageName:com.android.keyguard
06-10 09:21:59.170  1413  2916 I HwAudioService: ljc enter packageName:com.android.systemui
06-10 09:21:59.171  1413  2916 I HwAudioService: ljc HwAudioService:music app enter -1
06-10 09:21:59.566  1413  2916 I HwAudioService: ljc enter package length 3
06-10 09:21:59.566  1413  2916 I HwAudioService: ljc enter packageName:com.huawei.HwMultiScreenShot
06-10 09:21:59.567  1413  2916 I HwAudioService: ljc enter packageName:com.android.keyguard
06-10 09:21:59.567  1413  2916 I HwAudioService: ljc enter packageName:com.android.systemui
06-10 09:21:59.568  1413  2916 I HwAudioService: ljc HwAudioService:music app exit -1
06-10 09:22:00.005  1413  1413 V AlarmManager: Received TIME_TICK alarm; rescheduling
06-10 09:22:00.007  1413  1413 I HwAlarmManagerService: hwSetAlarm listenerTag: time_tick
06-10 09:22:00.064  1413 10949 V BroadcastQueue: Finished with ordered broadcast BroadcastRecord{a920a80 u-1 android.intent.action.TIME_TICK}
06-10 09:22:00.269  1413  2916 I HwAudioService: ljc enter package length 3
06-10 09:22:00.269  1413  2916 I HwAudioService: ljc enter packageName:com.huawei.HwMultiScreenShot
06-10 09:22:00.270  1413  2916 I HwAudioService: ljc enter packageName:com.android.keyguard
06-10 09:22:00.271  1413  2916 I HwAudioService: ljc enter packageName:com.android.systemui
06-10 09:22:00.271  1413  2916 I HwAudioService: ljc HwAudioService:music app exit -1
06-10 09:22:06.678  2577  2723 E KernelCpuSpeedReader: Failed to read cpu-freq: /sys/devices/system/cpu/cpu0/cpufreq/stats/time_in_state (No such file or directory)
06-10 09:22:06.679  2577  2723 E KernelCpuSpeedReader: Failed to read cpu-freq: /sys/devices/system/cpu/cpu4/cpufreq/stats/time_in_state (No such file or directory)
06-10 09:22:27.182  1413  2467 E Watchdog: Failed to write to /sys/kernel/hungtask/vm_heart
06-10 09:22:27.182  1413  2467 E Watchdog: java.io.FileNotFoundException: /sys/kernel/hungtask/vm_heart (Permission denied)
06-10 09:22:27.182  1413  2467 E Watchdog: 	at java.io.FileOutputStream.open0(Native Method)
06-10 09:22:27.182  1413  2467 E Watchdog: 	at java.io.FileOutputStream.open(FileOutputStream.java:287)
06-10 09:22:27.182  1413  2467 E Watchdog: 	at java.io.FileOutputStream.<init>(FileOutputStream.java:223)
06-10 09:22:27.182  1413  2467 E Watchdog: 	at java.io.FileOutputStream.<init>(FileOutputStream.java:110)
06-10 09:22:27.182  1413  2467 E Watchdog: 	at com.android.server.Watchdog.writeHungtask(Watchdog.java:904)
06-10 09:22:27.182  1413  2467 E Watchdog: 	at com.android.server.Watchdog.run(Watchdog.java:563)
06-10 09:22:32.766  1413  2193 D NetdConnector: RCV <- {613 IfaceClass idle 1 234334916151123}
06-10 09:22:32.769  1413  2193 D NetdConnector: RCV <- {613 IfaceClass idle 1 234334916151123}
06-10 09:22:32.773  1413  1979 D NetdConnector: RCV unsolicited event from native daemon, event = 613
06-10 09:22:35.979  1413  2193 D NetdConnector: RCV <- {613 IfaceClass active 1 234339775489248 0}
06-10 09:22:35.982  1413  2193 D NetdConnector: RCV <- {613 IfaceClass active 1 234339775489248 0}
06-10 09:22:35.988  1413  1979 D NetdConnector: RCV unsolicited event from native daemon, event = 613
06-10 09:22:57.185  1413  2467 E Watchdog: Failed to write to /sys/kernel/hungtask/vm_heart
06-10 09:22:57.185  1413  2467 E Watchdog: java.io.FileNotFoundException: /sys/kernel/hungtask/vm_heart (Permission denied)
06-10 09:22:57.185  1413  2467 E Watchdog: 	at java.io.FileOutputStream.open0(Native Method)
06-10 09:22:57.185  1413  2467 E Watchdog: 	at java.io.FileOutputStream.open(FileOutputStream.java:287)
06-10 09:22:57.185  1413  2467 E Watchdog: 	at java.io.FileOutputStream.<init>(FileOutputStream.java:223)
06-10 09:22:57.185  1413  2467 E Watchdog: 	at java.io.FileOutputStream.<init>(FileOutputStream.java:110)
06-10 09:22:57.185  1413  2467 E Watchdog: 	at com.android.server.Watchdog.writeHungtask(Watchdog.java:904)
06-10 09:22:57.185  1413  2467 E Watchdog: 	at com.android.server.Watchdog.run(Watchdog.java:563)
06-10 09:23:00.006  1413  1413 V AlarmManager: Received TIME_TICK alarm; rescheduling
06-10 09:23:00.007  1413  1413 I HwAlarmManagerService: hwSetAlarm listenerTag: time_tick
06-10 09:23:00.059  1413  2916 V BroadcastQueue: Finished with ordered broadcast BroadcastRecord{1bcd30a u-1 android.intent.action.TIME_TICK}
06-10 09:23:02.675  2577  2723 E KernelCpuSpeedReader: Failed to read cpu-freq: /sys/devices/system/cpu/cpu0/cpufreq/stats/time_in_state (No such file or directory)
06-10 09:23:02.676  2577  2723 E KernelCpuSpeedReader: Failed to read cpu-freq: /sys/devices/system/cpu/cpu4/cpufreq/stats/time_in_state (No such file or directory)
06-10 09:23:02.697  2577  2723 E KernelCpuSpeedReader: Failed to read cpu-freq: /sys/devices/system/cpu/cpu0/cpufreq/stats/time_in_state (No such file or directory)
06-10 09:23:02.697  2577  2723 E KernelCpuSpeedReader: Failed to read cpu-freq: /sys/devices/system/cpu/cpu4/cpufreq/stats/time_in_state (No such file or directory)
06-10 09:23:27.189  1413  2467 E Watchdog: Failed to write to /sys/kernel/hungtask/vm_heart
06-10 09:23:27.189  1413  2467 E Watchdog: java.io.FileNotFoundException: /sys/kernel/hungtask/vm_heart (Permission denied)
06-10 09:23:27.189  1413  2467 E Watchdog: 	at java.io.FileOutputStream.open0(Native Method)
06-10 09:23:27.189  1413  2467 E Watchdog: 	at java.io.FileOutputStream.open(FileOutputStream.java:287)
06-10 09:23:27.189  1413  2467 E Watchdog: 	at java.io.FileOutputStream.<init>(FileOutputStream.java:223)
06-10 09:23:27.189  1413  2467 E Watchdog: 	at java.io.FileOutputStream.<init>(FileOutputStream.java:110)
06-10 09:23:27.189  1413  2467 E Watchdog: 	at com.android.server.Watchdog.writeHungtask(Watchdog.java:904)
06-10 09:23:27.189  1413  2467 E Watchdog: 	at com.android.server.Watchdog.run(Watchdog.java:563)
06-10 09:23:36.016  1413 10949 I BatteryService: normal charge status : 1
06-10 09:23:36.029  1413  1413 D WifiService: onReceive, action:android.intent.action.BATTERY_CHANGED
06-10 09:23:36.029  1413  1413 D WifiService: ACTION_BATTERY_CHANGED pluggedType: 0
06-10 09:23:45.697  1413 10949 W ProcBatteryStats: timer is running , not start, name: abc.def.ghi, uid: 10296, tag: abc.def.ghi:Tag
06-10 09:23:45.712  1413  1413 V HwNotificationManagerService: isHwSoundAllow pkg=abc.def.ghi, channelId=abc.def.ghi.alarmService, userId=0, cfg=1
06-10 09:23:45.712  1413  1413 V NotificationService: Playing sound content://settings/system/notification_sound with attributes AudioAttributes: usage=USAGE_NOTIFICATION content=CONTENT_TYPE_SONIFICATION flags=0x0 tags= bundle=null
06-10 09:23:45.870  1413  2916 I HwAudioService: ljc enter package length 3
06-10 09:23:45.870  1413  2916 I HwAudioService: ljc enter packageName:com.huawei.HwMultiScreenShot
06-10 09:23:45.871  1413  2916 I HwAudioService: ljc enter packageName:com.android.keyguard
06-10 09:23:45.871  1413  2916 I HwAudioService: ljc enter packageName:com.android.systemui
06-10 09:23:45.872  1413  2916 I HwAudioService: ljc HwAudioService:music app enter -1
06-10 09:23:45.885  1413  2916 I HwAudioService: ljc enter package length 3
06-10 09:23:45.885  1413  2916 I HwAudioService: ljc enter packageName:com.huawei.HwMultiScreenShot
06-10 09:23:45.885  1413  2916 I HwAudioService: ljc enter packageName:com.android.keyguard
06-10 09:23:45.886  1413  2916 I HwAudioService: ljc enter packageName:com.android.systemui
06-10 09:23:45.886  1413  2916 I HwAudioService: ljc HwAudioService:music app enter -1
06-10 09:23:46.276  1413  2916 I HwAudioService: ljc enter package length 3
06-10 09:23:46.276  1413  2916 I HwAudioService: ljc enter packageName:com.huawei.HwMultiScreenShot
06-10 09:23:46.276  1413  2916 I HwAudioService: ljc enter packageName:com.android.keyguard
06-10 09:23:46.277  1413  2916 I HwAudioService: ljc enter packageName:com.android.systemui
06-10 09:23:46.278  1413  2916 I HwAudioService: ljc HwAudioService:music app exit -1
06-10 09:23:46.985  1413  2916 I HwAudioService: ljc enter package length 3
06-10 09:23:46.985  1413  2916 I HwAudioService: ljc enter packageName:com.huawei.HwMultiScreenShot
06-10 09:23:46.986  1413  2916 I HwAudioService: ljc enter packageName:com.android.keyguard
06-10 09:23:46.987  1413  2916 I HwAudioService: ljc enter packageName:com.android.systemui
06-10 09:23:46.987  1413  2916 I HwAudioService: ljc HwAudioService:music app exit -1
06-10 09:23:57.192  1413  2467 E Watchdog: Failed to write to /sys/kernel/hungtask/vm_heart
06-10 09:23:57.192  1413  2467 E Watchdog: java.io.FileNotFoundException: /sys/kernel/hungtask/vm_heart (Permission denied)
06-10 09:23:57.192  1413  2467 E Watchdog: 	at java.io.FileOutputStream.open0(Native Method)
06-10 09:23:57.192  1413  2467 E Watchdog: 	at java.io.FileOutputStream.open(FileOutputStream.java:287)
06-10 09:23:57.192  1413  2467 E Watchdog: 	at java.io.FileOutputStream.<init>(FileOutputStream.java:223)
06-10 09:23:57.192  1413  2467 E Watchdog: 	at java.io.FileOutputStream.<init>(FileOutputStream.java:110)
06-10 09:23:57.192  1413  2467 E Watchdog: 	at com.android.server.Watchdog.writeHungtask(Watchdog.java:904)
06-10 09:23:57.192  1413  2467 E Watchdog: 	at com.android.server.Watchdog.run(Watchdog.java:563)
06-10 09:23:59.807  1413  2193 D NetdConnector: RCV <- {613 IfaceClass idle 1 234423598721452}
06-10 09:23:59.810  1413  2193 D NetdConnector: RCV <- {613 IfaceClass idle 1 234423598721452}
06-10 09:23:59.814  1413  1979 D NetdConnector: RCV unsolicited event from native daemon, event = 613
06-10 09:24:00.011  1413  1413 V AlarmManager: Received TIME_TICK alarm; rescheduling
06-10 09:24:00.012  1413  1413 I HwAlarmManagerService: hwSetAlarm listenerTag: time_tick
06-10 09:24:00.072  1413  4416 V BroadcastQueue: Finished with ordered broadcast BroadcastRecord{7ecb962 u-1 android.intent.action.TIME_TICK}
06-10 09:24:01.855  1413  4416 V BroadcastQueue: Finished with ordered broadcast BroadcastRecord{e613229 u0 com.huawei.push.alarm.HEARTBEAT}
06-10 09:24:01.904  1413  2193 D NetdConnector: RCV <- {613 IfaceClass active 1 234425693409942 1000}
06-10 09:24:01.906  1413  2193 D NetdConnector: RCV <- {613 IfaceClass active 1 234425693409942 1000}
06-10 09:24:01.907  1413  1979 D NetdConnector: RCV unsolicited event from native daemon, event = 613
06-10 09:24:02.012  1413 10949 I AlarmManager: remove alarm.operation :16109ae according to operation:1d8534f
06-10 09:24:02.016  1413 10949 D SmartHeartBeat: isPendingPackage, false, pkg:com.android.deskclock, action:com.android.deskclock.ALARM_ALERT,not pending alarm with AlarmClockInfo
06-10 09:24:02.030  1413 10949 I AlarmManager: remove alarm.operation :725716f according to operation:db1c7e5
06-10 09:24:02.032  1413 10949 D SmartHeartBeat: isPendingPackage, false, pkg:com.android.deskclock, action:com.android.deskclock.ALARM_ALERT,not pending alarm with AlarmClockInfo
06-10 09:24:06.737  2577  2723 E KernelCpuSpeedReader: Failed to read cpu-freq: /sys/devices/system/cpu/cpu0/cpufreq/stats/time_in_state (No such file or directory)
06-10 09:24:06.738  2577  2723 E KernelCpuSpeedReader: Failed to read cpu-freq: /sys/devices/system/cpu/cpu4/cpufreq/stats/time_in_state (No such file or directory)
06-10 09:24:21.958  1413  4416 I BatteryService: normal charge status : 1
06-10 09:24:21.995  1413  1413 D WifiService: onReceive, action:android.intent.action.BATTERY_CHANGED
06-10 09:24:21.995  1413  1413 D WifiService: ACTION_BATTERY_CHANGED pluggedType: 0
06-10 09:24:23.992  1413  2141 D HwBatteryService: onUEvent fcpStatus = 0,scpStatus =0,ovpStatus=0
06-10 09:24:23.994  1413  2141 I HwBatteryService: quick charge status : 0
06-10 09:24:24.008  1413  2141 D HwBatteryService: onUEvent fcpStatus = 0,scpStatus =0,ovpStatus=0
06-10 09:24:24.014  1413  2141 I HwBatteryService: quick charge status : 0
06-10 09:24:24.020  1413  4416 I BatteryService: normal charge status : 1
06-10 09:24:24.028  1413  1936 E KernelCpuSpeedReader: Failed to read cpu-freq: /sys/devices/system/cpu/cpu0/cpufreq/stats/time_in_state (No such file or directory)
06-10 09:24:24.028  1413  1936 E KernelCpuSpeedReader: Failed to read cpu-freq: /sys/devices/system/cpu/cpu4/cpufreq/stats/time_in_state (No such file or directory)
06-10 09:24:24.057  1413  1950 E BatteryExternalStatsWorker: no controller energy info supplied for bluetooth
06-10 09:24:24.073  1413  1950 E KernelCpuSpeedReader: Failed to read cpu-freq: /sys/devices/system/cpu/cpu0/cpufreq/stats/time_in_state (No such file or directory)
06-10 09:24:24.073  1413  1950 E KernelCpuSpeedReader: Failed to read cpu-freq: /sys/devices/system/cpu/cpu4/cpufreq/stats/time_in_state (No such file or directory)
06-10 09:24:24.077  1413  1413 D WifiService: onReceive, action:android.intent.action.BATTERY_CHANGED
06-10 09:24:24.077  1413  1413 D WifiService: ACTION_BATTERY_CHANGED pluggedType: 0
06-10 09:24:27.195  1413  2467 E Watchdog: Failed to write to /sys/kernel/hungtask/vm_heart
06-10 09:24:27.195  1413  2467 E Watchdog: java.io.FileNotFoundException: /sys/kernel/hungtask/vm_heart (Permission denied)
06-10 09:24:27.195  1413  2467 E Watchdog: 	at java.io.FileOutputStream.open0(Native Method)
06-10 09:24:27.195  1413  2467 E Watchdog: 	at java.io.FileOutputStream.open(FileOutputStream.java:287)
06-10 09:24:27.195  1413  2467 E Watchdog: 	at java.io.FileOutputStream.<init>(FileOutputStream.java:223)
06-10 09:24:27.195  1413  2467 E Watchdog: 	at java.io.FileOutputStream.<init>(FileOutputStream.java:110)
06-10 09:24:27.195  1413  2467 E Watchdog: 	at com.android.server.Watchdog.writeHungtask(Watchdog.java:904)
06-10 09:24:27.195  1413  2467 E Watchdog: 	at com.android.server.Watchdog.run(Watchdog.java:563)
06-10 09:24:57.198  1413  2467 E Watchdog: Failed to write to /sys/kernel/hungtask/vm_heart
06-10 09:24:57.198  1413  2467 E Watchdog: java.io.FileNotFoundException: /sys/kernel/hungtask/vm_heart (Permission denied)
06-10 09:24:57.198  1413  2467 E Watchdog: 	at java.io.FileOutputStream.open0(Native Method)
06-10 09:24:57.198  1413  2467 E Watchdog: 	at java.io.FileOutputStream.open(FileOutputStream.java:287)
06-10 09:24:57.198  1413  2467 E Watchdog: 	at java.io.FileOutputStream.<init>(FileOutputStream.java:223)
06-10 09:24:57.198  1413  2467 E Watchdog: 	at java.io.FileOutputStream.<init>(FileOutputStream.java:110)
06-10 09:24:57.198  1413  2467 E Watchdog: 	at com.android.server.Watchdog.writeHungtask(Watchdog.java:904)
06-10 09:24:57.198  1413  2467 E Watchdog: 	at com.android.server.Watchdog.run(Watchdog.java:563)
06-10 09:25:00.007  1413  1413 V AlarmManager: Received TIME_TICK alarm; rescheduling
06-10 09:25:00.008  1413  1413 I HwAlarmManagerService: hwSetAlarm listenerTag: time_tick
06-10 09:25:00.059  1413  2559 V BroadcastQueue: Finished with ordered broadcast BroadcastRecord{f44a086 u-1 android.intent.action.TIME_TICK}
06-10 09:25:02.776  2577  2723 E KernelCpuSpeedReader: Failed to read cpu-freq: /sys/devices/system/cpu/cpu0/cpufreq/stats/time_in_state (No such file or directory)
06-10 09:25:02.777  2577  2723 E KernelCpuSpeedReader: Failed to read cpu-freq: /sys/devices/system/cpu/cpu4/cpufreq/stats/time_in_state (No such file or directory)
06-10 09:25:02.798  2577  2723 E KernelCpuSpeedReader: Failed to read cpu-freq: /sys/devices/system/cpu/cpu0/cpufreq/stats/time_in_state (No such file or directory)
06-10 09:25:02.799  2577  2723 E KernelCpuSpeedReader: Failed to read cpu-freq: /sys/devices/system/cpu/cpu4/cpufreq/stats/time_in_state (No such file or directory)
06-10 09:25:24.033  1413  2193 D NetdConnector: RCV <- {613 IfaceClass active 1 234507827620832 1000}
06-10 09:25:24.037  1413  2193 D NetdConnector: RCV <- {613 IfaceClass active 1 234507827620832 1000}
06-10 09:25:24.040  1413  1979 D NetdConnector: RCV unsolicited event from native daemon, event = 613
06-10 09:25:27.202  1413  2467 E Watchdog: Failed to write to /sys/kernel/hungtask/vm_heart
06-10 09:25:27.202  1413  2467 E Watchdog: java.io.FileNotFoundException: /sys/kernel/hungtask/vm_heart (Permission denied)
06-10 09:25:27.202  1413  2467 E Watchdog: 	at java.io.FileOutputStream.open0(Native Method)
06-10 09:25:27.202  1413  2467 E Watchdog: 	at java.io.FileOutputStream.open(FileOutputStream.java:287)
06-10 09:25:27.202  1413  2467 E Watchdog: 	at java.io.FileOutputStream.<init>(FileOutputStream.java:223)
06-10 09:25:27.202  1413  2467 E Watchdog: 	at java.io.FileOutputStream.<init>(FileOutputStream.java:110)
06-10 09:25:27.202  1413  2467 E Watchdog: 	at com.android.server.Watchdog.writeHungtask(Watchdog.java:904)
06-10 09:25:27.202  1413  2467 E Watchdog: 	at com.android.server.Watchdog.run(Watchdog.java:563)
06-10 09:25:32.459  1413  4416 W ProcBatteryStats: timer is running , not start, name: abc.def.ghi, uid: 10296, tag: abc.def.ghi:Tag
06-10 09:25:32.471  1413  1413 V HwNotificationManagerService: isHwSoundAllow pkg=abc.def.ghi, channelId=abc.def.ghi.alarmService, userId=0, cfg=1
06-10 09:25:32.471  1413  1413 V NotificationService: Playing sound content://settings/system/notification_sound with attributes AudioAttributes: usage=USAGE_NOTIFICATION content=CONTENT_TYPE_SONIFICATION flags=0x0 tags= bundle=null
06-10 09:25:32.581  1413  2916 I HwAudioService: ljc enter package length 3
06-10 09:25:32.581  1413  2916 I HwAudioService: ljc enter packageName:com.huawei.HwMultiScreenShot
06-10 09:25:32.582  1413  2916 I HwAudioService: ljc enter packageName:com.android.keyguard
06-10 09:25:32.582  1413  2916 I HwAudioService: ljc enter packageName:com.android.systemui
06-10 09:25:32.582  1413  2916 I HwAudioService: ljc HwAudioService:music app enter -1
06-10 09:25:32.591  1413  2916 I HwAudioService: ljc enter package length 3
06-10 09:25:32.591  1413  2916 I HwAudioService: ljc enter packageName:com.huawei.HwMultiScreenShot
06-10 09:25:32.592  1413  2916 I HwAudioService: ljc enter packageName:com.android.keyguard
06-10 09:25:32.592  1413  2916 I HwAudioService: ljc enter packageName:com.android.systemui
06-10 09:25:32.592  1413  2916 I HwAudioService: ljc HwAudioService:music app enter -1
06-10 09:25:32.984  1413  2916 I HwAudioService: ljc enter package length 3
06-10 09:25:32.984  1413  2916 I HwAudioService: ljc enter packageName:com.huawei.HwMultiScreenShot
06-10 09:25:32.985  1413  2916 I HwAudioService: ljc enter packageName:com.android.keyguard
06-10 09:25:32.986  1413  2916 I HwAudioService: ljc enter packageName:com.android.systemui
06-10 09:25:32.986  1413  2916 I HwAudioService: ljc HwAudioService:music app exit -1
06-10 09:25:33.686  1413  2916 I HwAudioService: ljc enter package length 3
06-10 09:25:33.686  1413  2916 I HwAudioService: ljc enter packageName:com.huawei.HwMultiScreenShot
06-10 09:25:33.687  1413  2916 I HwAudioService: ljc enter packageName:com.android.keyguard
06-10 09:25:33.688  1413  2916 I HwAudioService: ljc enter packageName:com.android.systemui
06-10 09:25:33.689  1413  2916 I HwAudioService: ljc HwAudioService:music app exit -1
06-10 09:25:57.205  1413  2467 E Watchdog: Failed to write to /sys/kernel/hungtask/vm_heart
06-10 09:25:57.205  1413  2467 E Watchdog: java.io.FileNotFoundException: /sys/kernel/hungtask/vm_heart (Permission denied)
06-10 09:25:57.205  1413  2467 E Watchdog: 	at java.io.FileOutputStream.open0(Native Method)
06-10 09:25:57.205  1413  2467 E Watchdog: 	at java.io.FileOutputStream.open(FileOutputStream.java:287)
06-10 09:25:57.205  1413  2467 E Watchdog: 	at java.io.FileOutputStream.<init>(FileOutputStream.java:223)
06-10 09:25:57.205  1413  2467 E Watchdog: 	at java.io.FileOutputStream.<init>(FileOutputStream.java:110)
06-10 09:25:57.205  1413  2467 E Watchdog: 	at com.android.server.Watchdog.writeHungtask(Watchdog.java:904)
06-10 09:25:57.205  1413  2467 E Watchdog: 	at com.android.server.Watchdog.run(Watchdog.java:563)
06-10 09:26:00.005  1413  1413 V AlarmManager: Received TIME_TICK alarm; rescheduling
06-10 09:26:00.007  1413  1413 I HwAlarmManagerService: hwSetAlarm listenerTag: time_tick
06-10 09:26:00.067  1413  2916 V BroadcastQueue: Finished with ordered broadcast BroadcastRecord{81aae3f u-1 android.intent.action.TIME_TICK}
06-10 09:26:06.824  2577  2723 E KernelCpuSpeedReader: Failed to read cpu-freq: /sys/devices/system/cpu/cpu0/cpufreq/stats/time_in_state (No such file or directory)
06-10 09:26:06.825  2577  2723 E KernelCpuSpeedReader: Failed to read cpu-freq: /sys/devices/system/cpu/cpu4/cpufreq/stats/time_in_state (No such file or directory)
06-10 09:26:24.056  1413  4416 I BatteryService: normal charge status : 1
06-10 09:26:24.089  1413  1413 D WifiService: onReceive, action:android.intent.action.BATTERY_CHANGED
06-10 09:26:24.089  1413  1413 D WifiService: ACTION_BATTERY_CHANGED pluggedType: 0
06-10 09:26:27.208  1413  2467 E Watchdog: Failed to write to /sys/kernel/hungtask/vm_heart
06-10 09:26:27.208  1413  2467 E Watchdog: java.io.FileNotFoundException: /sys/kernel/hungtask/vm_heart (Permission denied)
06-10 09:26:27.208  1413  2467 E Watchdog: 	at java.io.FileOutputStream.open0(Native Method)
06-10 09:26:27.208  1413  2467 E Watchdog: 	at java.io.FileOutputStream.open(FileOutputStream.java:287)
06-10 09:26:27.208  1413  2467 E Watchdog: 	at java.io.FileOutputStream.<init>(FileOutputStream.java:223)
06-10 09:26:27.208  1413  2467 E Watchdog: 	at java.io.FileOutputStream.<init>(FileOutputStream.java:110)
06-10 09:26:27.208  1413  2467 E Watchdog: 	at com.android.server.Watchdog.writeHungtask(Watchdog.java:904)
06-10 09:26:27.208  1413  2467 E Watchdog: 	at com.android.server.Watchdog.run(Watchdog.java:563)
06-10 09:26:57.211  1413  2467 E Watchdog: Failed to write to /sys/kernel/hungtask/vm_heart
06-10 09:26:57.211  1413  2467 E Watchdog: java.io.FileNotFoundException: /sys/kernel/hungtask/vm_heart (Permission denied)
06-10 09:26:57.211  1413  2467 E Watchdog: 	at java.io.FileOutputStream.open0(Native Method)
06-10 09:26:57.211  1413  2467 E Watchdog: 	at java.io.FileOutputStream.open(FileOutputStream.java:287)
06-10 09:26:57.211  1413  2467 E Watchdog: 	at java.io.FileOutputStream.<init>(FileOutputStream.java:223)
06-10 09:26:57.211  1413  2467 E Watchdog: 	at java.io.FileOutputStream.<init>(FileOutputStream.java:110)
06-10 09:26:57.211  1413  2467 E Watchdog: 	at com.android.server.Watchdog.writeHungtask(Watchdog.java:904)
06-10 09:26:57.211  1413  2467 E Watchdog: 	at com.android.server.Watchdog.run(Watchdog.java:563)
06-10 09:27:00.005  1413  1413 V AlarmManager: Received TIME_TICK alarm; rescheduling
06-10 09:27:00.007  1413  1413 I HwAlarmManagerService: hwSetAlarm listenerTag: time_tick
06-10 09:27:00.106  1413  4416 V BroadcastQueue: Finished with ordered broadcast BroadcastRecord{6e00d1 u-1 android.intent.action.TIME_TICK}
06-10 09:27:02.861  2577  2723 E KernelCpuSpeedReader: Failed to read cpu-freq: /sys/devices/system/cpu/cpu0/cpufreq/stats/time_in_state (No such file or directory)
06-10 09:27:02.862  2577  2723 E KernelCpuSpeedReader: Failed to read cpu-freq: /sys/devices/system/cpu/cpu4/cpufreq/stats/time_in_state (No such file or directory)
06-10 09:27:02.883  2577  2723 E KernelCpuSpeedReader: Failed to read cpu-freq: /sys/devices/system/cpu/cpu0/cpufreq/stats/time_in_state (No such file or directory)
06-10 09:27:02.884  2577  2723 E KernelCpuSpeedReader: Failed to read cpu-freq: /sys/devices/system/cpu/cpu4/cpufreq/stats/time_in_state (No such file or directory)
06-10 09:27:07.142  1413  2193 D NetdConnector: RCV <- {614 Address updated ****************************f8f1/64 wlan0 0 0}
06-10 09:27:07.144  1413  2193 D NetdConnector: RCV <- {614 Address updated ****************************f8f1/64 wlan0 0 0}
06-10 09:27:07.147  1413  1979 D NetdConnector: RCV unsolicited event from native daemon, event = 614
06-10 09:27:07.147  1413  2193 D NetdConnector: RCV <- {614 Address updated ****************************f9f8/64 wlan0 1 0}
06-10 09:27:07.149  1413  2193 D NetdConnector: RCV <- {614 Address updated ****************************f9f8/64 wlan0 1 0}
06-10 09:27:07.152  1413  1979 D NetdConnector: RCV unsolicited event from native daemon, event = 614
06-10 09:27:07.152  1413  2193 D NetdConnector: RCV <- {615 DnsInfo servers wlan0 1800 ****1%wlan0}
06-10 09:27:07.154  1413  2193 D NetdConnector: RCV <- {615 DnsInfo servers wlan0 1800 ****1%wlan0}
06-10 09:27:07.156  1413  1979 D NetdConnector: RCV unsolicited event from native daemon, event = 615
06-10 09:27:19.325  1413  4416 W ProcBatteryStats: timer is running , not start, name: abc.def.ghi, uid: 10296, tag: abc.def.ghi:Tag
06-10 09:27:19.337  1413  1413 V HwNotificationManagerService: isHwSoundAllow pkg=abc.def.ghi, channelId=abc.def.ghi.alarmService, userId=0, cfg=1
06-10 09:27:19.337  1413  1413 V NotificationService: Playing sound content://settings/system/notification_sound with attributes AudioAttributes: usage=USAGE_NOTIFICATION content=CONTENT_TYPE_SONIFICATION flags=0x0 tags= bundle=null
06-10 09:27:19.443  1413  6374 I HwAudioService: ljc enter package length 3
06-10 09:27:19.443  1413  6374 I HwAudioService: ljc enter packageName:com.huawei.HwMultiScreenShot
06-10 09:27:19.443  1413  6374 I HwAudioService: ljc enter packageName:com.android.keyguard
06-10 09:27:19.443  1413  6374 I HwAudioService: ljc enter packageName:com.android.systemui
06-10 09:27:19.444  1413  6374 I HwAudioService: ljc HwAudioService:music app enter -1
06-10 09:27:19.454  1413  2559 I HwAudioService: ljc enter package length 3
06-10 09:27:19.454  1413  2559 I HwAudioService: ljc enter packageName:com.huawei.HwMultiScreenShot
06-10 09:27:19.454  1413  2559 I HwAudioService: ljc enter packageName:com.android.keyguard
06-10 09:27:19.455  1413  2559 I HwAudioService: ljc enter packageName:com.android.systemui
06-10 09:27:19.455  1413  2559 I HwAudioService: ljc HwAudioService:music app enter -1
06-10 09:27:19.849  1413  2559 I HwAudioService: ljc enter package length 3
06-10 09:27:19.849  1413  2559 I HwAudioService: ljc enter packageName:com.huawei.HwMultiScreenShot
06-10 09:27:19.850  1413  2559 I HwAudioService: ljc enter packageName:com.android.keyguard
06-10 09:27:19.850  1413  2559 I HwAudioService: ljc enter packageName:com.android.systemui
06-10 09:27:19.851  1413  2559 I HwAudioService: ljc HwAudioService:music app exit -1
06-10 09:27:20.535  1413  2559 I HwAudioService: ljc enter package length 3
06-10 09:27:20.535  1413  2559 I HwAudioService: ljc enter packageName:com.huawei.HwMultiScreenShot
06-10 09:27:20.536  1413  2559 I HwAudioService: ljc enter packageName:com.android.keyguard
06-10 09:27:20.536  1413  2559 I HwAudioService: ljc enter packageName:com.android.systemui
06-10 09:27:20.537  1413  2559 I HwAudioService: ljc HwAudioService:music app exit -1
06-10 09:27:24.129  1413  2559 I BatteryService: normal charge status : 1
06-10 09:27:24.147  1413  1413 D WifiService: onReceive, action:android.intent.action.BATTERY_CHANGED
06-10 09:27:24.147  1413  1413 D WifiService: ACTION_BATTERY_CHANGED pluggedType: 0
06-10 09:27:27.215  1413  2467 E Watchdog: Failed to write to /sys/kernel/hungtask/vm_heart
06-10 09:27:27.215  1413  2467 E Watchdog: java.io.FileNotFoundException: /sys/kernel/hungtask/vm_heart (Permission denied)
06-10 09:27:27.215  1413  2467 E Watchdog: 	at java.io.FileOutputStream.open0(Native Method)
06-10 09:27:27.215  1413  2467 E Watchdog: 	at java.io.FileOutputStream.open(FileOutputStream.java:287)
06-10 09:27:27.215  1413  2467 E Watchdog: 	at java.io.FileOutputStream.<init>(FileOutputStream.java:223)
06-10 09:27:27.215  1413  2467 E Watchdog: 	at java.io.FileOutputStream.<init>(FileOutputStream.java:110)
06-10 09:27:27.215  1413  2467 E Watchdog: 	at com.android.server.Watchdog.writeHungtask(Watchdog.java:904)
06-10 09:27:27.215  1413  2467 E Watchdog: 	at com.android.server.Watchdog.run(Watchdog.java:563)
06-10 09:27:31.435  1413  2193 D NetdConnector: RCV <- {613 IfaceClass idle 1 234634711693176}
06-10 09:27:31.438  1413  2193 D NetdConnector: RCV <- {613 IfaceClass idle 1 234634711693176}
06-10 09:27:31.441  1413  1979 D NetdConnector: RCV unsolicited event from native daemon, event = 613
06-10 09:27:32.053  1413  2559 V BroadcastQueue: Finished with ordered broadcast BroadcastRecord{16ef909 u0 com.huawei.push.alarm.HEARTBEAT}
06-10 09:27:32.079  1413  2193 D NetdConnector: RCV <- {613 IfaceClass active 1 234635877624161 1000}
06-10 09:27:32.081  1413  2193 D NetdConnector: RCV <- {613 IfaceClass active 1 234635877624161 1000}
06-10 09:27:32.083  1413  1979 D NetdConnector: RCV unsolicited event from native daemon, event = 613
06-10 09:27:32.158  1413  4697 I AlarmManager: remove alarm.operation :216f70e according to operation:5e1a52f
06-10 09:27:32.162  1413  4697 D SmartHeartBeat: isPendingPackage, false, pkg:com.android.deskclock, action:com.android.deskclock.ALARM_ALERT,not pending alarm with AlarmClockInfo
06-10 09:27:32.176  1413  4697 I AlarmManager: remove alarm.operation :db1c7e5 according to operation:851cc5
06-10 09:27:32.181  1413  4697 D SmartHeartBeat: isPendingPackage, false, pkg:com.android.deskclock, action:com.android.deskclock.ALARM_ALERT,not pending alarm with AlarmClockInfo
06-10 09:27:57.218  1413  2467 E Watchdog: Failed to write to /sys/kernel/hungtask/vm_heart
06-10 09:27:57.218  1413  2467 E Watchdog: java.io.FileNotFoundException: /sys/kernel/hungtask/vm_heart (Permission denied)
06-10 09:27:57.218  1413  2467 E Watchdog: 	at java.io.FileOutputStream.open0(Native Method)
06-10 09:27:57.218  1413  2467 E Watchdog: 	at java.io.FileOutputStream.open(FileOutputStream.java:287)
06-10 09:27:57.218  1413  2467 E Watchdog: 	at java.io.FileOutputStream.<init>(FileOutputStream.java:223)
06-10 09:27:57.218  1413  2467 E Watchdog: 	at java.io.FileOutputStream.<init>(FileOutputStream.java:110)
06-10 09:27:57.218  1413  2467 E Watchdog: 	at com.android.server.Watchdog.writeHungtask(Watchdog.java:904)
06-10 09:27:57.218  1413  2467 E Watchdog: 	at com.android.server.Watchdog.run(Watchdog.java:563)
