06-10 09:33:40.932  1413  1413 I TrafficMonitor: update:rxPkts:0,txPkts:0,rxBytes:0,txBytes:0
06-10 09:33:40.932  1413  1413 I TrafficMonitor: start expired. level:-1
06-10 09:33:40.932  1413  1413 I TrafficMonitor: gettimer:interval=2000
06-10 09:33:40.947 30356 30356 E libc    : Access denied finding property "ro.hwfix.ro.process_list"
06-10 09:33:41.307  1413  2199 E WificondControl: Noise: 0, Snr: -1, Chload: -1
06-10 09:33:41.307  1413  2199 E HwWifiStatStore: updateLinkSpeed  linkSpeed =72 lastSpdLev=2 index=2
06-10 09:33:41.308  1413  2201 D HwWifiCHRStateManager: handleMessage : 1001
06-10 09:33:41.308  1413  2201 D HwWifiCHRStateManager: handleUpdateChannel:2412
06-10 09:33:41.309 28067 28067 D wpa_supplicant: sta hidl pwrPercentBoostModesetInternal
06-10 09:33:41.312  1413  2199 D WifiScoreReport: Score = 100, wifiConnectivityManagerEnabled = false, lowScoreCount = 0
06-10 09:33:41.927  1413  1413 I TrafficMonitor: expired arrive. level:-1
06-10 09:33:41.927  1413  1413 I TrafficMonitor: during_ms:2004,period_ms:2000
06-10 09:33:41.928  1413  1413 I TrafficMonitor: count:782,rx_sum:0,tx_sum:0,rxBytes:0,during_ms:2004,rx_speed:0.0,tx_speed:0.0,rto:0.0
06-10 09:33:41.962 30357 30357 E libc    : Access denied finding property "ro.hwfix.ro.process_list"
06-10 09:33:41.988 30357 30357 E libc    : Access denied finding property "ro.hwfix.ro.process_list"
06-10 09:33:42.478  1413  2267 D NcLogCollectManager: getUserType not bind to Log Collect service.
06-10 09:33:42.478  1413  2267 I NcLogCollectManager: start to bind to Log Collect service
06-10 09:33:42.479  1413  2267 W ContextImpl: Calling a method in the system process without a qualified user: android.app.ContextImpl.startService:1708 com.huawei.chrfile.client.NcLogCollectManager.bindToService:145 com.huawei.chrfile.client.NcLogCollectManager.getUserType:124 com.huawei.connectivitylog.LogManager.isCommercialUser:153 java.lang.reflect.Method.invoke:-2 
06-10 09:33:42.481  1413  2267 W ActivityManager: Unable to start service Intent { act=com.huawei.chrfile.service.INcLogCollect cmp=com.huawei.imonitor/com.huawei.chrfile.service.NcLogCollectService } U=0: not found
06-10 09:33:42.481  1413  2267 W ContextImpl: Calling a method in the system process without a qualified user: android.app.ContextImpl.bindService:1788 com.huawei.chrfile.client.NcLogCollectManager.bindToService:151 com.huawei.chrfile.client.NcLogCollectManager.getUserType:124 com.huawei.connectivitylog.LogManager.isCommercialUser:153 java.lang.reflect.Method.invoke:-2 
06-10 09:33:42.482  1413  2267 W ActivityManager: Unable to start service Intent { act=com.huawei.chrfile.service.INcLogCollect cmp=com.huawei.imonitor/com.huawei.chrfile.service.NcLogCollectService } U=0: not found
06-10 09:33:42.482  1413  2267 D BASE4IN1_LOG: the user type is :  -1
06-10 09:33:42.482  1413  2267 D WifiProCHRManager: get isCommercialUser = true
06-10 09:33:42.482  1413  2267 D WifiProStatisticsManager: checkIfNeedUpload time left(mins):1277
06-10 09:33:42.697  1413  2200 D HwWifiStatStore: handleMessage : 200
06-10 09:33:42.936  1413  1413 I TrafficMonitor: update:rxPkts:0,txPkts:0,rxBytes:0,txBytes:0
06-10 09:33:42.937  1413  1413 I TrafficMonitor: start expired. level:-1
06-10 09:33:42.937  1413  1413 I TrafficMonitor: gettimer:interval=2000
06-10 09:33:43.002 30358 30358 E libc    : Access denied finding property "ro.hwfix.ro.process_list"
06-10 09:33:43.028 30358 30358 E libc    : Access denied finding property "ro.hwfix.ro.process_list"
06-10 09:33:44.041 30360 30360 E libc    : Access denied finding property "ro.hwfix.ro.process_list"
06-10 09:33:44.067 30360 30360 E libc    : Access denied finding property "ro.hwfix.ro.process_list"
06-10 09:33:44.218  2349  2349 D StatusBarIconController: setIconVisibility icon is null or visibility not change visibility=false
06-10 09:33:44.220  2349  2349 I chatty  : uid=10026(com.huawei.HwMultiScreenShot) com.android.systemui identical 1 line
06-10 09:33:44.221  2349  2349 D StatusBarIconController: setIconVisibility icon is null or visibility not change visibility=false
06-10 09:33:44.347  1413  2199 E WificondControl: Noise: 0, Snr: -1, Chload: -1
06-10 09:33:44.347  1413  2199 E HwWifiStatStore: updateLinkSpeed  linkSpeed =72 lastSpdLev=2 index=2
06-10 09:33:44.348  1413  2201 D HwWifiCHRStateManager: handleMessage : 1001
06-10 09:33:44.348  1413  2201 D HwWifiCHRStateManager: handleUpdateChannel:2412
06-10 09:33:44.349 28067 28067 D wpa_supplicant: sta hidl pwrPercentBoostModesetInternal
06-10 09:33:44.351  1413  2199 D WifiScoreReport: Score = 100, wifiConnectivityManagerEnabled = false, lowScoreCount = 0
06-10 09:33:44.607  1413  2199 E WificondControl: Noise: 0, Snr: -1, Chload: -1
06-10 09:33:44.607  1413  2199 E HwWifiStatStore: updateLinkSpeed  linkSpeed =72 lastSpdLev=2 index=2
06-10 09:33:44.608  1413  2201 D HwWifiCHRStateManager: handleMessage : 1001
06-10 09:33:44.608  1413  2201 D HwWifiCHRStateManager: handleUpdateChannel:2412
06-10 09:33:44.609 28067 28067 D wpa_supplicant: sta hidl pwrPercentBoostModesetInternal
06-10 09:33:44.631  1413  2271 I HuaweiWifiWatchdogStateMachine: POta txb txg rxg:0, 15, 0. Lr =0% Totpkt=15
06-10 09:33:44.634  1413  1413 D WiFi_PRO: MSG_RETURN_AP_CURRY_RSSI rssi = -48
06-10 09:33:44.634  1413  1413 I QosMonitor: queryRtt: rtt_type = 3
06-10 09:33:44.635  1413  1413 I QosMonitor: postEventFromNative: msg=100,arg1=4,arg2=10
06-10 09:33:44.636  1413  1413 I QosMonitor: postEventFromNative: msg=100,arg1=0,arg2=10
06-10 09:33:44.636  1413  1413 I MQoS    : rtt=420,tcp_tx_pkts=1611533,tcp_rx_pkts=2822063
06-10 09:33:44.636  1413  2271 I HuaweiWifiWatchdogStateMachine: PTcp RTT:0, rtt pkt=0, tcp_rx=0, tcp_tx=0, tcp_reTran=0, rtRate=0
06-10 09:33:44.642  1413  5157 I MQoS    : QOS_level:0(0),wifi-link;SIM error;use level-0
06-10 09:33:44.643  1413  2262 D HwUidTcpMonitor: parseMobileUidTcpStatistics tcpStatLines.get(i).startsWith(WIFIPRO_TAG)
06-10 09:33:44.940  1413  1413 I TrafficMonitor: update:rxPkts:7,txPkts:1,rxBytes:364,txBytes:116
06-10 09:33:44.940  1413  1413 I TrafficMonitor: start expired. level:-1
06-10 09:33:44.940  1413  1413 I TrafficMonitor: gettimer:interval=2000
06-10 09:33:45.080 30361 30361 E libc    : Access denied finding property "ro.hwfix.ro.process_list"
06-10 09:33:45.106 30361 30361 E libc    : Access denied finding property "ro.hwfix.ro.process_list"
06-10 09:33:45.221  2349  2349 D StatusBarIconController: setIconVisibility icon is null or visibility not change visibility=false
06-10 09:33:45.223  2349  2349 I chatty  : uid=10026(com.huawei.HwMultiScreenShot) com.android.systemui identical 1 line
06-10 09:33:45.224  2349  2349 D StatusBarIconController: setIconVisibility icon is null or visibility not change visibility=false
06-10 09:33:45.397  1413  2257 D HwArpVerifier: performPollAndLog:
06-10 09:33:45.400  1413  2257 D hw_netstat: total/112/116,unknown:0/112/116
06-10 09:33:45.705  1413  2200 D HwWifiStatStore: handleMessage : 200
06-10 09:33:46.119 30362 30362 E libc    : Access denied finding property "ro.hwfix.ro.process_list"
06-10 09:33:46.146 30362 30362 E libc    : Access denied finding property "ro.hwfix.ro.process_list"
06-10 09:33:46.225  2349  2349 D StatusBarIconController: setIconVisibility icon is null or visibility not change visibility=false
06-10 09:33:46.226  2349  2349 W ResourceType: No package identifier when getting value for resource number 0x00000000
06-10 09:33:46.226  2349  2349 E HwNotchUtils: setIconForView iconId is not found
06-10 09:33:46.226  2349  2349 D StatusBarIconController: setIconVisibility icon is null or visibility not change visibility=false
06-10 09:33:46.227  2349  2349 W ResourceType: No package identifier when getting value for resource number 0x00000000
06-10 09:33:46.227  2349  2349 E HwNotchUtils: setIconForView iconId is not found
06-10 09:33:46.227  2349  2349 D StatusBarIconController: setIconVisibility icon is null or visibility not change visibility=false
06-10 09:33:46.227  2349  2349 W ResourceType: No package identifier when getting value for resource number 0x00000000
06-10 09:33:46.227  2349  2349 E HwNotchUtils: setIconForView iconId is not found
06-10 09:33:46.943  1413  1413 I TrafficMonitor: update:rxPkts:0,txPkts:0,rxBytes:0,txBytes:0
06-10 09:33:46.943  1413  1413 I TrafficMonitor: start expired. level:-1
06-10 09:33:46.944  1413  1413 I TrafficMonitor: gettimer:interval=2000
06-10 09:33:47.159 30363 30363 E libc    : Access denied finding property "ro.hwfix.ro.process_list"
06-10 09:33:47.187 30363 30363 E libc    : Access denied finding property "ro.hwfix.ro.process_list"
06-10 09:33:47.416  1413  2199 E WificondControl: Noise: 0, Snr: -1, Chload: -1
06-10 09:33:47.416  1413  2199 E HwWifiStatStore: updateLinkSpeed  linkSpeed =72 lastSpdLev=2 index=2
06-10 09:33:47.417  1413  2201 D HwWifiCHRStateManager: handleMessage : 1001
06-10 09:33:47.417  1413  2201 D HwWifiCHRStateManager: handleUpdateChannel:2412
06-10 09:33:47.418 28067 28067 D wpa_supplicant: sta hidl pwrPercentBoostModesetInternal
06-10 09:33:47.422  1413  2199 D WifiScoreReport: Score = 100, wifiConnectivityManagerEnabled = false, lowScoreCount = 0
06-10 09:33:47.939  1413  1413 I TrafficMonitor: expired arrive. level:-1
06-10 09:33:47.939  1413  1413 I TrafficMonitor: during_ms:2003,period_ms:2000
06-10 09:33:47.939  1413  1413 I TrafficMonitor: count:785,rx_sum:0,tx_sum:0,rxBytes:0,during_ms:2003,rx_speed:0.0,tx_speed:0.0,rto:0.0
06-10 09:33:48.200 30364 30364 E libc    : Access denied finding property "ro.hwfix.ro.process_list"
06-10 09:33:48.226 30364 30364 E libc    : Access denied finding property "ro.hwfix.ro.process_list"
06-10 09:33:48.712  1413  2200 D HwWifiStatStore: handleMessage : 200
06-10 09:33:48.947  1413  1413 I TrafficMonitor: update:rxPkts:0,txPkts:0,rxBytes:0,txBytes:0
06-10 09:33:48.947  1413  1413 I TrafficMonitor: start expired. level:-1
06-10 09:33:48.948  1413  1413 I TrafficMonitor: gettimer:interval=2000
06-10 09:33:49.240 30365 30365 E libc    : Access denied finding property "ro.hwfix.ro.process_list"
06-10 09:33:49.266 30365 30365 E libc    : Access denied finding property "ro.hwfix.ro.process_list"
06-10 09:33:50.280 30367 30367 E libc    : Access denied finding property "ro.hwfix.ro.process_list"
06-10 09:33:50.306 30367 30367 E libc    : Access denied finding property "ro.hwfix.ro.process_list"
06-10 09:33:50.406  1413  2257 D HwArpVerifier: performPollAndLog:
06-10 09:33:50.410  1413  2257 D hw_netstat: total/0/0
06-10 09:33:50.489  1413  2199 E WificondControl: Noise: 0, Snr: -1, Chload: -1
06-10 09:33:50.490  1413  2199 E HwWifiStatStore: updateLinkSpeed  linkSpeed =72 lastSpdLev=2 index=2
06-10 09:33:50.491  1413  2201 D HwWifiCHRStateManager: handleMessage : 1001
06-10 09:33:50.491  1413  2201 D HwWifiCHRStateManager: handleUpdateChannel:2412
06-10 09:33:50.492 28067 28067 D wpa_supplicant: sta hidl pwrPercentBoostModesetInternal
06-10 09:33:50.495  1413  2199 D WifiScoreReport: Score = 100, wifiConnectivityManagerEnabled = false, lowScoreCount = 0
06-10 09:33:50.951  1413  1413 I TrafficMonitor: update:rxPkts:0,txPkts:0,rxBytes:0,txBytes:0
06-10 09:33:50.952  1413  1413 I TrafficMonitor: start expired. level:-1
06-10 09:33:50.952  1413  1413 I TrafficMonitor: gettimer:interval=2000
06-10 09:33:51.321 30368 30368 E libc    : Access denied finding property "ro.hwfix.ro.process_list"
06-10 09:33:51.347 30368 30368 E libc    : Access denied finding property "ro.hwfix.ro.process_list"
06-10 09:33:51.718  1413  2200 D HwWifiStatStore: handleMessage : 200
