06-10 09:33:01.785   878 29982 W SimpleSoftOMXComponent: onChangeState mState= 2, mTargetState = 2, state = 3
06-10 09:33:01.785   878 29982 W SimpleSoftOMXComponent: checkTransitions mState = 2, mTargetState = 3
06-10 09:33:01.793   725   725 W /system/bin/hw/android.hidl.allocator@1.0-service: ashmem_create_region(32768) returning hidl_memory(0x74ae22b530, 32768)
06-10 09:33:01.795   858   858 W hvdcp_opti: type=1400 audit(0.0:154112): avc: denied { read } for name="dp_dm" dev="sysfs" ino=39780 scontext=u:r:hvdcp:s0 tcontext=u:object_r:sysfs:s0 tclass=file permissive=0
06-10 09:33:01.795   858   858 W hvdcp_opti: type=1400 audit(0.0:154113): avc: denied { read } for name="input_current_limited" dev="sysfs" ino=39781 scontext=u:r:hvdcp:s0 tcontext=u:object_r:sysfs:s0 tclass=file permissive=0
06-10 09:33:01.795   858   858 W hvdcp_opti: type=1400 audit(0.0:154114): avc: denied { read } for name="input_current_limited" dev="sysfs" ino=39781 scontext=u:r:hvdcp:s0 tcontext=u:object_r:sysfs:s0 tclass=file permissive=0
06-10 09:33:01.795   858   858 W hvdcp_opti: type=1400 audit(0.0:154115): avc: denied { read } for name="charge_type" dev="sysfs" ino=39752 scontext=u:r:hvdcp:s0 tcontext=u:object_r:sysfs:s0 tclass=file permissive=0
06-10 09:33:01.795   858   858 W hvdcp_opti: type=1400 audit(0.0:154116): avc: denied { read } for name="die_health" dev="sysfs" ino=39786 scontext=u:r:hvdcp:s0 tcontext=u:object_r:sysfs:s0 tclass=file permissive=0
06-10 09:33:01.795   725   725 W /system/bin/hw/android.hidl.allocator@1.0-service: ashmem_create_region(32768) returning hidl_memory(0x74ae22b530, 32768)
06-10 09:33:01.796  3649 29972 I SecurityComp10200309: SSLFNew: createSocket
06-10 09:33:01.796  3649 29972 I SecurityComp10200309: SSLFNew: set default protocols
06-10 09:33:01.796  3649 29972 I SecurityComp10200309: SSLFNew: set default cipher
06-10 09:33:01.805   862  9564 I chatty  : uid=1041(audioserver) Binder:862_6 expire 2 lines
06-10 09:33:01.807   726 19770 I audio_hw_primary: adev_get_parameters: exit: returns - 
06-10 09:33:01.807   862  9564 I hash_map_utils: key: 'mode' value: ''
06-10 09:33:01.808   862  9564 D HuaweiAudioFlinger: AudioException do not check.now is not communication state!
06-10 09:33:01.808   862  9564 D AudioFlinger: event 162 
06-10 09:33:01.809   862  9564 I AudioMixer: Pid:862 add track (3)
06-10 09:33:01.809   862  9564 D AudioFlinger: DevSched: uid is 1000, factor is 1.000000, mode_eq is 0
06-10 09:33:01.810 28726 28726 D MtpReceiver: Debug MTP:ACTION_USB_STATE 
06-10 09:33:01.810 28726 28726 D MtpReceiver: Debug MTP:handleUsbState, configured is [false] connected is [true] mtpEnabled is [false] ptpEnabled is [false] unlocked is [false] configChanged is [false]
06-10 09:33:01.810 28726 28726 D MtpReceiver: Debug MTP:stop MTP service 
06-10 09:33:01.811   874 29977 D AudioTrack: OFFLOAD 0,mNotificationFrames 0,mStreamType =-1,mOriginalSampleRate 48000,mAfSampleRate 48000,mTransfer 3
06-10 09:33:01.811   874 29977 D AudioTrack: Client defaulted notificationFrames to 12000 for frameCount 24000
06-10 09:33:01.812   862 15871 I APM_AudioPolicyManager: startOutput() output 13, stream 1, session 13169
06-10 09:33:01.812   862  1207 I AudioFlinger: setParameters(): io 0, keyvalue start_stream=1, calling pid 862
06-10 09:33:01.812   726  1402 D audio_hw_primary: adev_set_parameters: enter: start_stream=1
06-10 09:33:01.812   726  1402 D audio_hw_extn: audio_extn_set_anc_parameters: anc_enabled:0
06-10 09:33:01.813   726  1402 D audio_hw_spkr_prot: audio_extn_fbsp_set_parameters: Speaker protection disabled
06-10 09:33:01.813 28726 28726 D MtpReceiver: handleUsbState stopService status=false
06-10 09:33:01.813   862 15871 I APM_AudioPolicyManager: getNewOutputDevice() selected device 2
06-10 09:33:01.814   862  1207 I AudioFlinger: setParameters(): io 0, keyvalue sws_volume=-43.0000000000, calling pid 862
06-10 09:33:01.814   862  1207 D stereoWidening_frame: SWS_update_volume volumeDb = -43.000000
06-10 09:33:01.814   726 19770 D audio_hw_primary: adev_set_parameters: enter: sws_volume=-43.0000000000
06-10 09:33:01.814   726 19770 D audio_hw_extn: audio_extn_set_anc_parameters: anc_enabled:0
06-10 09:33:01.814   726 19770 D audio_hw_spkr_prot: audio_extn_fbsp_set_parameters: Speaker protection disabled
06-10 09:33:01.815   862 15871 I APM_AudioPolicyManager: setOutputDevice() setting same device 0x0002 or null device
06-10 09:33:01.817   726  4410 D audio_hw_primary: start_output_stream: enter: stream(0xf418f800)usecase(1: low-latency-playback) devices(0x2)
06-10 09:33:01.817   726  4410 D audio_hw_primary: select_devices for use case (low-latency-playback)
06-10 09:33:01.817   726  4410 D msm8916_platform: platform_get_output_snd_device: enter: output devices(0x2), usecase:1
06-10 09:33:01.817   726  4410 D msm8916_platform: platform_get_output_snd_device: enter: output devices(0x2) mode 0, bt_wb_speech_enabled 0
06-10 09:33:01.817   726  4410 I audio_custom: dev_get_output_device: out_snd_device 0
06-10 09:33:01.818   726  4410 I Huawei_audio_cust: huawei_get_output_device_MMI: MMI test:snd_output_device = 0
06-10 09:33:01.818   726  4410 I Huawei_audio_cust: huawei_common_get_output_device_FM: huawei_audio select fm(0) device(0x2)exit
06-10 09:33:01.818   726  4410 D audio_hw_primary: select_devices: out_snd_device(2: speaker) in_snd_device(0: )
06-10 09:33:01.818   726  4410 I msm8916_platform: platform_check_and_set_codec_backend_cfg:becf: afe: bitwidth 16, samplerate 48000 channels 2, backend_idx 0 usecase = 1 device (speaker)
06-10 09:33:01.818   726  4410 D msm8916_platform: platform_split_snd_device: snd_device(2) num devices(1) new_snd_devices(0)
06-10 09:33:01.818   726  4410 I msm8916_platform: platform_check_and_set_codec_backend_cfg: becf: new_snd_devices[0] is speaker
06-10 09:33:01.818   726  4410 I msm8916_platform: platform_check_codec_backend_cfg:becf: afe: Codec selected backend: 0 current bit width: 16 sample rate: 48000 channels: 2 usecase 1 device (speaker)
06-10 09:33:01.818   726  4410 D msm8916_platform: platform_check_codec_backend_cfg:becf: afe: playback on codec device not supporting native playback set default Sample Rate(48k)
06-10 09:33:01.818   726  4410 D msm8916_platform: platform_check_codec_backend_cfg:becf: afe: only 48KHZ sample rate is supported Configure afe to default Sample Rate(48k)
06-10 09:33:01.818   726  4410 I msm8916_platform: platform_check_codec_backend_cfg:becf: afe: Codec selected backend: 0 updated bit width: 16 sample rate: 48000 channels: 2
06-10 09:33:01.818   726  4410 D audio_hw_primary: check_usecases_codec_backend:becf: force routing 0
06-10 09:33:01.818   726  4410 E msm8916_platform: platform_check_backends_match: Invalid snd_device = 
06-10 09:33:01.818   726  4410 D audio_hw_primary: check_usecases_codec_backend:becf: (62) check_usecases curr device: speaker, usecase device: backends match 0
06-10 09:33:01.818   726  4410 D audio_hw_primary: check_usecases_codec_backend:becf: check_usecases num.of Usecases to switch 0
06-10 09:33:01.818   726  4410 D hardware_info: hw_info_append_hw_type : device_name = speaker
06-10 09:33:01.818   726  4410 D msm8916_platform: platform_split_snd_device: snd_device(2) num devices(0) new_snd_devices(0)
06-10 09:33:01.818   726  4410 D audio_hw_primary: enable_snd_device: snd_device(2: speaker)
06-10 09:33:01.818   759   802 E ANDR-PERF-MPCTL: Invalid profile no. 0, total profiles 0 only
06-10 09:33:01.818   726  4410 D audio_route: Apply path: speaker
06-10 09:33:01.820   874 29974 V NuPlayer: media rendering started
06-10 09:33:01.820   874 29974 D NuPlayerDriver: notifyListener_l(0xea8243f0), (6, 0, 0, -1), loop setting(0, 0)
06-10 09:33:01.822   874 29977 I AudioTrack: audioTrack send start state to pg
06-10 09:33:01.823   726  4410 E soundtrigger: audio_extn_sound_trigger_update_stream_status: invalid input device 0x0, for event 3
06-10 09:33:01.823  3649 29972 I SecurityComp10200309: SX509TM: checkServerTrusted begin,size=2,authType=ECDHE_ECDSA
06-10 09:33:01.823   726  4410 D soundtrigger: audio_extn_sound_trigger_update_stream_status: uc_info->id 1 of type 0 for Event 3, with Raise=0
06-10 09:33:01.823   726  4410 D audio_hw_utils: audio_extn_utils_send_app_type_cfg: usecase->out_snd_device speaker
06-10 09:33:01.823   726  4410 D msm8916_platform: platform_split_snd_device: snd_device(2) num devices(0) new_snd_devices(0)
06-10 09:33:01.824  3649 29972 I SecurityComp10200309: SX509TM: check server i=0
06-10 09:33:01.824   726  4410 D audio_hw_utils: audio_extn_btsco_get_sample_rate:Not a BT SCO device, need not update sampling rate
06-10 09:33:01.824   726  4410 I audio_hw_utils: send_app_type_cfg_for_device PLAYBACK app_type 69937, acdb_dev_id 14, sample_rate 48000, snd_device_be_idx 43
06-10 09:33:01.824  3649 29972 I SecurityComp10200309: SX509TM: client root ca size=31
06-10 09:33:01.824   726  4410 D msm8916_platform: platform_split_snd_device: snd_device(2) num devices(1) new_snd_devices(0)
06-10 09:33:01.824   726  4410 D ACDB-LOADER: ACDB -> send_audio_cal, acdb_id = 14, path = 0, app id = 0x11131, sample rate = 48000
06-10 09:33:01.824   726  4410 D ACDB-LOADER: ACDB -> send_asm_topology
06-10 09:33:01.824   726  4410 D ACDB-LOADER: ACDB -> ACDB_CMD_GET_AUDPROC_STREAM_TOPOLOGY_ID
06-10 09:33:01.824   726  4410 D ACDB-LOADER: ACDB -> send_adm_topology
06-10 09:33:01.824   726  4410 D ACDB-LOADER: ACDB -> ACDB_CMD_GET_AUDPROC_COMMON_TOPOLOGY_ID
06-10 09:33:01.824   726  4410 D ACDB-LOADER: ACDB -> send_audtable
06-10 09:33:01.824   726  4410 D ACDB-LOADER: ACDB -> ACDB_CMD_GET_AUDPROC_COMMON_TABLE_SIZE
06-10 09:33:01.824   726  4410 D ACDB-LOADER: ACDB -> ACDB_CMD_GET_AUDPROC_COMMON_TABLE
06-10 09:33:01.824   726  4410 D ACDB-LOADER: ACDB -> AUDIO_SET_AUDPROC_CAL
06-10 09:33:01.824   726  4410 D ACDB-LOADER: ACDB -> send_audvoltable
06-10 09:33:01.824   726  4410 D ACDB-LOADER: ACDB -> ACDB_CMD_GET_AUDPROC_VOL_STEP_TABLE_SIZE
06-10 09:33:01.824   726  4410 D ACDB-LOADER: ACDB -> ACDB_CMD_GET_AUDPROC_GAIN_DEP_STEP_TABLE, vol index 0
06-10 09:33:01.824   726  4410 D ACDB-LOADER: ACDB -> AUDIO_SET_VOL_CAL cal type = 12
06-10 09:33:01.824   726  4410 D ACDB-LOADER: ACDB -> ACDB_CMD_GET_AUDPROC_STREAM_TABLE_SIZE
06-10 09:33:01.825   726  4410 D ACDB-LOADER: ACDB -> send_audstrmtable
06-10 09:33:01.825   726  4410 D ACDB-LOADER: ACDB -> ACDB_CMD_GET_AUDPROC_STREAM_TABLE_V2
06-10 09:33:01.825   726  4410 D ACDB-LOADER: ACDB -> audstrm_cal->cal_type.cal_data.cal_size = 16
06-10 09:33:01.825   726  4410 D ACDB-LOADER: ACDB -> send_afe_topology
06-10 09:33:01.825   726  4410 D ACDB-LOADER: ACDB -> ACDB_CMD_GET_AFE_TOPOLOGY_ID
06-10 09:33:01.825   726  4410 D ACDB-LOADER: ACDB -> GET_AFE_TOPOLOGY_ID for adcd_id 14, Topology Id 1025e
06-10 09:33:01.825   726  4410 D ACDB-LOADER: ACDB -> send_afe_cal
06-10 09:33:01.825   726  4410 D ACDB-LOADER: ACDB -> ACDB_CMD_GET_AFE_COMMON_TABLE_SIZE
06-10 09:33:01.825   726  4410 D ACDB-LOADER: ACDB -> ACDB_CMD_GET_AFE_COMMON_TABLE
06-10 09:33:01.825   726  4410 D ACDB-LOADER: ACDB -> AUDIO_SET_AFE_CAL
06-10 09:33:01.825   726  4410 D ACDB-LOADER: ACDB -> send_hw_delay : acdb_id = 14 path = 0
06-10 09:33:01.825   726  4410 D ACDB-LOADER: ACDB -> ACDB_AVSYNC_INFO: ACDB_CMD_GET_DEVICE_PROPERTY
06-10 09:33:01.825   726  4410 D audio_hw_primary: enable_audio_route: apply mixer and update path: low-latency-playback
06-10 09:33:01.825   726  4410 D audio_route: Apply path: low-latency-playback
06-10 09:33:01.827   726  4410 D audio_hw_primary: select_devices: done
06-10 09:33:01.828   612 29981 W libc    : Set property "hw.wifi.dns_stat" to "226,114,201,1,2504"
06-10 09:33:01.832 18561 18561 I chatty  : uid=1000(system) com.android.settings expire 7 lines
06-10 09:33:01.833 18561 18561 W ContextImpl: Calling a method in the system process without a qualified user: android.app.ContextImpl.startService:1708 android.content.ContextWrapper.startService:657 android.content.ContextWrapper.startService:657 com.android.settings.deviceinfo.UsbReceiver.startUsbService:286 com.android.settings.deviceinfo.UsbReceiver.onUsbStateReceive:161 
06-10 09:33:01.838 18561 18561 W ContextImpl: Calling a method in the system process without a qualified user: android.app.ContextImpl.startService:1708 android.content.ContextWrapper.startService:657 android.content.ContextWrapper.startService:657 com.android.settings.deviceinfo.UsbReceiver.startUsbService:286 com.android.settings.deviceinfo.UsbReceiver.onUsbStateReceive:208 
06-10 09:33:01.838   726  4410 D msm8916_platform: platform_set_channel_map mixer_ctl_name:Playback Channel Map12
06-10 09:33:01.839   726  4410 D msm8916_platform: platform_set_channel_map: set mapping(1 2 0 0 0 0 0 0) for channel:2
06-10 09:33:01.841 18561 18561 E libc    : Access denied finding property "persist.sys.usb.config"
06-10 09:33:01.845  1413  4691 V BroadcastQueue: Finished with ordered broadcast BroadcastRecord{a137318 u-1 android.hardware.usb.action.USB_STATE}
06-10 09:33:01.845 18561 18561 E UsbSettingsService: usb service onCreate!
06-10 09:33:01.848  3649 29972 I SecurityComp10200309: SX509TM: checkServerTrusted end, CN=GlobalSign Root CA, OU=Root CA, O=GlobalSign nv-sa, C=BE
06-10 09:33:01.851  3649 29972 I SecurityComp10200309: : verify: certificate is : CN=avatar.id.huawei.com,O=Huawei Software Technologies Co.\, Ltd.,L=Nanjing,ST=Jiangsu,C=CN
06-10 09:33:01.853 18561 18561 D UsbSettingsService: register intent receiver
06-10 09:33:01.857 18561 18561 D UsbSettingsService: onStartCommand, action = null
06-10 09:33:01.857 18561 18561 D UsbSettingsService: onStartCommand, action = null showMtpDialog
06-10 09:33:01.859 29947 29987 I chatty  : uid=10089(com.huawei.appmarket) StartUpExecutor expire 3 lines
06-10 09:33:01.861 29947 29986 I chatty  : uid=10089(com.huawei.appmarket) logger expire 4 lines
06-10 09:33:01.864 18561 18561 D UsbSettingsService: onStartCommand, action = null
06-10 09:33:01.864 18561 18561 D UsbSettingsService: BroadcastReceiver, action = android.hardware.usb.action.USB_STATE
06-10 09:33:01.868 18561 18561 D UsbSettingsService: ACTION_USB_STATE, usbConnected = true
06-10 09:33:01.883 18561 18561 D UsbSettingsService: ACTION_USB_STATE usbConnected = true, chargingOnly = false, deviceConnected = true, dataRole = -1
06-10 09:33:01.883 18561 18561 I UsbSettingsService: ACTION_USB_STATE start service!
06-10 09:33:01.884 18561 18561 D UsbSettingsService: send refresh content message to refresh usb notification
06-10 09:33:01.885   726  4410 D audio_hw_primary: start_output_stream: exit
06-10 09:33:01.886   726  1397 W asd_primary_out: audio_pop_detect_proc: illegal input, skipping!
06-10 09:33:01.886   726  1397 E asd     : there is more data buffers [primary_out] in circular queue!
06-10 09:33:01.886   726  1397 D asd_primary_out: L[0],R[0], continus 20 times!
06-10 09:33:01.889  2508  2803 D HwFLClassLoader: USE_FEATURE_LIST had not init! 
06-10 09:33:01.892 29947 29995 I chatty  : uid=10089(com.huawei.appmarket) expire 4 lines
06-10 09:33:01.895  2349  2349 D HwPhoneStatusBar: No peeking: not allowed notification: 0|com.android.settings|1000002|null|1000
06-10 09:33:01.895  2349  2461 D ReporterUtil:  e id:344 type:{pkg:com.android.settings,hw_type:null,hw_btw:false,onGoing:true,importance:1}
06-10 09:33:01.898  2349  7120 I FakeShadowView: radius12
06-10 09:33:01.921  2349 29848 D HwFLClassLoader: USE_FEATURE_LIST had not init! 
06-10 09:33:01.922  2349 29848 W HwPhoneLayoutInflater: onCreateView : ClassNotFoundException, In this case we want to let the base class take a crack at it
06-10 09:33:01.923  2349 29848 W HwPhoneLayoutInflater: onCreateView : ClassNotFoundException, In this case we want to let the base class take a crack at it
06-10 09:33:01.924  2349 29850 W HwPhoneLayoutInflater: onCreateView : ClassNotFoundException, In this case we want to let the base class take a crack at it
06-10 09:33:01.924  2349 29850 W HwPhoneLayoutInflater: onCreateView : ClassNotFoundException, In this case we want to let the base class take a crack at it
06-10 09:33:01.925  2349 29997 W HwPhoneLayoutInflater: onCreateView : ClassNotFoundException, In this case we want to let the base class take a crack at it
06-10 09:33:01.926  2349 29997 W HwPhoneLayoutInflater: onCreateView : ClassNotFoundException, In this case we want to let the base class take a crack at it
06-10 09:33:01.927  2349 29850 D HwFLClassLoader: USE_FEATURE_LIST had not init! 
06-10 09:33:01.928  2349 29849 W HwPhoneLayoutInflater: onCreateView : ClassNotFoundException, In this case we want to let the base class take a crack at it
06-10 09:33:01.928  2349 29849 W HwPhoneLayoutInflater: onCreateView : ClassNotFoundException, In this case we want to let the base class take a crack at it
06-10 09:33:01.932  2349 29848 W HwPhoneLayoutInflater: onCreateView : ClassNotFoundException, In this case we want to let the base class take a crack at it
06-10 09:33:01.932  2349 29848 W HwPhoneLayoutInflater: onCreateView : ClassNotFoundException, In this case we want to let the base class take a crack at it
06-10 09:33:01.933  3649 29890 I NetworkSdk_NetDetectAndPolicy: [HMSCore NetworkLog.java:1] Hwid-Single-RequestAgent-Pool25 -->NetworkKit_netdiag_submit_task_50|netdiag.tools.NetDetectAndPolicy|50|the time count will reset!
06-10 09:33:01.933  2349 29997 W HwPhoneLayoutInflater: onCreateView : ClassNotFoundException, In this case we want to let the base class take a crack at it
06-10 09:33:01.933  2349 29850 W HwPhoneLayoutInflater: onCreateView : ClassNotFoundException, In this case we want to let the base class take a crack at it
06-10 09:33:01.933  2349 29997 W HwPhoneLayoutInflater: onCreateView : ClassNotFoundException, In this case we want to let the base class take a crack at it
06-10 09:33:01.933  2349 29850 W HwPhoneLayoutInflater: onCreateView : ClassNotFoundException, In this case we want to let the base class take a crack at it
06-10 09:33:01.935  2349 29849 W HwPhoneLayoutInflater: onCreateView : ClassNotFoundException, In this case we want to let the base class take a crack at it
06-10 09:33:01.935  2349 29849 W HwPhoneLayoutInflater: onCreateView : ClassNotFoundException, In this case we want to let the base class take a crack at it
06-10 09:33:01.936  2349 29997 W ResourceType: Failure getting entry for 0x0104025e (t=3 e=606) (error -75)
06-10 09:33:01.936  2349 29850 W ResourceType: Failure getting entry for 0x0104025e (t=3 e=606) (error -75)
06-10 09:33:01.936  2349 29848 W ResourceType: Failure getting entry for 0x0104025e (t=3 e=606) (error -75)
06-10 09:33:01.937  3649 29972 I HwIDRestClientCall: [HwID_APK_log[6.13.0.351|6.12.0.306]core HwIDRestClientCall.java:172] realCall response code:200
06-10 09:33:01.937  3649 29972 E StringUtil: [HwID_APK_log[6.13.0.351|6.12.0.306]core StringUtil.java:125] this Str was empty or str.length() <= 20
06-10 09:33:01.938  3649 29972 I ServiceTokenAuthRequest: [HwID_APK_log[6.13.0.351|6.12.0.306]core ServiceTokenAuthRequest.java:251] enter unPack mTransID:
06-10 09:33:01.938  2349 29849 W ResourceType: Failure getting entry for 0x0104025e (t=3 e=606) (error -75)
06-10 09:33:01.938  3649 29972 I ServiceTokenAuthRequest: [HwID_APK_log[6.13.0.351|6.12.0.306]core ServiceTokenAuthRequest.java:254] getResponsecode :200
06-10 09:33:01.939  3649 29972 I IdmClientHttpRequest: [HwID_APK_log[6.13.0.351|6.12.0.306]core IdmClientHttpRequest.java:240] begin to convert json to hashmap, 
06-10 09:33:01.940  3649 29972 I ServiceTokenAuthRequest: [HwID_APK_log[6.13.0.351|6.12.0.306]core ServiceTokenAuthRequest.java:277] handleResultOK start. mTransID:
06-10 09:33:01.942  3649 29972 I ServiceTokenAuthRequest: [HwID_APK_log[6.13.0.351|6.12.0.306]core ServiceTokenAuthRequest.java:536] getHwAccount. mTransID:
06-10 09:33:01.944  3649 29892 W Settings: Setting adb_enabled has moved from android.provider.Settings.Secure to android.provider.Settings.Global.
06-10 09:33:01.945  3649 29972 I ServiceTokenAuthRequest: [HwID_APK_log[6.13.0.351|6.12.0.306]core ServiceTokenAuthRequest.java:285] siteDomainHasChanged:false
06-10 09:33:01.945  3649 29892 I NetworkSdk_NetDetectAndPolicy: [HMSCore NetworkLog.java:1] Hwid-Single-RequestAgent-Pool25 -->NetworkKit_report_ha_52|netdiag.tools.NetDetectAndPolicy|139|the netdiag has collected;and the timeout = true
06-10 09:33:01.945  3649 29972 I UPHttpRequest: [HwID_APK_log[6.13.0.351|6.12.0.306]core UPHttpRequest.java:254] requestName:stAuth statusCode:200
06-10 09:33:01.945  3649 29972 I UPHttpRequest: [HwID_APK_log[6.13.0.351|6.12.0.306]core UPHttpRequest.java:213] stAuth request ctrID = 17179831817143395617381931906825
06-10 09:33:01.945  3649 29972 W UPHttpRequest: [HwID_APK_log[6.13.0.351|6.12.0.306]core UPHttpRequest.java:220] stAuth response ctrID isEmpty true 
06-10 09:33:01.946  3649 29881 I HiAnalyticsUtil: [HwID_APK_log[6.13.0.351|6.12.0.306]core HiAnalyticsUtil.java:559] eventId is:907114863
06-10 09:33:01.946  3649 29972 I HwIDCookieManager: [HwID_APK_log[6.13.0.351|6.12.0.306]core CookieUtil.java:67] parseCookie cookie:F8
06-10 09:33:01.947  3649 29972 I UPHttpRequest: [HwID_APK_log[6.13.0.351|6.12.0.306]core UPHttpRequest.java:282] saveCookie requestName:stAuth saveCookie:F8
06-10 09:33:01.947  3649 29972 I HttpRequest: [HwID_APK_log[6.13.0.351|6.12.0.306]core HttpRequest.java:1136] recordRequestTimes code 200
06-10 09:33:01.948  3649 29972 I RequestTask: [HwID_APK_log[6.13.0.351|6.12.0.306]core RequestTask.java:386] doRequest requestName:stAuth ctrID:17179831817143395617381931906825 round:0
06-10 09:33:01.948  3649 29972 I RequestTask: [HwID_APK_log[6.13.0.351|6.12.0.306]core RequestTask.java:390] doRequest round:0 OK
06-10 09:33:01.952  3649 29972 I AAIDUtils: [HwID_APK_log[6.13.0.351|6.12.0.306]core AAIDUtils.java:49] queryAAID: 83142
06-10 09:33:01.952  2349  2349 D HwPhoneStatusBar: No peeking: not allowed notification: 0|com.android.settings|1000002|null|1000
06-10 09:33:01.953  1413  6374 I HwNetworkPolicy: onTransact, code = 15
06-10 09:33:01.954  2349  2349 I PhoneStatusBar: updateNotificationShade: total=7, active=7
06-10 09:33:01.954  2349  2349 W PhoneStatusBar: updateNotificationShade hasFaceDT: false; Detected:false
06-10 09:33:01.954  3649 29972 I OpLogItem: [HwID_APK_log[6.13.0.351|6.12.0.306]core OpLogItem.java:222] networkType:1
06-10 09:33:01.955  2349  2349 V PhoneStatusBar: mStackScroller size:3,activeCount:7, childCnt:7
06-10 09:33:01.955  3649 29972 I ServiceTokenAuthRequest: [HwID_APK_log[6.13.0.351|6.12.0.306]core ServiceTokenAuthRequest.java:465] onRequestSuccess mTransID:
06-10 09:33:01.956  3649 29972 I AccountTools: [HwID_APK_log[6.13.0.351|6.12.0.306]core AccountTools.java:200] saveTokenStatus, status is 0
06-10 09:33:01.958  3649 29881 I FormalHASDK: HAImpl==> onEvent. tag:HmsProfiler, type:1, eventId:907114863
06-10 09:33:01.962  2349  2349 W HwKeyguardDragHelper: AnimationBlocked
06-10 09:33:01.965   726  1397 D asd_primary_out: L[0],R[0], continus 20 times!
06-10 09:33:01.981   726  1397 D asd_primary_out: L[1]-90.308999db, R[0]-infdb
06-10 09:33:01.985   858   858 W hvdcp_opti: type=1400 audit(0.0:154118): avc: denied { read } for name="dp_dm" dev="sysfs" ino=39780 scontext=u:r:hvdcp:s0 tcontext=u:object_r:sysfs:s0 tclass=file permissive=0
06-10 09:33:01.985   858   858 W hvdcp_opti: type=1400 audit(0.0:154119): avc: denied { read } for name="input_current_limited" dev="sysfs" ino=39781 scontext=u:r:hvdcp:s0 tcontext=u:object_r:sysfs:s0 tclass=file permissive=0
06-10 09:33:01.985   858   858 W hvdcp_opti: type=1400 audit(0.0:154120): avc: denied { read } for name="input_current_limited" dev="sysfs" ino=39781 scontext=u:r:hvdcp:s0 tcontext=u:object_r:sysfs:s0 tclass=file permissive=0
06-10 09:33:01.985   858   858 W hvdcp_opti: type=1400 audit(0.0:154121): avc: denied { read } for name="charge_type" dev="sysfs" ino=39752 scontext=u:r:hvdcp:s0 tcontext=u:object_r:sysfs:s0 tclass=file permissive=0
06-10 09:33:01.985   858   858 W hvdcp_opti: type=1400 audit(0.0:154122): avc: denied { read } for name="die_health" dev="sysfs" ino=39786 scontext=u:r:hvdcp:s0 tcontext=u:object_r:sysfs:s0 tclass=file permissive=0
06-10 09:33:02.001   726  1397 D asd_primary_out: L[32]-60.205999db, R[30]-60.766574db
06-10 09:33:02.006  3649 29972 I ServiceTokenAuthRequest: [HwID_APK_log[6.13.0.351|6.12.0.306]core ServiceTokenAuthRequest.java:536] getHwAccount. mTransID:
06-10 09:33:02.007  3649  3649 I RequestTask: [HwID_APK_log[6.13.0.351|6.12.0.306]core RequestTask.java:452] onPostExecute isStInvalid false isOPLogRequest false
06-10 09:33:02.007  3649  3649 I HttpStatusCode: [HwID_APK_log[6.13.0.351|6.12.0.306]core HttpStatusCodeUtil.java:90] bundle or errorCode is null
06-10 09:33:02.008  3649  3649 I RequestCallback: [HwID_APK_log[6.13.0.351|6.12.0.306]core RequestCallback.java:103] disposeRequestMessage requestName:stAuth responseCode:200 resultCode:0 errCode:0
06-10 09:33:02.008  3649  3649 I UseCaseThreadPoolScheduler: [HwID_APK_log[6.13.0.351|6.12.0.306]core UseCaseThreadPoolScheduler.java:77] notifyResponse
06-10 09:33:02.008  3649  3649 I HwidPowerConnectedReceiver: [HwID_APK_log[6.13.0.351|6.12.0.306]core HwidPowerConnectedReceiver.java:154] The heartbeat use case is successfully executed.
06-10 09:33:02.009  3649 29881 I HiAnalyticsUtil: [HwID_APK_log[6.13.0.351|6.12.0.306]core HiAnalyticsUtil.java:559] eventId is:907114801
06-10 09:33:02.010  3649  3649 I DeviceInfoUtil: [HwID_APK_log[6.13.0.351|6.12.0.306]core DeviceInfoUtil.java:639] enter getDeviceInfo
06-10 09:33:02.012  1413 10949 I HwNetworkPolicy: onTransact, code = 15
06-10 09:33:02.014  3649 29881 I FormalHASDK: HAImpl==> onEvent. tag:HmsProfiler, type:1, eventId:907114801
06-10 09:33:02.015  3649  3649 I DeviceInfoUtil: [HwID_APK_log[6.13.0.351|6.12.0.306]core DeviceInfoUtil.java:646] imsi is empty
06-10 09:33:02.016  3649  3649 I BaseUtil: [HwID_APK_log[6.13.0.351|6.12.0.306]core BaseUtil.java:2909] is Huawei or Less than Android 10
06-10 09:33:02.019  3649  3649 I DeviceInfoUtil: [HwID_APK_log[6.13.0.351|6.12.0.306]core DeviceInfoUtil.java:649] udid is support
06-10 09:33:02.019  3649  3649 I DeviceInfoUtil: [HwID_APK_log[6.13.0.351|6.12.0.306]core DeviceInfoUtil.java:660] device name.
06-10 09:33:02.022   726  1397 D asd_primary_out: L[138]-47.511417db, R[150]-46.787174db
06-10 09:33:02.026  3649  3649 I TerminalInfo: [HwID_APK_log[6.13.0.351|6.12.0.306]core TerminalInfo.java:1473] HMS Core getTerminalCategory terminalCategory: 0
06-10 09:33:02.029  3649 29881 I HiAnalyticsUtil: [HwID_APK_log[6.13.0.351|6.12.0.306]core HiAnalyticsUtil.java:467]  onEvent begin 
06-10 09:33:02.029  3649 29881 I HiAnalyticsUtil: [HwID_APK_log[6.13.0.351|6.12.0.306]core HiAnalyticsUtil.java:478] type:HWID_NETWORK_CHANGED_DO_HEARTBEAT_SUCCESS
06-10 09:33:02.030  3649 29881 I FormalHASDK: HAImpl==> onEvent. tag:HmsProfiler, type:0, eventId:HWID_NETWORK_CHANGED_DO_HEARTBEAT_SUCCESS
06-10 09:33:02.042   726  1397 D asd_primary_out: L[191]-44.688331db, R[185]-44.965564db
06-10 09:33:02.051   858   858 W hvdcp_opti: type=1400 audit(0.0:154123): avc: denied { read } for name="dp_dm" dev="sysfs" ino=39780 scontext=u:r:hvdcp:s0 tcontext=u:object_r:sysfs:s0 tclass=file permissive=0
06-10 09:33:02.051   858   858 W hvdcp_opti: type=1400 audit(0.0:154124): avc: denied { read } for name="input_current_limited" dev="sysfs" ino=39781 scontext=u:r:hvdcp:s0 tcontext=u:object_r:sysfs:s0 tclass=file permissive=0
06-10 09:33:02.054  1413  2141 D HwBatteryService: onUEvent fcpStatus = 0,scpStatus =0,ovpStatus=0
06-10 09:33:02.055   858   858 W hvdcp_opti: type=1400 audit(0.0:154125): avc: denied { read } for name="input_current_limited" dev="sysfs" ino=39781 scontext=u:r:hvdcp:s0 tcontext=u:object_r:sysfs:s0 tclass=file permissive=0
06-10 09:33:02.055  1413  2141 I HwBatteryService: quick charge status : 0
06-10 09:33:02.061   726  1397 D asd_primary_out: L[226]-43.226830db, R[225]-43.265348db
06-10 09:33:02.061   765   765 W libc    : Set property "sys.check.usbupdate" to "stop"
06-10 09:33:02.064  1413 10949 I BatteryService: normal charge status : 1
06-10 09:33:02.065  2564 12310 E HsmCoreServiceImpl: onTransact in code is: 102
06-10 09:33:02.065   880  1992 I dubaid  : [BatteryHandler.cpp] onChargerOnlineChanged# Battery charge state: 0
06-10 09:33:02.065   747   747 D qdlights: set_speaker_light_locked: get  property HWDUB-Q 
06-10 09:33:02.065  2564 12310 W MediaProcessHandler: processOp uid 1000 is not concerned!
06-10 09:33:02.065  2564 12310 I MediaProcessHandler: executedCallBack opType: 1 mMediaStatusObservers.size=0
06-10 09:33:02.065   747   747 D qdlights: write_init ok
06-10 09:33:02.065   747   747 I chatty  : uid=1000(system) light@2.0-servi identical 1 line
06-10 09:33:02.066   747   747 D qdlights: write_init ok
06-10 09:33:02.066   747   747 D qdlights: set_speaker_light_locked mode=0, colorRGB=00000000, onMS=0, offMS=0, rc=0
06-10 09:33:02.068   880  2167 I dubaid  : [PollingRoutine.cpp] notifyPolling# Polling routine start, timestamp: 1717983182063, reason: 6
06-10 09:33:02.068   874 10955 D NuPlayerDriver: reset(0xea8243f0) at state 5
06-10 09:33:02.068   874 10955 D NuPlayerDriver: notifyListener_l(0xea8243f0), (8, 0, 0, -1), loop setting(0, 0)
06-10 09:33:02.068   874 10955 D NuPlayer: NuPlayer::resetAsync()
06-10 09:33:02.068   874 10955 V GenericSource: GenericSource::disconnect begin
06-10 09:33:02.068  1413  6374 I chatty  : uid=1000(system) Binder:1413_13 expire 2 lines
06-10 09:33:02.069  2577  2723 I chatty  : uid=1000(system) core expire 3 lines
06-10 09:33:02.069  2577  2723 W PG_DBS_TIMER: setRunning 0, mUptimeStart: 188990306000, mRealtimeStart: 234965869000, batteryUptime: 1851661000, batteryRealtime: 1851660000
06-10 09:33:02.069   874 10955 V GenericSource: GenericSource::disconnect end
06-10 09:33:02.069   874 10955 D NuPlayer: NuPlayer::resetAsync() post kWhatReset
06-10 09:33:02.069   874 29974 V NuPlayer: kWhatReset
06-10 09:33:02.069   874 29974 V NuPlayer: performDecoderFlush audio=2, video=2
06-10 09:33:02.069   874 29974 V NuPlayer: [audio] flushDecoder needShutdown=1
06-10 09:33:02.069   874 29974 V NuPlayer: postponing action mFlushingAudio=2, mFlushingVideo=0
06-10 09:33:02.070  2349  2349 W PowerUI : unknown intent: Intent { act=android.intent.action.ACTION_POWER_DISCONNECTED flg=0x4000010 (has extras) }
06-10 09:33:02.071  3649  3649 I fwkit_kStore_alNew_PowerReceiver: [fwkit PowerConnectChangeReceiver.java:38] enter PowerConnectChangeReceiver:android.intent.action.ACTION_POWER_DISCONNECTED
06-10 09:33:02.071   874 29974 V NuPlayer: renderer audio flush completed.
06-10 09:33:02.071   757   757 V LocSvc_HIDL_IzatSubscription: [powerConnectStatusUpdate][575] [HS] <<<<= [HC]
06-10 09:33:02.071  3649  3649 I fwkit_ScreenStatusReceiver: [fwkit ScreenStatusReceiver.java:132] RemoveStatusSubscriber key = ContinueScreenOffDetectComponent
06-10 09:33:02.071   874 29974 V NuPlayer: decoder audio flush completed
06-10 09:33:02.071   874 29974 V NuPlayer: initiating audio decoder shutdown
06-10 09:33:02.072  7600  7600 I Cloud[10.13.20.300]Sync.SyncObserverService: action power disconnected.
06-10 09:33:02.072  3649  3649 I fwkit_kStore_dexopt_RebootCore: [fwkit RebootCoreProcTask.java:116] Cancel pending odex optimize and reboot task.
06-10 09:33:02.072   862  1410 I AudioTrackShared: server obtain null buf part1:0 rear:30720 front:30720 mFrameCount:24000
06-10 09:33:02.072  3649  3649 I fwkit_ScreenStatusReceiver: [fwkit ScreenStatusReceiver.java:132] RemoveStatusSubscriber key = ContinueScreenOffRebootCore
06-10 09:33:02.072  1413  1998 D PickUpWakeScreenManager: isPickupSensorSupport isSensorSupport = true
06-10 09:33:02.072   874 29980 W ACodec  : forcing OMX state to Idle when received shutdown in ExecutingState
06-10 09:33:02.073  2577  2577 I MsgReceiver: intent action: android.intent.action.ACTION_POWER_DISCONNECTED
06-10 09:33:02.073   878 29982 W SimpleSoftOMXComponent: onChangeState mState= 3, mTargetState = 3, state = 2
06-10 09:33:02.073  2508  3055 E HSM     : ChargeInfo: doRecordsChargeInfo chargeTime =234965397 plugType = 2 chargeType =1
06-10 09:33:02.073  2508  3055 E HSM     : ChargeInfo: doRecordsChargeInfo lastCapacityRm =3280 capacityRm = 3280 mTimes = 475 chargeBattery =0
06-10 09:33:02.073  2508  3055 E HSM     : ChargeInfo: doRecordsChargeInfo BATTERY_PLUGGED_USB chargeBattery =0
06-10 09:33:02.075  1413  1928 D NetdConnector: SND -> {3613 firewall enable_chain standby}
06-10 09:33:02.076  1413  1413 D WifiService: onReceive, action:android.intent.action.BATTERY_CHANGED
06-10 09:33:02.076  1413  1413 D WifiService: ACTION_BATTERY_CHANGED pluggedType: 0
06-10 09:33:02.076  1413  1413 I Telecom-ChargingStatusManager: onChargingStatusChanged, mIsCharging: true -> false
06-10 09:33:02.076  2349  2349 D KeyguardUpdateMonitor: received broadcast android.intent.action.BATTERY_CHANGED
06-10 09:33:02.077  2349  2349 W KeyguardUpdateMonitor: ACTION_BATTERY_CHANGED AMP: 0; Volt: 0
06-10 09:33:02.077   878 29982 W SimpleSoftOMXComponent: onChangeState mState= 2, mTargetState = 2, state = 1
06-10 09:33:02.077  2349  2349 W ChargingAnimController: Remove charging skip as not exist
06-10 09:33:02.077   878 29982 W SimpleSoftOMXComponent: checkTransitions mState = 2, mTargetState = 1
06-10 09:33:02.077  2349  2349 I KgBattery: (last-new)Status: 1 -> null, chargeState=0 * branch=3
06-10 09:33:02.077  2349  2349 I GlobalContext: Work is scheduled. com.android.systemui.battery.-$Lambda$lfi2AU3i1xDKGC7m-gvD3SF2XpQ@e3f5086
06-10 09:33:02.078 25385 25385 I Cloud[10.13.20.300]Finder.LowPowerReport: BatteryLowBroadcastReceiver action:android.intent.action.ACTION_POWER_DISCONNECTED;isLastLocReportSwitchOpen:true
06-10 09:33:02.078 25385 25385 I Cloud[10.13.20.300]Finder.LowPowerReport: ACTION_POWER_DISCONNECTED initLowBatteryReport
06-10 09:33:02.081  2349  2349 I KeyguardUtils: fpPath=sys/class/hw_power/charger/charge_data/chargerType, value=0
06-10 09:33:02.083   726  1397 D asd_primary_out: L[127]-48.232924db, R[115]-49.095042db
06-10 09:33:02.084  2577  2577 I MsgReceiver: intent action: android.intent.action.BATTERY_CHANGED
06-10 09:33:02.084   874 29974 V NuPlayer: audio shutdown completed
06-10 09:33:02.084  2577  2723 E KernelCpuSpeedReader: Failed to read cpu-freq: /sys/devices/system/cpu/cpu0/cpufreq/stats/time_in_state (No such file or directory)
06-10 09:33:02.085  2577  2723 E KernelCpuSpeedReader: Failed to read cpu-freq: /sys/devices/system/cpu/cpu4/cpufreq/stats/time_in_state (No such file or directory)
06-10 09:33:02.085  2577  2723 W PG_DBS_MAIN: The charge now node is not existed!
06-10 09:33:02.085  2577  2723 I PG_DBS_MAIN: ID_POWER_DISCONNECTED, lastBatteryLevel: 82, lastChargeNow: -1
06-10 09:33:02.085  1413  2193 D NetdConnector: RCV <- {200 3613 Firewall command succeeded}
06-10 09:33:02.086  1413  1950 E BatteryExternalStatsWorker: no controller energy info supplied for bluetooth
06-10 09:33:02.086   874 29974 V NuPlayer: both audio and video are flushed now.
06-10 09:33:02.086  1413  2193 D NetdConnector: RCV <- {200 3613 Firewall command succeeded}
06-10 09:33:02.086   874 29974 D NuPlayer: closeAudioSink
06-10 09:33:02.087   874 29977 D AudioTrack: stop() called with 0 frames delivered
06-10 09:33:02.087  1413 10949 I chatty  : uid=1000(system) Binder:1413_1A expire 1 line
06-10 09:33:02.087  2577  2723 I BroadcastAdapter: send bg power warning: com.huawei.intent.action.BIG_BG_POWER, pkg: com.huawei.appmarket
06-10 09:33:02.088   862  1231 D AudioFlinger: event 163 
06-10 09:33:02.088 25385 25385 I Cloud[10.13.20.300]Finder.LowPowerReport: LowPowerReport init...
06-10 09:33:02.089  2349  2349 I KeyguardUtils: fpPath=sys/class/hw_power/charger/charge_data/chargerType, value=0
06-10 09:33:02.089   874 29974 D NuPlayer: performReset
06-10 09:33:02.089  7600  7600 I Cloud[10.13.20.300]Sync.CBObserverTimer: om report condition 11001111
06-10 09:33:02.090   874 29974 I NuPlayerRenderer: This video has played 0 frames
06-10 09:33:02.090  7600  7600 I Cloud[10.13.20.300]Sync.SyncObserverService: unRegisterRestoreTimer
06-10 09:33:02.090   874 29974 V GenericSource: ~GenericSource
06-10 09:33:02.090  7600  7600 I Cloud[10.13.20.300]Sync.SyncObserverService: batteryStatus: 3
06-10 09:33:02.091   874 29974 V GenericSource: resetDataSource
06-10 09:33:02.092   874 29974 D NuPlayerDriver: notifyResetComplete(0xea8243f0)
06-10 09:33:02.093   880   934 E dubaid  : [CpuHandler.cpp] readFreqTime# Failed to open cpufreq node of cluster: 0
06-10 09:33:02.093   880   934 E dubaid  : [CpuHandler.cpp] accountingComponentData# Invalid delta time: Cluster0 total frequency time: 0
06-10 09:33:02.093  7600 22775 E Cloud[10.13.20.300]Base.CommonModuleInvokerManager: invoker is null
06-10 09:33:02.093  7600  7600 I Cloud[10.13.20.300]Sync.ICBServiceProtocol: ICBService connected
06-10 09:33:02.093  7600 22775 E Cloud[10.13.20.300]Base.CommonModuleInvokerManager: invoker is null
06-10 09:33:02.093  2349  2349 I KeyguardUtils: fpPath=sys/class/hw_power/charger/charge_data/chargerType, value=0
06-10 09:33:02.094 25385 16896 I Cloud[10.13.20.300]Sync.ICBService: do abort. type = 2
06-10 09:33:02.094  7600 22775 W Cloud[10.13.20.300]Base.BaseCommonUtil: getOsBrand exception: java.lang.NoSuchMethodException: getOsBrand []
06-10 09:33:02.094  7600 22775 I FormalHASDK: HiAnalyticsInstance==> onEvent. TAG:_default_config_tag, TYPE:1, eventId:02012_01_1717983182_80443436
06-10 09:33:02.095   874 10955 E MediaPlayerService: getDuration returned -2147483648
06-10 09:33:02.095   874 10955 D NuPlayerDriver: reset(0xea8243f0) at state 0
06-10 09:33:02.095 25385 25385 I Cloud[10.13.20.300]Finder.LowPowerReport: LowPowerReport action...android.intent.action.BATTERY_CHANGED
06-10 09:33:02.096   874 10955 D NuPlayerDriver: updateMetrics(0xea8243f0) from destructor at state 0
06-10 09:33:02.097  2564 12310 E HsmCoreServiceImpl: onTransact in code is: 102
06-10 09:33:02.097  2349  2349 I KeyguardUtils: fpPath=sys/class/hw_power/charger/charge_data/chargerType, value=0
06-10 09:33:02.097  2564 12310 W MediaProcessHandler: processOp uid 1000 is not concerned!
06-10 09:33:02.097  2564 12310 I MediaProcessHandler: executedCallBack opType: 1 mMediaStatusObservers.size=0
06-10 09:33:02.098   862 15871 D AudioFlinger: event 163 
06-10 09:33:02.099 25385 25385 I Cloud[10.13.20.300]Finder.AntiTheftInf: AntiTheftManagerEx getEnable = true from cache
06-10 09:33:02.099 25385 25385 I Cloud[10.13.20.300]Finder.AntiTheftInf: AntiTheftManagerEx getEnable = true from cache
06-10 09:33:02.101 25385 25385 I Cloud[10.13.20.300]Finder.LowPowerReport: LowPowerReport perLevel:82LowPowerReport LOW_BATTERY_WARNING_LEVEL:25
06-10 09:33:02.101   726  1397 D asd_primary_out: L[0]-infdb, R[0]-infdb
06-10 09:33:02.101   726  1397 D asd_primary_out: @@Audio POP found with hifi3-algo
06-10 09:33:02.101   726  1397 D asd_primary_out: @@Audio POP will be eliminated in hifidsp[stream = 1 ; device = 0]
06-10 09:33:02.101   726  1397 D asd_primary_out: @@Audio POP will be eliminated in hifidsp[stream = 1 ; device = 0]
06-10 09:33:02.102  2577  2723 I AudioState: release session->not remove session id: 13169, uid : 1000 refCount : 1
06-10 09:33:02.102  2349  2349 I KeyguardUtils: fpPath=sys/class/hw_power/charger/charge_data/chargerType, value=0
06-10 09:33:02.102  2577  2723 I AudioState: remove and save released session when release session 12607
06-10 09:33:02.102  2577  2723 I AudioState: release session->not remove session id: 13169, uid : 1000 refCount : 1
06-10 09:33:02.103  2349  2349 V KeyguardUpdateMonitor: RefreshBatteryInfo isBatteryLow: 82
06-10 09:33:02.103  2349  2349 W KeyguardUpdateMonitor: ChargingSpeed  Wattage: -1 ST: 5000000 --> 7500000
06-10 09:33:02.103  2349  2349 I KgBattery: BatteryInfo updated:  3lpc-1
06-10 09:33:02.103  2349  2349 W AppHandler: sendMessage with obj100
06-10 09:33:02.103  2349  2349 D KeyguardUpdateMonitor: handleBatteryUpdate
06-10 09:33:02.104  2349  2349 I ColorPickUitls: type = 2
06-10 09:33:02.104  2349  2349 V KeyguardUpdateMonitor: RefreshBatteryInfo isBatteryLow: 82
06-10 09:33:02.104  2349  2349 V KeyguardUpdateMonitor: RefreshBatteryInfo isBatteryLow: 82
06-10 09:33:02.104  2349  2349 W HwKgdBArea_BTY: updateBatteryInfo : false  false
06-10 09:33:02.104  1413  1950 E KernelCpuSpeedReader: Failed to read cpu-freq: /sys/devices/system/cpu/cpu0/cpufreq/stats/time_in_state (No such file or directory)
06-10 09:33:02.104  1413  1950 E KernelCpuSpeedReader: Failed to read cpu-freq: /sys/devices/system/cpu/cpu4/cpufreq/stats/time_in_state (No such file or directory)
06-10 09:33:02.105 25385 25385 I Cloud[10.13.20.300]Finder.LowPowerReport: LowPowerReport release...
06-10 09:33:02.107  7600 30019 W FormalHASDK: ReportTask==> events size is empty
06-10 09:33:02.108  2349  2349 W HwKeyguardDragHelper: AnimationBlocked
06-10 09:33:02.111  2349  2349 W HwLockScreenPanel: refreshBatteryInfo: null
06-10 09:33:02.111  2349  2349 W HwKgdBArea_BTY: updateBatteryInfo : false  false
06-10 09:33:02.111  2349  2349 W FillLightViewManager: handleMessage 100
06-10 09:33:02.111  2349  2349 D FillLightViewManager: nothing to do 100
06-10 09:33:02.111  2349  2349 W HwLockScreenPanel: Handle message: 100
06-10 09:33:02.113  2349  2349 D StatusBarIconController: setIconVisibility icon is null or visibility not change visibility=false
06-10 09:33:02.114  2349  2349 D StatusBarIconController: setIconVisibility icon is null or visibility not change visibility=false
06-10 09:33:02.114  2349  2349 D StatusBarIconController: setIconVisibility icon is null or visibility not change visibility=false
06-10 09:33:02.119  1413  1950 E KernelCpuSpeedReader: Failed to read cpu-freq: /sys/devices/system/cpu/cpu0/cpufreq/stats/time_in_state (No such file or directory)
06-10 09:33:02.119  1413  1950 E KernelCpuSpeedReader: Failed to read cpu-freq: /sys/devices/system/cpu/cpu4/cpufreq/stats/time_in_state (No such file or directory)
06-10 09:33:02.120 29947 30017 I chatty  : uid=10089(com.huawei.appmarket) expire 8 lines
06-10 09:33:02.122  7600 30019 I FormalHASDK: DeviceIdProcessor==> is emui device
06-10 09:33:02.137 29947 30023 I chatty  : uid=10089(com.huawei.appmarket) ConcurrentGloba expire 7 lines
06-10 09:33:02.150   612 30030 D libc    : GetAddrInfoHandler addr: ::1
06-10 09:33:02.152   862  1410 I AudioMixer: Pid:862 deleteTrackName(3)
06-10 09:33:02.154  1413  1447 D ConnectivityService: listenForNetwork for uid/pid:10089/29947 NetworkRequest [ LISTEN id=408, [ Capabilities: INTERNET&NOT_RESTRICTED&TRUSTED&NOT_VPN] ]
06-10 09:33:02.154  1413  2217 D ConnectivityService: rematching NetworkAgentInfo [WIFI () - 104]
06-10 09:33:02.155  1413  2217 D ConnectivityService:  network has: [ Transports: WIFI Capabilities: NOT_METERED&INTERNET&NOT_RESTRICTED&TRUSTED&NOT_VPN&VALIDATED&FOREGROUND LinkUpBandwidth>=1048576Kbps LinkDnBandwidth>=1048576Kbps SignalStrength: -44]
06-10 09:33:02.155  1413  2217 D ConnectivityService: Network NetworkAgentInfo [WIFI () - 104] was already satisfying request 8. No change.
06-10 09:33:02.155  1413  2217 D ConnectivityService: Network NetworkAgentInfo [WIFI () - 104] was already satisfying request 340. No change.
06-10 09:33:02.155  1413  2217 D ConnectivityService: Network NetworkAgentInfo [WIFI () - 104] was already satisfying request 1. No change.
06-10 09:33:02.155  1413  2217 D ConnectivityService: Network NetworkAgentInfo [WIFI () - 104] was already satisfying request 5. No change.
06-10 09:33:02.155  1413  2217 D ConnectivityService: Network NetworkAgentInfo [WIFI () - 104] was already satisfying request 3. No change.
06-10 09:33:02.158  2577  2723 I DeviceMonitor: WKLOCK EVT:160 uid:1041 flags:1 pid:0 tag:AudioMix
06-10 09:33:02.167   862  1208 I APM_AudioPolicyManager: stopOutput() output 13, stream 1, session 13169
06-10 09:33:02.167   862  1207 I AudioFlinger: setParameters(): io 0, keyvalue stop_stream=1, calling pid 862
06-10 09:33:02.168   726  1402 D audio_hw_primary: adev_set_parameters: enter: stop_stream=1
06-10 09:33:02.168   726  1402 D audio_hw_extn: audio_extn_set_anc_parameters: anc_enabled:0
06-10 09:33:02.168   726  1402 D audio_hw_spkr_prot: audio_extn_fbsp_set_parameters: Speaker protection disabled
06-10 09:33:02.168 29947 30009 I chatty  : uid=10089(com.huawei.appmarket) expire 1 line
06-10 09:33:02.169   862  1208 I APM_AudioPolicyManager: getNewOutputDevice() selected device 0
06-10 09:33:02.169   862  1208 I APM_AudioPolicyManager: setOutputDevice() setting same device 0x0000 or null device
06-10 09:33:02.171  2577  2723 I AudioState: remove and save already release session 13169 when stop , ref : 0
06-10 09:33:02.171  2577  2723 I PGServer: report state:2 event type:2 pid:1413 uid:1000 pkg:null to pid: 1413
06-10 09:33:02.171  2577  2723 I PGServer: report state:2 event type:2 pid:1413 uid:1000 pkg:null to pid: 2577
06-10 09:33:02.171  2577  2723 D AudioState: auido type:out state:stop pid:1413 uid:1000
06-10 09:33:02.179 29947 30032 I chatty  : uid=10089(com.huawei.appmarket) HASDK-OnReport- expire 7 lines
06-10 09:33:02.183 29947 30035 I chatty  : uid=10089(com.huawei.appmarket) expire 43 lines
06-10 09:33:02.185   726  1397 D asd_primary_out: L[0],R[0], continus 20 times!
06-10 09:33:02.191  2525  2720 D BDLog   : BD.BDRecorder:LocalInfoEvent {infoID:131093, content=0452897220437087_QY7CikcVcpMKAwv2nJZugg==
06-10 09:33:02.191  2525  2720 D BDLog   : , priority=15}
06-10 09:33:02.198 29947 30021 I chatty  : uid=10089(com.huawei.appmarket) IAppDataManager expire 4 lines
06-10 09:33:02.207  1413  8370 I chatty  : uid=1000(system) Binder:1413_17 expire 1 line
06-10 09:33:02.220  3649  3661 I ModuleQueryProvider: [HMSCore ModuleQueryProvider.java:1] Enter call, method: huawei_module_dynamicloader
06-10 09:33:02.221  3649  3661 I fwkit_kims: [fwkit KIMSServiceController.java:1378] getAPIBundle: huawei_module_dynamicloader,null
06-10 09:33:02.223  3649  3661 I fwkit_kims: [fwkit KIMSServiceController.java:1410] caller:com.huawei.appmarket targetSdk:30
06-10 09:33:02.228  3649  3661 I fwkit_kims: [fwkit KIMSServiceController.java:1604] localLevel:11, apiLevel:11
06-10 09:33:02.229  3649  3661 I fwkit_kims: [fwkit KIMSServiceController.java:1609] kitName: huawei_module_dynamicloader, version 10025301, type 3
06-10 09:33:02.248  3649  3661 I ModuleQueryProvider: [HMSCore ModuleQueryProvider.java:1] Enter call, method: huawei_module_networkkit
06-10 09:33:02.249  3649  3661 I fwkit_kims: [fwkit KIMSServiceController.java:1378] getAPIBundle: huawei_module_networkkit,null
06-10 09:33:02.251  3649  3661 I fwkit_kims: [fwkit KIMSServiceController.java:1410] caller:com.huawei.appmarket targetSdk:30
06-10 09:33:02.256  7600 30019 I SecurityComp10200303: iv4: createSocket s host port autoClose
06-10 09:33:02.256  7600 30019 I SecurityComp10200303: iv4: set default protocols
06-10 09:33:02.256  7600 30019 I SecurityComp10200303: iv4: set default cipher suites
06-10 09:33:02.257  3649  3661 I fwkit_kims: [fwkit KIMSServiceController.java:1604] localLevel:11, apiLevel:1
06-10 09:33:02.258  3649  3661 I fwkit_kims: [fwkit KIMSServiceController.java:1609] kitName: huawei_module_networkkit, version 70001303, type 2
06-10 09:33:02.260  3649  3661 E fwkit_hsf_bundle_builder: [fwkit BundleResultBuilder.java:61] Empty armeabiType.
06-10 09:33:02.262  3649  3661 I ModuleQueryProvider: [HMSCore ModuleQueryProvider.java:1] Enter call, method: huawei_module_networkkit
06-10 09:33:02.263  3649  3661 I fwkit_kims: [fwkit KIMSServiceController.java:1378] getAPIBundle: huawei_module_networkkit,null
06-10 09:33:02.265  3649  3661 I fwkit_kims: [fwkit KIMSServiceController.java:1410] caller:com.huawei.appmarket targetSdk:30
06-10 09:33:02.265   726  1397 D asd_primary_out: L[0],R[0], continus 20 times!
06-10 09:33:02.270  3649  3661 I fwkit_kims: [fwkit KIMSServiceController.java:1604] localLevel:11, apiLevel:1
06-10 09:33:02.271  3649  3661 I fwkit_kims: [fwkit KIMSServiceController.java:1609] kitName: huawei_module_networkkit, version 70001303, type 2
06-10 09:33:02.273  3649  3661 E fwkit_hsf_bundle_builder: [fwkit BundleResultBuilder.java:61] Empty armeabiType.
06-10 09:33:02.298 29947 30035 W PackageParser: Unknown element under <manifest>: queries at /data/user_de/0/com.huawei.android.hsf/modules/external/huawei_module_networkkit/70001303/com.huawei.hms.networkkit-70001303.apk Binary XML file line #14
06-10 09:33:02.323  1413  1447 D ConnectivityService: listenForNetwork for uid/pid:10089/29947 NetworkRequest [ LISTEN id=409, [ Capabilities: NOT_RESTRICTED&TRUSTED&NOT_VPN] ]
06-10 09:33:02.324  1413  2217 D ConnectivityService: rematching NetworkAgentInfo [WIFI () - 104]
06-10 09:33:02.324  1413  2217 D ConnectivityService:  network has: [ Transports: WIFI Capabilities: NOT_METERED&INTERNET&NOT_RESTRICTED&TRUSTED&NOT_VPN&VALIDATED&FOREGROUND LinkUpBandwidth>=1048576Kbps LinkDnBandwidth>=1048576Kbps SignalStrength: -44]
06-10 09:33:02.325  1413  2217 D ConnectivityService: Network NetworkAgentInfo [WIFI () - 104] was already satisfying request 8. No change.
06-10 09:33:02.325  1413  2217 D ConnectivityService: Network NetworkAgentInfo [WIFI () - 104] was already satisfying request 340. No change.
06-10 09:33:02.325  1413  2217 D ConnectivityService: Network NetworkAgentInfo [WIFI () - 104] was already satisfying request 1. No change.
06-10 09:33:02.325  1413  2217 D ConnectivityService: Network NetworkAgentInfo [WIFI () - 104] was already satisfying request 5. No change.
06-10 09:33:02.325  1413  2217 D ConnectivityService: Network NetworkAgentInfo [WIFI () - 104] was already satisfying request 3. No change.
06-10 09:33:02.326  7600 30019 I SecurityComp10200303: SecureX509TrustManager: checkServerTrusted begin ,server ca chain size is : 2 ,auth type is : ECDHE_RSA
06-10 09:33:02.327  7600 30019 I SecurityComp10200303: SecureX509TrustManager: check server i : 0
06-10 09:33:02.327  7600 30019 I SecurityComp10200303: SecureX509TrustManager: client root ca size is : 31
