06-10 09:33:02.796   862  1207 E stereoWidening_frame: output device is not A2DP
06-10 09:33:02.796   862  1207 D stereoWidening_frame: SWS switch to speaker
06-10 09:33:02.796   726 19770 D audio_hw_primary: adev_set_parameters: enter: output_device=2
06-10 09:33:02.796   726 19770 D audio_hw_extn: audio_extn_set_anc_parameters: anc_enabled:0
06-10 09:33:02.796   726 19770 D audio_hw_spkr_prot: audio_extn_fbsp_set_parameters: Speaker protection disabled
06-10 09:33:02.797 29947 30094 I chatty  : uid=10089(com.huawei.appmarket) NK_request_1 expire 1 line
06-10 09:33:02.798   862 15871 I APM_AudioPolicyManager: getOutput() device 2, stream 1, samplingRate 0, format 0, channelMask 3, flags 0
06-10 09:33:02.798 29947 30098 I chatty  : uid=10089(com.huawei.appmarket) NK_request_3 expire 2 lines
06-10 09:33:02.798   862 15871 I APM_AudioPolicyManager: getOutputForDevice() returns output 13
06-10 09:33:02.799   862  1207 I AudioFlinger: setParameters(): io 0, keyvalue output_device=2, calling pid 862
06-10 09:33:02.799   862  1207 E stereoWidening_frame: output device is not A2DP
06-10 09:33:02.799   862  1207 D stereoWidening_frame: SWS switch to speaker
06-10 09:33:02.799   726 19770 D audio_hw_primary: adev_set_parameters: enter: output_device=2
06-10 09:33:02.800   726 19770 D audio_hw_extn: audio_extn_set_anc_parameters: anc_enabled:0
06-10 09:33:02.800   726 19770 D audio_hw_spkr_prot: audio_extn_fbsp_set_parameters: Speaker protection disabled
06-10 09:33:02.801   862 15871 I APM_AudioPolicyManager: getOutput() device 2, stream 1, samplingRate 0, format 0, channelMask 3, flags 0
06-10 09:33:02.801   862 15871 I APM_AudioPolicyManager: getOutputForDevice() returns output 13
06-10 09:33:02.802   862 15871 I APM_AudioPolicyManager: getOutput() device 2, stream 1, samplingRate 48000, format 1, channelMask 3, flags 0
06-10 09:33:02.802   862 15871 I APM_AudioPolicyManager: getOutputForDevice() returns output 13
06-10 09:33:02.804 29947 30096 I chatty  : uid=10089(com.huawei.appmarket) NK_request_2 expire 2 lines
06-10 09:33:02.804   726 19770 D Huawei_audio_cust: huawei_cust_get_parameters: returns 
06-10 09:33:02.804   726 19770 D audio_hw_spkr_prot: audio_extn_fbsp_get_parameters: Speaker protection disabled
06-10 09:33:02.804   726 19770 D audio_hw_extn: audio_extn_get_parameters: returns 
06-10 09:33:02.804   726 19770 I audio_hw_primary: adev_get_parameters: exit: returns - 
06-10 09:33:02.804   862 15871 I hash_map_utils: key: 'mode' value: ''
06-10 09:33:02.805   862 15871 D HuaweiAudioFlinger: AudioException do not check.now is not communication state!
06-10 09:33:02.806   862 15871 D AudioFlinger: event 162 
06-10 09:33:02.809 29947 30094 I chatty  : uid=10089(com.huawei.appmarket) NK_request_1 expire 1 line
06-10 09:33:02.809  2577  2723 D AudioState: SESSION_ID_NEW, containsKey, pid: 1413, sessionId: 13185,uid: 1000
06-10 09:33:02.810   862 15871 I AudioMixer: Pid:862 add track (3)
06-10 09:33:02.810   862 15871 D AudioFlinger: DevSched: uid is 1000, factor is 1.000000, mode_eq is 0
06-10 09:33:02.811   874 30127 D AudioTrack: OFFLOAD 0,mNotificationFrames 0,mStreamType =-1,mOriginalSampleRate 48000,mAfSampleRate 48000,mTransfer 3
06-10 09:33:02.811   874 30127 D AudioTrack: Client defaulted notificationFrames to 12000 for frameCount 24000
06-10 09:33:02.812  7600 30019 I FormalHASDK: SendTask==> events PostRequest sendevent TYPE: maint, TAG: _default_config_tag, resultCode: 200, reqID: 20f96a12d52a63615fa97ed33c725299
06-10 09:33:02.813   862 15871 I APM_AudioPolicyManager: startOutput() output 13, stream 1, session 13185
06-10 09:33:02.813 29947 30100 I chatty  : uid=10089(com.huawei.appmarket) NK_request_4 expire 2 lines
06-10 09:33:02.813   862  1207 I AudioFlinger: setParameters(): io 0, keyvalue start_stream=1, calling pid 862
06-10 09:33:02.814   726 19770 D audio_hw_primary: adev_set_parameters: enter: start_stream=1
06-10 09:33:02.814   726 19770 D audio_hw_extn: audio_extn_set_anc_parameters: anc_enabled:0
06-10 09:33:02.814   726 19770 D audio_hw_spkr_prot: audio_extn_fbsp_set_parameters: Speaker protection disabled
06-10 09:33:02.815   862 15871 I APM_AudioPolicyManager: getNewOutputDevice() selected device 2
06-10 09:33:02.815 29947 30114 I chatty  : uid=10089(com.huawei.appmarket) NK_AiExec_1 ->N expire 1 line
06-10 09:33:02.816   862  1207 I AudioFlinger: setParameters(): io 0, keyvalue sws_volume=-43.0000000000, calling pid 862
06-10 09:33:02.816   862  1207 D stereoWidening_frame: SWS_update_volume volumeDb = -43.000000
06-10 09:33:02.816   726  1402 D audio_hw_primary: adev_set_parameters: enter: sws_volume=-43.0000000000
06-10 09:33:02.816  2577  2723 I PGServer: report state:2 event type:1 pid:1413 uid:1000 pkg:null to pid: 1413
06-10 09:33:02.817   726  1402 D audio_hw_extn: audio_extn_set_anc_parameters: anc_enabled:0
06-10 09:33:02.817   726  1402 D audio_hw_spkr_prot: audio_extn_fbsp_set_parameters: Speaker protection disabled
06-10 09:33:02.817  2577  2723 I PGServer: report state:2 event type:1 pid:1413 uid:1000 pkg:null to pid: 2577
06-10 09:33:02.817 30075 30137 D Gallery_Common_DisplayEngine: init()
06-10 09:33:02.817  2577  2723 D AudioState: auido type:out state:start pid:1413 uid:1000
06-10 09:33:02.819   862 15871 I APM_AudioPolicyManager: setOutputDevice() setting same device 0x0002 or null device
06-10 09:33:02.820   874 30121 V NuPlayer: media rendering started
06-10 09:33:02.820   874 30121 D NuPlayerDriver: notifyListener_l(0xea8243f0), (6, 0, 0, -1), loop setting(0, 0)
06-10 09:33:02.820 30075 30137 D Gallery_Common_DisplayEngineCmdInterface: DisplayEngineCmdInterface() enter
06-10 09:33:02.821 30075 30137 D Gallery_Common_DisplayEngineCmdInterface: DisplayEngineCmdInterface() exit
06-10 09:33:02.823   874 30127 I AudioTrack: audioTrack send start state to pg
06-10 09:33:02.825  2577  2723 I AudioState: start from audioTrack, pid: 1413 sessionId: 13185
06-10 09:33:02.825   726  1397 D asd_primary_out: L[0],R[0], continus 20 times!
06-10 09:33:02.825  2577  2723 I PGServer: report state:2 event type:1 pid:1413 uid:1000 pkg:null to pid: 1413
06-10 09:33:02.826  2577  2723 I PGServer: report state:2 event type:1 pid:1413 uid:1000 pkg:null to pid: 2577
06-10 09:33:02.826  2577  2723 D AudioState: auido type:out state:start pid:1413 uid:1000
06-10 09:33:02.832  2577  2723 I DeviceMonitor: WKLOCK EVT:161 uid:1041 flags:1 pid:0 tag:AudioMix
06-10 09:33:02.838  2577  2723 I DeviceMonitor: WKLOCK EVT:160 uid:10089 flags:1 pid:-2 tag:*job*/com.huawei.appmarket/.service.predownload.jobservice.WlanPeriodicJobService
06-10 09:33:02.839  1413  1413 D JobServiceContext: handleServiceBound for 8c6b984 #u0a89/10001 com.huawei.appmarket/.service.predownload.jobservice.WlanPeriodicJobService
06-10 09:33:02.840  1413  1413 D JobServiceContext: Scheduling time out for '.service.predownload.jobservice.WlanPeriodicJobService' jId: 10001, in 8 s
06-10 09:33:02.841  1413  1413 D JobServiceContext: handleServiceBound for 2b7e9f0 #u0a89/10003 com.huawei.appmarket/.service.predownload.jobservice.UrgentUpdateJobService
06-10 09:33:02.841  1413  1413 D JobServiceContext: Scheduling time out for '.service.predownload.jobservice.UrgentUpdateJobService' jId: 10003, in 8 s
06-10 09:33:02.843  2577  2723 I DeviceMonitor: WKLOCK EVT:160 uid:10089 flags:1 pid:-2 tag:*job*/com.huawei.appmarket/.service.predownload.jobservice.UrgentUpdateJobService
06-10 09:33:02.855 29947 30098 I chatty  : uid=10089(com.huawei.appmarket) NK_request_3 expire 1 line
06-10 09:33:02.858 18561 18561 D UsbSettingsService: handleMessage, msg.what = 2
06-10 09:33:02.859 18561 18561 D         : android_bluetooth_BluetoothAddressNative_isLibReady: android_bluetooth_BluetoothAddressNative_isLibReady .
06-10 09:33:02.859 18561 18561 D         :  
06-10 09:33:02.861 18561 18561 D         : BluetoothAddressNative_getMacAddress in
06-10 09:33:02.864  1413  8370 D JobServiceContext: doCallback of : JobStatus{8c6b984 #u0a89/10001 com.huawei.appmarket/.service.predownload.jobservice.WlanPeriodicJobService u=0 s=10089 TIME=-96ms:+2h1m3s129ms NET=2 PERIODIC READY} v:VERB_STARTING
06-10 09:33:02.867  2577  2723 I DeviceMonitor: WKLOCK EVT:161 uid:10089 flags:1 pid:-2 tag:*job*/com.huawei.appmarket/.service.predownload.jobservice.WlanPeriodicJobService
06-10 09:33:02.874 29947 30092 I chatty  : uid=10089(com.huawei.appmarket) NK_request_0 expire 2 lines
06-10 09:33:02.875  1413  8370 D JobServiceContext: doCallback of : JobStatus{2b7e9f0 #u0a89/10003 com.huawei.appmarket/.service.predownload.jobservice.UrgentUpdateJobService u=0 s=10089 TIME=-99ms:+6h3m9s576ms NET=1 PERIODIC READY} v:VERB_STARTING
06-10 09:33:02.877  2577  2723 I DeviceMonitor: WKLOCK EVT:161 uid:10089 flags:1 pid:-2 tag:*job*/com.huawei.appmarket/.service.predownload.jobservice.UrgentUpdateJobService
06-10 09:33:02.882 30075 30075 D Gallery_Common_StorageMonitorProvider: StorageMonitorProvider onCreate
06-10 09:33:02.884   576   576 E         : analysis_oeminfo_for_tar_and_key_sign: bad buf_len:256, key_sign_len:256 and tar_value_len:12
06-10 09:33:02.884   576   576 E         : analysis_oeminfo_for_const_target_lenth: failed to get the sign type and tar value
06-10 09:33:02.884   576   576 E         : analysis_oeminfo_for_all_signed_data: failed to analysis_oeminfo_for_const_target_lenth
06-10 09:33:02.884   576   576 E         : verify_the_oeminfo_data_for_signed:fail to analysis oeminfo
06-10 09:33:02.884   576   576 E         : get_original_data_by_fun_tag_and_sign_type:fail to analysis oeminfo
06-10 09:33:02.884   576   576 E         : get_original_data_by_index: failed to memcpy_s sign_type_ptr and sec_ret:0
06-10 09:33:02.885   481   481 E         : cannot open /dev/nve0, errno 2
06-10 09:33:02.885   481   481 E         : 
06-10 09:33:02.885   481   481 E         : nvm_operation, opr 6 fail, ret = -1
06-10 09:33:02.885   481   481 E         : 
06-10 09:33:02.885   481   481 E         : pid 576, opration nvm_read and ret -1 FAIL
06-10 09:33:02.885   481   481 E         : 
06-10 09:33:02.885   576   576 E         : oinv_recv_return:RET_FAIL return
06-10 09:33:02.885   576   576 E         : hweiOperaNVWR: process data failed
06-10 09:33:02.885   576   576 E         : read_bt_address: failed to read BT MAC ADRESS and ret_nv:1
06-10 09:33:02.885   576   576 E         : read_bt_address_cached: failed to get bt
06-10 09:33:02.886 18561 18561 E         : read nv failed retNv = -1,will read from oem
06-10 09:33:02.886 18561 18561 D         : read_mac_from_oem in
06-10 09:33:02.889 30075 30075 D Gallery :  FyuseSDK.init
06-10 09:33:02.897 18561 18561 D UsbSettingsService: showMtpDialog : mode = 0
06-10 09:33:02.901   726  1397 D asd_primary_out: L[1]-90.308999db, R[0]-infdb
06-10 09:33:02.902 30075 30137 D DE I -de: native_init:61: Loading algorithms
06-10 09:33:02.902 30075 30137 D DE I -de: initLogSwitch:24: isProductDebuggable=0, isDebugLogOn=0
06-10 09:33:02.909 30075 30075 W zygote64: Class com.fyusion.sdk.common.a failed lock verification and will run slower.
06-10 09:33:02.909 30075 30075 W zygote64: Common causes for lock verification issues are non-optimized dex code
06-10 09:33:02.909 30075 30075 W zygote64: and incorrect proguard optimizations.
06-10 09:33:02.914 30075 30075 D Gallery : isMainProcess true
06-10 09:33:02.914 30075 30075 E Gallery_cloud_CloudAlbumSdkHelper: Cloud album service not bind ... 
06-10 09:33:02.914 30075 30075 D Gallery_cloud_CloudAlbumSdkHelper: initCloudAlbumSdk start 
06-10 09:33:02.916 18561 18561 D CubicBezierInterpolator: CubicBezierInterpolator  mControlPoint1x = 0.23, mControlPoint1y = 0.06, mControlPoint2x = 0.09, mControlPoint2y = 0.97
06-10 09:33:02.916 18561 18561 D CubicBezierInterpolator: CubicBezierInterpolator  mControlPoint1x = 0.6, mControlPoint1y = 0.9, mControlPoint2x = 0.8, mControlPoint2y = 1.0
06-10 09:33:02.916 18561 18561 D CubicBezierInterpolator: CubicBezierInterpolator  mControlPoint1x = 0.23, mControlPoint1y = 0.06, mControlPoint2x = 0.09, mControlPoint2y = 0.97
06-10 09:33:02.916 18561 18561 D CubicBezierInterpolator: CubicBezierInterpolator  mControlPoint1x = 0.6, mControlPoint1y = 0.9, mControlPoint2x = 0.8, mControlPoint2y = 1.0
06-10 09:33:02.919 29947 30135 W ReflectUtil: NoSuchMethodException: getVSimSubId
06-10 09:33:02.919 29947 30135 W ReflectUtil: NoSuchMethodException: hasIccCardForVSim
06-10 09:33:02.919 29947 30135 W ReflectUtil: NoSuchMethodException: getVSimSubId
06-10 09:33:02.920 29947 30135 W ReflectUtil: NoSuchMethodException: getNetworkOperator
06-10 09:33:02.921 29947 30135 W ReflectUtil: NoSuchMethodException: hasIccCardForVSim
06-10 09:33:02.921   726  1397 D asd_primary_out: L[32]-60.205999db, R[30]-60.766574db
06-10 09:33:02.924 30075 30075 D Gallery_cloud_CloudAlbumSdkHelper: init
06-10 09:33:02.924 18561 18561 D HwRTBlurUtils: check blur style for HwPhoneWindow, themeResId : 0x0206002b, context : android.view.ContextThemeWrapper@ad9392e, Nhwext : 10, get Blur : disable with , android.graphics.drawable.NinePatchDrawable@57d8ccf
06-10 09:33:02.925 30075 30075 E Gallery_cloud_CloudAlbumSdkHelper: Cloud album service not bind ... 
06-10 09:33:02.925 30075 30075 D CloudAlbumSDK[8.1.1.101].CloudAlbumSDK: init
06-10 09:33:02.929 30075 30153 I com.fyusion.sdk.common: 2024-06-10T09:33:02.928+0800 [Auth]: Fyuse SDK version: 1.02.24-rel7 | '4dd9b23ea' | 2017-08-08T21:21:58-07:00 | Vislib: A-SDK-1.03-01 | cc0bb74a3 | 1.0.5
06-10 09:33:02.929 30075 30075 D CloudAlbumSDK[8.1.1.101].CloudAlbumSDK: Handler size add to: 1
06-10 09:33:02.929 29947 30135 I FormalHASDK: HAImpl==> onEvent. TAG:_default_config_tag, TYPE:1, eventId:2010100701
06-10 09:33:02.930  2577  2949 I ash     : view add pid:18561 uid:1000
06-10 09:33:02.930 30075 30075 D CloudAlbumSDK[8.1.1.101].CloudAlbumSDK: Handler size add to: 2
06-10 09:33:02.933 30075 30075 D CloudAlbumSDK[8.1.1.101].CloudAlbumSDK: Handler size add to: 3
06-10 09:33:02.935 30075 30075 D CloudAlbumSDK[8.1.1.101].CloudAlbumSDK: Handler size add to: 4
06-10 09:33:02.936  1413  8370 V WindowManager: Adding Window{bcdc4ab u0 com.android.settings} to WindowToken{fcb0708 android.os.BinderProxy@1c236fa}
06-10 09:33:02.937 30075 30075 D CloudAlbumSDK[8.1.1.101].CloudAlbumSDK: Handler size add to: 5
06-10 09:33:02.937 30075 30075 D CloudAlbumSDK[8.1.1.101].CloudAlbumServiceProtocol: begin connectService
06-10 09:33:02.937 29947 30158 I SecurityComp10200303: GCMKS: load key
06-10 09:33:02.939  1413  8370 V WindowManager: addWindow: New client android.os.BinderProxy@1c236fa: window=Window{bcdc4ab u0 com.android.settings} Callers=com.android.server.wm.HwWindowManagerService.addWindow:606 com.android.server.wm.Session.addToDisplay:204 android.view.IWindowSession$Stub.onTransact:124 com.android.server.wm.Session.onTransact:165 android.os.Binder.execTransact:698 
06-10 09:33:02.941   726  1397 D asd_primary_out: L[138]-47.511417db, R[150]-46.787174db
06-10 09:33:02.945 30075 30137 I Gallery_Common_DisplayEngine: init() getCapability mEnable=true, mWideColorGamutSupported=false
06-10 09:33:02.946 30075 30137 I Gallery_cloud_PhotoShareUtils: storage size: 24G
06-10 09:33:02.946 18561 30165 I PressGestureDetector: HiTouch restricted: Sub windows restricted.
06-10 09:33:02.948 29947 29986 W HiApp.ReqK/ServerUrlLoader: RepTaskHandler{3043} async loadUrl, targetServer = server.store, method = client.getWlanIdleConfig
06-10 09:33:02.951 29947 30135 W NK_GrsApi: RepTaskHandler|network.grs.GrsApi|4|GrsApi.grsSdkInit is @Deprecated,  And Only Application Can Call Once
06-10 09:33:02.952 18561 18561 W HwWidgetFactoryImpl: checkMark no drawable was found!
06-10 09:33:02.952 29947 30135 I NK_e    : RepTaskHandler|network.grs.h.e|30|isSpExpire false.
06-10 09:33:02.953 29947 30135 I NK_a    : RepTaskHandler|network.grs.a|20|GrsClientManager.getUrlsLocal: Get URL from GRS Server Cache
06-10 09:33:02.953 29947 30135 I NK_a    : RepTaskHandler|network.grs.a|63|GrsClientManager.ayncGetGrsUrls：Return [com.huawei.appmarketV05] Urls: {*D*V*O*A*N*:*h*t*s*\*\*d*v*l*p*r*h*a*e*.*o*"*"*O*U*A*I*:*h*t*s*\*\*f*r*m*a*i*d*c*.*o*.*b*n*c*o*d*c*m*/*p*g*t*w*y*/*,*J*S*:*h*t*s*\*\*j*s*d*c*.*o*.*b*n*c*o*d*c*\*g*m*s*r*e*\*a*i*/*,*D*"*"*t*p*:*/*/*p*g*l*e*y*h*a*e*.*o*\*p*r*o*a*I*f*L*s*"*"*H*A*C*N*"*"*t*p*:*/*/*p*d*-*-*r*n*d*a*k*d*.*n*/*l*/*p*d*\*t*s*\*c*e*k*a*k*,*D*S*:*h*t*s*\*\*d*s*d*c*.*o*.*b*n*c*o*d*c*\*d*s*/*p*n*p*"*"*G*S*:*h*t*s*\*\*c*e*-*r*n*c*.*b*n*c*o*d*c*\*g*m*s*r*e*\*a*i*/*,*U*"*"*t*p*:*/*/*t*r*-*r*n*h*s*a*e*d*a*k*l*u*.*o*\*u*\*a*i*/*,*P*S*E*"*"*t*p*:*/*/*5*o*t*n*-*r*n*d*a*k*d*.*n*/*c*5*/*P*\*H*P*S*r*n*p*r*n*y*/*n*e*.*t*l*\*h*m*"*"*A*P*S*D*M*I*"*"*f*r*m*d*c*.*o*.*i*l*u*.*o*"*"*A*E*E*"*"*t*p*:*/*/*w*p*d*c*.*o*.*b*n*c*o*d*c*m*/*,*C*S*O*P*A*N*"*"*t*p*:*/*/*s*-*o*p*a*n*d*c*.*l*t*o*m*d*a*k*l*u*.*n*,*C*P*C*A*E*V*C*"*"*t*p*:*/*/*s*-*d*p*e*-*r*n*s*c*r*t*.*b*n*c*o*d*c*"*"*W*:*h*t*s*\*\*w*p*d*c*.*i*p*c*.*b*n*c*o*d*c*m*/*,*C*P*C*A*S*R*T*O*:*h*t*s*\*\*c*n*e*t*e*t*r*t*-*r*n*d*a*k*d*.*n*,*C*P*C*A*S*R*F*U*"*"*t*p*:*/*/*o*t*n*c*n*e*-*w*d*c*.*b*n*c*n*c*"*"*E*I*N*:*D*1*,*C*P*C*A*S*R*O*E*:*h*t*s*\*\*c*n*e*t*e*t*r*d*c*.*b*n*c*n*c*"*"*E*"*"*t*p*:*/*/*s*d*c*.*a*e*d*a*k*l*u*.*o*\*"*"*A*T*H*J*U*L*H*E*"*"*t*p*:*/*/*o*t*n*c*n*e*-*d*d*c*.*b*n*c*n*c*"*"*A*D*M*I*"*"*t*p*:*/*/*d*c*o*d*h*a*e*.*o*"*"*T*R*"*"*t*p*:*/*/*t*r*-*r*n*h*s*a*e*d*a*k*l*u*.*o*\*h*m*r*e*\*a*i*/*,*F*R*M*A*"*"*t*p*:*/*/*f*r*m*d*c*.*o*.*b*n*c*o*d*c*\*"*"*G*"*"*t*p*:*/*/*o*u*-*p*-*r*n*j*s*d*a*k*l*u*.*o*\*a*i*a*e*a*\*"*"*T*H*S*"*"*t*r*-*r*n*h*s*a*e*d*a*k*l*u*.*o*"*"*A*L*R*D*M*I*"*"*t*p*:*/*/*p*g*l*e*y*c*o*d*h*a*e*.*o*"*"*W*P*:*h*t*s*\*\*g*a*-*r*n*g*m*.*b*n*c*o*d*c*m*/*}
06-10 09:33:02.954 29947 30135 I NK_a    : RepTaskHandler|network.grs.a|85|ayncGetGrsUrls: {*D*V*O*A*N*:*h*t*s*\*\*d*v*l*p*r*h*a*e*.*o*"*"*O*U*A*I*:*h*t*s*\*\*f*r*m*a*i*d*c*.*o*.*b*n*c*o*d*c*m*/*p*g*t*w*y*/*,*J*S*:*h*t*s*\*\*j*s*d*c*.*o*.*b*n*c*o*d*c*\*g*m*s*r*e*\*a*i*/*,*D*"*"*t*p*:*/*/*p*g*l*e*y*h*a*e*.*o*\*p*r*o*a*I*f*L*s*"*"*H*A*C*N*"*"*t*p*:*/*/*p*d*-*-*r*n*d*a*k*d*.*n*/*l*/*p*d*\*t*s*\*c*e*k*a*k*,*D*S*:*h*t*s*\*\*d*s*d*c*.*o*.*b*n*c*o*d*c*\*d*s*/*p*n*p*"*"*G*S*:*h*t*s*\*\*c*e*-*r*n*c*.*b*n*c*o*d*c*\*g*m*s*r*e*\*a*i*/*,*U*"*"*t*p*:*/*/*t*r*-*r*n*h*s*a*e*d*a*k*l*u*.*o*\*u*\*a*i*/*,*P*S*E*"*"*t*p*:*/*/*5*o*t*n*-*r*n*d*a*k*d*.*n*/*c*5*/*P*\*H*P*S*r*n*p*r*n*y*/*n*e*.*t*l*\*h*m*"*"*A*P*S*D*M*I*"*"*f*r*m*d*c*.*o*.*i*l*u*.*o*"*"*A*E*E*"*"*t*p*:*/*/*w*p*d*c*.*o*.*b*n*c*o*d*c*m*/*,*C*S*O*P*A*N*"*"*t*p*:*/*/*s*-*o*p*a*n*d*c*.*l*t*o*m*d*a*k*l*u*.*n*,*C*P*C*A*E*V*C*"*"*t*p*:*/*/*s*-*d*p*e*-*r*n*s*c*r*t*.*b*n*c*o*d*c*"*"*W*:*h*t*s*\*\*w*p*d*c*.*i*p*c*.*b*n*c*o*d*c*m*/*,*C*P*C*A*S*R*T*O*:*h*t*s*\*\*c*n*e*t*e*t*r*t*-*r*n*d*a*k*d*.*n*,*C*P*C*A*S*R*F*U*"*"*t*p*:*/*/*o*t*n*c*n*e*-*w*d*c*.*b*n*c*n*c*"*"*E*I*N*:*D*1*,*C*P*C*A*S*R*O*E*:*h*t*s*\*\*c*n*e*t*e*t*r*d*c*.*b*n*c*n*c*"*"*E*"*"*t*p*:*/*/*s*d*c*.*a*e*d*a*k*l*u*.*o*\*"*"*A*T*H*J*U*L*H*E*"*"*t*p*:*/*/*o*t*n*c*n*e*-*d*d*c*.*b*n*c*n*c*"*"*A*D*M*I*"*"*t*p*:*/*/*d*c*o*d*h*a*e*.*o*"*"*T*R*"*"*t*p*:*/*/*t*r*-*r*n*h*s*a*e*d*a*k*l*u*.*o*\*h*m*r*e*\*a*i*/*,*F*R*M*A*"*"*t*p*:*/*/*f*r*m*d*c*.*o*.*b*n*c*o*d*c*\*"*"*G*"*"*t*p*:*/*/*o*u*-*p*-*r*n*j*s*d*a*k*l*u*.*o*\*a*i*a*e*a*\*"*"*T*H*S*"*"*t*r*-*r*n*h*s*a*e*d*a*k*l*u*.*o*"*"*A*L*R*D*M*I*"*"*t*p*:*/*/*p*g*l*e*y*c*o*d*h*a*e*.*o*"*"*W*P*:*h*t*s*\*\*g*a*-*r*n*g*m*.*b*n*c*o*d*c*m*/*}
06-10 09:33:02.955 18561 18561 W HwWidgetFactoryImpl: checkMark no drawable was found!
06-10 09:33:02.957 18561 18561 W HwWidgetFactoryImpl: checkMark no drawable was found!
06-10 09:33:02.957 29947 30135 I HslPackageManager: Get Hsl Package Manager.
06-10 09:33:02.958 29947 30135 I HslPackageManager: is Support Hsl false
06-10 09:33:02.960 18561 18561 W HwWidgetFactoryImpl: checkMark no drawable was found!
06-10 09:33:02.961   726  1397 D asd_primary_out: L[191]-44.688331db, R[185]-44.965564db
06-10 09:33:02.962 18561 18561 W HwWidgetFactoryImpl: checkMark no drawable was found!
06-10 09:33:02.964 18561 18561 W HwWidgetFactoryImpl: checkMark no drawable was found!
06-10 09:33:02.969 30075 30137 E Gallery_Common_TouchForceManager: NoSuchMethodException com.huawei.android.app.Activity failed
06-10 09:33:02.971   774   774 W surfaceflinger: type=1400 audit(0.0:154146): avc: denied { read } for name="cust" dev="mmcblk0p57" ino=195017 scontext=u:r:surfaceflinger:s0 tcontext=u:object_r:cust_data_file:s0 tclass=lnk_file permissive=0
06-10 09:33:02.974   574   574 E SELinux : avc:  denied  { find } for interface=vendor.huawei.hardware.hwsched::ISched sid=u:r:surfaceflinger:s0 pid=774 scontext=u:r:surfaceflinger:s0 tcontext=u:object_r:default_android_hwservice:s0 tclass=hwservice_manager permissive=0
06-10 09:33:02.974   774   774 E BufferQueueProducer: [] [hwsched]Can not get hwsched service
06-10 09:33:02.975   774   774 E BufferQueueProducer: [] [hwsched] Sched_config_cust.xml is not exit or file is invalid!
06-10 09:33:02.975   774   774 E BufferQueueProducer: [] [hwsched] LoadFile error, path:(null), error code:3
06-10 09:33:02.976 29947 30168 I HslPackageManager: Get Hsl Package Manager.
06-10 09:33:02.976 29947 30168 I HslPackageManager: is Support Hsl false
06-10 09:33:02.977 30075 30137 D Gallery_Common_HwCustUtilsWrapper: start init HwCustUtils
06-10 09:33:02.978 30075 30137 D Gallery_Common_HwCustUtilsWrapper: init HwCustUtils success !!!
06-10 09:33:02.978 30075 30137 D Gallery_Common_HwCustUtilsWrapper: method find result public static java.lang.Object com.huawei.cust.HwCustUtils.createObj(java.lang.Class,java.lang.Object[])
06-10 09:33:02.980 29947 30135 I HslPackageManager: Get Hsl Package Manager.
06-10 09:33:02.980 29947 30135 I HslPackageManager: is Support Hsl false
06-10 09:33:02.981   726  1397 D asd_primary_out: L[226]-43.226830db, R[225]-43.265348db
06-10 09:33:02.982 29947 29986 W HiApp.Dev/GmsSupportUtil: ConcurrentGlobalQueue#3{2978} not found :com.google.android.gms
06-10 09:33:02.983 29947 29986 W HiApp.Dev/GmsSupportUtil: ConcurrentGlobalQueue#3{2978} Google Play services is missing：com.google.android.gms
06-10 09:33:02.983 29947 29986 W HiApp.Dev/GetGaidHelper: ConcurrentGlobalQueue#3{2978} not support gms.
06-10 09:33:02.984 30075 30075 D Gallery_cloud_CloudAlbumSdkHelper: initCloudAlbumSdk end 
06-10 09:33:02.985 30075 30075 D Gallery_Common_NotchScreenManager: Register NotchScreen ContentObserver
06-10 09:33:02.986 25385 25385 I Cloud[10.13.20.300]Album.CloudAlbumSdkService: onCreate
06-10 09:33:02.988 18561 18561 W HwWidgetFactoryImpl: checkMark no drawable was found!
06-10 09:33:02.990 30075 30075 D Gallery_Common_NotchScreenManager: NotchScreen switch changed, now state is: 0
06-10 09:33:02.992 18561 18561 W HwWidgetFactoryImpl: checkMark no drawable was found!
06-10 09:33:02.993 29947 30135 I NK_PolicyService: RepTaskHandler|httpclient.excutor.ProcessPolicyNetworkService|19|options = {"enable_concurrent_connect":true,"concurrent_connect_delay":500,"ha_tag":"_default_config_tag","enable_privacy_policy":"true","follow_redirects":true,"follow_ssl_redirects":true,"smallpkt_fec":true,"smallpkt_fec_initiallevel":0,"tls_zero_rtt":"true","max_server_configs_stored_properties":50,"storage_path":"\/data\/data\/com.huawei.appmarket\/files\/network\/"}
06-10 09:33:02.995 18561 18561 W HwWidgetFactoryImpl: checkMark no drawable was found!
06-10 09:33:02.995 29947 30135 I NK_CronetNegotiateManager: RepTaskHandler|embedded.d2|22|module name is huawei_module_quic_pro
06-10 09:33:02.995 25385 25385 I Cloud[10.13.20.300]Album.SyncStrategy: begin init
06-10 09:33:02.996 25385 25385 I Cloud[10.13.20.300]Album.SyncStrategy: begin initState, mask: 1, flag: false
06-10 09:33:02.996 30075 30097 E MemoryLeakMonitorManager: MemoryLeakMonitor.jar is not exist!
06-10 09:33:02.997 25385 25385 I Cloud[10.13.20.300]Album.SyncStrategy: begin initState, mask: 2, flag: false
06-10 09:33:02.997 30075 30075 E Minikin : Could not get cmap table size!
06-10 09:33:02.997 25385 25385 I Cloud[10.13.20.300]Album.SyncStrategy: begin initState, mask: 64, flag: false
06-10 09:33:02.997 25385 25385 I Cloud[10.13.20.300]Album.SyncStrategy: begin initState, mask: 512, flag: false
06-10 09:33:02.997 25385 25385 I Cloud[10.13.20.300]Album.SyncStrategy: begin initState, mask: 1024, flag: false
06-10 09:33:02.998 25385 25385 I Cloud[10.13.20.300]Album.SyncStrategy: begin initState, mask: 2048, flag: false
06-10 09:33:02.998 25385 25385 I Cloud[10.13.20.300]Album.SyncStrategy: begin initState, mask: 4096, flag: true
06-10 09:33:02.998 30075 30075 D PowerStateReceiver: onReceive intent=Intent { act=android.intent.action.ACTION_POWER_CONNECTED flg=0x4000010 cmp=com.android.gallery3d/com.huawei.gallery.phonestatus.PowerStateReceiver (has extras) } action=android.intent.action.ACTION_POWER_CONNECTED
06-10 09:33:02.998 25385 25385 I Cloud[10.13.20.300]Album.CommonReceiverManager: init
06-10 09:33:02.999 25385 25385 I Cloud[10.13.20.300]Album.SyncStrategy: begin initState, mask: 16, flag: false
06-10 09:33:02.999 25385 25385 I Cloud[10.13.20.300]Album.BatteryProcessor: init
06-10 09:33:02.999 18561 18561 W HwWidgetFactoryImpl: checkMark no drawable was found!
06-10 09:33:03.000 25385 25385 I Cloud[10.13.20.300]Album.SyncStrategy: begin initState, mask: 4, flag: false
06-10 09:33:03.000 30075 30171 I Gallery_Common_DisplayEngine: Screen=1520x720
06-10 09:33:03.002   726  1397 D asd_primary_out: L[127]-48.232924db, R[115]-49.095042db
06-10 09:33:03.002 29947 30181 I dynamic-api_HQUICManager: 29947-30181|null|com.huawei.hms.hquic.HQUICManager|b|4|Start to load hQUIC :
06-10 09:33:03.002 29947 30181 I dynamic-api_DynamicModule: 29947-30181|null|com.huawei.hms.feature.dynamic.DynamicModule|b|4|dynamic-api version: 10025300
06-10 09:33:03.004 30075 30075 D PowerStateReceiver: battery = 82
06-10 09:33:03.005 29947 30181 I dynamic-api_HMSPkgManager: 29947-30181|null|com.huawei.hms.feature.dynamic.f.c|a|56|The HMS Core is installed, pkgName:com.huawei.hwid
06-10 09:33:03.005 18561 18561 W HwWidgetFactoryImpl: checkMark no drawable was found!
06-10 09:33:03.007  3649  3513 I ModuleQueryProvider: [HMSCore ModuleQueryProvider.java:1] Enter call, method: huawei_module_dynamicloader
06-10 09:33:03.008 18561 18561 W HwWidgetFactoryImpl: checkMark no drawable was found!
06-10 09:33:03.008  3649  3513 I fwkit_kims: [fwkit KIMSServiceController.java:1378] getAPIBundle: huawei_module_dynamicloader,null
06-10 09:33:03.009 30075 30075 D PowerStateReceiver: battery = 82
06-10 09:33:03.009 30075 30075 D PowerStateReceiver: battery current is 82
06-10 09:33:03.011 29947 30059 I NK_DomainRelationModel: RepTaskHandler ->NK_AiExec_1|ai.n|98|prefetch size:1
06-10 09:33:03.011  3649  3513 I fwkit_kims: [fwkit KIMSServiceController.java:1410] caller:com.huawei.appmarket targetSdk:30
06-10 09:33:03.011 29947 30059 I NK_CountryCodeBean: RepTaskHandler ->NK_AiExec_1|network.grs.local.model.CountryCodeBean|18|get issue_country code from VENDOR_COUNTRY
06-10 09:33:03.012 29947 30135 I NK_CountryCodeBean: RepTaskHandler|network.grs.local.model.CountryCodeBean|18|get issue_country code from VENDOR_COUNTRY
06-10 09:33:03.013 18561 18561 W HwWidgetFactoryImpl: checkMark no drawable was found!
06-10 09:33:03.014 29947 30092 I NK_CountryCodeBean: NK_request_0|network.grs.local.model.CountryCodeBean|18|get issue_country code from VENDOR_COUNTRY
06-10 09:33:03.016 18561 18561 W HwWidgetFactoryImpl: checkMark no drawable was found!
06-10 09:33:03.016 29947 30092 I NK_OkReqTsk: NK_request_0|embedded.g3|319|the request has used the okhttp! OnlyConnectCall
06-10 09:33:03.017 29947 30092 I NK_CountryCodeBean: NK_request_0|network.grs.local.model.CountryCodeBean|18|get issue_country code from VENDOR_COUNTRY
06-10 09:33:03.017 29947 30135 I NK_OkReqTsk: RepTaskHandler|embedded.g3|284|the request has used the okhttp! 
06-10 09:33:03.017  3649  3513 I fwkit_kims: [fwkit KIMSServiceController.java:1604] localLevel:11, apiLevel:11
06-10 09:33:03.017 29947 30092 I NK_DNResolverManager: NK_request_0|embedded.g0|61|enter Dns lazy update flow, domain: gs-drcn.game.dbankcloud.com, trigger type: dns_lazy_update, source: LocalDns
06-10 09:33:03.018 18561 18561 W HwWidgetFactoryImpl: checkMark no drawable was found!
06-10 09:33:03.018 29947 30092 I NK_DNManager: NK_request_0|embedded.t|89|gs-drcn.game.dbankcloud.com resolve source:LocalDns,result:{'ALL', exist, createTime=1717940347861, LocalDns, 1}
06-10 09:33:03.018 25385 25385 I Cloud[10.13.20.300]Album.BatteryProcessor: init batteryStatus: 2, chargePlug: 2
06-10 09:33:03.018 25385 25385 I Cloud[10.13.20.300]Album.SyncStrategy: begin initState, mask: 256, flag: false
06-10 09:33:03.018 25385 25385 I Cloud[10.13.20.300]Album.SyncStrategy: begin initState, mask: 8, flag: false
06-10 09:33:03.019  3649  3513 I fwkit_kims: [fwkit KIMSServiceController.java:1609] kitName: huawei_module_dynamicloader, version 10025301, type 3
06-10 09:33:03.019 29947 30135 I NK_DNManager: RepTaskHandler|embedded.t|89|store-drcn.hispace.dbankcloud.com resolve source:LocalDns,result:{'ALL', exist, createTime=1717983182440, LocalDns, 1}
06-10 09:33:03.020 30075 30075 D CloudLocalSyncService: localSync = -1  cloudSync = -1
06-10 09:33:03.020 18561 18561 W HwWidgetFactoryImpl: checkMark no drawable was found!
06-10 09:33:03.020 30075 30075 E RecycleClearService: startRecycleClearService   forceStart = true, sClearDone = true
06-10 09:33:03.021   726  1397 D asd_primary_out: L[205]-44.073921db, R[173]-45.548077db
06-10 09:33:03.022 30075 30185 D PowerStateReceiver: innerGalleryStorage is null
06-10 09:33:03.022 18561 18561 W HwWidgetFactoryImpl: checkMark no drawable was found!
06-10 09:33:03.025 18561 18561 W HwWidgetFactoryImpl: checkMark no drawable was found!
06-10 09:33:03.029 25385 25385 I Cloud[10.13.20.300]Album.SyncStrategy: end init, state: 4096
06-10 09:33:03.029 25385 25385 I Cloud[10.13.20.300]Album.CloudDBManager: initDataBase start!
06-10 09:33:03.031 29947 30181 I dynamic-api_DynamicModule: 29947-30181|null|com.huawei.hms.feature.dynamic.DynamicModule|queryHMSModuleBundle|120|bundle info: errorCode:0, moduleVersion:10025301, modulePath:/data/user_de/0/com.huawei.android.hsf/modules/external/huawei_module_dynamicloader/10025301/DynamicLoader.apk, loader_version:10025301, loaderPath:/data/user_de/0/com.huawei.android.hsf/modules/external/huawei_module_dynamicloader/10025301/DynamicLoader.apk, armeabiType:0
06-10 09:33:03.031 29947 30181 I dynamic-api_DynamicModule: 29947-30181|null|com.huawei.hms.feature.dynamic.DynamicModule|a|19|copyType: 0
06-10 09:33:03.033 29947 30181 W dynamic-api_AssetLoadManager: 29947-30181|null|com.huawei.hms.feature.dynamic.AssetLoadManager|b|170|No module apk in asset path.
06-10 09:33:03.034 29947 30181 I dynamic-api_DynamicModule: 29947-30181|null|com.huawei.hms.feature.dynamic.DynamicModule|a|171|HMS loader version:10025301, asset loader version:0
06-10 09:33:03.034 30075 30075 D Gallery_Merge_MergeClassifyDataService: request start ClassifyDataMergeService
06-10 09:33:03.034 29947 30181 I dynamic-api_DynamicModule: 29947-30181|null|com.huawei.hms.feature.dynamic.DynamicModule|a|178|Choose dynamicLoader in HMS.
06-10 09:33:03.038 25385 25385 E Cloud[10.13.20.300]Album.FileHelper: uuid is null
06-10 09:33:03.038 29947 30181 I dynamic-api_HMSPkgManager: 29947-30181|null|com.huawei.hms.feature.dynamic.f.c|b|154|pkgName:com.huawei.android.hsf, isPrivApp:true
06-10 09:33:03.038 29947 30181 I dynamic-api_DynamicModule: 29947-30181|null|com.huawei.hms.feature.dynamic.DynamicModule|b|21|Load start in new-version-policy.
06-10 09:33:03.038 29947 30181 I dynamic-api_DynamicModule: 29947-30181|null|com.huawei.hms.feature.dynamic.DynamicModule|a|29|The loader path for module:huawei_module_quic_pro is:/data/user_de/0/com.huawei.android.hsf/modules/external/huawei_module_dynamicloader/10025301/DynamicLoader.apk, and versionType is:1
06-10 09:33:03.039 29947 30181 I dynamic-api_DynamicModule: 29947-30181|null|com.huawei.hms.feature.dynamic.DynamicModule|b|63|No available cached loader for module:huawei_module_quic_pro
06-10 09:33:03.039 29947 30181 W zygote64: Unsupported class loader
06-10 09:33:03.039 30075 30075 D RecycleClearService: --schedule-- [onStartCommand] start RecycleClearService.
06-10 09:33:03.040 30075 30190 D PhoneState: charge is true
06-10 09:33:03.040 25385 25385 E Cloud[10.13.20.300]Album.FileHelper: uuid is null
06-10 09:33:03.040 30075 30190 D PhoneState: battery level is 82
06-10 09:33:03.040 25385 25385 I Cloud[10.13.20.300]Album.CloudAlbumSdkService: initManualUpAndDownloadStatus
06-10 09:33:03.041 25385 25799 I Cloud[10.13.20.300]Album.SeparateTaskCallable: Execute SeparateTaskCallable TaskType:updateDownloadFileStatus
06-10 09:33:03.042 30075 30190 D PhoneState: screen on true
06-10 09:33:03.042 25385 25385 I Cloud[10.13.20.300]Album.CloudAlbumSdkService: onBind
06-10 09:33:03.042 30075 30171 D Gallery_Common_HwColorPickerUtil: screenWidth = 720, screenHeight = 1520
06-10 09:33:03.043 25385 25385 I Cloud[10.13.20.300]Album.CloudAlbumSdkService: onBind, action: com.huawei.android.hicloud.album.service.CloudAlbumSdkService
06-10 09:33:03.043 25385 25385 I Cloud[10.13.20.300]Album.SyncStrategy: setServiceInvalid: false
06-10 09:33:03.043 30075 30172 V HwWidgetFactory: : successes to get AllImpl object and return....
06-10 09:33:03.043   726  1397 D asd_primary_out: L[133]-47.831966db, R[93]-50.939340db
06-10 09:33:03.044 25385 25385 I Cloud[10.13.20.300]Album.WakeGalleryManager: updateLatestBindTime: 2024-06-10 09:33:03:043
06-10 09:33:03.046 29947 30181 W zygote64: Skipping duplicate class check due to unsupported classloader
06-10 09:33:03.048 30075 30172 D Gallery_Fyuse3D_FyuseFile: sExistFyuse false
06-10 09:33:03.048 30075 30075 D Gallery_Merge_MergeClassifyDataService: merge service started.
06-10 09:33:03.049 30075 30193 W Gallery_Merge_MergeClassifyDataService: classify data status : true, true
06-10 09:33:03.050 29947 30181 I dynamicloader_dl_DynamicLoader: 29947-30181|null|com.huawei.hms.dynamicloader.DynamicLoader|load|4|dynamicloader version: 10025301
06-10 09:33:03.050 25385 25803 I Cloud[10.13.20.300]Album.CloudAlbumSdkServiceImpl: register callback
06-10 09:33:03.051 25385 25803 I Cloud[10.13.20.300]Album.CloudAlbumSdkServiceImpl: register callback success
06-10 09:33:03.051 25385 25803 I Cloud[10.13.20.300]Album.SyncStrategy: setServiceInvalid: false
06-10 09:33:03.051 29947 30181 I dynamicloader_dl_DynamicLoader: 29947-30181|null|com.huawei.hms.dynamicloader.DynamicLoader|load|47|clientContext: com.huawei.appmarket
06-10 09:33:03.051 30075 30171 I HwApiCacheMangerEx: apicache path=/storage/emulated/0 state=mounted key=com.android.gallery3d#10024#512
06-10 09:33:03.051 30075 30075 D CloudAlbumSDK[8.1.1.101].CloudAlbumServiceProtocol: onServiceConnected
06-10 09:33:03.051 30075 30075 D RecycleClearService: --schedule-- RecycleClearService onDestroy
06-10 09:33:03.051 29947 30181 I dynamicloader_dl_DynamicLoader: 29947-30181|null|com.huawei.hms.dynamicloader.DynamicLoader|loadInNewVersionPolicy|104|The moduleName is:huawei_module_quic_pro, dynamicLoaderPath:/data/user_de/0/com.huawei.android.hsf/modules/external/huawei_module_dynamicloader/10025301/DynamicLoader.apk, versionStrategyType:1 loaderVersionType : v2
06-10 09:33:03.051  1413  6374 D WindowManager: finishDrawingWindow: Window{bcdc4ab u0 com.android.settings} mDrawState=DRAW_PENDING
06-10 09:33:03.051 30075 30075 D CloudAlbumSDK[8.1.1.101].CloudAlbumSDK: bind success
06-10 09:33:03.052 25385 25803 I Cloud[10.13.20.300]Album.CloudAlbumSdkServiceImpl: Call AIDL: setAidlVersion, version: 4
06-10 09:33:03.054 30075 30193 I Gallery_Common_GalleryDBHelper: database version : 100000112
06-10 09:33:03.056   874 30128 I NuPlayerDecoder: [audio] saw output EOS
06-10 09:33:03.057  1413  1936 W BroadcastQueue: Permission Denial: broadcasting Intent { act=android.net.conn.CONNECTIVITY_CHANGE flg=0x4000010 (has extras) } from null (pid=-1, uid=-1) requires com.huawei.cg.permission.SERVICE due to registered receiver BroadcastFilter{b428d02 u0 ReceiverList{79c1e4d 25385 com.huawei.hidisk/1001/u0 remote:88549e4}}
06-10 09:33:03.057 30075 30171 D GalleryStorageManager: updateOuterGalleryStorageList innerGalleryStorage:Path:/storage/emulated/0, mounted:true, name:设备, galleryStorageList:[]
06-10 09:33:03.057  1413  1936 W BroadcastQueue: Permission Denial: broadcasting Intent { act=android.intent.action.BATTERY_CHANGED flg=0x60000010 (has extras) } from null (pid=-1, uid=-1) requires com.huawei.cg.permission.SERVICE due to registered receiver BroadcastFilter{b428d02 u0 ReceiverList{79c1e4d 25385 com.huawei.hidisk/1001/u0 remote:88549e4}}
06-10 09:33:03.057 30075 30075 D Gallery_cloud_SdkCallback: onBindServiceResult result:true
06-10 09:33:03.059 30075 30171 E FontFamily: Error mapping font file /system/fonts/slim.ttf
06-10 09:33:03.059 30075 30171 W Gallery_Common_GalleryUtils: the font Slim is not exist!
06-10 09:33:03.060  3649  3513 I ModuleQueryProvider: [HMSCore ModuleQueryProvider.java:1] Enter call, method: huawei_module_quic_pro
06-10 09:33:03.060 30075 30075 D Gallery_cloud_CloudAlbumSdkHelper: service bind, cloud support true
06-10 09:33:03.060 30075 30075 D Gallery_cloud_CloudAlbumSdkHelper: service bind, cloud support ST invalidtrue
06-10 09:33:03.061  3649  3513 I fwkit_kims: [fwkit KIMSServiceController.java:1378] getAPIBundle: huawei_module_quic_pro,null
06-10 09:33:03.061 30075 30075 D Gallery_cloud_CloudAlbumSdkHelper: setAlbumProperties  settingsProp=SettingParams [thumbWidth=350, thumbHeight=350, lcdWidth=1920, lcdHeight=1920, internalRootPath=/storage/emulated/0, externalRootPath=null, thumbCachePath=/storage/emulated/0/.photoShare/thumb/thumb, lcdCachePath=/storage/emulated/0/.photoShare/thumb/lcd, downloadPath=/storage/emulated/0/.photoShare/thumb/PhotoShareDownload]
06-10 09:33:03.062 25385 25803 I Cloud[10.13.20.300]Album.CloudAlbumSdkServiceImpl: Call AIDL: setAlbumProperties(SettingParams)
06-10 09:33:03.062   726  1397 D asd_primary_out: L[216]-43.619924db, R[193]-44.597853db
06-10 09:33:03.062 29947 30063 I NK_CountryCodeBean: NK_request_0 ->NK_lazyPool_0|network.grs.local.model.CountryCodeBean|18|get issue_country code from VENDOR_COUNTRY
06-10 09:33:03.063  3649  3513 I fwkit_kims: [fwkit KIMSServiceController.java:1410] caller:com.huawei.appmarket targetSdk:30
06-10 09:33:03.071  3649  3513 I fwkit_kims: [fwkit KIMSServiceController.java:1604] localLevel:2, apiLevel:1
06-10 09:33:03.071  1413  2135 I chatty  : uid=1000(system) android.anim expire 1 line
06-10 09:33:03.072  3649  3513 I fwkit_kims: [fwkit KIMSServiceController.java:1609] kitName: huawei_module_quic_pro, version 70006300, type 2
06-10 09:33:03.074  1413  1447 D WindowManager: finishDrawingWindow: Window{bcdc4ab u0 com.android.settings} mDrawState=HAS_DRAWN
06-10 09:33:03.082   726  1397 D asd_primary_out: L[211]-43.823350db, R[190]-44.733927db
06-10 09:33:03.092 29947 30135 I SecurityComp10200303: SSLFNew: createSocket
06-10 09:33:03.092 29947 30092 I SecurityComp10200303: SSLFNew: createSocket
06-10 09:33:03.093 29947 30092 I SecurityComp10200303: SSLFNew: set default protocols
06-10 09:33:03.093 29947 30092 I SecurityComp10200303: SSLFNew: set default cipher
06-10 09:33:03.093 29947 30181 I dynamicloader_dl_HMSLoadStrategy: 29947-30181|null|com.huawei.hms.dynamicloader.r.b|g|83|Query module info result code:0
06-10 09:33:03.093 29947 30135 I SecurityComp10200303: SSLFNew: set default protocols
06-10 09:33:03.094 29947 30135 I SecurityComp10200303: SSLFNew: set default cipher
06-10 09:33:03.094   874 30127 D AudioTrack: stop() called with 35755 frames delivered
06-10 09:33:03.094 29947 30181 I dynamicloader_dl_PreferRemote: 29947-30181|null|com.huawei.hms.dynamicloader.u.d|a|37|hmsModuleVersion:70006300, Choose the HMSLoadStrategy
06-10 09:33:03.101   726  1397 D asd_primary_out: L[155]-46.502365db, R[131]-47.963573db
06-10 09:33:03.104 29947 30168 I NK_CountryCodeBean: CORE_THREAD_POOL-0|network.grs.local.model.CountryCodeBean|18|get issue_country code from VENDOR_COUNTRY
06-10 09:33:03.105 29947 30168 I NK_OkReqTsk: CORE_THREAD_POOL-0|embedded.g3|284|the request has used the okhttp! 
06-10 09:33:03.106 29947 30168 I NK_DNManager: CORE_THREAD_POOL-0|embedded.t|89|store-drcn.hispace.dbankcloud.com resolve source:LocalDns,result:{'ALL', exist, createTime=1717983182440, LocalDns, 1}
06-10 09:33:03.107  3649  3513 I ModuleQueryProvider: [HMSCore ModuleQueryProvider.java:1] Enter call, method: huawei_module_quic_pro
06-10 09:33:03.109  3649  3513 I fwkit_kims: [fwkit KIMSServiceController.java:1378] getAPIBundle: huawei_module_quic_pro,null
06-10 09:33:03.109 30075 30171 V Gallery_cloud_PhotoShareUtils: com.huawei.hidisk result = true
06-10 09:33:03.112  3649  3513 I fwkit_kims: [fwkit KIMSServiceController.java:1410] caller:com.huawei.appmarket targetSdk:30
06-10 09:33:03.112 30075 30171 V Gallery_cloud_PhotoShareUtils: sRefreshHandler initialized
06-10 09:33:03.114 30075 30193 W Gallery_Merge_MergeClassifyDataService: classify data is downloading. should merge later
06-10 09:33:03.116 30075 30075 D Gallery_Merge_MergeClassifyDataService: merge service stopped.
06-10 09:33:03.119 30075 30171 V Gallery_cloud_PhotoShareUtils: Initialize finished
06-10 09:33:03.119 30075 30171 D Gallery : Initial Photoshare
06-10 09:33:03.120  3649  3513 I fwkit_kims: [fwkit KIMSServiceController.java:1604] localLevel:2, apiLevel:1
06-10 09:33:03.121  3649  3513 I fwkit_kims: [fwkit KIMSServiceController.java:1609] kitName: huawei_module_quic_pro, version 70006300, type 2
06-10 09:33:03.121   726  1397 D asd_primary_out: L[174]-45.498014db, R[154]-46.558584db
06-10 09:33:03.130 18561 18561 D UsbSettingsService: handleMessage, msg.what = 1
06-10 09:33:03.141   726  1397 D asd_primary_out: L[123]-48.510896db, R[169]-45.751265db
06-10 09:33:03.151 28726 28726 D AutoCache: onReceive intent=Intent { act=android.intent.action.ACTION_POWER_CONNECTED flg=0x4000010 cmp=com.android.providers.media/com.huawei.media.autocachethumbnail.PowerStateReceiver (has extras) } action=android.intent.action.ACTION_POWER_CONNECTED
06-10 09:33:03.152 29947 30135 I SecurityComp10200303: SX509TM: checkServerTrusted begin,size=2,authType=ECDHE_RSA
06-10 09:33:03.152 29947 30135 I SecurityComp10200303: SX509TM: check server i=0
06-10 09:33:03.152 29947 30135 I SecurityComp10200303: SX509TM: client root ca size=31
06-10 09:33:03.152 29947 30181 I dynamicloader_dl_HMSLoadStrategy: 29947-30181|null|com.huawei.hms.dynamicloader.r.b|g|83|Query module info result code:0
06-10 09:33:03.153 29947 30181 I dynamicloader_dl_HMSLoadStrategy: 29947-30181|null|com.huawei.hms.dynamicloader.r.b|h|79|copyType is 0
06-10 09:33:03.153 29947 30181 I dynamicloader_dl_HMSLoadStrategy: 29947-30181|null|com.huawei.hms.dynamicloader.r.b|h|228|Query remote version by module name:huawei_module_quic_pro success.
06-10 09:33:03.154 18561 18561 D UsbSettingsService: isUSBDisconnected() ACTION_USB_PORT_CHANGED deviceConnected = true, portConnected = false, dataRole = -1
06-10 09:33:03.154 18561 18561 D UsbSettingsService: usb is connected, update usb notification
06-10 09:33:03.155 28726 30188 D MediaScannerService: get the sharedversionNumber from SharedPreferences is 109
06-10 09:33:03.157 29947 30181 I dynamicloader_HMSPkgManager: 29947-30181|null|com.huawei.hms.dynamicloader.t.c|b|164|pkgName:com.huawei.android.hsf, isPrivApp:true
06-10 09:33:03.158 28726 30188 I HWSERVICES: hwnative_get_component:libstagefright,Scanner
06-10 09:33:03.159 29947 30181 I dynamicloader_HMSPkgManager: 29947-30181|null|com.huawei.hms.dynamicloader.t.c|b|164|pkgName:com.huawei.android.hsf, isPrivApp:true
06-10 09:33:03.159 29947 30092 I SecurityComp10200303: SX509TM: checkServerTrusted begin,size=2,authType=ECDHE_RSA
06-10 09:33:03.160 29947 30092 I SecurityComp10200303: SX509TM: check server i=0
06-10 09:33:03.160 29947 30092 I SecurityComp10200303: SX509TM: client root ca size=31
06-10 09:33:03.160 29947 30181 I dynamicloader_h: 29947-30181|null|com.huawei.hms.dynamicloader.h|a|68|The loaded module path is:/data/user_de/0/com.huawei.android.hsf/modules/external/huawei_module_quic_pro/70006300/com.huawei.hms.hquicpro-70006300.apk
06-10 09:33:03.160 28726 30188 I StagefrightMediaScannerEx: StagefrightMediaScanner Constructor
06-10 09:33:03.161   726  1397 D asd_primary_out: L[149]-46.845273db, R[140]-47.386438db
06-10 09:33:03.162 29947 30181 I dynamicloader_h: 29947-30181|null|com.huawei.hms.dynamicloader.h|a|152|loaderType :  v2
06-10 09:33:03.164 29947 30168 I SecurityComp10200303: SSLFNew: createSocket
06-10 09:33:03.164 29947 30168 I SecurityComp10200303: SSLFNew: set default protocols
06-10 09:33:03.164 29947 30168 I SecurityComp10200303: SSLFNew: set default cipher
06-10 09:33:03.172 29947 30135 I SecurityComp10200303: SX509TM: checkServerTrusted end, CN=GlobalSign, O=GlobalSign, OU=GlobalSign Root CA - R3
06-10 09:33:03.176 29947 30135 I SecurityComp10200303: : verify: certificate is : CN=appgallery.cloud.huawei.com,O=Huawei Software Technologies Co.\, Ltd.,L=Nanjing,ST=Jiangsu,C=CN
06-10 09:33:03.178 29947 30181 W a       : Cannot find The class:com.huawei.android.os.BuildEx$VERSION
06-10 09:33:03.179 29947 30181 I dynamicloader_PathClassLoaderStrategy: 29947-30181|null|com.huawei.hms.dynamicloader.o.f|a|19|begin to new classloader, armeabiType:0
06-10 09:33:03.181   726  1397 D asd_primary_out: L[110]-49.481145db, R[130]-48.030132db
06-10 09:33:03.183 29947 30181 W a       : Cannot find The class:dalvik.system.PathClassLoader
06-10 09:33:03.185 30075 30171 D Gallery_Common_HwCustUtilsWrapper: method find result public static java.lang.Object com.huawei.cust.HwCustUtils.createObj(java.lang.Class,java.lang.Object[])
06-10 09:33:03.185 28726 30188 I Sniffer_JNI: native init sucessfully!
06-10 09:33:03.185 28726 30188 I Sniffer_JNI: native_setup sucessfully!
06-10 09:33:03.185 28726 28726 V AutoCache: registerPowerBroadcastReceiver: sPowerRegisterState is true, cxt is android.app.Application@5178ff3
06-10 09:33:03.186 30075 30171 D MediaSetUtils: innerGalleryStorage:Path:/storage/emulated/0, mounted:true, name:设备, outerGalleryStorageList:[]
06-10 09:33:03.187 28726 28726 V AutoCache: registerBatteryBroadcastReceiver: sBatteryRegisterState is true, cxt is android.app.Application@5178ff3
06-10 09:33:03.188 29947 30181 I dynamicloader_f: 29947-30181|null|com.huawei.hms.dynamicloader.q.f|c|31|No metadata: presplits found.
06-10 09:33:03.188 29947 30181 I dynamicloader_ClassLoaderPathManager: 29947-30181|null|com.huawei.hms.dynamicloader.o.a|a|95|No HFF split path need to add to classloader.
06-10 09:33:03.188 29947 30181 I dynamicloader_ClassLoaderPathManager: 29947-30181|null|com.huawei.hms.dynamicloader.o.a|c|26|No split apk required, continue.
06-10 09:33:03.189 29947 30181 I dynamicloader_f: 29947-30181|null|com.huawei.hms.dynamicloader.q.f|c|31|No metadata: presplits found.
06-10 09:33:03.189 29947 30181 I dynamicloader_ClassLoaderPathManager: 29947-30181|null|com.huawei.hms.dynamicloader.o.a|a|95|No HFF split path need to add to classloader.
06-10 09:33:03.190  5343  5343 I HwOUC   : [main-1]onReceive action=android.intent.action.ACTION_POWER_CONNECTED(PowerConnectedReceiver.java:27)
06-10 09:33:03.191 28726 28726 V AutoCache: unRegisterBatteryBroadcastReceiver: sBatteryRegisterState is false, cxt is android.app.Application@5178ff3
06-10 09:33:03.192 29947 30181 I dynamicloader_a: 29947-30181|null|com.huawei.hms.dynamicloader.s.a|b|87|The so has been unzipped, abi:arm64-v8a
06-10 09:33:03.193 29947 30181 I dynamicloader__multiKitLoadNative: 29947-30181|null|com.huawei.hms.dynamicloader.s.f|g|23| originNative: from pkg: com.huawei.android.hsf, moduleName: huawei_module_quic_pro, verCode: 70006300
06-10 09:33:03.194 29947 30181 I dynamicloader__multiKitLoadNative: 29947-30181|null|com.huawei.hms.dynamicloader.s.f|i|19|The cp is not hms kit.
06-10 09:33:03.195 29947 30092 I SecurityComp10200303: SX509TM: checkServerTrusted end, CN=GlobalSign, O=GlobalSign, OU=GlobalSign Root CA - R3
06-10 09:33:03.195 25385 25803 I Cloud[10.13.20.300]Sync.HicloudLoginProvider: login query from com.android.gallery3d
06-10 09:33:03.195 29947 30181 I dynamicloader_ClassLoaderPathManager: 29947-30181|null|com.huawei.hms.dynamicloader.o.a|d|57|No split apk required, continue, native: from pkg: com.huawei.android.hsf, moduleName: huawei_module_quic_pro, verCode: 70006300
06-10 09:33:03.195 29947 30181 W zygote64: Unsupported class loader
06-10 09:33:03.195  1413 10949 I chatty  : uid=1000(system) Binder:1413_1A expire 4 lines
06-10 09:33:03.196 28726 30188 D MediaScanner: setStorageEjectFlag flag = 0
06-10 09:33:03.198 28726 30188 D MediaScannerService: mediascanner init blacklist and in use BlackListVersionNumber = 109
06-10 09:33:03.198 28726 30188 I HWSERVICES: hwnative_get_component:libstagefright,Scanner
06-10 09:33:03.200 28726 30188 I StagefrightMediaScannerEx: StagefrightMediaScanner Constructor
06-10 09:33:03.200 29947 30092 I SecurityComp10200303: : verify: certificate is : CN=cges-drcn.cg.dbankcloud.com,O=Huawei Software Technologies Co.\, Ltd.,L=Nanjing,ST=Jiangsu,C=CN
06-10 09:33:03.201   726  1397 D asd_primary_out: L[83]-51.927437db, R[86]-51.619030db
06-10 09:33:03.201 29947 30181 W zygote64: Skipping duplicate class check due to unsupported classloader
06-10 09:33:03.202 28726 30188 D MediaScanner: setStorageEjectFlag flag = 0
06-10 09:33:03.209 29947 30181 I dynamicloader_DynamicContext: 29947-30181|null|com.huawei.hms.dynamicloader.f|<init>|47|Create dynamicContext success.
06-10 09:33:03.210 29947 30181 I dynamic-api_DynamicModule: 29947-30181|null|com.huawei.hms.feature.dynamic.DynamicModule|a|76|Get context for module:huawei_module_quic_pro success.
06-10 09:33:03.211 29947 30181 I NK_CronetNegotiateManager: HQUICManager|embedded.d2$a|4|Init Quic Success
06-10 09:33:03.221   726  1397 D asd_primary_out: L[107]-49.721323db, R[100]-50.308999db
06-10 09:33:03.237 30075 30172 V Gallery_cloud_CloudStateUtils: isHiCloudLogin return true
06-10 09:33:03.237  5343  5343 W Settings: Setting device_provisioned has moved from android.provider.Settings.Secure to android.provider.Settings.Global.
