06-11 02:06:27.865  2170  2170 W HwLockScreenPanel: refreshBatteryInfo: null
06-11 02:06:27.865  2170  2170 W HwLockScreenPanel: Handle message: 100
06-11 02:06:27.865  2170  2170 W FillLightViewManager: handleMessage 100
06-11 02:06:27.865  2170  2170 D FillLightViewManager: nothing to do 100
06-11 02:06:27.865  2170  2285 I KeyguardUtils: fpPath=sys/class/hw_power/charger/charge_data/chargerType, value=5
06-11 02:06:28.108  1359  2007 D HwBatteryService: onUEvent fcpStatus = 0,scpStatus =0,ovpStatus=0
06-11 02:06:28.110  1359  2007 I HwBatteryService: quick charge status : 0
06-11 02:06:28.112   889   889 W hvdcp_opti: type=1400 audit(0.0:479): avc: denied { read } for name="dp_dm" dev="sysfs" ino=39780 scontext=u:r:hvdcp:s0 tcontext=u:object_r:sysfs:s0 tclass=file permissive=0
06-11 02:06:28.112   889   889 W hvdcp_opti: type=1400 audit(0.0:480): avc: denied { read } for name="input_current_limited" dev="sysfs" ino=39781 scontext=u:r:hvdcp:s0 tcontext=u:object_r:sysfs:s0 tclass=file permissive=0
06-11 02:06:28.112   889   889 W hvdcp_opti: type=1400 audit(0.0:481): avc: denied { read } for name="input_current_limited" dev="sysfs" ino=39781 scontext=u:r:hvdcp:s0 tcontext=u:object_r:sysfs:s0 tclass=file permissive=0
06-11 02:06:28.112   889   889 W hvdcp_opti: type=1400 audit(0.0:482): avc: denied { read } for name="charge_type" dev="sysfs" ino=39752 scontext=u:r:hvdcp:s0 tcontext=u:object_r:sysfs:s0 tclass=file permissive=0
06-11 02:06:28.112   889   889 W hvdcp_opti: type=1400 audit(0.0:483): avc: denied { read } for name="die_health" dev="sysfs" ino=39786 scontext=u:r:hvdcp:s0 tcontext=u:object_r:sysfs:s0 tclass=file permissive=0
06-11 02:06:28.133  1359  2496 I BatteryService: normal charge status : 1
06-11 02:06:28.141  2170  2170 D KeyguardUpdateMonitor: received broadcast android.intent.action.BATTERY_CHANGED
06-11 02:06:28.142  2170  2170 W KeyguardUpdateMonitor: ACTION_BATTERY_CHANGED AMP: 0; Volt: 0
06-11 02:06:28.142  2170  2170 I KgBattery: (last-new)Status: 1 -> 1, chargeState=1 * branch=5
06-11 02:06:28.142  2170  2170 V KeyguardUpdateMonitor: RefreshBatteryInfo isBatteryLow: 20
06-11 02:06:28.142  2170  2170 W KeyguardUpdateMonitor: ChargingSpeed  Wattage: -1 ST: 5000000 --> 7500000
06-11 02:06:28.142  2170  2170 I KgBattery: BatteryInfo updated:  2lpc-1
06-11 02:06:28.142  2170  2170 W AppHandler: sendMessage with obj100
06-11 02:06:28.142  2170  2170 D KeyguardUpdateMonitor: handleBatteryUpdate
06-11 02:06:28.142  2170  2170 V KeyguardUpdateMonitor: RefreshBatteryInfo isBatteryLow: 20
06-11 02:06:28.143  2170  2170 W HwKgdBArea_BTY: updateBatteryInfo : false  true
06-11 02:06:28.143  2170  2170 W HwLockScreenPanel: refreshBatteryInfo: null
06-11 02:06:28.143  2170  2170 W HwLockScreenPanel: Handle message: 100
06-11 02:06:28.144  2170  2170 W FillLightViewManager: handleMessage 100
06-11 02:06:28.144  2170  2170 D FillLightViewManager: nothing to do 100
06-11 02:06:28.144  2399  2399 I MsgReceiver: intent action: android.intent.action.BATTERY_CHANGED
06-11 02:06:28.147  3893  3893 I Cloud[10.13.20.300]Sync.SyncObserverService: batteryStatus: 2
06-11 02:06:28.148  4069  4069 I Cloud[10.13.20.300]Finder.LowPowerReport: LowPowerReport action...android.intent.action.BATTERY_CHANGED
06-11 02:06:28.148  1359  1359 D WifiService: onReceive, action:android.intent.action.BATTERY_CHANGED
06-11 02:06:28.148  1359  1359 D WifiService: ACTION_BATTERY_CHANGED pluggedType: 0
06-11 02:06:28.148  2170  2285 W KgBattery: getCharge info with type: text
06-11 02:06:28.149  2170  2170 I GlobalContext: Work is scheduled. com.android.systemui.battery.-$Lambda$lfi2AU3i1xDKGC7m-gvD3SF2XpQ@2ba90d0
06-11 02:06:28.149  4069  4069 I Cloud[10.13.20.300]Finder.AntiTheftInf: AntiTheftManagerEx getEnable = true from cache
06-11 02:06:28.149  4069  4069 I Cloud[10.13.20.300]Finder.AntiTheftInf: AntiTheftManagerEx getEnable = true from cache
06-11 02:06:28.150  2170  2285 I KeyguardUtils: fpPath=sys/class/hw_power/charger/charge_data/chargerType, value=5
06-11 02:06:28.152  4069  4069 E Cloud[10.13.20.300]Finder.LowPowerReport: isNetWorkConnected false
06-11 02:06:28.155  2170  2170 I KeyguardUtils: fpPath=sys/class/hw_power/charger/charge_data/chargerType, value=5
06-11 02:06:28.174  2170  2170 I chatty  : uid=10026(com.huawei.HwMultiScreenShot) com.android.systemui identical 26 lines
06-11 02:06:29.049   757  1123 I qti_sensors_hal: [LightSensor]processReportInd: the skip  luxValue  ItemData[0]:500000,ItemData[1]:64043b, lux:80.000000,cct:6554683.000000
06-11 02:06:29.304   918   918 E Thermal-daemon: [charger_ic] temp_new :29  temp_old :30
06-11 02:06:29.305  2399  2426 I ThermalService: Receive temperature change, type: 2, temp: 29 from thermald
06-11 02:06:29.306   918   918 E Thermal-daemon: Report temperature: [charger_ic] temp :29  report_threshold:1
06-11 02:06:29.895  1359  2007 D HwBatteryService: onUEvent fcpStatus = 0,scpStatus =0,ovpStatus=0
06-11 02:06:29.896  1359  2007 I HwBatteryService: quick charge status : 0
06-11 02:06:29.905  1359  2007 D HwBatteryService: onUEvent fcpStatus = 0,scpStatus =0,ovpStatus=0
06-11 02:06:29.906   889   889 W hvdcp_opti: type=1400 audit(0.0:484): avc: denied { read } for name="dp_dm" dev="sysfs" ino=39780 scontext=u:r:hvdcp:s0 tcontext=u:object_r:sysfs:s0 tclass=file permissive=0
06-11 02:06:29.906   889   889 W hvdcp_opti: type=1400 audit(0.0:485): avc: denied { read } for name="input_current_limited" dev="sysfs" ino=39781 scontext=u:r:hvdcp:s0 tcontext=u:object_r:sysfs:s0 tclass=file permissive=0
06-11 02:06:29.906   889   889 W hvdcp_opti: type=1400 audit(0.0:486): avc: denied { read } for name="input_current_limited" dev="sysfs" ino=39781 scontext=u:r:hvdcp:s0 tcontext=u:object_r:sysfs:s0 tclass=file permissive=0
06-11 02:06:29.906   889   889 W hvdcp_opti: type=1400 audit(0.0:487): avc: denied { read } for name="charge_type" dev="sysfs" ino=39752 scontext=u:r:hvdcp:s0 tcontext=u:object_r:sysfs:s0 tclass=file permissive=0
06-11 02:06:29.906   889   889 W hvdcp_opti: type=1400 audit(0.0:488): avc: denied { read } for name="die_health" dev="sysfs" ino=39786 scontext=u:r:hvdcp:s0 tcontext=u:object_r:sysfs:s0 tclass=file permissive=0
06-11 02:06:29.907  1359  2007 I HwBatteryService: quick charge status : 0
06-11 02:06:29.913   773   773 W libc    : Set property "sys.check.usbupdate" to "start"
06-11 02:06:29.926  1359  1708 I chatty  : uid=1000(system) batterystats-wo expire 3 lines
06-11 02:06:29.926  1359  6147 D BatteryService: power connected,isWirelessCharge:false
06-11 02:06:29.926  1359  6147 I BatteryService: normal charge status : 1
06-11 02:06:29.927   922  2033 I dubaid  : [PollingRoutine.cpp] notifyPolling# Polling routine start, timestamp: 1718042789926, reason: 6
06-11 02:06:29.927   922  1910 I dubaid  : [BatteryHandler.cpp] onChargerOnlineChanged# Battery charge state: 1
06-11 02:06:29.929  1359  1708 E BatteryExternalStatsWorker: no controller energy info supplied for wifi
06-11 02:06:29.929  2399  2591 I DeviceStateService: power connected.
06-11 02:06:29.929  1359  1708 E BatteryExternalStatsWorker: no controller energy info supplied for bluetooth
06-11 02:06:29.929  2399  2591 I GameCenterRecognise: power connect, game check start.
06-11 02:06:29.929  2399  2591 I NegFeedbackMonitor: stop feedback monitor.
06-11 02:06:29.929  2399  2915 I ash     : stop saving power
06-11 02:06:29.930  2399  2591 W PG_DBS_TIMER: setRunning 1, mPastUptime: 6304000, mPastRealtime: 6303000, batteryUptime: 6304000, batteryRealtime: 6303000
06-11 02:06:29.930  2399  2915 I ash     : clear_nap unproxy gps : com.baidu.input_huawei
06-11 02:06:29.930  2399  2591 W PG_DBS_TIMER: setRunning 1, mPastUptime: 6304000, mPastRealtime: 6303000, batteryUptime: 6304000, batteryRealtime: 6303000
06-11 02:06:29.931  2399  2591 E KernelCpuSpeedReader: Failed to read cpu-freq: /sys/devices/system/cpu/cpu0/cpufreq/stats/time_in_state (No such file or directory)
06-11 02:06:29.931  1359  2441 I BatteryService: normal charge status : 1
06-11 02:06:29.931  2399  2591 E KernelCpuSpeedReader: Failed to read cpu-freq: /sys/devices/system/cpu/cpu4/cpufreq/stats/time_in_state (No such file or directory)
06-11 02:06:29.932  2399  2915 I ash     : unproxy gps:com.baidu.input_huawei,uid:10050,result:true
06-11 02:06:29.932  1359  1359 I EntropyMixer: Writing entropy...
06-11 02:06:29.932  2399  2915 I ash_trans: com.baidu.input_huawei { doze duration=6190 Uptime=6191 } transition to: end, reason:stop_ash
06-11 02:06:29.932  2399  2915 I ash     : clear_nap unpending alarm : com.google.android.ext.services
06-11 02:06:29.933  1359  6147 D SmartHeartBeat: setAlarmsPending ...
06-11 02:06:29.933  2399  2915 I ash     : Unpending com.google.android.ext.services alarm OK !
06-11 02:06:29.934  2399  2915 I ash     : clear_nap unproxy gps : com.google.android.ext.services
06-11 02:06:29.934   762   762 V LocSvc_HIDL_IzatSubscription: [powerConnectStatusUpdate][575] [HS] <<<<= [HC]
06-11 02:06:29.934  2399  2915 I ash     : unproxy gps:com.google.android.ext.services,uid:10086,result:true
06-11 02:06:29.935  2399  2915 I ash_trans: com.google.android.ext.services { doze duration=6101 Uptime=6101 } transition to: end, reason:stop_ash
06-11 02:06:29.935  2399  2915 I ash     : clear_nap unproxy gps : com.android.gallery3d
06-11 02:06:29.936  2399  2915 I ash     : unproxy gps:com.android.gallery3d,uid:10024,result:true
06-11 02:06:29.936  2399  2915 I ash_trans: com.android.gallery3d { doze duration=6190 Uptime=6190 } transition to: end, reason:stop_ash
06-11 02:06:29.940  1359  1859 D PickUpWakeScreenManager: isPickupSensorSupport isSensorSupport = true
06-11 02:06:29.940  3681  4427 I chatty  : uid=10057(com.huawei.hwid) OnReceive-threa expire 7 lines
06-11 02:06:29.944  3893  3893 I Cloud[10.13.20.300]Sync.SyncObserverService: ACTION_POWER_CONNECTED
06-11 02:06:29.945  2399  2399 I MsgReceiver: intent action: android.intent.action.ACTION_POWER_CONNECTED
06-11 02:06:29.945  1359  1655 I chatty  : uid=1000(system) ActivityManager expire 1 line
06-11 02:06:29.945  1359  1655 V ActivityManager: startProcess: name=com.huawei.appmarket app=null knownToBeDead=true thread=null pid=-1
06-11 02:06:29.945  2399  5434 I ThermalTraceTool: file:/sys/class/power_supply/Mains/online,fileExists:false,fileCanRead:false
06-11 02:06:29.945  2399  5434 I ThermalTraceTool: file:/sys/class/power_supply/USB/online,fileExists:false,fileCanRead:false
06-11 02:06:29.945  2399  2399 I MsgReceiver: intent action: android.intent.action.BATTERY_CHANGED
06-11 02:06:29.946  2399  2591 W PG_DBS_MAIN: The charge now node is not existed!
06-11 02:06:29.950  2170  2170 W PowerUI : unknown intent: Intent { act=android.intent.action.ACTION_POWER_CONNECTED flg=0x4000010 (has extras) }
06-11 02:06:29.951  1359  1708 E KernelCpuSpeedReader: Failed to read cpu-freq: /sys/devices/system/cpu/cpu0/cpufreq/stats/time_in_state (No such file or directory)
06-11 02:06:29.951  1359  1708 E KernelCpuSpeedReader: Failed to read cpu-freq: /sys/devices/system/cpu/cpu4/cpufreq/stats/time_in_state (No such file or directory)
06-11 02:06:29.961  1359  1708 E KernelCpuSpeedReader: Failed to read cpu-freq: /sys/devices/system/cpu/cpu0/cpufreq/stats/time_in_state (No such file or directory)
06-11 02:06:29.962  1359  1708 E KernelCpuSpeedReader: Failed to read cpu-freq: /sys/devices/system/cpu/cpu4/cpufreq/stats/time_in_state (No such file or directory)
06-11 02:06:29.968  6227  6227 I         : power log dlsym ok
06-11 02:06:29.969  6227  6227 I chatty  : uid=10089(com.huawei.appmarket) identical 241 lines
06-11 02:06:29.971  1359  1655 I ActivityManager: Start proc 6227:com.huawei.appmarket/u0a89 for broadcast com.huawei.appmarket/.service.alarm.PowerConnectChangeReceiver
06-11 02:06:29.977  1359  2007 D HwBatteryService: onUEvent fcpStatus = 0,scpStatus =0,ovpStatus=0
06-11 02:06:29.978  1359  2007 I HwBatteryService: quick charge status : 0
06-11 02:06:29.978  4069  4069 I Cloud[10.13.20.300]Finder.LowPowerReport: BatteryLowBroadcastReceiver action:android.intent.action.ACTION_POWER_CONNECTED;isLastLocReportSwitchOpen:true
06-11 02:06:29.978  1359  1393 I ActivityManager: Need to start process com.huawei.hwid.container3 for provider ContentProviderInfo{name=com.huawei.hms.runtimekit.kitcontainerservice.KitProcessAgent3Provider className=com.huawei.hms.runtimekit.kitcontainerservice.KitProcessAgent3Provider}, callerApp: ProcessRecord{939110b 3681:com.huawei.hwid.core/u0a57}
06-11 02:06:29.978  1359  1393 V ActivityManager: startProcess: name=com.huawei.hwid.container3 app=null knownToBeDead=false thread=null pid=-1
06-11 02:06:29.979  4069  4069 I Cloud[10.13.20.300]Finder.LowPowerReport: ACTION_POWER_CONNECTED releaseLowBatteryBec
06-11 02:06:29.982   922  1021 E dubaid  : [CpuHandler.cpp] readFreqTime# Failed to open cpufreq node of cluster: 0
06-11 02:06:29.983   922  1021 E dubaid  : [CpuHandler.cpp] accountingComponentData# Invalid delta time: Cluster0 total frequency time: 0
06-11 02:06:29.984  2170  2170 W HwKgdBArea_BTY: updateBatteryInfo : false  true
06-11 02:06:29.984  2170  2285 W KgBattery: getCharge info with type: text
06-11 02:06:29.984  2170  2170 W HwLockScreenPanel: refreshBatteryInfo: null
06-11 02:06:29.984  2170  2170 W HwLockScreenPanel: Handle message: 100
06-11 02:06:29.984  2170  2170 W FillLightViewManager: handleMessage 100
06-11 02:06:29.984  2170  2170 D FillLightViewManager: nothing to do 100
06-11 02:06:29.984  3681  3681 I chatty  : uid=10057 com.huawei.hwid.core expire 5 lines
06-11 02:06:29.984  2170  2285 I KeyguardUtils: fpPath=sys/class/hw_power/charger/charge_data/chargerType, value=0
06-11 02:06:29.988  1359  6147 I BatteryService: normal charge status : 1
06-11 02:06:29.988  2688  2896 E HSM     : ChargeInfo: doRecordsChargeInfo POWER_LEVEL_CONNECTED_USB_SET POWER_CHARGE_TIME =552965 POWER_LEVEL_LAST_CAPACITY_RM = 800 chargeType =0
06-11 02:06:30.001  6227  6227 D ActivityThread: Attach thread to application
06-11 02:06:30.006  1359  1393 I ActivityManager: Start proc 6241:com.huawei.hwid.container3/u0a57 for content provider com.huawei.hwid/com.huawei.hms.runtimekit.kitcontainerservice.KitProcessAgent3Provider
06-11 02:06:30.007  1359  1393 V ActivityManager_MU: Waiting to start provider ContentProviderRecord{6460664 u0 com.huawei.hwid/com.huawei.hms.runtimekit.kitcontainerservice.KitProcessAgent3Provider} launchingApp=ProcessRecord{439f7f7 6241:com.huawei.hwid.container3/u0a57} caller pid= 3681
06-11 02:06:30.008  6241  6241 I         : power log dlsym ok
06-11 02:06:30.009  6241  6241 I chatty  : uid=10057 com.huawei.hwid.container3 identical 1 line
06-11 02:06:30.013  3681  3681 I SIMUtils: [HwID_APK_log[6.13.0.351|6.12.0.306]core SIMUtils.java:63] init SIMUtils choose HW mutil
06-11 02:06:30.015  4069  4069 I Cloud[10.13.20.300]Finder.LowPowerReport: LowPowerReport release...
06-11 02:06:30.016  1359  3147 E HwOEMInfoAdapter: writeByteArrayToOeminfo has run 
06-11 02:06:30.020  1359  1359 D WifiService: onReceive, action:android.intent.action.BATTERY_CHANGED
06-11 02:06:30.020  1359  1359 D WifiService: ACTION_BATTERY_CHANGED pluggedType: 2
06-11 02:06:30.029  6246  6246 E libc    : Access denied finding property "ro.hwfix.ro.process_list"
06-11 02:06:30.032  2170  2170 I PanelBar: panelExpansionChanged 0.0, false
06-11 02:06:30.032  2170  2170 I KeyguardFingerPrintView: FingerPrint:: onVisibilityChanged visibility = 4,mIsSupportHover=falsefalsetrue
06-11 02:06:30.033  3681  3681 I DeviceInfoUtil: [HwID_APK_log[6.13.0.351|6.12.0.306]core DeviceInfoUtil.java:646] imsi is empty
06-11 02:06:30.033  2170  2170 I PhoneStatusBarView: setAlpha with value : 1.0
06-11 02:06:30.033  2170  2170 I PhoneStatusBarView: post mHideExpandedRunnable
06-11 02:06:30.033  2170  2170 I PhoneStatusBar: updateNotificationShade: total=1, active=1
06-11 02:06:30.033  2170  2170 W PhoneStatusBar: updateNotificationShade hasFaceDT: false; Detected:false
06-11 02:06:30.034  3681  3681 I BaseUtil: [HwID_APK_log[6.13.0.351|6.12.0.306]core BaseUtil.java:2909] is Huawei or Less than Android 10
06-11 02:06:30.037  1359  1359 D WifiService: onReceive, action:android.intent.action.BATTERY_CHANGED
06-11 02:06:30.037  1359  1359 D WifiService: ACTION_BATTERY_CHANGED pluggedType: 2
06-11 02:06:30.037  2399  2399 I MsgReceiver: intent action: android.intent.action.BATTERY_CHANGED
06-11 02:06:30.038  1359  1359 D WifiService: onReceive, action:android.intent.action.BATTERY_CHANGED
06-11 02:06:30.038  1359  1359 D WifiService: ACTION_BATTERY_CHANGED pluggedType: 2
06-11 02:06:30.042  1359  2062 I chatty  : uid=1000(system) tworkPolicy.uid expire 2 lines
06-11 02:06:30.043  3893  3893 I Cloud[10.13.20.300]Sync.SyncObserverService: registerObserverReceiver
06-11 02:06:30.043  3893  3893 I Cloud[10.13.20.300]Sync.CloudBackupConditionsUtil: backup interval millis = 702581043, lastSuccessTime: 1717340209000, lastFailedTime = 1717997616648, backupCycle: 7
06-11 02:06:30.043  3893  3893 I Cloud[10.13.20.300]Sync.CloudBackupConditionsUtil: nextBackupTime = 0, lastFailedTime = 1717997616648, lastSuccessTime: 1717340209000, retryInterval: 40
06-11 02:06:30.044  3893  3893 I Cloud[10.13.20.300]Sync.CloudBackupConditionsUtil: errorCode: 1006
06-11 02:06:30.044  3893  3893 I Cloud[10.13.20.300]Sync.CloudBackupConditionsUtil: nextBackupTime = 0, lastFailedTime = 1717997616648, lastSuccessTime: 1717340209000
06-11 02:06:30.044  2399  2399 I MsgReceiver: intent action: android.intent.action.BATTERY_CHANGED
06-11 02:06:30.044  3893  3893 I Cloud[10.13.20.300]Sync.CloudBackupConditionsUtil: getTargetBackupTime, isCycleSatisfy: true, isRetryIntervalSatisfy: true, isNextBackupTimeSatisfy: false, nextBackupTime: 0, targetBackupTime: 0
06-11 02:06:30.044  3893  3893 I Cloud[10.13.20.300]Sync.CloudBackupConditionsUtil: target backup time = 0, advancedDelayTime: -1718042790044
06-11 02:06:30.045  6241  6241 D ActivityThread: Attach thread to application
06-11 02:06:30.047  2170  2170 W HwKeyguardDragHelper: AnimationBlocked
06-11 02:06:30.048  3681  3681 I DeviceInfoUtil: [HwID_APK_log[6.13.0.351|6.12.0.306]core DeviceInfoUtil.java:649] udid is support
06-11 02:06:30.049  3681  3681 I TerminalInfo: [HwID_APK_log[6.13.0.351|6.12.0.306]core TerminalInfo.java:1193] param is empty 1st check
06-11 02:06:30.051  2170  2170 D KeyguardUpdateMonitor: received broadcast android.intent.action.BATTERY_CHANGED
06-11 02:06:30.051  2170  2170 W KeyguardUpdateMonitor: ACTION_BATTERY_CHANGED AMP: 250000; Volt: 5000000
06-11 02:06:30.051  2170  2170 I KgBattery: (last-new)Status: 1 -> 1, chargeState=1 * branch=5
06-11 02:06:30.052  2170  2170 I GlobalContext: Work is scheduled. com.android.systemui.battery.-$Lambda$lfi2AU3i1xDKGC7m-gvD3SF2XpQ@2ba90d0
06-11 02:06:30.054  3681  3681 I DeviceInfoUtil: [HwID_APK_log[6.13.0.351|6.12.0.306]core DeviceInfoUtil.java:660] device name.
06-11 02:06:30.054  1359  2006 I chatty  : uid=1000(system) HwBatteryServic expire 21 lines
06-11 02:06:30.055   892  1284 D AudioFlinger: event 162 
06-11 02:06:30.055  2170  2170 I KeyguardUtils: fpPath=sys/class/hw_power/charger/charge_data/chargerType, value=0
06-11 02:06:30.057  6246  6246 E libc    : Access denied finding property "ro.hwfix.ro.process_list"
06-11 02:06:30.057   892  1284 D AudioFlinger: event 162 
06-11 02:06:30.059  3681  3681 I TerminalInfo: [HwID_APK_log[6.13.0.351|6.12.0.306]core TerminalInfo.java:741] uuid is InDb:******************-b891-5d43407b54e0
06-11 02:06:30.060  2170  2170 I KeyguardUtils: fpPath=sys/class/hw_power/charger/charge_data/chargerType, value=0
06-11 02:06:30.060  3681  3681 I TerminalInfo: [HwID_APK_log[6.13.0.351|6.12.0.306]core TerminalInfo.java:744] uuidInDb is not null.
06-11 02:06:30.061  3893  3893 I Cloud[10.13.20.300]Sync.SyncObserverService: onStartCommand isAgreeTerms: true, delayTime seconds:120, cycleSeconds: 120
06-11 02:06:30.062  6227  6254 I chatty  : uid=10089(com.huawei.appmarket) expire 3 lines
06-11 02:06:30.064  2170  2170 I KeyguardUtils: fpPath=sys/class/hw_power/charger/charge_data/chargerType, value=0
06-11 02:06:30.064  3893  3893 I Cloud[10.13.20.300]Sync.SyncObserverService: registerRestoreTimer delayTime: 600
06-11 02:06:30.066  3893  3893 I Cloud[10.13.20.300]Sync.HiSyncUtil: get switch to ds autophonemanagerkey: false
06-11 02:06:30.066  3893  3893 I Cloud[10.13.20.300]Sync.SyncObserverService: batteryStatus: 2
06-11 02:06:30.067  3893  3893 I chatty  : uid=1001(radio) com.huawei.android.ds identical 1 line
06-11 02:06:30.067  3893  3893 I Cloud[10.13.20.300]Sync.SyncObserverService: batteryStatus: 2
06-11 02:06:30.068  2170  2170 I KeyguardUtils: fpPath=sys/class/hw_power/charger/charge_data/chargerType, value=0
06-11 02:06:30.072  3893  3893 I Cloud[10.13.20.300]Sync.SyncObserverService: doGetOptionsFromClone
06-11 02:06:30.072  3893  3893 I Cloud[10.13.20.300]Sync.SyncObserverService: lastPowerConnectTime: 1717997616160, currentTime: 1718042790072
06-11 02:06:30.072  2170  2170 I KeyguardUtils: fpPath=sys/class/hw_power/charger/charge_data/chargerType, value=0
06-11 02:06:30.074  2170  2170 D KeyguardUpdateMonitor: received broadcast android.intent.action.BATTERY_CHANGED
06-11 02:06:30.074  2170  2170 W KeyguardUpdateMonitor: ACTION_BATTERY_CHANGED AMP: 500000; Volt: 5000000
06-11 02:06:30.074  2170  2170 I KgBattery: (last-new)Status: 1 -> 1, chargeState=1 * branch=5
06-11 02:06:30.074  2399  2591 I AppManager: app:com.huawei.systemmanager Notification update time:553052
06-11 02:06:30.074  2399  2591 I AppManager: app:com.huawei.systemmanager Notification update time:553052
06-11 02:06:30.074  2170  2170 I GlobalContext: Work is scheduled. com.android.systemui.battery.-$Lambda$lfi2AU3i1xDKGC7m-gvD3SF2XpQ@2ba90d0
06-11 02:06:30.076  2399  2591 I AppManager: app:com.huawei.systemmanager Notification update time:553054
06-11 02:06:30.076  2399  2591 I AppManager: app:com.huawei.systemmanager Notification update time:553054
06-11 02:06:30.078  2170  2170 I KeyguardUtils: fpPath=sys/class/hw_power/charger/charge_data/chargerType, value=0
06-11 02:06:30.079  6246  6246 E USB_UPDATE: start check to reboot to usb update mode
06-11 02:06:30.080  6241  6241 I HwLogExceptionInner: Log blacklist 
06-11 02:06:30.082  2170  2170 I KeyguardUtils: fpPath=sys/class/hw_power/charger/charge_data/chargerType, value=0
06-11 02:06:30.083  3681  3681 I HWID_FileUtil: [HwID_APK_log[6.13.0.351|6.12.0.306]core FileUtil.java:116] rkey in properties is plain
06-11 02:06:30.083  2399  2591 I AppManager: app:com.huawei.systemmanager Notification update time:553061
06-11 02:06:30.085  6260  6260 E libc    : Access denied finding property "ro.hwfix.ro.process_list"
06-11 02:06:30.085  2170  2170 I KeyguardUtils: fpPath=sys/class/hw_power/charger/charge_data/chargerType, value=0
06-11 02:06:30.087  6241  6241 D HwFLClassLoader: get used feature list :/feature/used-list failed!
06-11 02:06:30.088  6241  6241 D HwFLClassLoader: USE_FEATURE_LIST had not init! 
06-11 02:06:30.090  2170  2170 I KeyguardUtils: fpPath=sys/class/hw_power/charger/charge_data/chargerType, value=0
06-11 02:06:30.090  3513  3526 I ctaifs  : <Android 系统>[Android 系统][android]:[openFile] 打开文件
06-11 02:06:30.094  2170  2170 I KeyguardUtils: fpPath=sys/class/hw_power/charger/charge_data/chargerType, value=0
06-11 02:06:30.095  2170  2170 V KeyguardUpdateMonitor: RefreshBatteryInfo isBatteryLow: 20
06-11 02:06:30.095  2170  2170 W KeyguardUpdateMonitor: ChargingSpeed  Wattage: 1250000 ST: 5000000 --> 7500000
06-11 02:06:30.095  2170  2170 I KgBattery: BatteryInfo updated:  2lPc0
06-11 02:06:30.095  2170  2170 W AppHandler: sendMessage with obj100
06-11 02:06:30.095  2170  2170 D KeyguardUpdateMonitor: handleBatteryUpdate
06-11 02:06:30.095  2170  2170 I ColorPickUitls: type = 2
06-11 02:06:30.095  2170  2170 V KeyguardUpdateMonitor: RefreshBatteryInfo isBatteryLow: 20
06-11 02:06:30.096  6241  6259 I HwApiCacheMangerEx: apicache path=/storage/emulated/0 state=mounted key=com.huawei.hwid#10057#256
06-11 02:06:30.096  2170  2170 I KeyguardUtils: fpPath=sys/class/hw_power/charger/charge_data/chargerType, value=0
06-11 02:06:30.096  2170  2170 W HwKgdBArea_BTY: updateBatteryInfo : false  true
06-11 02:06:30.097  2170  2170 I PhoneStatusBarView: mPanelFraction:0.0
06-11 02:06:30.097  6260  6260 E libc    : Access denied finding property "ro.hwfix.ro.process_list"
06-11 02:06:30.097  2170  2170 I PhoneStatusBar: makeExpandedInvisible: mExpandedInVisible=true
06-11 02:06:30.097  2170  2170 W HwKeyguardDragHelper: AnimationBlocked
06-11 02:06:30.098  6241  6259 I HwApiCacheMangerEx: apicache path=/storage/emulated/0 state=mounted key=com.huawei.hwid#10057#0
06-11 02:06:30.098  2170  2170 W AppHandler: sendImmediateMessage 18 with args (0, 0)
06-11 02:06:30.098  2170  2170 W HwBackDropView: MSG_KEYGUARD_XCH_HEIGHT setVisibility GONE
06-11 02:06:30.098  2170  2170 W HwLockScreenPanel: Handle message: 18
06-11 02:06:30.098  2170  2170 W FillLightViewManager: handleMessage 18
06-11 02:06:30.098  2170  2170 D FillLightViewManager: nothing to do 18
06-11 02:06:30.101  2170  2170 D PhoneStatusBar: disable: < expand icons* alerts system_info* back home recent clock navigationbar search quick_settings >
06-11 02:06:30.102  2170  2170 V KeyguardUpdateMonitor: RefreshBatteryInfo isBatteryLow: 20
06-11 02:06:30.102  2170  2170 W KeyguardUpdateMonitor: ChargingSpeed  Wattage: 2500000 ST: 5000000 --> 7500000
06-11 02:06:30.102  2170  2170 I KgBattery: BatteryInfo updated:  2lPc0
06-11 02:06:30.102  2170  2170 W AppHandler: sendMessage with obj100
06-11 02:06:30.102  2170  2170 D KeyguardUpdateMonitor: handleBatteryUpdate
06-11 02:06:30.102  2170  2170 I ColorPickUitls: type = 2
06-11 02:06:30.102  2170  2170 V KeyguardUpdateMonitor: RefreshBatteryInfo isBatteryLow: 20
06-11 02:06:30.103  2170  2170 I KeyguardUtils: fpPath=sys/class/hw_power/charger/charge_data/chargerType, value=0
06-11 02:06:30.104  2170  2170 W HwKgdBArea_BTY: updateBatteryInfo : false  true
06-11 02:06:30.104  2170  2170 W HwKgdBArea_BTY: updateBatteryInfo : false  true
06-11 02:06:30.104  2170  2285 W KgBattery: getCharge info with type: text
06-11 02:06:30.104  2170  2170 W HwLockScreenPanel: refreshBatteryInfo: null
06-11 02:06:30.105   916  2530 I MediaPlayerService: MediaPlayerService::Client::setDataSource local file://?FileDescriptor=26&Offset=0&Length=25784&Path=/system/media/audio/ui
06-11 02:06:30.105  2170  2170 W HwLockScreenPanel: Handle message: 100
06-11 02:06:30.105  2170  2170 W FillLightViewManager: handleMessage 100
06-11 02:06:30.105  2170  2170 D FillLightViewManager: nothing to do 100
06-11 02:06:30.105   916  2530 D NuPlayer: hw fadein is disabled!
06-11 02:06:30.105   916  2530 D NuPlayerDriver: NuPlayerDriver(0xef2285b0) created, clientPid(1359)
06-11 02:06:30.105  2170  2285 I KeyguardUtils: fpPath=sys/class/hw_power/charger/charge_data/chargerType, value=0
06-11 02:06:30.106   916  2530 D NuPlayer: hw fadein is disabled!
06-11 02:06:30.110  3681  3681 I TerminalInfo: [HwID_APK_log[6.13.0.351|6.12.0.306]core TerminalInfo.java:782] mUUid:******************-b891-5d43407b54e0
06-11 02:06:30.111   916  2530 V GenericSource: GenericSource
06-11 02:06:30.111   916  2530 V GenericSource: BufferingMonitor::getDefaultBufferingSettings{initialMode(1), rebufferingMode(3), initialMarks(5000 ms, -1 KB), rebufferingMarks(2000, 15000)ms, (40, 200)KB}
06-11 02:06:30.111   916  2530 V GenericSource: resetDataSource
06-11 02:06:30.111   916  2530 V NuPlayer: setDataSourceAsync fd 26/0/25784 source: 0xeb008180
06-11 02:06:30.111   916  2530 V GenericSource: setDataSource 26/0/25784
06-11 02:06:30.111   916  2530 V GenericSource: resetDataSource
06-11 02:06:30.111   916  6261 V NuPlayer: kWhatSetAudioSink
06-11 02:06:30.111   916  6261 V NuPlayer: kWhatSetDataSource
06-11 02:06:30.112   916  6261 V NuPlayer: kWhatGetDefaultBufferingSettings
06-11 02:06:30.112   916  6261 V GenericSource: BufferingMonitor::getDefaultBufferingSettings{initialMode(1), rebufferingMode(3), initialMarks(5000 ms, -1 KB), rebufferingMarks(2000, 15000)ms, (40, 200)KB}
06-11 02:06:30.112  3681  3681 D b       : Checking Huawei Features...
06-11 02:06:30.113  3681  3681 I b       : 1. detectHuaweiFeature: -1
06-11 02:06:30.113  3681  3681 D b       : Checking Android Features...
06-11 02:06:30.113  3681  3681 D b       : featureInfoName relative nick name :null
06-11 02:06:30.113  3681  3681 I chatty  : uid=10057 com.huawei.hwid.core identical 69 lines
06-11 02:06:30.116   916  2530 V NuPlayer: prepareAsync
06-11 02:06:30.116   916  6261 V NuPlayer: onMessageReceived kWhatPrepare
06-11 02:06:30.116   916  6261 V GenericSource: prepareAsync: (looper: 0)
06-11 02:06:30.117   916  6262 V GenericSource: onPrepareAsync: mDataSource: 0
06-11 02:06:30.119   916  6262 D GenericSource: FileSource remote
06-11 02:06:30.120   916  6262 V GenericSource: IDataSource(FileSource): 0xef258220 27 0 25784
06-11 02:06:30.121   916  6262 I MediaExtractor: Create (null)
06-11 02:06:30.126   912  5944 V HwExtendedExtractor: HwExtendedExtractor::Sniff   in...
06-11 02:06:30.126   912  5944 V HwExtendedExtractor: HwExtendedExtractor::Sniff   out...
06-11 02:06:30.126   912  5944 I MediaExtractor: content 'application/ogg' with conf 0.20
06-11 02:06:30.127  3681  6264 I chatty  : uid=10057 com.huawei.hwid.core expire 4 lines
06-11 02:06:30.129   912  5944 I MediaExtractorService: makeExtractor ((null)), uid = 1013
06-11 02:06:30.130   916  6262 V GenericSource: initFromDataSource track[0]: audio/vorbis
06-11 02:06:30.130   916  6262 V GenericSource: initFromDataSource mSources.size(): 1  mIsSecure: 0  mime[0]: audio/vorbis
06-11 02:06:30.130   916  6262 V GenericSource: checkDrmInfo: No PSSH
06-11 02:06:30.131   916  6262 V GenericSource: finishPrepareAsync
06-11 02:06:30.131   916  6261 V NuPlayer: onSourceNotify() kWhatFlagsChanged  FLAG_CAN_PAUSE: 1  FLAG_CAN_SEEK_BACKWARD: 1 
06-11 02:06:30.131   916  6261 V NuPlayer: 				 FLAG_CAN_SEEK_FORWARD: 1  FLAG_CAN_SEEK: 1  FLAG_DYNAMIC_DURATION: 0 
06-11 02:06:30.131   916  6261 V NuPlayer: 				 FLAG_SECURE: 0  FLAG_PROTECTED: 0
06-11 02:06:30.131   916  6262 V NuPlayer: Source::notifyPrepared 0
06-11 02:06:30.131   916  6262 V GenericSource: onPrepareAsync: Done
06-11 02:06:30.131   916  6261 V NuPlayer: NuPlayer::onSourceNotify Source::kWhatPrepared source: 0xeb008180
06-11 02:06:30.131   916  6261 D NuPlayerDriver: notifyListener_l(0xef2285b0), (1, 0, 0, -1), loop setting(0, 0)
06-11 02:06:30.134  1359  1627 D NetdConnector: SND -> {57 firewall disable_chain standby}
06-11 02:06:30.138  6241  6241 I chatty  : uid=10057 com.huawei.hwid.container3 expire 15 lines
06-11 02:06:30.143  1359  2058 D NetdConnector: RCV <- {200 57 Firewall command succeeded}
06-11 02:06:30.143  2381  2860 E HsmCoreServiceImpl: onTransact in code is: 102
06-11 02:06:30.143  2381  2860 W MediaProcessHandler: processOp uid 1000 is not concerned!
06-11 02:06:30.143  2381  2860 I MediaProcessHandler: executedCallBack opType: 1 mMediaStatusObservers.size=0
06-11 02:06:30.144   916  2530 D NuPlayerDriver: reset(0xef2285b0) at state 4
06-11 02:06:30.144   916  2530 D NuPlayerDriver: notifyListener_l(0xef2285b0), (8, 0, 0, -1), loop setting(0, 0)
06-11 02:06:30.144   916  2530 D NuPlayer: NuPlayer::resetAsync()
06-11 02:06:30.144   916  2530 V GenericSource: GenericSource::disconnect begin
06-11 02:06:30.144   916  2530 V GenericSource: GenericSource::disconnect end
06-11 02:06:30.144   916  2530 D NuPlayer: NuPlayer::resetAsync() post kWhatReset
06-11 02:06:30.144   916  6261 V NuPlayer: kWhatReset
06-11 02:06:30.144   916  6261 V NuPlayer: performDecoderFlush audio=2, video=2
06-11 02:06:30.145  1359  2058 D NetdConnector: RCV <- {200 57 Firewall command succeeded}
06-11 02:06:30.146  2335  2581 D BDLog   : BD.BDRecorder:LocalInfoEvent {infoID:131092, content=5814280120757434_xz/fxGhItPJxgJjGHOz2sgHGeVLmmbnuBv+9T+isELg=
06-11 02:06:30.146  2335  2581 D BDLog   : , priority=25}
06-11 02:06:30.146  1359  1627 I chatty  : uid=1000(system) android.bg expire 17 lines
06-11 02:06:30.147   916  6261 D NuPlayer: closeAudioSink
06-11 02:06:30.148   916  6261 W AMessage: failed to post message as target looper for handler 0 is gone.
06-11 02:06:30.148   916  6261 D NuPlayer: performReset
06-11 02:06:30.148   916  6261 V GenericSource: ~GenericSource
06-11 02:06:30.148   916  6261 V GenericSource: resetDataSource
06-11 02:06:30.148   916  6261 D NuPlayerDriver: notifyResetComplete(0xef2285b0)
06-11 02:06:30.149   916  2530 E MediaPlayerService: getDuration returned -2147483648
06-11 02:06:30.149   916  2530 D NuPlayerDriver: reset(0xef2285b0) at state 0
06-11 02:06:30.149   916  2530 D NuPlayerDriver: updateMetrics(0xef2285b0) from destructor at state 0
06-11 02:06:30.152  2381  2860 E HsmCoreServiceImpl: onTransact in code is: 102
06-11 02:06:30.152  2381  2860 W MediaProcessHandler: processOp uid 1000 is not concerned!
06-11 02:06:30.152  2381  2860 I MediaProcessHandler: executedCallBack opType: 1 mMediaStatusObservers.size=0
06-11 02:06:30.152  6241  6267 I chatty  : uid=10057(com.huawei.hwid) Core-Log-1 expire 4 lines
06-11 02:06:30.153   892  1284 D AudioFlinger: event 163 
06-11 02:06:30.154  2399  2591 I chatty  : uid=1000(system) core expire 15 lines
06-11 02:06:30.154   892  1284 D AudioFlinger: event 162 
06-11 02:06:30.156  6241  6268 I chatty  : uid=10057(com.huawei.hwid) Core-LogWrite expire 2 lines
06-11 02:06:30.158  6241  6241 I chatty  : uid=10057 com.huawei.hwid.container3 expire 41 lines
06-11 02:06:30.162   892  1284 D AudioFlinger: event 162 
06-11 02:06:30.163  2170  2170 W HwKeyguardDragHelper: AnimationBlocked
06-11 02:06:30.173  2170  2170 W HwKgdBArea_BTY: updateBatteryInfo : false  true
06-11 02:06:30.173  2170  2285 W KgBattery: getCharge info with type: text
06-11 02:06:30.173  2170  2170 W HwLockScreenPanel: refreshBatteryInfo: null
06-11 02:06:30.173  2170  2170 W HwLockScreenPanel: Handle message: 100
06-11 02:06:30.173  2170  2170 W FillLightViewManager: handleMessage 100
06-11 02:06:30.173  2170  2170 D FillLightViewManager: nothing to do 100
06-11 02:06:30.173  2170  2170 I FloatNotificationManager: removeNotification: key =0|com.huawei.systemmanager|1074741825|null|1000;mKey=null
06-11 02:06:30.173  2170  2170 I PhoneStatusBar: updateNotificationShade: total=0, active=0
06-11 02:06:30.173  2170  2170 W PhoneStatusBar: updateNotificationShade hasFaceDT: false; Detected:false
06-11 02:06:30.174  2170  2285 I KeyguardUtils: fpPath=sys/class/hw_power/charger/charge_data/chargerType, value=0
06-11 02:06:30.175  3513  3526 I ctaifs  : <Android 系统>[Android 系统][android]:[openFile] 打开文件
06-11 02:06:30.176  2170  2170 W HwKeyguardDragHelper: AnimationBlocked
06-11 02:06:30.179  2170  2170 W HwKeyguardDragHelper: AnimationBlocked
06-11 02:06:30.180   916  2530 I MediaPlayerService: MediaPlayerService::Client::setDataSource local file://?FileDescriptor=26&Offset=0&Length=25784&Path=/system/media/audio/ui
06-11 02:06:30.181   916  2530 D NuPlayer: hw fadein is disabled!
06-11 02:06:30.181   916  2530 D NuPlayerDriver: NuPlayerDriver(0xef228620) created, clientPid(1359)
06-11 02:06:30.181   916  2530 D NuPlayer: hw fadein is disabled!
06-11 02:06:30.187   916  2530 V GenericSource: GenericSource
06-11 02:06:30.187   916  6269 V NuPlayer: kWhatSetAudioSink
06-11 02:06:30.187   916  2530 V GenericSource: BufferingMonitor::getDefaultBufferingSettings{initialMode(1), rebufferingMode(3), initialMarks(5000 ms, -1 KB), rebufferingMarks(2000, 15000)ms, (40, 200)KB}
06-11 02:06:30.187   916  2530 V GenericSource: resetDataSource
06-11 02:06:30.187   916  2530 V NuPlayer: setDataSourceAsync fd 26/0/25784 source: 0xeb008300
06-11 02:06:30.187   916  2530 V GenericSource: setDataSource 26/0/25784
06-11 02:06:30.187   916  2530 V GenericSource: resetDataSource
06-11 02:06:30.187   916  6269 V NuPlayer: kWhatSetDataSource
06-11 02:06:30.187   916  6269 V NuPlayer: kWhatGetDefaultBufferingSettings
06-11 02:06:30.188   916  6269 V GenericSource: BufferingMonitor::getDefaultBufferingSettings{initialMode(1), rebufferingMode(3), initialMarks(5000 ms, -1 KB), rebufferingMarks(2000, 15000)ms, (40, 200)KB}
06-11 02:06:30.190   916  2530 V NuPlayer: prepareAsync
06-11 02:06:30.190   916  6269 V NuPlayer: onMessageReceived kWhatPrepare
06-11 02:06:30.190   916  6269 V GenericSource: prepareAsync: (looper: 0)
06-11 02:06:30.191   916  6270 V GenericSource: onPrepareAsync: mDataSource: 0
06-11 02:06:30.192   916  6270 D GenericSource: FileSource remote
06-11 02:06:30.193   916  6270 V GenericSource: IDataSource(FileSource): 0xef258220 27 0 25784
06-11 02:06:30.194   916  6270 I MediaExtractor: Create (null)
06-11 02:06:30.195   912  5944 V HwExtendedExtractor: HwExtendedExtractor::Sniff   in...
06-11 02:06:30.196   912  5944 V HwExtendedExtractor: HwExtendedExtractor::Sniff   out...
06-11 02:06:30.196   912  5944 I MediaExtractor: content 'application/ogg' with conf 0.20
06-11 02:06:30.198   912  5944 I MediaExtractorService: makeExtractor ((null)), uid = 1013
06-11 02:06:30.198   916  6270 V GenericSource: initFromDataSource track[0]: audio/vorbis
06-11 02:06:30.199   916  6270 V GenericSource: initFromDataSource mSources.size(): 1  mIsSecure: 0  mime[0]: audio/vorbis
06-11 02:06:30.199   916  6270 V GenericSource: checkDrmInfo: No PSSH
06-11 02:06:30.199   916  6270 V GenericSource: finishPrepareAsync
06-11 02:06:30.199   916  6270 V NuPlayer: Source::notifyPrepared 0
06-11 02:06:30.199   916  6270 V GenericSource: onPrepareAsync: Done
06-11 02:06:30.199   916  6269 V NuPlayer: onSourceNotify() kWhatFlagsChanged  FLAG_CAN_PAUSE: 1  FLAG_CAN_SEEK_BACKWARD: 1 
06-11 02:06:30.199   916  6269 V NuPlayer: 				 FLAG_CAN_SEEK_FORWARD: 1  FLAG_CAN_SEEK: 1  FLAG_DYNAMIC_DURATION: 0 
06-11 02:06:30.199   916  6269 V NuPlayer: 				 FLAG_SECURE: 0  FLAG_PROTECTED: 0
06-11 02:06:30.199   916  6269 V NuPlayer: NuPlayer::onSourceNotify Source::kWhatPrepared source: 0xeb008300
06-11 02:06:30.199   916  6269 D NuPlayerDriver: notifyListener_l(0xef228620), (1, 0, 0, -1), loop setting(0, 0)
06-11 02:06:30.199  1359  2441 I chatty  : uid=1000(system) Binder:1359_A expire 13 lines
06-11 02:06:30.216   889   889 W hvdcp_opti: type=1400 audit(0.0:491): avc: denied { read } for name="dp_dm" dev="sysfs" ino=39780 scontext=u:r:hvdcp:s0 tcontext=u:object_r:sysfs:s0 tclass=file permissive=0
06-11 02:06:30.216   889   889 W hvdcp_opti: type=1400 audit(0.0:492): avc: denied { read } for name="input_current_limited" dev="sysfs" ino=39781 scontext=u:r:hvdcp:s0 tcontext=u:object_r:sysfs:s0 tclass=file permissive=0
06-11 02:06:30.219   889   889 W hvdcp_opti: type=1400 audit(0.0:493): avc: denied { read } for name="input_current_limited" dev="sysfs" ino=39781 scontext=u:r:hvdcp:s0 tcontext=u:object_r:sysfs:s0 tclass=file permissive=0
06-11 02:06:30.219   889   889 W hvdcp_opti: type=1400 audit(0.0:494): avc: denied { read } for name="charge_type" dev="sysfs" ino=39752 scontext=u:r:hvdcp:s0 tcontext=u:object_r:sysfs:s0 tclass=file permissive=0
06-11 02:06:30.219   889   889 W hvdcp_opti: type=1400 audit(0.0:495): avc: denied { read } for name="die_health" dev="sysfs" ino=39786 scontext=u:r:hvdcp:s0 tcontext=u:object_r:sysfs:s0 tclass=file permissive=0
06-11 02:06:30.227  2399  2399 I chatty  : uid=1000(system) com.huawei.powergenie expire 10 lines
06-11 02:06:30.227  2399  5434 I chatty  : uid=1000(system) ThermalTraceThr expire 12 lines
06-11 02:06:30.233  6241  6274 I chatty  : uid=10057(com.huawei.hwid) PreBootDex2oat- expire 6 lines
06-11 02:06:30.234  6241  6273 I chatty  : uid=10057(com.huawei.hwid) PreBootDex2oat- expire 6 lines
06-11 02:06:30.235  3513  3513 D MtpReceiver: Debug MTP:ACTION_USB_STATE 
06-11 02:06:30.235  3513  3513 D MtpReceiver: Debug MTP:handleUsbState, configured is [false] connected is [true] mtpEnabled is [true] ptpEnabled is [false] unlocked is [false] configChanged is [false]
06-11 02:06:30.236  3513  3513 W libc    : Set property "sys.usb.ffs.mtp.ready" to "1"
06-11 02:06:30.246  3513  3575 D MediaProvider: fixParentIdIfNeeded called
06-11 02:06:30.249  1359  2441 V ActivityManager: startProcess: name=com.android.settings app=null knownToBeDead=true thread=null pid=-1
06-11 02:06:30.270  6275  6275 I         : power log dlsym ok
06-11 02:06:30.270  1359  2441 I ActivityManager: Start proc 6275:com.android.settings/1000 for broadcast com.android.settings/.deviceinfo.UsbReceiver
06-11 02:06:30.272  6275  6275 I chatty  : uid=1000(system) com.android.settings identical 69 lines
06-11 02:06:30.297  1359  1370 I chatty  : uid=1000(system) HeapTaskDaemon expire 2 lines
06-11 02:06:30.302  6275  6275 D ActivityThread: Attach thread to application
06-11 02:06:30.316   889   889 W hvdcp_opti: type=1400 audit(0.0:497): avc: denied { read } for name="dp_dm" dev="sysfs" ino=39780 scontext=u:r:hvdcp:s0 tcontext=u:object_r:sysfs:s0 tclass=file permissive=0
06-11 02:06:30.319   889   889 W hvdcp_opti: type=1400 audit(0.0:498): avc: denied { read } for name="input_current_limited" dev="sysfs" ino=39781 scontext=u:r:hvdcp:s0 tcontext=u:object_r:sysfs:s0 tclass=file permissive=0
06-11 02:06:30.319   889   889 W hvdcp_opti: type=1400 audit(0.0:499): avc: denied { read } for name="input_current_limited" dev="sysfs" ino=39781 scontext=u:r:hvdcp:s0 tcontext=u:object_r:sysfs:s0 tclass=file permissive=0
06-11 02:06:30.319   889   889 W hvdcp_opti: type=1400 audit(0.0:500): avc: denied { read } for name="charge_type" dev="sysfs" ino=39752 scontext=u:r:hvdcp:s0 tcontext=u:object_r:sysfs:s0 tclass=file permissive=0
06-11 02:06:30.319   889   889 W hvdcp_opti: type=1400 audit(0.0:501): avc: denied { read } for name="die_health" dev="sysfs" ino=39786 scontext=u:r:hvdcp:s0 tcontext=u:object_r:sysfs:s0 tclass=file permissive=0
06-11 02:06:30.319  6241  6241 I fwkit_DeviceInfo: 2. detectAndroidFeature: -1
06-11 02:06:30.319  6241  6241 I fwkit_DeviceInfo: System property is found: default
06-11 02:06:30.320  6241  6241 I fwkit_DeviceInfo: 3. detectSystemProperty: 0
06-11 02:06:30.320  6241  6241 I fwkit_DeviceInfo: Final DeviceType: 0
06-11 02:06:30.322   924   924 W iaware  : type=1400 audit(0.0:502): avc: denied { write } for name="timerslack_ns" dev="proc" ino=62079 scontext=u:r:hwpged:s0 tcontext=u:r:mediaprovider:s0:c512,c768 tclass=file permissive=0
06-11 02:06:30.322   924   924 W iaware  : type=1400 audit(0.0:503): avc: denied { write } for name="timerslack_ns" dev="proc" ino=62079 scontext=u:r:hwpged:s0 tcontext=u:r:mediaprovider:s0:c512,c768 tclass=file permissive=0
06-11 02:06:30.323  6241  6241 I fwkit_ShareLib: hmscore library: [commonKit_restclient]
06-11 02:06:30.323  6241  6241 I fwkit_ShareLib: hmscore add library: commonKit_restclient
06-11 02:06:30.324  6241  6241 I fwkit_ShareLib: manager library: [commonKit_restclient]
06-11 02:06:30.324  6241  6241 I fwkit_ShareLib: manager add library: commonKit_restclient
06-11 02:06:30.325  6241  6241 I fwkit_ShareLib: no Use Library: runtime
06-11 02:06:30.330  6241  6241 I fwkit_kac_cl: update router config ams api level: 14
06-11 02:06:30.352  6241  6241 I fwkit_utils_fiu: parseApkInfo:com.huawei.hms.commonkit_61300301
06-11 02:06:30.356  6241  6241 I fwkit_coreapk_utils: packageName: com.huawei.hwid
06-11 02:06:30.358  6241  6241 I fwkit_utils: Get precast HMS path:/system/app/HMS,time:1670310886000
06-11 02:06:30.358  6241  6241 I fwkit_utils_fiu: isAssetJsonValid:true isSysAppJsonValid:false
06-11 02:06:30.358  6241  6241 I fwkit_utils_fiu: fillKitInfo:com.huawei.hms.commonkit_61300301
06-11 02:06:30.359  6241  6241 I fwkit_utils_fiu: commonkit in json,isSystemApp:false,Framework-common.apk_61300301
06-11 02:06:30.361  6241  6241 I fwkit_utils_fiu: parseApkInfo:com.huawei.hms.commonkit_61300301
06-11 02:06:30.362  6241  6241 I fwkit_utils_fiu: isAssetJsonValid:true isSysAppJsonValid:false
06-11 02:06:30.362  6241  6241 I fwkit_utils_fiu: fillKitInfo:com.huawei.hms.commonkit_61300301
06-11 02:06:30.362  6241  6241 I fwkit_utils_fiu: commonkit in json,isSystemApp:false,Framework-common.apk_61300301
06-11 02:06:30.363  6241  6241 I fwkit_utils_fiu: commonkit in json:61300301,installed:61300301,time:1717544697000,size:1284967B,use installed
06-11 02:06:30.367  6241  6241 I fwkit_utils_fiu: com.huawei.hms.commonkit.apk is ok, size 1284967B, consistent check :true, cost 4
06-11 02:06:30.368  6241  6241 W zygote64: Unsupported class loader
06-11 02:06:30.373  6241  6241 W zygote64: Skipping duplicate class check due to unsupported classloader
06-11 02:06:30.375  6241  6241 I fwkit_CLUtils: New dloader com.huawei.hms.commonkit.apk,cost:7
06-11 02:06:30.381  6241  6241 I LogAdaptor: init: priority = 3, moduleName = fwkit
06-11 02:06:30.382  6241  6267 I AppLogManager: already init
06-11 02:06:30.382  6241  6267 I FeedbackNode: HMS log-dir is: /storage/emulated/0/Android/data/com.huawei.hwid/files/Log
06-11 02:06:30.389  6241  6241 I LogAdaptor: init: priority = 3, moduleName = fwkit
06-11 02:06:30.390  6241  6267 I AppLogManager: already init
06-11 02:06:30.390  6241  6267 I FeedbackNode: HMS log-dir is: /storage/emulated/0/Android/data/com.huawei.hwid/files/Log
06-11 02:06:30.398  6241  6241 I fwkit_sdk_fm: onAttachBaseContext end
06-11 02:06:30.398  6241  6241 I fwkit_sdk_fm: FrameworkManager onAttachBaseContext cost:250
06-11 02:06:30.399  6241  6241 I CoreApplication: [HMSCore CoreApplication.java:19] Init KMS finish. --> attachBaseContext
06-11 02:06:30.399  6241  6241 I CoreApplication: [HMSCore CoreApplication.java:39] Init CoreApplication finish. --> attachBaseContext cost:261
06-11 02:06:30.403  1359  2007 D HwBatteryService: onUEvent fcpStatus = 0,scpStatus =0,ovpStatus=0
06-11 02:06:30.404  1359  2007 I HwBatteryService: quick charge status : 0
06-11 02:06:30.408  6241  6294 V HwWidgetFactory: : successes to get AllImpl object and return....
06-11 02:06:30.412  1359  5711 I BatteryService: normal charge status : 1
06-11 02:06:30.414  1359  1359 I chatty  : uid=1000 system_server expire 13 lines
06-11 02:06:30.415  2170  2170 D KeyguardUpdateMonitor: received broadcast android.intent.action.BATTERY_CHANGED
06-11 02:06:30.415  2170  2170 W KeyguardUpdateMonitor: ACTION_BATTERY_CHANGED AMP: 500000; Volt: 5000000
06-11 02:06:30.415  2170  2170 I KgBattery: (last-new)Status: 1 -> 1, chargeState=1 * branch=5
06-11 02:06:30.415  2170  2170 V KeyguardUpdateMonitor: RefreshBatteryInfo isBatteryLow: 20
06-11 02:06:30.415  2170  2170 W KeyguardUpdateMonitor: ChargingSpeed  Wattage: 2500000 ST: 5000000 --> 7500000
06-11 02:06:30.415  2170  2170 I KgBattery: BatteryInfo updated:  2lPc0
06-11 02:06:30.415  2170  2170 W AppHandler: sendMessage with obj100
06-11 02:06:30.415  2170  2170 D KeyguardUpdateMonitor: handleBatteryUpdate
06-11 02:06:30.415  1359  1359 D WifiService: onReceive, action:android.intent.action.BATTERY_CHANGED
06-11 02:06:30.415  1359  1359 D WifiService: ACTION_BATTERY_CHANGED pluggedType: 2
06-11 02:06:30.415  2170  2170 W HwKgdBArea_BTY: updateBatteryInfo : false  true
06-11 02:06:30.415  2170  2285 W KgBattery: getCharge info with type: text
06-11 02:06:30.415  2170  2170 W HwLockScreenPanel: refreshBatteryInfo: null
06-11 02:06:30.415  2170  2170 W HwLockScreenPanel: Handle message: 100
06-11 02:06:30.415  2170  2170 W FillLightViewManager: handleMessage 100
06-11 02:06:30.415  2170  2170 D FillLightViewManager: nothing to do 100
06-11 02:06:30.416  2170  2285 I KeyguardUtils: fpPath=sys/class/hw_power/charger/charge_data/chargerType, value=0
06-11 02:06:30.416  6241  6241 I fwkit_proc_utils: [fwkit HmsProcUtils.java:162] init over
06-11 02:06:30.417  2170  2170 I GlobalContext: Work is scheduled. com.android.systemui.battery.-$Lambda$lfi2AU3i1xDKGC7m-gvD3SF2XpQ@2ba90d0
06-11 02:06:30.417  3893  3893 I Cloud[10.13.20.300]Sync.SyncObserverService: batteryStatus: 2
06-11 02:06:30.419  3893  3893 I Cloud[10.13.20.300]Sync.SyncObserverService: doGetOptionsFromClone
06-11 02:06:30.419  3893  3893 I Cloud[10.13.20.300]Sync.SyncObserverService: lastPowerConnectTime: 1717997616160, currentTime: 1718042790419
06-11 02:06:30.421  2170  2170 I KeyguardUtils: fpPath=sys/class/hw_power/charger/charge_data/chargerType, value=0
06-11 02:06:30.425  2170  2170 I KeyguardUtils: fpPath=sys/class/hw_power/charger/charge_data/chargerType, value=0
06-11 02:06:30.426  1359  1393 V ActivityManager: Successfully start provider ContentProviderRecord{6460664 u0 com.huawei.hwid/com.huawei.hms.runtimekit.kitcontainerservice.KitProcessAgent3Provider} launchingApp=ProcessRecord{439f7f7 6241:com.huawei.hwid.container3/u0a57} caller pid= 3681
06-11 02:06:30.427  6241  6241 I CoreApplication: [HMSCore CoreApplication.java:1] install provider cost:28
06-11 02:06:30.427  6241  6241 I CoreApplication: [HMSCore CoreApplication.java:3] Start to init CoreApplication. --> onCreate
06-11 02:06:30.427  6241  6241 W fwkit_HonorAgreementHelper: is statement Process, enable is false
06-11 02:06:30.428  6241  6241 I CoreApplication: [isDex2oatProcess] cur proc name :com.huawei.hwid.container3
06-11 02:06:30.428  6241  6241 I CoreApplication: [HMSCore CoreApplication.java:10] Start to init KMS. --> onCreate
06-11 02:06:30.428  6241  6241 I fwkit_sdk_fm: onCreate start
06-11 02:06:30.428  6241  6241 I fwkit_sdk_fm: handle RuntimeActivityThread init for:com.huawei.hwid.container3
06-11 02:06:30.429  2170  2170 I KeyguardUtils: fpPath=sys/class/hw_power/charger/charge_data/chargerType, value=0
06-11 02:06:30.429  6241  6299 I fwkit_AbP: [fwkit AbsContentProvider.java:86] cp:com.huawei.hwid;query;content://com.huawei.hms.runtimekit.kitcontainerservice.KitProcessAgent3Provider
06-11 02:06:30.432  6241  6241 I fwkit_sdk_fm: onCreate end
06-11 02:06:30.432  6241  6241 I fwkit_sdk_fm: FrameworkManager onCreate cost:4
06-11 02:06:30.433  6241  6241 I CoreApplication: [HMSCore CoreApplication.java:12] Init KMS finish. --> onCreate
06-11 02:06:30.434  3681  4427 I fwkit_kams_RuntimeManager: [fwkit RuntimeManager.java:233] queryKCSBinder add kcs manager:com.huawei.hwid.container3
