06-11 02:06:08.852  1359  2021 D ActivityManager: cleanUpApplicationRecord app: ProcessRecord{44fee24 5220:com.huawei.regservice/1001}, app.bad: false, restarting: false, allowRestart: true
06-11 02:06:09.357  1359  1359 I HwAudioService: check HiRes Icon false
06-11 02:06:13.364  1359  2276 E Watchdog: Failed to write to /sys/kernel/hungtask/vm_heart
06-11 02:06:13.364  1359  2276 E Watchdog: java.io.FileNotFoundException: /sys/kernel/hungtask/vm_heart (Permission denied)
06-11 02:06:13.364  1359  2276 E Watchdog: 	at java.io.FileOutputStream.open0(Native Method)
06-11 02:06:13.364  1359  2276 E Watchdog: 	at java.io.FileOutputStream.open(FileOutputStream.java:287)
06-11 02:06:13.364  1359  2276 E Watchdog: 	at java.io.FileOutputStream.<init>(FileOutputStream.java:223)
06-11 02:06:13.364  1359  2276 E Watchdog: 	at java.io.FileOutputStream.<init>(FileOutputStream.java:110)
06-11 02:06:13.364  1359  2276 E Watchdog: 	at com.android.server.Watchdog.writeHungtask(Watchdog.java:904)
06-11 02:06:13.364  1359  2276 E Watchdog: 	at com.android.server.Watchdog.run(Watchdog.java:563)
06-11 02:06:14.019  1359  2441 D ActivityManager: keyguardGoingAway flags : 4 callingPid = 2170
06-11 02:06:14.020  1359  2441 V WindowManager: clear UnknownApp for KeyguardGoingAwayTransit
06-11 02:06:14.021  1359  2441 D ActivityManager: updateSleep shouldSleep:false wasSleeping:true
06-11 02:06:14.022  1359  2441 V WindowManager: No longer Stopped: AppWindowToken{ede0130 token=Token{d52e73 ActivityRecord{d518ae2 u0 com.huawei.android.launcher/.unihome.UniHomeLauncher t1}}}
06-11 02:06:14.026  1359  2441 I WindowManager: rotationForOrientationLw(orient=1, last=0); user=0 USER_ROTATION_LOCKED
06-11 02:06:14.026  1359  2441 D HwPhoneWindowManager: face_rotation: not enabled,use sensor real
06-11 02:06:14.026  1359  2441 D HwPhoneWindowManager: face_rotation:real sensor rotation = -1
06-11 02:06:14.026  1359  2441 D HwPhoneWindowManager: face_rotation: rotation = 0
06-11 02:06:14.026  1359  2441 I WindowManager: Selected orientation 1, got rotation 0 which has compatible metrics
06-11 02:06:14.029  1359  2441 V WindowManager: notifyAppResumed: wasStopped=true AppWindowToken{ede0130 token=Token{d52e73 ActivityRecord{d518ae2 u0 com.huawei.android.launcher/.unihome.UniHomeLauncher t1}}}
06-11 02:06:14.030  1359  2441 V WindowManager: No longer Stopped: AppWindowToken{ede0130 token=Token{d52e73 ActivityRecord{d518ae2 u0 com.huawei.android.launcher/.unihome.UniHomeLauncher t1}}}
06-11 02:06:14.037  1359  2441 V WindowManager: Checking 1 opening apps (frozen=false timeout=false)...
06-11 02:06:14.037  1359  2441 V WindowManager: Check opening app=AppWindowToken{ede0130 token=Token{d52e73 ActivityRecord{d518ae2 u0 com.huawei.android.launcher/.unihome.UniHomeLauncher t1}}}: allDrawn=false startingDisplayed=false startingMoved=false isRelaunching()=false
06-11 02:06:14.048  1359  2441 V WindowManager: Checking 1 opening apps (frozen=false timeout=false)...
06-11 02:06:14.048  1359  2441 V WindowManager: Check opening app=AppWindowToken{ede0130 token=Token{d52e73 ActivityRecord{d518ae2 u0 com.huawei.android.launcher/.unihome.UniHomeLauncher t1}}}: allDrawn=false startingDisplayed=false startingMoved=false isRelaunching()=false
06-11 02:06:14.057  1359  2409 V WindowManager: Checking 1 opening apps (frozen=false timeout=false)...
06-11 02:06:14.057  1359  2409 V WindowManager: Check opening app=AppWindowToken{ede0130 token=Token{d52e73 ActivityRecord{d518ae2 u0 com.huawei.android.launcher/.unihome.UniHomeLauncher t1}}}: allDrawn=false startingDisplayed=false startingMoved=false isRelaunching()=false
06-11 02:06:14.076  1359  2409 I HwNetworkPolicy: onTransact, code = 13
06-11 02:06:14.106  1359  2409 I HwNetworkPolicy: onTransact, code = 13
06-11 02:06:14.132  1359  2409 D HwGameAssistantController: pid=2453, uid=10059, component=ComponentInfo{com.huawei.android.launcher/com.huawei.android.launcher.unihome.UniHomeLauncher}
06-11 02:06:14.132  1359  1836 D HwGameAssistantController: UPDATE: mCurFgPkg=com.huawei.android.launcher, mCurFgPid=2453, mCurIsGame=false
06-11 02:06:14.133  1359  1652 W HwActivityManagerServiceEx: HwActivityNotifier end call android.app.IHwActivityNotifier$Stub$Proxy@999a85e for activityLifeState under user 0 cost 1
06-11 02:06:14.133  1359  1652 W HwActivityManagerServiceEx: HwActivityNotifier end call android.app.IHwActivityNotifier$Stub$Proxy@e6d843f for activityLifeState under user 0 cost 0
06-11 02:06:14.133  1359  1652 W HwActivityManagerServiceEx: HwActivityNotifier end call android.app.IHwActivityNotifier$Stub$Proxy@aa6b10c for activityLifeState under user 0 cost 0
06-11 02:06:14.167  1359  2441 V WindowManager: Checking 1 opening apps (frozen=false timeout=false)...
06-11 02:06:14.167  1359  2441 V WindowManager: Check opening app=AppWindowToken{ede0130 token=Token{d52e73 ActivityRecord{d518ae2 u0 com.huawei.android.launcher/.unihome.UniHomeLauncher t1}}}: allDrawn=false startingDisplayed=false startingMoved=false isRelaunching()=false
06-11 02:06:14.301  1359  2441 D WindowManager: finishDrawingWindow: Window{125fa2c u0 com.huawei.android.launcher/com.huawei.android.launcher.unihome.UniHomeLauncher} mDrawState=DRAW_PENDING
06-11 02:06:14.318  1359  2001 V WindowManager: Checking 1 opening apps (frozen=false timeout=false)...
06-11 02:06:14.318  1359  2001 V WindowManager: Check opening app=AppWindowToken{ede0130 token=Token{d52e73 ActivityRecord{d518ae2 u0 com.huawei.android.launcher/.unihome.UniHomeLauncher t1}}}: allDrawn=true startingDisplayed=false startingMoved=false isRelaunching()=false
06-11 02:06:14.318  1359  2001 I WindowManager: closing apps count = 0
06-11 02:06:14.333  2170  2170 V KeyguardDisplayManager: hide
06-11 02:06:14.339  2170  2170 V KeyguardViewMediator: updateInputRestrictedLocked 1 isInputApp = false, inputRestricted = false
06-11 02:06:14.340  1359  1394 D ActivityManager: setLockScreenShown showing : false callingPid = 2170
06-11 02:06:14.342  1359  2441 I StatusBarManagerService: Disable records remove token DisableRecord{userId=0 pkg=com.android.systemui what1=3600000 what2=0} list: []
06-11 02:06:14.343  1359  2441 I HwNetworkPolicy: onTransact, code = 13
06-11 02:06:14.345  1359  1655 W BroadcastQueue: Permission Denial: broadcasting Intent { act=android.intent.action.USER_PRESENT flg=0x24000010 } from com.android.systemui (pid=2170, uid=10026) requires com.huawei.wifipro.permission.RECV.WIFI_CONNECTED_CONCURRENTLY due to registered receiver BroadcastFilter{613127 u0 ReceiverList{21dd7e6 1359 system/1000/u0 local:a3f641}}
06-11 02:06:14.346  2381  2381 D FaceRecognizeService: Receiver USER PRESENT msg
06-11 02:06:14.347  2381  2381 D FaceRecognizeService: faceID version is 0
06-11 02:06:14.347  2381  2381 D FaceRecognizeService: unregisterReceiver USER PRESENT
06-11 02:06:14.349  1359  2441 D SmartHeartBeat: setAlarmsPending ...
06-11 02:06:14.350  1359  2409 D SmartHeartBeat: setAlarmsPending ...
06-11 02:06:14.365  1359  1394 W HwPgSceneDetectionAppName: get xmlFile :/xml/lcd/HwPgSceneDetectionAppName.xml failed!
06-11 02:06:14.365  1359  1394 W HwPgSceneDetectionAppName: HwPgSceneDetectionAppName file==null
06-11 02:06:14.372  1359  1359 D HwWifiP2pService: onReceive, action:android.intent.action.USER_PRESENT
06-11 02:06:14.372  1359  2078 D WifiP2pService: P2pDisabledState{ when=0 what=143468 target=com.android.internal.util.StateMachine$SmHandler }
06-11 02:06:14.373  1359  2078 D WifiP2pService: DefaultState{ when=0 what=143468 target=com.android.internal.util.StateMachine$SmHandler }
06-11 02:06:14.374  1359  1359 D HwGameAssistantController: isGameForeground? false
06-11 02:06:14.375  1359  1359 D WifiService: onReceive, action:android.intent.action.USER_PRESENT
06-11 02:06:14.378  1359  2078 E HwWifiP2pService: Unhandled message { when=0 what=143468 target=com.android.internal.util.StateMachine$SmHandler }
06-11 02:06:14.471  1359  2056 I ActivityManager: Process com.baidu.input_huawei (pid 2157) has died: prcp IMPB
06-11 02:06:14.472  1359  2056 D ActivityManager: cleanUpApplicationRecord app: ProcessRecord{65953d3 2157:com.baidu.input_huawei/u0a50}, app.bad: false, restarting: false, allowRestart: true
06-11 02:06:14.472  1359  1359 W InputMethodManagerService: Session failed to close due to remote exception
06-11 02:06:14.472  1359  1359 W InputMethodManagerService: android.os.DeadObjectException
06-11 02:06:14.472  1359  1359 W InputMethodManagerService: 	at android.os.BinderProxy.transactNative(Native Method)
06-11 02:06:14.472  1359  1359 W InputMethodManagerService: 	at android.os.BinderProxy.transact(Binder.java:769)
06-11 02:06:14.472  1359  1359 W InputMethodManagerService: 	at com.android.internal.view.IInputMethodSession$Stub$Proxy.finishSession(IInputMethodSession.java:305)
06-11 02:06:14.472  1359  1359 W InputMethodManagerService: 	at com.android.server.InputMethodManagerService.finishSessionLocked(InputMethodManagerService.java:2147)
06-11 02:06:14.472  1359  1359 W InputMethodManagerService: 	at com.android.server.InputMethodManagerService.clearClientSessionLocked(InputMethodManagerService.java:2138)
06-11 02:06:14.472  1359  1359 W InputMethodManagerService: 	at com.android.server.InputMethodManagerService.clearCurMethodLocked(InputMethodManagerService.java:2164)
06-11 02:06:14.472  1359  1359 W InputMethodManagerService: 	at com.android.server.InputMethodManagerService.onServiceDisconnected(InputMethodManagerService.java:2191)
06-11 02:06:14.472  1359  1359 W InputMethodManagerService: 	at android.app.LoadedApk$ServiceDispatcher.doDeath(LoadedApk.java:1873)
06-11 02:06:14.472  1359  1359 W InputMethodManagerService: 	at android.app.LoadedApk$ServiceDispatcher$RunConnection.run(LoadedApk.java:1888)
06-11 02:06:14.472  1359  1359 W InputMethodManagerService: 	at android.os.Handler.handleCallback(Handler.java:809)
06-11 02:06:14.472  1359  1359 W InputMethodManagerService: 	at android.os.Handler.dispatchMessage(Handler.java:102)
06-11 02:06:14.472  1359  1359 W InputMethodManagerService: 	at android.os.Looper.loop(Looper.java:166)
06-11 02:06:14.472  1359  1359 W InputMethodManagerService: 	at com.android.server.SystemServer.run(SystemServer.java:547)
06-11 02:06:14.472  1359  1359 W InputMethodManagerService: 	at com.android.server.SystemServer.main(SystemServer.java:384)
06-11 02:06:14.472  1359  1359 W InputMethodManagerService: 	at java.lang.reflect.Method.invoke(Native Method)
06-11 02:06:14.472  1359  1359 W InputMethodManagerService: 	at com.android.internal.os.RuntimeInit$MethodAndArgsCaller.run(RuntimeInit.java:469)
06-11 02:06:14.472  1359  1359 W InputMethodManagerService: 	at com.android.internal.os.ZygoteInit.main(ZygoteInit.java:943)
06-11 02:06:14.472  1359  2056 W ActivityManager: Scheduling restart of crashed service com.baidu.input_huawei/.ImeService in 1000ms
06-11 02:06:14.473  1359  2329 D HwInputMethodManagerService: ------------startInput--------------
06-11 02:06:14.473  1359  2329 D HwInputMethodManagerService: hideSecSoftInput = false
06-11 02:06:14.474  1359  2329 D HwInputMethodManagerService: ------------startInput--------------
06-11 02:06:14.478  1359  2329 D HwInputMethodManagerService: hideSecSoftInput = false
06-11 02:06:14.515  1359  2056 D WindowManager: finishDrawingWindow: Window{4818df4 u0 NavigationBar} mDrawState=HAS_DRAWN
06-11 02:06:14.977  1359  1359 I HwAudioService: check HiRes Icon false
06-11 02:06:15.476  1359  1655 V ActivityManager: startProcess: name=com.baidu.input_huawei app=null knownToBeDead=true thread=null pid=-1
06-11 02:06:15.534  1359  1655 I ActivityManager: Start proc 6149:com.baidu.input_huawei/u0a50 for service com.baidu.input_huawei/.ImeService
06-11 02:06:15.565  6149  6149 D ActivityThread: Attach thread to application
--------- beginning of main
06-11 02:06:15.977  6149  6149 D SubtypeParser: End Tag: subtype
06-11 02:06:15.977  6149  6149 D SubtypeParser: Start Tag: subtype
06-11 02:06:15.977  6149  6149 D SubtypeParser: SubtypeItem: (subtypeId:0x763a8852,imeSubtypeLocale:ast,imeSubtypeMode:keyboard,imeSubtypeExtraValue:SupportTouchPositionCorrection,EmojiCapable,CapitalizationCapable,AsciiCapable,isAsciiCapable:true)
06-11 02:06:15.977  6149  6149 D SubtypeParser: End Tag: subtype
06-11 02:06:15.977  6149  6149 D SubtypeParser: Start Tag: subtype
06-11 02:06:15.977  6149  6149 D SubtypeParser: SubtypeItem: (subtypeId:0x763a8852,imeSubtypeLocale:ga,imeSubtypeMode:keyboard,imeSubtypeExtraValue:SupportTouchPositionCorrection,EmojiCapable,CapitalizationCapable,AsciiCapable,isAsciiCapable:true)
06-11 02:06:15.977  6149  6149 D SubtypeParser: End Tag: subtype
06-11 02:06:15.977  6149  6149 D SubtypeParser: Start Tag: subtype
06-11 02:06:15.977  6149  6149 D SubtypeParser: SubtypeItem: (subtypeId:0xd80a4cee,imeSubtypeLocale:mni-me,imeSubtypeMode:keyboard,imeSubtypeExtraValue:EmojiCapable,isAsciiCapable:false)
06-11 02:06:15.977  6149  6149 D SubtypeParser: End Tag: subtype
06-11 02:06:15.977  6149  6149 D SubtypeParser: Start Tag: subtype
06-11 02:06:15.977  6149  6149 D SubtypeParser: SubtypeItem: (subtypeId:0xd80a4cee,imeSubtypeLocale:sat-ol,imeSubtypeMode:keyboard,imeSubtypeExtraValue:EmojiCapable,isAsciiCapable:false)
06-11 02:06:15.977  6149  6149 D SubtypeParser: End Tag: subtype
06-11 02:06:15.977  6149  6149 D SubtypeParser: End Tag: input-method
06-11 02:06:15.977  6149  6149 D SubtypeParser: End parse configurations.
06-11 02:06:16.002  6149  6149 W Facemoji: InputAttributes=>No editor info for this field. Bug?
06-11 02:06:16.012  6149  6149 I wangchen: SysInfo.getSysParam: orientation=1||config d=2.0,w=720,h=1440||metrics d=2.0,w=720,h=1440||sdk=27,bar_h=0
06-11 02:06:16.012  6149  6149 I KeymapLoader: w=720 h=1440 ori=true appScale=2.25 s1=2.0
06-11 02:06:16.013  6149  6149 I IFontSizeSetting: resetVer default candsize:1select:3
06-11 02:06:16.019  6149  6149 I wangchen: com.baidu.bzo apply, has in db mode - false, is db mode - false
06-11 02:06:16.022  6149  6149 I wangchen: com.baidu.bzo apply, has in db mode - false, is db mode - false
06-11 02:06:16.022  6149  6149 I IFontSizeSetting: resetVer default candsize:1select:3
06-11 02:06:16.028  6149  6149 E HwMultiWindowEx: initDeclaredMethods failed:java.lang.ClassNotFoundException: android.os.IMultiWinService$Stub
06-11 02:06:16.031  6149  6149 D HwMultiWindowEx: isInMultiWindowMode ret: 0
06-11 02:06:16.034  6149  6149 I wangchen: com.baidu.bzo apply, has in db mode - false, is db mode - false
06-11 02:06:16.343  2170  2170 I chatty  : uid=10026(com.huawei.HwMultiScreenShot) com.android.systemui expire 28 lines
06-11 02:06:16.387  6149  6149 D HwGalleryCacheManagerImpl: mIsEffect:false
06-11 02:06:16.508  6149  6149 W DeviceId: galaxy lib host missing meta-data,make sure you know the right way to integrate galaxy
06-11 02:06:16.508  6149  6149 I chatty  : uid=10050(com.baidu.input_huawei) identical 1 line
06-11 02:06:16.508  6149  6149 W DeviceId: galaxy lib host missing meta-data,make sure you know the right way to integrate galaxy
06-11 02:06:16.517  1359  2056 W SettingsProvider: You shouldn't change private system settings, name = com.baidu.deviceid.v2
06-11 02:06:16.518  1359  2056 I chatty  : uid=1000(system) Binder:1359_4 expire 2 lines
06-11 02:06:16.546  6149  6178 I IFontSizeSetting: resetVer default candsize:1select:3
06-11 02:06:16.547  6149  6178 I wangchen: com.baidu.bzo apply, has in db mode - false, is db mode - false
06-11 02:06:16.548  6149  6178 I wangchen: com.baidu.bzo apply, has in db mode - false, is db mode - false
06-11 02:06:16.548  6149  6178 I IFontSizeSetting: resetVer default candsize:1select:3
06-11 02:06:16.558  2453  2453 W InputMethodManager: startInputReason = 5
06-11 02:06:16.564  6149  6178 I IFontSizeSetting: ThemeArranger updateDirTime
06-11 02:06:16.565  6149  6178 I wangchen: log.save[: false], has in db mode - false, is db mode - false
06-11 02:06:16.565  6149  6178 I IFontSizeSetting: log save:default:1 select:3 isforce:false bufferSize:19
06-11 02:06:16.573  6149  6149 I wangchen: com.baidu.bzq apply, has in db mode - false, is db mode - false
06-11 02:06:16.574  6149  6149 I wangchen: com.baidu.bzq apply, has in db mode - false, is db mode - false
06-11 02:06:16.580  6149  6149 I wangchen: SysInfo.getSysParam: orientation=1||config d=2.0,w=720,h=1440||metrics d=2.0,w=720,h=1440||sdk=27,bar_h=56
06-11 02:06:16.580  6149  6149 I KeymapLoader: w=720 h=1440 ori=true appScale=2.25 s1=2.0
06-11 02:06:16.615  6149  6149 I wangchen: com.baidu.bzo apply, has in db mode - false, is db mode - false
06-11 02:06:16.691  1359  2056 W ActivityManager: Permission Denial: opening provider com.android.providers.contacts.ContactsProvider2 from ProcessRecord{cbe753c 6149:com.baidu.input_huawei/u0a50} (pid=6149, uid=10050) requires android.permission.READ_CONTACTS or android.permission.WRITE_CONTACTS
06-11 02:06:16.700  6149  6149 I wangchen: SysInfo.getSysParam: orientation=1||config d=2.0,w=720,h=1440||metrics d=2.0,w=720,h=1440||sdk=27,bar_h=56
06-11 02:06:16.700  6149  6149 I KeymapLoader: w=720 h=1440 ori=true appScale=2.25 s1=2.0
06-11 02:06:16.705  6149  6149 I KeymapLoader: appScale=2.25 selfScale=2.25 0.0
06-11 02:06:16.732  6149  6149 D OpenGLRenderer: HWUI GL Pipeline
06-11 02:06:16.765  6149  6149 I KeymapLoader: panelW:0 css is null:true
06-11 02:06:16.765  6149  6149 I wangchen: RootCssLoader.<init>: Global.portrait true, res orientation 1
06-11 02:06:16.858  6149  6149 I wangchen: com.baidu.bzq apply, has in db mode - false, is db mode - false
06-11 02:06:16.858  6149  6149 I KeymapLoader: s=0 scale=2.25 self=2.25
06-11 02:06:16.859  6149  6149 I KeymapLoader: scaleRes:1.0
06-11 02:06:16.859  6149  6149 I KeymapLoader: skin scale=0.0 scaleRes=1.0
06-11 02:06:17.868  3604  6187 I chatty  : uid=10057 com.huawei.hwid.persistent expire 1 line
06-11 02:06:17.886  3681  6188 I chatty  : uid=10057 com.huawei.hwid.core expire 1 line
06-11 02:06:18.048   757  1123 I qti_sensors_hal: [LightSensor]processReportInd: the skip  luxValue  ItemData[0]:4a0000,ItemData[1]:640411, lux:74.000000,cct:6554641.000000
06-11 02:06:18.662   757  1123 I qti_sensors_hal: [LightSensor]processReportInd: the skip  luxValue  ItemData[0]:580000,ItemData[1]:6404d6, lux:88.000000,cct:6554838.000000
06-11 02:06:19.293   918   918 E Thermal-daemon: [ap] temp_new :27  temp_old :26
06-11 02:06:19.295   918   918 E Thermal-daemon: Report temperature: [ap] temp :27  report_threshold:1
06-11 02:06:20.707  6149  6164 I zygote  : Waiting for a blocking GC ProfileSaver
06-11 02:06:20.726  6149  6164 I zygote  : WaitForGcToComplete blocked ProfileSaver on AddRemoveAppImageSpace for 19.802ms
06-11 02:06:21.115   757  1123 I qti_sensors_hal: [LightSensor]processReportInd: the skip  luxValue  ItemData[0]:430000,ItemData[1]:64038f, lux:67.000000,cct:6554511.000000
06-11 02:06:21.320   757  1123 I qti_sensors_hal: [LightSensor]processReportInd: the skip  luxValue  ItemData[0]:550000,ItemData[1]:640481, lux:85.000000,cct:6554753.000000
06-11 02:06:22.336   757  1123 I qti_sensors_hal: [LightSensor]processReportInd: the skip  luxValue  ItemData[0]:2d0000,ItemData[1]:640280, lux:45.000000,cct:6554240.000000
06-11 02:06:22.805   757  2004 I qti_sensors_hal: batch,440,handle 2, timeout:0 ,period_ns:300000000
06-11 02:06:22.805   757  2004 I qti_sensors_hal: batch:sensor(android.sensor.light) handle:2 flags:0x0 period_ns 300000000
06-11 02:06:22.805   757  2004 I qti_sensors_hal: batch:sensor(android.sensor.light) sample_rate=3.333333Hz report_rate_f=0.000000Hz curr sample rate:3.333333 cur rpt rate:0 max:8.000000 min:0.015259
06-11 02:06:22.805   757  2004 I qti_sensors_hal: batch: current sample rate, report rate & buffering are equal to requested (3.333333,0.000000,0)
06-11 02:06:23.560   757  1123 I qti_sensors_hal: [LightSensor]processReportInd: the skip  luxValue  ItemData[0]:350000,ItemData[1]:6402e9, lux:53.000000,cct:6554345.000000
06-11 02:06:23.580  1359  2007 D HwBatteryService: onUEvent fcpStatus = 0,scpStatus =0,ovpStatus=0
06-11 02:06:23.582  1359  2007 I HwBatteryService: quick charge status : 0
06-11 02:06:23.586   889   889 W hvdcp_opti: type=1400 audit(0.0:465): avc: denied { read } for name="input_current_limited" dev="sysfs" ino=39781 scontext=u:r:hvdcp:s0 tcontext=u:object_r:sysfs:s0 tclass=file permissive=0
06-11 02:06:23.586   889   889 W hvdcp_opti: type=1400 audit(0.0:466): avc: denied { read } for name="charge_type" dev="sysfs" ino=39752 scontext=u:r:hvdcp:s0 tcontext=u:object_r:sysfs:s0 tclass=file permissive=0
06-11 02:06:23.586   889   889 W hvdcp_opti: type=1400 audit(0.0:467): avc: denied { read } for name="die_health" dev="sysfs" ino=39786 scontext=u:r:hvdcp:s0 tcontext=u:object_r:sysfs:s0 tclass=file permissive=0
06-11 02:06:23.598  1359  2007 D HwBatteryService: onUEvent fcpStatus = 0,scpStatus =0,ovpStatus=0
06-11 02:06:23.599   889   889 W hvdcp_opti: type=1400 audit(0.0:468): avc: denied { read } for name="input_current_limited" dev="sysfs" ino=39781 scontext=u:r:hvdcp:s0 tcontext=u:object_r:sysfs:s0 tclass=file permissive=0
06-11 02:06:23.599   889   889 W hvdcp_opti: type=1400 audit(0.0:469): avc: denied { read } for name="charge_type" dev="sysfs" ino=39752 scontext=u:r:hvdcp:s0 tcontext=u:object_r:sysfs:s0 tclass=file permissive=0
06-11 02:06:23.599   889   889 W hvdcp_opti: type=1400 audit(0.0:470): avc: denied { read } for name="die_health" dev="sysfs" ino=39786 scontext=u:r:hvdcp:s0 tcontext=u:object_r:sysfs:s0 tclass=file permissive=0
06-11 02:06:23.599  1359  2007 I HwBatteryService: quick charge status : 0
06-11 02:06:23.620  1359  2056 I BatteryService: normal charge status : 1
06-11 02:06:23.621   922  2033 I dubaid  : [PollingRoutine.cpp] notifyPolling# Polling routine start, timestamp: 1718042783620, reason: 6
06-11 02:06:23.621   922  1910 I dubaid  : [BatteryHandler.cpp] onChargerOnlineChanged# Battery charge state: 0
06-11 02:06:23.621   754   754 D qdlights: set_speaker_light_locked: get  property HWDUB-Q 
06-11 02:06:23.622   754   754 D qdlights: write_init ok
06-11 02:06:23.622   754   754 I chatty  : uid=1000(system) light@2.0-servi identical 2 lines
06-11 02:06:23.622   754   754 D qdlights: write_init ok
06-11 02:06:23.622   754   754 D qdlights: set_speaker_light_locked mode=0, colorRGB=00000000, onMS=0, offMS=0, rc=0
06-11 02:06:23.625  1359  3390 I chatty  : uid=1000(system) IzatProvider expire 6 lines
06-11 02:06:23.627  3893  3893 I Cloud[10.13.20.300]Sync.SyncObserverService: action power disconnected.
06-11 02:06:23.627  2399  2591 E KernelCpuSpeedReader: Failed to read cpu-freq: /sys/devices/system/cpu/cpu0/cpufreq/stats/time_in_state (No such file or directory)
06-11 02:06:23.627   762   762 V LocSvc_HIDL_IzatSubscription: [powerConnectStatusUpdate][575] [HS] <<<<= [HC]
06-11 02:06:23.628  2399  2591 E KernelCpuSpeedReader: Failed to read cpu-freq: /sys/devices/system/cpu/cpu4/cpufreq/stats/time_in_state (No such file or directory)
06-11 02:06:23.628  2170  2170 W PowerUI : unknown intent: Intent { act=android.intent.action.ACTION_POWER_DISCONNECTED flg=0x4000010 (has extras) }
06-11 02:06:23.629  3513  3513 D AutoCache: onReceive intent=Intent { act=android.intent.action.ACTION_POWER_DISCONNECTED flg=0x4000010 (has extras) } action=android.intent.action.ACTION_POWER_DISCONNECTED
06-11 02:06:23.629  3681  3681 I chatty  : uid=10057 com.huawei.hwid.core expire 17 lines
06-11 02:06:23.631  1359  1708 E BatteryExternalStatsWorker: no controller energy info supplied for wifi
06-11 02:06:23.631  1359  1708 E BatteryExternalStatsWorker: no controller energy info supplied for bluetooth
06-11 02:06:23.633  2399  2915 I chatty  : uid=1000(system) actions handler expire 40 lines
06-11 02:06:23.636   924   924 W iaware  : type=1400 audit(0.0:471): avc: denied { write } for name="timerslack_ns" dev="proc" ino=59701 scontext=u:r:hwpged:s0 tcontext=u:r:storaged:s0 tclass=file permissive=0
06-11 02:06:23.636   924   924 W iaware  : type=1400 audit(0.0:472): avc: denied { setsched } for scontext=u:r:hwpged:s0 tcontext=u:r:storaged:s0 tclass=process permissive=0
06-11 02:06:23.640   924   980 W SchedPolicy: add_tid_to_cgroup failed to write '6194' (Permission denied); fd=5
06-11 02:06:23.640   924   980 E SchedPolicy: set_cpuset_policy failed err=-22, tid=6194, policy=1
06-11 02:06:23.643  3513  3513 V AutoCache: unRegisterPowerBroadcastReceiver: sPowerRegisterState is false, cxt is android.app.Application@f9f10f3
06-11 02:06:23.644  3513  3513 V AutoCache: unRegisterBatteryBroadcastReceiver: sBatteryRegisterState is false, cxt is android.app.Application@f9f10f3
06-11 02:06:23.649  1359  1708 E KernelCpuSpeedReader: Failed to read cpu-freq: /sys/devices/system/cpu/cpu0/cpufreq/stats/time_in_state (No such file or directory)
06-11 02:06:23.649  1359  1708 E KernelCpuSpeedReader: Failed to read cpu-freq: /sys/devices/system/cpu/cpu4/cpufreq/stats/time_in_state (No such file or directory)
06-11 02:06:23.652  3893  3893 I Cloud[10.13.20.300]Sync.CBObserverTimer: om report condition 11101111
06-11 02:06:23.652   922  1021 E dubaid  : [CpuHandler.cpp] readFreqTime# Failed to open cpufreq node of cluster: 0
06-11 02:06:23.652   922  1021 E dubaid  : [CpuHandler.cpp] accountingComponentData# Invalid delta time: Cluster0 total frequency time: 0
06-11 02:06:23.652  3893  3893 I Cloud[10.13.20.300]Sync.SyncObserverService: unRegisterRestoreTimer
06-11 02:06:23.653  3893  3893 I Cloud[10.13.20.300]Sync.SyncObserverService: batteryStatus: 3
06-11 02:06:23.656  3893  6100 E Cloud[10.13.20.300]Base.CommonModuleInvokerManager: invoker is null
06-11 02:06:23.656  3893  6100 E Cloud[10.13.20.300]Base.CommonModuleInvokerManager: invoker is null
06-11 02:06:23.656  3893  6100 W Cloud[10.13.20.300]Base.BaseCommonUtil: getOsBrand exception: java.lang.NoSuchMethodException: getOsBrand []
06-11 02:06:23.656  3893  6100 I FormalHASDK: HiAnalyticsInstance==> onEvent. TAG:_default_config_tag, TYPE:1, eventId:02012_01_1718042783_40158076
06-11 02:06:23.658  1359  1627 D NetdConnector: SND -> {56 firewall enable_chain standby}
06-11 02:06:23.663  2688  2896 E HSM     : ChargeInfo: doRecordsChargeInfo chargeTime =267963524 plugType = 1 chargeType =1
06-11 02:06:23.671  1359  1708 E KernelCpuSpeedReader: Failed to read cpu-freq: /sys/devices/system/cpu/cpu0/cpufreq/stats/time_in_state (No such file or directory)
06-11 02:06:23.672  1359  1708 E KernelCpuSpeedReader: Failed to read cpu-freq: /sys/devices/system/cpu/cpu4/cpufreq/stats/time_in_state (No such file or directory)
06-11 02:06:23.673  2399  2591 E KernelCpuSpeedReader: Failed to read cpu-freq: /sys/devices/system/cpu/cpu0/cpufreq/stats/time_in_state (No such file or directory)
06-11 02:06:23.674  2399  2591 E KernelCpuSpeedReader: Failed to read cpu-freq: /sys/devices/system/cpu/cpu4/cpufreq/stats/time_in_state (No such file or directory)
06-11 02:06:23.678  3893  6100 W FormalHASDK: ReportPolicy==> The network is unavailable. TAG: _default_config_tag,TYPE: allType
06-11 02:06:23.679   951   951 W chargemonitor: type=1400 audit(0.0:473): avc: denied { write } for name="hwlog_jank" dev="tmpfs" ino=5650 scontext=u:r:chargemonitor:s0 tcontext=u:object_r:jank_device:s0 tclass=chr_file permissive=0
06-11 02:06:23.680  1359  1359 I chatty  : uid=1000 system_server expire 28 lines
06-11 02:06:23.680  1359  1359 D WifiService: onReceive, action:android.intent.action.BATTERY_CHANGED
06-11 02:06:23.680  1359  1359 D WifiService: ACTION_BATTERY_CHANGED pluggedType: 0
06-11 02:06:23.680  1359  1359 I Telecom-ChargingStatusManager: onChargingStatusChanged, mIsCharging: true -> false
06-11 02:06:23.682   951   951 I iMonitor: create: 930001001
06-11 02:06:23.683   951   951 I iMonitor: send: 930001001
06-11 02:06:23.686  1359  1859 D PickUpWakeScreenManager: isPickupSensorSupport isSensorSupport = true
06-11 02:06:23.696  4069  4069 I Cloud[10.13.20.300]Finder.LowPowerReport: BatteryLowBroadcastReceiver action:android.intent.action.ACTION_POWER_DISCONNECTED;isLastLocReportSwitchOpen:true
06-11 02:06:23.697  4069  4069 I Cloud[10.13.20.300]Finder.LowPowerReport: ACTION_POWER_DISCONNECTED initLowBatteryReport
06-11 02:06:23.714  2399  2591 I chatty  : uid=1000(system) core expire 4 lines
06-11 02:06:23.726  1359  2386 W ProcBatteryStats: timer is running , not start, name: com.android.phone, uid: 1001, tag: RILJ
06-11 02:06:23.730  1359  2386 W ProcBatteryStats: timer is not running , not stop, name: com.android.phone, uid: 1001, tag: RILJ
06-11 02:06:23.744  1359  6147 I chatty  : uid=1000(system) Binder:1359_13 expire 12 lines
06-11 02:06:23.744  4069  4069 I Cloud[10.13.20.300]Finder.LowPowerReport: LowPowerReport init...
06-11 02:06:23.745  1359  2386 D HwGameAssistantController: isGameForeground? false
06-11 02:06:23.746  2399  2915 I APwPowerPolicy: ignore gps in blacklist: com.android.gallery3d
06-11 02:06:23.746  2399  2915 I ash     : perform_doze proxy gps : com.android.gallery3d
06-11 02:06:23.746  5950  5950 I HwOUC   : [main-1]onReceive action=android.intent.action.ACTION_POWER_DISCONNECTED(PowerConnectedReceiver.java:27)
06-11 02:06:23.746  1359  2386 I chatty  : uid=1000(system) Binder:1359_7 expire 7 lines
06-11 02:06:23.747  2399  2915 I ash     : proxy gps:com.android.gallery3d,uid:10024,result:true
06-11 02:06:23.747  5950  5950 I HwOUC   : [main-1]isHotaUpdate cursor is null,return false(GDPRUtils.java:530)
06-11 02:06:23.747  5950  5950 I HwOUC   : [main-1]isHotaUpdate cursor is null,return false(GDPRUtils.java:530)
06-11 02:06:23.748  2399  2915 I AppManager: get vpns from sys:{}
06-11 02:06:23.748  3893  3893 I Cloud[10.13.20.300]Sync.ICBServiceProtocol: ICBService connected
06-11 02:06:23.749  5950  5950 I HwOUC   : [main-1]ThirdAppCheckedUtils isProgressDialogShow not show(ThirdAppCheckedUtils.java:248)
06-11 02:06:23.749  4069  4514 I Cloud[10.13.20.300]Sync.ICBService: do abort. type = 2
06-11 02:06:23.749  5950  5950 I HwOUC   : [main-1]no dialog is isShowing(HwOucUtilityEx.java:923)
06-11 02:06:23.750  5950  5950 I HwOUC   : [main-1]isHotaUpdate cursor is null,return false(GDPRUtils.java:530)
06-11 02:06:23.750  5950  5950 I HwOUC   : [main-1]onReceive nextInstallRemindTime is -1 or nextSwitchABSystemRemindTime is -1 not AllFirmwareVerifySuccess and not AllFirmwareInstallSuccessUnderAB, do noting(PowerConnectedReceiver.java:60)
06-11 02:06:23.751  2688  2896 V HwWidgetFactory: : successes to get AllImpl object and return....
06-11 02:06:23.759  4069  4069 I Cloud[10.13.20.300]Album.BatteryProcessor: batteryStatus: 3
06-11 02:06:23.760  1359  2386 V BroadcastQueue: Finished with ordered broadcast BroadcastRecord{f8767ed u-1 android.intent.action.ACTION_POWER_DISCONNECTED}
06-11 02:06:23.760  4069  4069 I Cloud[10.13.20.300]Album.SyncStrategy: begin initState, mask: 256, flag: true
06-11 02:06:23.760  2688  2896 D OpenGLRenderer: HWUI GL Pipeline
06-11 02:06:23.762  6196  6196 E         : iptables cmd:iptables-restore
06-11 02:06:23.764  4069  4069 I Cloud[10.13.20.300]Album.CloudAlbumSdkServiceImpl: invokeEvent msgId: 63
06-11 02:06:23.766  4069  4401 I Cloud[10.13.20.300]Album.CloudAlbumSdkLogic: dealStateChangedEvent, syncState: 1, state: 6416
06-11 02:06:23.767  4069  4069 I Cloud[10.13.20.300]Album.NetworkProcessor: setNetWorkDisconnected: false
06-11 02:06:23.768  4069  4069 I Cloud[10.13.20.300]Album.SyncStrategy: setNetWorkDisconnected: true
06-11 02:06:23.768  4069  4069 I Cloud[10.13.20.300]Album.SyncStrategy: updateStateValue shouldStopDownload : 2048, flag: true
06-11 02:06:23.769  4069  4069 I Cloud[10.13.20.300]Album.CloudAlbumSdkServiceImpl: invokeEvent msgId: 64
06-11 02:06:23.769  4069  4069 I Cloud[10.13.20.300]Album.SyncStrategy: setNetworkDisabled: true
06-11 02:06:23.769  4069  4069 I Cloud[10.13.20.300]Album.CloudAlbumSdkServiceImpl: invokeEvent msgId: 65
06-11 02:06:23.770  4069  4069 I Cloud[10.13.20.300]Album.CloudAlbumSdkServiceImpl: invokeEvent msgId: 63
06-11 02:06:23.770  4069  4069 I Cloud[10.13.20.300]Finder.LowPowerReport: LowPowerReport action...android.intent.action.BATTERY_CHANGED
06-11 02:06:23.770  4069  4401 I Cloud[10.13.20.300]Album.CloudAlbumSdkServiceImpl: sendCallbackMsg msgId: 9099
06-11 02:06:23.771  4069  4069 I Cloud[10.13.20.300]Finder.AntiTheftInf: AntiTheftManagerEx getEnable = true from cache
06-11 02:06:23.771  4069  4401 I Cloud[10.13.20.300]Album.CloudAlbumSdkLogic: dealSyncStateChangedEvent, syncState: 2, errCode: 107
06-11 02:06:23.771  4069  4069 I Cloud[10.13.20.300]Finder.AntiTheftInf: AntiTheftManagerEx getEnable = true from cache
06-11 02:06:23.771  4069  4401 I Cloud[10.13.20.300]Album.CloudAlbumSdkLogic: stop download task
06-11 02:06:23.772  4069  4069 E Cloud[10.13.20.300]Finder.LowPowerReport: isNetWorkConnected false
06-11 02:06:23.782  1359  2496 D HwGameAssistantController: isGameForeground? false
06-11 02:06:23.786  4069  4401 I Cloud[10.13.20.300]Album.SDKDownloadServiceLogic: cancelDownloadTaskAll, errCode: 107
06-11 02:06:23.787  1359  2496 I chatty  : uid=1000(system) Binder:1359_C expire 7 lines
06-11 02:06:23.787  4069  4401 I Cloud[10.13.20.300]Album.SDKDownloadServiceLogic: cancelGeneralDownloadTask, errCode: 107
06-11 02:06:23.791  6202  6202 E         : iptables cmd:ip6tables-restore
06-11 02:06:23.795  1359  2058 D NetdConnector: RCV <- {200 56 Firewall command succeeded}
06-11 02:06:23.796  1359  2058 D NetdConnector: RCV <- {200 56 Firewall command succeeded}
06-11 02:06:23.805  4069  4401 I Cloud[10.13.20.300]Album.ThreadPoolDownManager: stopNow begin: 1718042783804
06-11 02:06:23.805  2399  2915 E HwResourcesImpl: readDefaultConfig : FileNotFoundException
06-11 02:06:23.805  4069  4401 I Cloud[10.13.20.300]Album.ThreadPoolDownManager: stopNow end: 1
06-11 02:06:23.805  4069  4401 I Cloud[10.13.20.300]Album.ThreadPoolDownManager: start begin: 1718042783805
06-11 02:06:23.806  4069  4401 I Cloud[10.13.20.300]Album.ThreadPoolDownManager: start end: 0
06-11 02:06:23.806  4069  4401 I Cloud[10.13.20.300]Album.SDKDownloadServiceLogic: cancelShareDownloadTask, errCode: 107
06-11 02:06:23.806  4069  4401 I Cloud[10.13.20.300]Album.ThreadPoolDownManager: stopNow begin: 1718042783806
06-11 02:06:23.806  4069  4401 I Cloud[10.13.20.300]Album.ThreadPoolDownManager: stopNow end: 0
06-11 02:06:23.806  4069  4401 I Cloud[10.13.20.300]Album.ThreadPoolDownManager: start begin: 1718042783806
06-11 02:06:23.806  4069  4401 I Cloud[10.13.20.300]Album.ThreadPoolDownManager: start end: 0
06-11 02:06:23.807  1359  1359 V HwNotificationManagerService: isHwSoundAllow pkg=com.huawei.systemmanager, channelId=miscellaneous, userId=0, cfg=0
06-11 02:06:23.807  1359  1359 V HwNotificationManagerService: isHwVibrateAllow pkg=com.huawei.systemmanager, channelId=miscellaneous, userId=0, cfg=0
06-11 02:06:23.808  2399  2915 D HwGalleryCacheManagerImpl: mIsEffect:false
06-11 02:06:23.811  2399  2591 I AppManager: app:com.huawei.systemmanager Notification update time:546789
06-11 02:06:23.817  2399  2915 D OpenGLRenderer: HWUI GL Pipeline
06-11 02:06:23.831  2399  2915 I AppManager: Query switch packages : [com.ss.android.ugc.aweme]
06-11 02:06:23.831  2399  2915 I ash     : nap package: com.android.gallery3d, visible: false
06-11 02:06:23.833  2399  2915 I AppManager: long time no use, ignore audio bg app : com.google.android.ext.services, type : -1
06-11 02:06:23.834  2399  2915 I ash     :  ignore audio app: com.google.android.ext.services
06-11 02:06:23.834  2399  2915 I ash_trans: com.google.android.ext.services { running duration=97 Uptime=97 } transition to: doze reason:app_type_unknown unknown_state unknown_state
06-11 02:06:23.834  2399  2915 I ash     : perform_doze pending alarm : com.google.android.ext.services
06-11 02:06:23.834  1359  2496 D SmartHeartBeat: setAlarmsPending ...
06-11 02:06:23.834  2399  2915 I ash     : Pending com.google.android.ext.services alarm OK !
06-11 02:06:23.834  2399  2915 I ash     : perform_doze proxy gps : com.google.android.ext.services
06-11 02:06:23.836  2399  2915 I ash     : proxy gps:com.google.android.ext.services,uid:10086,result:true
06-11 02:06:23.836  2399  2915 I ash     : nap package: com.google.android.ext.services, visible: false
06-11 02:06:23.840  2335  2581 D BDLog   : BD.BDRecorder:LocalInfoEvent {infoID:131093, content=6068112841314440_Gzk1erh/HRrmDLBQk/mG6Q==
06-11 02:06:23.840  2335  2581 D BDLog   : , priority=15}
06-11 02:06:23.844  1359  2087 I chatty  : uid=1000(system) notification-sq expire 1 line
06-11 02:06:23.851  2170  2272 I chatty  : uid=10026(com.huawei.HwMultiScreenShot) SystemUI_subThr expire 1 line
06-11 02:06:23.872  2170  6205 I chatty  : uid=10026(com.huawei.HwMultiScreenShot) Thread-7 expire 1 line
06-11 02:06:23.881  4300  4381 D Gallery_cloud_SdkCallback: onSyncStrategyStateChanged syncState=1 state=6416
06-11 02:06:23.882  4069  4401 I Cloud[10.13.20.300]Album.CloudAlbumSdkServiceImpl: sendCallbackMsg msgId: 9199
06-11 02:06:23.883  4300  4381 I CloudSyncState: new sSyncPromptState state 901
06-11 02:06:23.886   612  6208 W libc    : Set property "hw.hicure.dns_fail_count" to "40"
06-11 02:06:23.887  4300  4743 D Gallery_Common_CloudManager: state changed, cloud manager mSyncPromptState = 901
06-11 02:06:23.891  4069  4401 E Cloud[10.13.20.300]Album.AlbumUtil: getSserverIP java.net.UnknownHostException: Unable to resolve host "cloudphoto-drcn.cloud.dbankcloud.cn": No address associated with hostname
06-11 02:06:23.892  4069  6209 I Cloud[10.13.20.300]Album.SerialTaskCallable: Execute SerialTaskCallable TaskType:okhttpCancelAll
06-11 02:06:23.893  4069  4401 E Cloud[10.13.20.300]Album.AlbumUtil: getSserverIP java.net.UnknownHostException: Unable to resolve host "cloudphoto-drcn.cloud.dbankcloud.cn": No address associated with hostname
06-11 02:06:23.895  4069  4401 W Cloud[10.13.20.300]Base.BaseCommonUtil: getOsBrand exception: java.lang.NoSuchMethodException: getOsBrand []
06-11 02:06:23.896  4069  4401 I FormalHASDK: HiAnalyticsInstance==> onEvent. TAG:_default_config_tag, TYPE:1, eventId:04011_01_1718042783_47335651
06-11 02:06:23.898  4069  4401 I Cloud[10.13.20.300]Album.CloudAlbumSdkLogic: dealStateEvent, mask: 16, flag: true
06-11 02:06:23.898  4069  4401 I Cloud[10.13.20.300]Album.CloudAlbumSdkLogic: dealStateChangedEvent, syncState: 1, state: 6416
06-11 02:06:23.898  4069  4401 I Cloud[10.13.20.300]Album.CloudAlbumSdkServiceImpl: sendCallbackMsg msgId: 9099
06-11 02:06:23.900  4069  6209 I SecurityComp10200303: SecureX509TrustManager: loadBksCA
06-11 02:06:23.900  4300  4381 D Gallery_cloud_SdkCallback: onSyncStrategyStateChanged syncState=1 state=6416
06-11 02:06:23.902  4300  4743 D Gallery_Common_CloudManager: selection = (relative_bucket_id IN (SELECT relativeBucketId FROM gallery_album WHERE uploadStatus = 1) OR (uniqueId IS NOT NULL AND uniqueId != '')) AND 1 = 1 AND ( is_hw_burst NOT IN ( 2 )  OR ( is_hw_burst = 2      AND bucket_id||substr(_display_name, 1, length(_display_name) - length('000.JPG')) NOT IN      (SELECT bucket_id||substr(_display_name, 1, length(_display_name) - length('000_COVER.JPG')) FROM gallery_media      WHERE is_hw_burst = 1  AND (  (relative_bucket_id IN (SELECT relativeBucketId FROM gallery_album WHERE uploadStatus = 1) OR (uniqueId IS NOT NULL AND uniqueId != '')) AND 1 = 1 ) )   ) ) AND (recycleFlag NOT IN (2, -1, 1, -2, -4) OR recycleFlag IS NULL) ) GROUP BY (media_type;imgCount = 10;videoCount = 0
06-11 02:06:23.902  4069  6209 I SecurityComp10200303: BksUtil: getFilesBksIS 
06-11 02:06:23.902  4069  6209 I SecurityComp10200303: SecureX509TrustManager: get bks not from assets
06-11 02:06:23.930  4300  4743 D Gallery_Common_CloudManager: stoppedState = 0
06-11 02:06:23.941  2170  6214 I chatty  : uid=10026(com.huawei.HwMultiScreenShot) com.android.systemui expire 7 lines
06-11 02:06:23.941  2170  6211 I chatty  : uid=10026(com.huawei.HwMultiScreenShot) com.android.systemui expire 4 lines
06-11 02:06:23.942  2170  6213 I chatty  : uid=10026(com.huawei.HwMultiScreenShot) com.android.systemui expire 3 lines
06-11 02:06:23.942  2170  6212 I chatty  : uid=10026(com.huawei.HwMultiScreenShot) com.android.systemui expire 4 lines
06-11 02:06:23.953  4069  4282 I Cloud[10.13.20.300]Album.CloudAlbumSdkServiceImpl: Call AIDL: updateSyncPrompt(SyncPrompt), params: (SyncPrompt{state=901, latestSyncTime=1717887226093, stoppedState=0, type=0})
06-11 02:06:23.954  4300  4743 D Gallery_cloud_CloudAlbumSdkHelper: updateSyncPrompt  0
06-11 02:06:23.961   757  1123 I qti_sensors_hal: [LightSensor]processReportInd: the skip  luxValue  ItemData[0]:2c0000,ItemData[1]:640272, lux:44.000000,cct:6554226.000000
06-11 02:06:23.965  2170  6213 W HwPhoneLayoutInflater: onCreateView : ClassNotFoundException, In this case we want to let the base class take a crack at it
06-11 02:06:23.969  2170  6214 W ResourceType: Failure getting entry for 0x0104025e (t=3 e=606) (error -75)
06-11 02:06:23.969  2170  6212 W ResourceType: Failure getting entry for 0x0104025e (t=3 e=606) (error -75)
06-11 02:06:23.969  2170  6213 W ResourceType: Failure getting entry for 0x0104025e (t=3 e=606) (error -75)
06-11 02:06:23.969  2170  6211 W ResourceType: Failure getting entry for 0x0104025e (t=3 e=606) (error -75)
06-11 02:06:23.983  4069  4401 I Cloud[10.13.20.300]Album.CloudAlbumSdkServiceImpl: sendCallbackMsg msgId: 9097
06-11 02:06:24.006  2170  6214 W HwPhoneLayoutInflater: onCreateView : ClassNotFoundException, In this case we want to let the base class take a crack at it
06-11 02:06:24.012  2170  6214 W HwPhoneLayoutInflater: onCreateView : ClassNotFoundException, In this case we want to let the base class take a crack at it
06-11 02:06:24.014  2170  6214 W ResourceType: Failure getting entry for 0x0104025e (t=3 e=606) (error -75)
06-11 02:06:24.032  2170  6212 W HwPhoneLayoutInflater: onCreateView : ClassNotFoundException, In this case we want to let the base class take a crack at it
06-11 02:06:24.032  2170  6213 W HwPhoneLayoutInflater: onCreateView : ClassNotFoundException, In this case we want to let the base class take a crack at it
06-11 02:06:24.034  2170  6214 W HwPhoneLayoutInflater: onCreateView : ClassNotFoundException, In this case we want to let the base class take a crack at it
06-11 02:06:24.059  2170  2170 I PanelBar: panelExpansionChanged 0.0, true
06-11 02:06:24.060  2170  2170 I KeyguardFingerPrintView: FingerPrint:: onVisibilityChanged visibility = 0,mIsSupportHover=falsefalsetrue
06-11 02:06:24.061  2170  2170 D PhoneStatusBar: Make expanded visible: expanded visible=false, force=false, panelsEnabled=true
06-11 02:06:24.061  2170  2170 W AppHandler: sendImmediateMessage 18 with args (1, 0)
06-11 02:06:24.061  2170  2170 W HwLockScreenPanel: Handle message: 18
06-11 02:06:24.061  2170  2170 W FillLightViewManager: handleMessage 18
06-11 02:06:24.061  2170  2170 D FillLightViewManager: nothing to do 18
06-11 02:06:24.062  2170  2170 D PhoneStatusBar: disable: < expand ICONS* alerts SYSTEM_INFO* back home recent clock navigationbar search quick_settings >
06-11 02:06:24.063  2170  2170 I PhoneStatusBarView: setAlpha with value : 0.0
06-11 02:06:24.065  2170  2170 W ScrimController: startScrimAnimation 1.0 @ com.android.systemui.statusbar.AlphaOptimizedView{1cb2195 V.ED..... ........ 0,0-720,500 #7f1404d7 app:id/heads_up_scrim}
06-11 02:06:24.065  2170  2170 I PhoneStatusBar: updateNotificationShade: total=0, active=0
06-11 02:06:24.065  2170  2170 W PhoneStatusBar: updateNotificationShade hasFaceDT: false; Detected:false
06-11 02:06:24.066  2170  2170 I PhoneStatusBar: updateNotificationShade: total=1, active=1
06-11 02:06:24.066  2170  2170 W PhoneStatusBar: updateNotificationShade hasFaceDT: false; Detected:false
06-11 02:06:24.126  2399  2915 I ash     : 1359 binder call 2170
06-11 02:06:24.145  2170  2170 W HwKeyguardDragHelper: AnimationBlocked
06-11 02:06:24.452  2170  2170 W HwKeyguardDragHelper: AnimationBlocked
06-11 02:06:24.501   825   852 E libnav  : CablComputeBacklightLevel(): UpdateType = DifferentSceneUpdate
06-11 02:06:25.065  2170  2170 I PhoneStatusBarView: mDelayedGetViewPositionOnScreen getLocationInWindow 0 0
06-11 02:06:25.065  2170  2170 I PhoneStatusBarView: mDelayedGetViewPositionOnScreen getLocationOnScreen 0 0
06-11 02:06:27.792   951   951 D         : [D/basp_control] basp executing
06-11 02:06:27.792   951   951 D         : [D/basp_control] learned_fcc[0]:3111000
06-11 02:06:27.792   951   951 D         : [D/basp_control] learned_fcc[1]:3143000
06-11 02:06:27.792   951   951 D         : [D/basp_control] learned_fcc[2]:3175000
06-11 02:06:27.792   951   951 D         : [D/IsNeedExecDelayPolicy] the state of the delay policy is 0
06-11 02:06:27.792   951   951 D         : [D/GetBaspLevel] baspIndex = 3
06-11 02:06:27.799  1359  2007 D HwBatteryService: onUEvent fcpStatus = 0,scpStatus =0,ovpStatus=0
06-11 02:06:27.801  1359  2007 I HwBatteryService: quick charge status : 0
06-11 02:06:27.802   889   889 W hvdcp_opti: type=1400 audit(0.0:474): avc: denied { read } for name="dp_dm" dev="sysfs" ino=39780 scontext=u:r:hvdcp:s0 tcontext=u:object_r:sysfs:s0 tclass=file permissive=0
06-11 02:06:27.802   889   889 W hvdcp_opti: type=1400 audit(0.0:475): avc: denied { read } for name="input_current_limited" dev="sysfs" ino=39781 scontext=u:r:hvdcp:s0 tcontext=u:object_r:sysfs:s0 tclass=file permissive=0
06-11 02:06:27.802   889   889 W hvdcp_opti: type=1400 audit(0.0:476): avc: denied { read } for name="input_current_limited" dev="sysfs" ino=39781 scontext=u:r:hvdcp:s0 tcontext=u:object_r:sysfs:s0 tclass=file permissive=0
06-11 02:06:27.802   889   889 W hvdcp_opti: type=1400 audit(0.0:477): avc: denied { read } for name="charge_type" dev="sysfs" ino=39752 scontext=u:r:hvdcp:s0 tcontext=u:object_r:sysfs:s0 tclass=file permissive=0
06-11 02:06:27.802   889   889 W hvdcp_opti: type=1400 audit(0.0:478): avc: denied { read } for name="die_health" dev="sysfs" ino=39786 scontext=u:r:hvdcp:s0 tcontext=u:object_r:sysfs:s0 tclass=file permissive=0
06-11 02:06:27.819  1359  2496 I BatteryService: normal charge status : 1
06-11 02:06:27.820   754   754 D qdlights: set_speaker_light_locked: get  property HWDUB-Q 
06-11 02:06:27.820   754   754 D qdlights: write_init ok
06-11 02:06:27.821   754   754 D qdlights: write_init ok
06-11 02:06:27.821   754   754 D qdlights: set_speaker_light_locked mode=0, colorRGB=FFFFFF00, onMS=0, offMS=0, rc=0
06-11 02:06:27.823  2170  2170 D KeyguardUpdateMonitor: received broadcast android.intent.action.BATTERY_CHANGED
06-11 02:06:27.826  1359  1359 D WifiService: onReceive, action:android.intent.action.BATTERY_CHANGED
06-11 02:06:27.826  1359  1359 D WifiService: ACTION_BATTERY_CHANGED pluggedType: 0
06-11 02:06:27.826  2170  2170 W KeyguardUpdateMonitor: ACTION_BATTERY_CHANGED AMP: 0; Volt: 0
06-11 02:06:27.826  3893  3893 I Cloud[10.13.20.300]Sync.SyncObserverService: batteryStatus: 2
06-11 02:06:27.826  1359  1359 I Telecom-ChargingStatusManager: onChargingStatusChanged, mIsCharging: false -> true
06-11 02:06:27.826  2170  2170 I HwKeyguardUpdateMonitor: block face Detect as Usb-Plugin
06-11 02:06:27.826  2170  2170 I KgBattery: (last-new)Status: null -> 1, chargeState=1 * branch=1
06-11 02:06:27.827  2170  2170 I GlobalContext: Work is scheduled. com.android.systemui.battery.-$Lambda$lfi2AU3i1xDKGC7m-gvD3SF2XpQ@2ba90d0
06-11 02:06:27.828  2399  2399 I MsgReceiver: intent action: android.intent.action.BATTERY_CHANGED
06-11 02:06:27.835  2170  2170 I KeyguardUtils: fpPath=sys/class/hw_power/charger/charge_data/chargerType, value=5
06-11 02:06:27.840  2170  2170 I KeyguardUtils: fpPath=sys/class/hw_power/charger/charge_data/chargerType, value=5
06-11 02:06:27.843  4069  4069 I Cloud[10.13.20.300]Album.BatteryProcessor: batteryStatus: 2
06-11 02:06:27.843  4069  4069 I Cloud[10.13.20.300]Album.SyncStrategy: begin initState, mask: 256, flag: false
06-11 02:06:27.844  4069  4069 I Cloud[10.13.20.300]Album.CloudAlbumSdkServiceImpl: invokeEvent msgId: 63
06-11 02:06:27.844  4069  4069 I Cloud[10.13.20.300]Finder.LowPowerReport: LowPowerReport action...android.intent.action.BATTERY_CHANGED
06-11 02:06:27.844  4069  4401 I Cloud[10.13.20.300]Album.CloudAlbumSdkLogic: dealStateChangedEvent, syncState: 1, state: 6160
06-11 02:06:27.844  4069  4401 I Cloud[10.13.20.300]Album.CloudAlbumSdkServiceImpl: sendCallbackMsg msgId: 9099
06-11 02:06:27.844  2170  2170 I KeyguardUtils: fpPath=sys/class/hw_power/charger/charge_data/chargerType, value=5
06-11 02:06:27.844  4069  4069 I Cloud[10.13.20.300]Finder.AntiTheftInf: AntiTheftManagerEx getEnable = true from cache
06-11 02:06:27.844  4069  4069 I Cloud[10.13.20.300]Finder.AntiTheftInf: AntiTheftManagerEx getEnable = true from cache
06-11 02:06:27.846  4069  4069 E Cloud[10.13.20.300]Finder.LowPowerReport: isNetWorkConnected false
06-11 02:06:27.848  2170  2170 I KeyguardUtils: fpPath=sys/class/hw_power/charger/charge_data/chargerType, value=5
06-11 02:06:27.852  2170  2170 I KeyguardUtils: fpPath=sys/class/hw_power/charger/charge_data/chargerType, value=5
06-11 02:06:27.853  3604  4235 I chatty  : uid=10057(com.huawei.hwid) pps-msg-queue expire 1 line
06-11 02:06:27.854  2170  2170 V KeyguardUpdateMonitor: RefreshBatteryInfo isBatteryLow: 20
06-11 02:06:27.854  2170  2170 W KeyguardUpdateMonitor: ChargingSpeed  Wattage: -1 ST: 5000000 --> 7500000
06-11 02:06:27.854  2170  2170 I KgBattery: BatteryInfo updated:  2lpc-1
06-11 02:06:27.854  2170  2170 W AppHandler: sendMessage with obj100
06-11 02:06:27.854  2170  2170 D KeyguardUpdateMonitor: handleBatteryUpdate
06-11 02:06:27.854  2170  2170 V KeyguardUpdateMonitor: RefreshBatteryInfo isBatteryLow: 20
06-11 02:06:27.854  2170  2170 W ChargingAnimController: Add charging view is skiped as occluded or not showing.
06-11 02:06:27.854  4300  4381 D Gallery_cloud_SdkCallback: onSyncStrategyStateChanged syncState=1 state=6160
06-11 02:06:27.860  2170  2170 W HwKeyguardDragHelper: AnimationBlocked
06-11 02:06:27.864  2170  2170 W HwKgdBArea_BTY: updateBatteryInfo : false  true
06-11 02:06:27.864  2170  2285 W KgBattery: getCharge info with type: text
