06-11 01:58:34.012  1359  5770 W ActivityManager: Unable to start service Intent { act=ACTION_CLEAR_SERVICE cmp=com.huawei.systemmanager/com.qihoo.cleandroid.sdk.ApkScanService } U=0: not found
06-11 01:58:34.974  1359  5770 W ActivityManager: Unbind failed: could not find connection for android.os.BinderProxy@93c333a
06-11 01:58:37.994  1359  1885 V ActivityManager: startProcess: name=com.android.defcontainer app=null knownToBeDead=true thread=null pid=-1
06-11 01:58:38.018  1359  1885 I ActivityManager: Start proc 5820:com.android.defcontainer/u0a14 for service com.android.defcontainer/.DefaultContainerService
06-11 01:58:38.049  5820  5820 D ActivityThread: Attach thread to application
06-11 01:58:38.260  1359  2021 I ActivityManager: Killing 5149:com.huawei.mmitest/1000 (adj 906): empty #17
06-11 01:58:38.277  1359  5770 D ActivityManager: cleanUpApplicationRecord app: ProcessRecord{1fc3306 5149:com.huawei.mmitest/1000}, app.bad: false, restarting: false, allowRestart: true
06-11 01:58:38.376  1359  1359 W HwAlarmManagerService: isContainsAppUidInWorksource-->happend NameNotFoundException
06-11 01:58:38.376  1359  1359 W HwAlarmManagerService: isContainsAppUidInWorksource-->happend NameNotFoundException
06-11 01:58:38.377  1359  1359 I HwAlarmManagerService: hwSetAlarm listenerTag: *job.deadline*
06-11 01:58:38.378  1359  1359 I JobScheduler.Time: mNextJobExpiredElapsedMillis: 3069311
06-11 01:58:38.379  1359  1359 D JobServiceContext: Scheduling time out for 'com.android.server.pm.BackgroundDexOptService' jId: 801, in 18 s
06-11 01:58:38.383  1359  1359 W HwAlarmManagerService: isContainsAppUidInWorksource-->happend NameNotFoundException
06-11 01:58:38.384  2688  2688 W ContextImpl: Calling a method in the system process without a qualified user: android.app.ContextImpl.stopService:1720 android.content.ContextWrapper.stopService:667 com.huawei.systemmanager.spacecleanner.autoclean.AutoCleanService.stopSelfService:116 com.huawei.systemmanager.spacecleanner.autoclean.AutoCleanService$AutoCleanTask.doTaskEnd:363 com.huawei.systemmanager.spacecleanner.autoclean.AutoCleanService$AutoCleanTask.onPostExecute:347 
06-11 01:58:38.384  1359  1359 W HwAlarmManagerService: isContainsAppUidInWorksource-->happend NameNotFoundException
06-11 01:58:38.384  1359  1359 I HwAlarmManagerService: hwSetAlarm listenerTag: *job.delay*
06-11 01:58:38.385  1359  1359 I JobScheduler.Time: mNextDelayExpiredElapsedMillis: 3069311
06-11 01:58:38.387  1359  1359 D JobServiceContext: handleServiceBound for c801f41 #1000/801 android/com.android.server.pm.BackgroundDexOptService
06-11 01:58:38.388  1359  1359 D JobServiceContext: Scheduling time out for 'com.android.server.pm.BackgroundDexOptService' jId: 801, in 8 s
06-11 01:58:38.392  1359  1359 D JobServiceContext: doCallback of : JobStatus{c801f41 #1000/801 android/com.android.server.pm.BackgroundDexOptService u=0 s=1000 TIME=-19ms:-19ms READY} v:VERB_STARTING
06-11 01:58:38.392  1359  1359 D JobServiceContext: Scheduling time out for 'com.android.server.pm.BackgroundDexOptService' jId: 801, in 600 s
06-11 01:58:38.783  1359  1359 I HwAudioService: check HiRes Icon false
06-11 01:58:39.838  1359  2276 E Watchdog: Failed to write to /sys/kernel/hungtask/vm_heart
06-11 01:58:39.838  1359  2276 E Watchdog: java.io.FileNotFoundException: /sys/kernel/hungtask/vm_heart (Permission denied)
06-11 01:58:39.838  1359  2276 E Watchdog: 	at java.io.FileOutputStream.open0(Native Method)
06-11 01:58:39.838  1359  2276 E Watchdog: 	at java.io.FileOutputStream.open(FileOutputStream.java:287)
06-11 01:58:39.838  1359  2276 E Watchdog: 	at java.io.FileOutputStream.<init>(FileOutputStream.java:223)
06-11 01:58:39.838  1359  2276 E Watchdog: 	at java.io.FileOutputStream.<init>(FileOutputStream.java:110)
06-11 01:58:39.838  1359  2276 E Watchdog: 	at com.android.server.Watchdog.writeHungtask(Watchdog.java:904)
06-11 01:58:39.838  1359  2276 E Watchdog: 	at com.android.server.Watchdog.run(Watchdog.java:563)
06-11 01:58:40.215  1359  1359 D JobServiceContext: doCallback of : JobStatus{c801f41 #1000/801 android/com.android.server.pm.BackgroundDexOptService u=0 s=1000 TIME=-1s842ms:-1s842ms READY} v:VERB_EXECUTING
06-11 01:58:40.617  2381  2560 E NonHardAccelPkgs: Error writing non-hardware-accelerated packages: Couldn't create directory /data/misc/hwsystemserver/packages-nonhardaccel.xml
06-11 01:58:48.054  1359  2021 I ActivityManager: Killing 4654:com.huawei.vassistant/u0a73 (adj 904): empty #17
06-11 01:58:48.055  1359  2021 I ActivityManager: Killing 5240:com.huawei.systemmanager/1000 (adj 906): empty #18
06-11 01:58:48.071  1359  2021 D ActivityManager: cleanUpApplicationRecord app: ProcessRecord{bdcd483 4654:com.huawei.vassistant/u0a73}, app.bad: false, restarting: false, allowRestart: true
06-11 01:58:48.084  1359  5770 D ActivityManager: cleanUpApplicationRecord app: ProcessRecord{bbf98e 5240:com.huawei.systemmanager/1000}, app.bad: false, restarting: false, allowRestart: true
06-11 01:58:48.576  1359  1359 I HwAudioService: check HiRes Icon false
06-11 01:58:48.585  1359  1359 I HwAudioService: check HiRes Icon false
06-11 01:58:50.824  1359  5770 I ActivityManager: Killing 2820:com.android.settings/1000 (adj 904): empty #17
06-11 01:58:50.846  1359  2450 D ActivityManager: cleanUpApplicationRecord app: ProcessRecord{e9d1aed 2820:com.android.settings/1000}, app.bad: false, restarting: false, allowRestart: true
06-11 01:58:51.176  1359  1655 W BroadcastQueue: Permission Denial: broadcasting Intent { act=com.huawei.gallery.action.ACTION_CHANGE flg=0x10 } from com.android.gallery3d (pid=5580, uid=10024) requires com.android.gallery3d.permission.SEARCH_CHANGE_NOTIFY due to registered receiver BroadcastFilter{c04ccdc u0 ReceiverList{5666d4f 4300 com.android.gallery3d/10024/u0 remote:44f4bae}}
06-11 01:58:51.351  1359  1359 I HwAudioService: check HiRes Icon false
06-11 01:58:56.108  1359  1359 W ContextImpl: Calling a method in the system process without a qualified user: android.app.ContextImpl.startService:1708 android.content.ContextWrapper.startService:657 android.content.ContextWrapper.startService:657 com.android.providers.settings.RingtoneUriAutoCorrector.onReceive:54 android.app.ActivityThread.handleReceiver:3793 
06-11 01:59:25.709  1359  2023 I AlarmManager: remove alarm.operation :6a5ea1c according to operation:6a5ea1c
06-11 01:59:25.712  1359  2023 D SmartHeartBeat: isPendingPackage, false, pkg:com.android.deskclock, action:com.android.deskclock.ALARM_ALERT,not pending alarm with AlarmClockInfo
06-11 01:59:25.714  1359  2023 I AlarmManager: remove alarm.operation :7384f8e according to operation:7384f8e
06-11 01:59:25.714  1359  2023 D SmartHeartBeat: isPendingPackage, false, pkg:com.android.deskclock, action:com.android.deskclock.ALARM_ALERT,not pending alarm with AlarmClockInfo
06-11 01:59:25.716  1359  2023 D SmartHeartBeat: isPendingPackage, false, pkg:com.android.deskclock, action:com.android.deskclock.ALARM_ALERT,not pending alarm with AlarmClockInfo
06-11 01:59:25.719  1359  2023 I HwAlarmManagerService: hwSetAlarm listenerTag: time_tick
06-11 01:59:25.724  1359  2007 D HwBatteryService: onUEvent fcpStatus = 0,scpStatus =0,ovpStatus=0
06-11 01:59:25.724  1359  2007 I HwBatteryService: quick charge status : 0
06-11 01:59:25.726  1359  2007 D HwBatteryService: onUEvent fcpStatus = 0,scpStatus =0,ovpStatus=0
06-11 01:59:25.727  1359  2007 I HwBatteryService: quick charge status : 0
06-11 01:59:25.748  1359  1359 I EyeProtectionControllerImpl: onReceive intent action = android.intent.action.TIME_SET
06-11 01:59:25.754  1359  1359 D ConditionProviders.SCP: onReceive android.intent.action.TIME_SET
06-11 01:59:25.754  1359  1359 D ConditionProviders.SCP: notifyCondition condition://android/schedule?days=1.7&start=22.0&end=7.0&exitAtAlarm=false STATE_FALSE reason=!meetsSchedule
06-11 01:59:25.756  1359  2450 I BatteryService: normal charge status : 1
06-11 01:59:25.761  1359  1359 I AlarmManager: remove alarm.operation :85637b7 according to operation:2f5bfa8
06-11 01:59:25.762  1359  1359 D SmartHeartBeat: isPendingPackage, false, pkg:com.android.deskclock, action:com.android.deskclock.ALARM_ALERT,not pending alarm with AlarmClockInfo
06-11 01:59:25.763  1359  1708 E BatteryExternalStatsWorker: no controller energy info supplied for wifi
06-11 01:59:25.763  1359  1708 E BatteryExternalStatsWorker: no controller energy info supplied for bluetooth
06-11 01:59:25.764  1359  1359 D ConditionProviders.SCP: Scheduling evaluate for Tue Jun 11 07:00:00 GMT+08:00 2024 (1718060400000), in +5h0m34s246ms, now=Tue Jun 11 01:59:25 GMT+08:00 2024 (1718042365754)
06-11 01:59:25.778  1359  1359 D WifiService: onReceive, action:android.intent.action.BATTERY_CHANGED
06-11 01:59:25.778  1359  1359 D WifiService: ACTION_BATTERY_CHANGED pluggedType: 1
06-11 01:59:25.803  1359  1708 E KernelUidCpuFreqTimeReader: Failed to read /proc/uid_time_in_state: java.io.FileNotFoundException: /proc/uid_time_in_state (No such file or directory)
06-11 01:59:25.804  1359  1708 E KernelCpuSpeedReader: Failed to read cpu-freq: /sys/devices/system/cpu/cpu0/cpufreq/stats/time_in_state (No such file or directory)
06-11 01:59:25.805  1359  1708 E KernelCpuSpeedReader: Failed to read cpu-freq: /sys/devices/system/cpu/cpu4/cpufreq/stats/time_in_state (No such file or directory)
06-11 01:59:25.815  1359  1655 E KernelCpuSpeedReader: Failed to read cpu-freq: /sys/devices/system/cpu/cpu0/cpufreq/stats/time_in_state (No such file or directory)
06-11 01:59:25.816  1359  1655 E KernelCpuSpeedReader: Failed to read cpu-freq: /sys/devices/system/cpu/cpu4/cpufreq/stats/time_in_state (No such file or directory)
06-11 01:59:25.947  1359  5867 I AlarmManager: remove alarm.operation :bb2e54 according to operation:c881fd
06-11 01:59:25.948  1359  5867 D SmartHeartBeat: isPendingPackage, false, pkg:com.android.deskclock, action:com.android.deskclock.ALARM_ALERT,not pending alarm with AlarmClockInfo
06-11 01:59:25.954  1359  1655 V BroadcastQueue: Finished with ordered broadcast BroadcastRecord{10b53af u-1 android.intent.action.TIME_SET}
06-11 01:59:25.954  1359  2089 I AlarmManager: remove alarm.operation :c64e9e3 according to operation:659943
06-11 01:59:25.955  1359  2089 D SmartHeartBeat: isPendingPackage, false, pkg:com.android.deskclock, action:com.android.deskclock.ALARM_ALERT,not pending alarm with AlarmClockInfo
06-11 01:59:25.956  1359  1655 V ActivityManager: startProcess: name=com.android.deskclock app=null knownToBeDead=true thread=null pid=-1
06-11 01:59:25.975  1359  1655 I ActivityManager: Start proc 5902:com.android.deskclock/u0a58 for broadcast com.android.deskclock/.AlarmInitReceiver
06-11 01:59:26.011  5902  5902 D ActivityThread: Attach thread to application
06-11 01:59:26.029  1359  5711 V ActivityManager: startProcess: name=com.huawei.android.thememanager app=null knownToBeDead=true thread=null pid=-1
06-11 01:59:26.046  1359  5711 I ActivityManager: Start proc 5921:com.huawei.android.thememanager/u0a70 for broadcast com.huawei.android.thememanager/.mvp.view.broadcast.BroadcastCenter
06-11 01:59:26.073  5921  5921 D ActivityThread: Attach thread to application
06-11 01:59:26.202  1359  2496 I AlarmManager: remove alarm.operation :de70f78 according to operation:d391a4a
06-11 01:59:26.202  1359  2496 D HwAlarmManagerService: remove shutdownAlarm : none
06-11 01:59:26.216  1359  2496 W HwAlarmManagerService: decideRtcPriorityRemove--remove com.android.deskclock
06-11 01:59:26.216  1359  2496 D HwAlarmManagerService: mHwWakeupBoot have clear
06-11 01:59:26.216  1359  2496 D HwAlarmManagerService: remove RTC alarm time Locked
06-11 01:59:26.218  1359  2496 D SmartHeartBeat: isPendingPackage, false, pkg:com.android.deskclock, action:com.android.deskclock.ALARM_ALERT,not pending alarm with AlarmClockInfo
06-11 01:59:26.219  1359  2496 D HwAlarmManagerService: set shutdownAlarm 1 1718056800000
06-11 01:59:26.251  1359  2496 D HwAlarmManagerService: decideRtcPrioritySet--put com.android.deskclock,to map
06-11 01:59:26.251  1359  2496 D HwAlarmManagerService: have calculate RTC result and will set to lock
06-11 01:59:26.252  1359  2496 D HwAlarmManagerService: set RTC alarm Locked, time = 2024-06-11 06:00:00
06-11 01:59:26.257  1359  1359 D ConditionProviders.SCP: onReceive android.app.action.NEXT_ALARM_CLOCK_CHANGED
06-11 01:59:26.257  1359  1359 D ConditionProviders.SCP: notifyCondition condition://android/schedule?days=1.7&start=22.0&end=7.0&exitAtAlarm=false STATE_FALSE reason=!meetsSchedule
06-11 01:59:26.258  1359  1359 I AlarmManager: remove alarm.operation :2f5bfa8 according to operation:68eedbb
06-11 01:59:26.259  1359  1359 D SmartHeartBeat: isPendingPackage, false, pkg:com.android.deskclock, action:com.android.deskclock.ALARM_ALERT,not pending alarm with AlarmClockInfo
06-11 01:59:26.261  1359  1359 D ConditionProviders.SCP: Scheduling evaluate for Tue Jun 11 07:00:00 GMT+08:00 2024 (1718060400000), in +5h0m33s743ms, now=Tue Jun 11 01:59:26 GMT+08:00 2024 (1718042366257)
06-11 01:59:26.327  1359  5711 V BroadcastQueue: Finished with ordered broadcast BroadcastRecord{3a89ef2 u-1 android.intent.action.TIME_SET}
06-11 01:59:26.328  1359  5711 V ActivityManager: startProcess: name=com.huawei.android.hwouc app=null knownToBeDead=true thread=null pid=-1
06-11 01:59:26.347  1359  5711 I ActivityManager: Start proc 5950:com.huawei.android.hwouc/u0a60 for broadcast com.huawei.android.hwouc/.provider.DownloadReceiver
06-11 01:59:26.368  5950  5950 D ActivityThread: Attach thread to application
06-11 01:59:26.542  5651  5668 W ContextImpl: Calling a method in the system process without a qualified user: android.app.ContextImpl.sendBroadcast:1110 android.content.ContextWrapper.sendBroadcast:437 com.huawei.android.pushagent.utils.d.gb:761 com.huawei.android.pushagent.utils.d.gw:749 com.huawei.android.pushagent.model.c.b.tr:456 
06-11 01:59:26.583  1359  5711 V BroadcastQueue: Finished with ordered broadcast BroadcastRecord{ec62d8 u-1 android.intent.action.TIME_SET}
06-11 01:59:26.584  1359  5711 V ActivityManager: startProcess: name=com.huawei.android.hwouc:usersurvey app=null knownToBeDead=true thread=null pid=-1
06-11 01:59:26.599  1359  5711 I ActivityManager: Start proc 5975:com.huawei.android.hwouc:usersurvey/u0a60 for broadcast com.huawei.android.hwouc/.romsurvey.check.AutoCheckReceiver
06-11 01:59:26.624  5975  5975 D ActivityThread: Attach thread to application
06-11 01:59:26.689  1359  2450 V BroadcastQueue: Finished with ordered broadcast BroadcastRecord{4f69116 u-1 android.intent.action.TIME_SET}
06-11 01:59:27.106  5921  5997 W FileUtils: Failed to chmod(/data/themes/0/unlock): android.system.ErrnoException: chmod failed: EPERM (Operation not permitted)
06-11 01:59:27.138  5921  5997 W FileUtils: Failed to chmod(/data/themes/0/unlock/theme.xml): android.system.ErrnoException: chmod failed: EPERM (Operation not permitted)
06-11 01:59:27.152  1359  5711 D JobServiceContext: Scheduling time out for '.mvp.view.service.ThemeService' jId: 1003, in 18 s
06-11 01:59:27.169  1359  5711 V BroadcastQueue: Finished with ordered broadcast BroadcastRecord{922ae90 u0 android.intent.action.MEDIA_SCANNER_FINISHED}
06-11 01:59:27.180  1359  5711 V BroadcastQueue: Finished with ordered broadcast BroadcastRecord{bae2d9e u0 android.intent.action.MEDIA_SCANNER_STARTED}
06-11 01:59:27.185  1359  1359 D JobServiceContext: handleServiceBound for e0a7e52 #u0a70/1003 com.huawei.android.thememanager/.mvp.view.service.ThemeService
06-11 01:59:27.185  1359  1359 D JobServiceContext: Scheduling time out for '.mvp.view.service.ThemeService' jId: 1003, in 8 s
06-11 01:59:27.187  1359  5867 D JobServiceContext: doCallback of : JobStatus{e0a7e52 #u0a70/1003 com.huawei.android.thememanager/.mvp.view.service.ThemeService u=0 s=10070 TIME=none:-35ms READY} v:VERB_STARTING
06-11 01:59:27.187  1359  5867 D JobServiceContext: Scheduling time out for '.mvp.view.service.ThemeService' jId: 1003, in 600 s
06-11 01:59:27.189  1359  5711 D JobServiceContext: doCallback of : JobStatus{e0a7e52 #u0a70/1003 com.huawei.android.thememanager/.mvp.view.service.ThemeService u=0 s=10070 TIME=none:-37ms READY} v:VERB_EXECUTING
06-11 01:59:27.194  1359  5867 D JobServiceContext: Scheduling time out for '.mvp.view.service.ThemeService' jId: 1003, in 18 s
06-11 01:59:27.194  1359  2450 V BroadcastQueue: Finished with ordered broadcast BroadcastRecord{143c07f u0 com.android.calendar.widget.UPDATE_WIDGET_STATUS}
06-11 01:59:27.215  1359  1359 D JobServiceContext: handleServiceBound for fb9d84c #u0a70/1003 com.huawei.android.thememanager/.mvp.view.service.ThemeService
06-11 01:59:27.215  1359  1359 D JobServiceContext: Scheduling time out for '.mvp.view.service.ThemeService' jId: 1003, in 8 s
06-11 01:59:27.216  1359  5711 D JobServiceContext: doCallback of : JobStatus{fb9d84c #u0a70/1003 com.huawei.android.thememanager/.mvp.view.service.ThemeService u=0 s=10070 TIME=none:-23ms READY} v:VERB_STARTING
06-11 01:59:27.216  1359  5711 D JobServiceContext: Scheduling time out for '.mvp.view.service.ThemeService' jId: 1003, in 600 s
06-11 01:59:27.218  1359  2450 D JobServiceContext: doCallback of : JobStatus{fb9d84c #u0a70/1003 com.huawei.android.thememanager/.mvp.view.service.ThemeService u=0 s=10070 TIME=none:-24ms READY} v:VERB_EXECUTING
06-11 01:59:27.479  1359  5711 I BatteryService: normal charge status : 1
06-11 01:59:27.484  1359  1359 D WifiService: onReceive, action:android.intent.action.BATTERY_CHANGED
06-11 01:59:27.484  1359  1359 D WifiService: ACTION_BATTERY_CHANGED pluggedType: 1
06-11 01:59:27.636  1359  2007 D HwBatteryService: onUEvent fcpStatus = 0,scpStatus =0,ovpStatus=0
06-11 01:59:27.637  1359  2007 I HwBatteryService: quick charge status : 0
06-11 01:59:27.643  1359  5711 I BatteryService: normal charge status : 1
06-11 01:59:27.647  1359  1359 D WifiService: onReceive, action:android.intent.action.BATTERY_CHANGED
06-11 01:59:27.648  1359  1359 D WifiService: ACTION_BATTERY_CHANGED pluggedType: 1
06-11 01:59:27.734  1359  1359 W ContextImpl: Calling a method in the system process without a qualified user: android.app.ContextImpl.startService:1708 android.content.ContextWrapper.startService:657 android.content.ContextWrapper.startService:657 com.android.providers.settings.RingtoneUriAutoCorrector.onReceive:54 android.app.ActivityThread.handleReceiver:3793 
06-11 01:59:27.753  1359  2450 D JobServiceContext: Scheduling time out for '.mvp.view.service.ThemeService' jId: 1003, in 18 s
06-11 01:59:27.758  1359  5711 V BroadcastQueue: Finished with ordered broadcast BroadcastRecord{d948111 u0 android.intent.action.MEDIA_SCANNER_FINISHED}
06-11 01:59:27.758  1359  1359 D JobServiceContext: handleServiceBound for 518e4e4 #u0a70/1003 com.huawei.android.thememanager/.mvp.view.service.ThemeService
06-11 01:59:27.758  1359  1359 D JobServiceContext: Scheduling time out for '.mvp.view.service.ThemeService' jId: 1003, in 8 s
06-11 01:59:27.760  1359  2450 D JobServiceContext: doCallback of : JobStatus{518e4e4 #u0a70/1003 com.huawei.android.thememanager/.mvp.view.service.ThemeService u=0 s=10070 TIME=none:-9ms READY} v:VERB_STARTING
06-11 01:59:27.760  1359  2450 D JobServiceContext: Scheduling time out for '.mvp.view.service.ThemeService' jId: 1003, in 600 s
06-11 01:59:27.811  1359  2450 D JobServiceContext: doCallback of : JobStatus{518e4e4 #u0a70/1003 com.huawei.android.thememanager/.mvp.view.service.ThemeService u=0 s=10070 TIME=none:-60ms READY} v:VERB_EXECUTING
06-11 01:59:30.802  1359  2450 V BroadcastQueue: Finished with ordered broadcast BroadcastRecord{d0f3a4e u0 com.android.providers.calendar.intent.CalendarProvider2}
06-11 01:59:30.828  1359  2450 I AlarmManager: remove alarm.operation :7833886 according to operation:989ec7c
06-11 01:59:30.830  1359  2450 D SmartHeartBeat: isPendingPackage, false, pkg:com.android.deskclock, action:com.android.deskclock.ALARM_ALERT,not pending alarm with AlarmClockInfo
06-11 01:59:53.841  1359  5867 I ActivityManager: Process com.android.deskclock (pid 5902) has died: cch  CEM 
06-11 01:59:53.841  1359  5867 D ActivityManager: cleanUpApplicationRecord app: ProcessRecord{cc6dbc0 5902:com.android.deskclock/u0a58}, app.bad: false, restarting: false, allowRestart: true
06-11 02:00:29.163  1359  2329 I BatteryService: normal charge status : 1
06-11 02:00:29.166  1359  1359 I HwAudioService: check HiRes Icon false
06-11 02:00:29.171  1359  1359 D WifiService: onReceive, action:android.intent.action.BATTERY_CHANGED
06-11 02:00:29.171  1359  1359 D WifiService: ACTION_BATTERY_CHANGED pluggedType: 1
06-11 02:00:29.371  1359  2007 D HwBatteryService: onUEvent fcpStatus = 0,scpStatus =0,ovpStatus=0
06-11 02:00:29.371  1359  2007 I HwBatteryService: quick charge status : 0
06-11 02:00:29.375  1359  2007 D HwBatteryService: onUEvent fcpStatus = 0,scpStatus =0,ovpStatus=0
06-11 02:00:29.375  1359  2007 I HwBatteryService: quick charge status : 0
06-11 02:00:29.384  1359  5711 I BatteryService: normal charge status : 1
06-11 02:00:29.389  1359  1359 D WifiService: onReceive, action:android.intent.action.BATTERY_CHANGED
06-11 02:00:29.389  1359  1708 E BatteryExternalStatsWorker: no controller energy info supplied for wifi
06-11 02:00:29.389  1359  1359 D WifiService: ACTION_BATTERY_CHANGED pluggedType: 1
06-11 02:00:29.389  1359  1708 E BatteryExternalStatsWorker: no controller energy info supplied for bluetooth
06-11 02:00:29.411  1359  1655 E KernelCpuSpeedReader: Failed to read cpu-freq: /sys/devices/system/cpu/cpu0/cpufreq/stats/time_in_state (No such file or directory)
06-11 02:00:29.411  1359  1655 E KernelCpuSpeedReader: Failed to read cpu-freq: /sys/devices/system/cpu/cpu4/cpufreq/stats/time_in_state (No such file or directory)
06-11 02:00:29.422  1359  1708 E KernelUidCpuFreqTimeReader: Failed to read /proc/uid_time_in_state: java.io.FileNotFoundException: /proc/uid_time_in_state (No such file or directory)
06-11 02:00:29.423  1359  1708 E KernelCpuSpeedReader: Failed to read cpu-freq: /sys/devices/system/cpu/cpu0/cpufreq/stats/time_in_state (No such file or directory)
06-11 02:00:29.423  1359  1708 E KernelCpuSpeedReader: Failed to read cpu-freq: /sys/devices/system/cpu/cpu4/cpufreq/stats/time_in_state (No such file or directory)
06-11 02:00:29.512  1359  2007 D HwBatteryService: onUEvent fcpStatus = 0,scpStatus =0,ovpStatus=0
06-11 02:00:29.512  1359  2007 I HwBatteryService: quick charge status : 0
06-11 02:00:29.517  1359  5711 I BatteryService: normal charge status : 1
06-11 02:00:29.521  1359  1359 D WifiService: onReceive, action:android.intent.action.BATTERY_CHANGED
06-11 02:00:29.521  1359  1359 D WifiService: ACTION_BATTERY_CHANGED pluggedType: 1
06-11 02:00:32.793  1359  2007 D HwBatteryService: onUEvent fcpStatus = 0,scpStatus =0,ovpStatus=0
06-11 02:00:32.795  1359  2007 I HwBatteryService: quick charge status : 0
06-11 02:00:32.807  1359  6050 I BatteryService: normal charge status : 1
06-11 02:00:32.814  1359  1359 D WifiService: onReceive, action:android.intent.action.BATTERY_CHANGED
06-11 02:00:32.815  1359  1359 D WifiService: ACTION_BATTERY_CHANGED pluggedType: 1
06-11 02:00:54.206  1359  2007 D HwBatteryService: onUEvent fcpStatus = 0,scpStatus =0,ovpStatus=0
06-11 02:00:54.207  1359  2007 I HwBatteryService: quick charge status : 0
06-11 02:00:54.208  1359  2007 D HwBatteryService: onUEvent fcpStatus = 0,scpStatus =0,ovpStatus=0
06-11 02:00:54.208  1359  2021 I BatteryService: normal charge status : 1
06-11 02:00:54.208  1359  2007 I HwBatteryService: quick charge status : 0
06-11 02:00:54.214  1359  1708 E BatteryExternalStatsWorker: no controller energy info supplied for wifi
06-11 02:00:54.214  1359  1708 E BatteryExternalStatsWorker: no controller energy info supplied for bluetooth
06-11 02:00:54.215  1359  1359 D WifiService: onReceive, action:android.intent.action.BATTERY_CHANGED
06-11 02:00:54.215  1359  1359 D WifiService: ACTION_BATTERY_CHANGED pluggedType: 1
06-11 02:00:54.222  1359  6050 I BatteryService: normal charge status : 1
06-11 02:00:54.234  1359  1708 E KernelUidCpuFreqTimeReader: Failed to read /proc/uid_time_in_state: java.io.FileNotFoundException: /proc/uid_time_in_state (No such file or directory)
06-11 02:00:54.235  1359  1708 E KernelCpuSpeedReader: Failed to read cpu-freq: /sys/devices/system/cpu/cpu0/cpufreq/stats/time_in_state (No such file or directory)
06-11 02:00:54.236  1359  1708 E KernelCpuSpeedReader: Failed to read cpu-freq: /sys/devices/system/cpu/cpu4/cpufreq/stats/time_in_state (No such file or directory)
06-11 02:00:54.264  1359  1655 E KernelCpuSpeedReader: Failed to read cpu-freq: /sys/devices/system/cpu/cpu0/cpufreq/stats/time_in_state (No such file or directory)
06-11 02:00:54.265  1359  1655 E KernelCpuSpeedReader: Failed to read cpu-freq: /sys/devices/system/cpu/cpu4/cpufreq/stats/time_in_state (No such file or directory)
06-11 02:00:54.271  1359  1359 D WifiService: onReceive, action:android.intent.action.BATTERY_CHANGED
06-11 02:00:54.271  1359  1359 D WifiService: ACTION_BATTERY_CHANGED pluggedType: 1
06-11 02:00:54.543  1359  1359 I Telecom-DefaultDialerCache: Refreshing default dialer for user 0: now com.android.contacts
06-11 02:00:56.388  1359  2276 E Watchdog: Failed to write to /sys/kernel/hungtask/vm_heart
06-11 02:00:56.388  1359  2276 E Watchdog: java.io.FileNotFoundException: /sys/kernel/hungtask/vm_heart (Permission denied)
06-11 02:00:56.388  1359  2276 E Watchdog: 	at java.io.FileOutputStream.open0(Native Method)
06-11 02:00:56.388  1359  2276 E Watchdog: 	at java.io.FileOutputStream.open(FileOutputStream.java:287)
06-11 02:00:56.388  1359  2276 E Watchdog: 	at java.io.FileOutputStream.<init>(FileOutputStream.java:223)
06-11 02:00:56.388  1359  2276 E Watchdog: 	at java.io.FileOutputStream.<init>(FileOutputStream.java:110)
06-11 02:00:56.388  1359  2276 E Watchdog: 	at com.android.server.Watchdog.writeHungtask(Watchdog.java:904)
06-11 02:00:56.388  1359  2276 E Watchdog: 	at com.android.server.Watchdog.run(Watchdog.java:563)
06-11 02:01:29.213  1359  6050 I BatteryService: normal charge status : 1
06-11 02:01:29.220  1359  1359 D WifiService: onReceive, action:android.intent.action.BATTERY_CHANGED
06-11 02:01:29.220  1359  1359 D WifiService: ACTION_BATTERY_CHANGED pluggedType: 1
06-11 02:01:29.749  1359  6050 I BatteryService: normal charge status : 1
06-11 02:01:29.750  1359  2007 D HwBatteryService: onUEvent fcpStatus = 0,scpStatus =0,ovpStatus=0
06-11 02:01:29.751  1359  2007 I HwBatteryService: quick charge status : 0
06-11 02:01:29.758  1359  1359 D WifiService: onReceive, action:android.intent.action.BATTERY_CHANGED
06-11 02:01:29.758  1359  1359 D WifiService: ACTION_BATTERY_CHANGED pluggedType: 1
06-11 02:01:33.258  1359  2007 D HwBatteryService: onUEvent fcpStatus = 0,scpStatus =0,ovpStatus=0
06-11 02:01:33.259  1359  2007 I HwBatteryService: quick charge status : 0
06-11 02:01:33.263  1359  2007 D HwBatteryService: onUEvent fcpStatus = 0,scpStatus =0,ovpStatus=0
06-11 02:01:33.264  1359  2007 I HwBatteryService: quick charge status : 0
06-11 02:01:33.279  1359  2441 I BatteryService: normal charge status : 1
06-11 02:01:33.282  1359  1708 E BatteryExternalStatsWorker: no controller energy info supplied for wifi
06-11 02:01:33.282  1359  1708 E BatteryExternalStatsWorker: no controller energy info supplied for bluetooth
06-11 02:01:33.286  1359  1359 D WifiService: onReceive, action:android.intent.action.BATTERY_CHANGED
06-11 02:01:33.286  1359  1359 D WifiService: ACTION_BATTERY_CHANGED pluggedType: 1
06-11 02:01:33.298  1359  1655 E KernelCpuSpeedReader: Failed to read cpu-freq: /sys/devices/system/cpu/cpu0/cpufreq/stats/time_in_state (No such file or directory)
06-11 02:01:33.299  1359  1655 E KernelCpuSpeedReader: Failed to read cpu-freq: /sys/devices/system/cpu/cpu4/cpufreq/stats/time_in_state (No such file or directory)
06-11 02:01:33.305  1359  1708 E KernelCpuSpeedReader: Failed to read cpu-freq: /sys/devices/system/cpu/cpu0/cpufreq/stats/time_in_state (No such file or directory)
06-11 02:01:33.306  1359  1708 E KernelCpuSpeedReader: Failed to read cpu-freq: /sys/devices/system/cpu/cpu4/cpufreq/stats/time_in_state (No such file or directory)
06-11 02:01:33.325  1359  6050 I BatteryService: normal charge status : 1
06-11 02:01:33.388  1359  1359 D WifiService: onReceive, action:android.intent.action.BATTERY_CHANGED
06-11 02:01:33.388  1359  1359 D WifiService: ACTION_BATTERY_CHANGED pluggedType: 1
06-11 02:01:38.080  1359  2007 D HwBatteryService: onUEvent fcpStatus = 0,scpStatus =0,ovpStatus=0
06-11 02:01:38.081  1359  6050 I BatteryService: normal charge status : 1
06-11 02:01:38.081  1359  2007 I HwBatteryService: quick charge status : 0
06-11 02:01:38.088  1359  1359 D WifiService: onReceive, action:android.intent.action.BATTERY_CHANGED
06-11 02:01:38.088  1359  1359 D WifiService: ACTION_BATTERY_CHANGED pluggedType: 1
06-11 02:02:28.202  1359  6050 I BatteryService: normal charge status : 1
06-11 02:02:28.211  1359  1359 D WifiService: onReceive, action:android.intent.action.BATTERY_CHANGED
06-11 02:02:28.211  1359  1359 D WifiService: ACTION_BATTERY_CHANGED pluggedType: 1
06-11 02:02:37.154  1359  2007 D HwBatteryService: onUEvent fcpStatus = 0,scpStatus =0,ovpStatus=0
06-11 02:02:37.155  1359  2007 I HwBatteryService: quick charge status : 0
06-11 02:02:37.162  1359  2007 D HwBatteryService: onUEvent fcpStatus = 0,scpStatus =0,ovpStatus=0
06-11 02:02:37.163  1359  2007 I HwBatteryService: quick charge status : 0
06-11 02:02:37.173  1359  2441 I BatteryService: normal charge status : 1
06-11 02:02:37.176  1359  1708 E BatteryExternalStatsWorker: no controller energy info supplied for wifi
06-11 02:02:37.176  1359  1708 E BatteryExternalStatsWorker: no controller energy info supplied for bluetooth
06-11 02:02:37.180  1359  1359 D WifiService: onReceive, action:android.intent.action.BATTERY_CHANGED
06-11 02:02:37.180  1359  1359 D WifiService: ACTION_BATTERY_CHANGED pluggedType: 1
06-11 02:02:37.196  1359  2441 I BatteryService: normal charge status : 1
06-11 02:02:37.197  1359  1655 E KernelCpuSpeedReader: Failed to read cpu-freq: /sys/devices/system/cpu/cpu0/cpufreq/stats/time_in_state (No such file or directory)
06-11 02:02:37.198  1359  1655 E KernelCpuSpeedReader: Failed to read cpu-freq: /sys/devices/system/cpu/cpu4/cpufreq/stats/time_in_state (No such file or directory)
06-11 02:02:37.206  1359  1708 E KernelCpuSpeedReader: Failed to read cpu-freq: /sys/devices/system/cpu/cpu0/cpufreq/stats/time_in_state (No such file or directory)
06-11 02:02:37.206  1359  1708 E KernelCpuSpeedReader: Failed to read cpu-freq: /sys/devices/system/cpu/cpu4/cpufreq/stats/time_in_state (No such file or directory)
06-11 02:02:37.279  1359  1359 D WifiService: onReceive, action:android.intent.action.BATTERY_CHANGED
06-11 02:02:37.280  1359  1359 D WifiService: ACTION_BATTERY_CHANGED pluggedType: 1
06-11 02:02:37.708  1359  2007 D HwBatteryService: onUEvent fcpStatus = 0,scpStatus =0,ovpStatus=0
06-11 02:02:37.709  1359  2007 I HwBatteryService: quick charge status : 0
06-11 02:02:37.721  1359  2441 I BatteryService: normal charge status : 1
06-11 02:02:37.728  1359  1359 D WifiService: onReceive, action:android.intent.action.BATTERY_CHANGED
06-11 02:02:37.729  1359  1359 D WifiService: ACTION_BATTERY_CHANGED pluggedType: 1
06-11 02:02:41.131  1359  2007 D HwBatteryService: onUEvent fcpStatus = 0,scpStatus =0,ovpStatus=0
06-11 02:02:41.132  1359  2007 I HwBatteryService: quick charge status : 0
06-11 02:02:41.142  1359  2441 I BatteryService: normal charge status : 1
06-11 02:02:41.150  1359  1359 D WifiService: onReceive, action:android.intent.action.BATTERY_CHANGED
06-11 02:02:41.150  1359  1359 D WifiService: ACTION_BATTERY_CHANGED pluggedType: 1
06-11 02:02:43.261  1359  2007 D HwBatteryService: onUEvent fcpStatus = 0,scpStatus =0,ovpStatus=0
06-11 02:02:43.263  1359  2007 I HwBatteryService: quick charge status : 0
06-11 02:02:43.289  1359  2441 I BatteryService: normal charge status : 1
06-11 02:02:43.299  1359  1359 D WifiService: onReceive, action:android.intent.action.BATTERY_CHANGED
06-11 02:02:43.299  1359  1359 D WifiService: ACTION_BATTERY_CHANGED pluggedType: 1
06-11 02:03:28.203  1359  2441 I BatteryService: normal charge status : 1
06-11 02:03:28.210  1359  1359 D WifiService: onReceive, action:android.intent.action.BATTERY_CHANGED
06-11 02:03:28.210  1359  1359 D WifiService: ACTION_BATTERY_CHANGED pluggedType: 1
06-11 02:03:33.050  1359  1359 V AlarmManager: Received TIME_TICK alarm; rescheduling
06-11 02:03:33.051  1359  1359 I HwAlarmManagerService: hwSetAlarm listenerTag: time_tick
06-11 02:03:33.054  1359  1359 I ActivityManager: Killing 3998:com.huawei.hwid.container3/u0a57 (adj 906): empty #17
06-11 02:03:33.055  1359  1359 I ActivityManager: Killing 5314:com.huawei.wallet/u0a85 (adj 906): empty #18
06-11 02:03:33.056  1359  1359 I ActivityManager: Killing 5362:org.simalliance.openmobileapi.service:remote/1091 (adj 906): empty #19
06-11 02:03:33.056  1359  1359 I ActivityManager: Killing 5374:org.simalliance.openmobileapi.service/1091 (adj 906): empty #20
06-11 02:03:33.078  1359  2021 D ActivityManager: cleanUpApplicationRecord app: ProcessRecord{7e22a02 5362:org.simalliance.openmobileapi.service:remote/1091}, app.bad: false, restarting: false, allowRestart: true
06-11 02:03:33.078  1359  2021 W ActivityManager: Scheduling restart of crashed service org.simalliance.openmobileapi.service/.SmartcardService in 1000ms
06-11 02:03:33.085  1359  2021 D ActivityManager: cleanUpApplicationRecord app: ProcessRecord{bde9b57 3998:com.huawei.hwid.container3/u0a57}, app.bad: false, restarting: false, allowRestart: true
06-11 02:03:33.096  1359  5770 D ActivityManager: cleanUpApplicationRecord app: ProcessRecord{3a4af13 5374:org.simalliance.openmobileapi.service/1091}, app.bad: false, restarting: false, allowRestart: true
06-11 02:03:33.114  1359  5867 D ConnectivityService: ConnectivityService NetworkRequestInfo binderDied(NetworkRequest [ TRACK_DEFAULT id=16, [ Capabilities: INTERNET&NOT_RESTRICTED&TRUSTED&NOT_VPN] ], android.os.BinderProxy@d94d1b0)
06-11 02:03:33.114  1359  2056 D ConnectivityService: ConnectivityService NetworkRequestInfo binderDied(NetworkRequest [ LISTEN id=17, [ Transports: CELLULAR|WIFI|ETHERNET Capabilities: NOT_RESTRICTED&TRUSTED&NOT_VPN] ], android.os.BinderProxy@e611829)
06-11 02:03:33.115  1359  2081 D ConnectivityService: releasing NetworkRequest [ TRACK_DEFAULT id=16, [ Capabilities: INTERNET&NOT_RESTRICTED&TRUSTED&NOT_VPN] ] (release request)
06-11 02:03:33.115  1359  1394 D ActivityManager: cleanUpApplicationRecord app: ProcessRecord{9876c69 5314:com.huawei.wallet/u0a85}, app.bad: false, restarting: false, allowRestart: true
06-11 02:03:33.116  1359  2081 D ConnectivityService: releasing NetworkRequest [ LISTEN id=17, [ Transports: CELLULAR|WIFI|ETHERNET Capabilities: NOT_RESTRICTED&TRUSTED&NOT_VPN] ] (release request)
06-11 02:03:33.127  1359  1394 V BroadcastQueue: Finished with ordered broadcast BroadcastRecord{cdaf0f3 u-1 android.intent.action.TIME_TICK}
06-11 02:03:33.131  1359  2021 W ProcBatteryStats: timer is running , not start, name: com.qualcomm.qcrilmsgtunnel, uid: 1001, tag: QcrilOemhookMsgTunnel
06-11 02:03:33.135  1359  2021 W ProcBatteryStats: timer is not running , not stop, name: com.qualcomm.qcrilmsgtunnel, uid: 1001, tag: QcrilOemhookMsgTunnel
06-11 02:03:33.453  1359  2007 D HwBatteryService: onUEvent fcpStatus = 0,scpStatus =0,ovpStatus=0
06-11 02:03:33.453  1359  2021 I BatteryService: normal charge status : 1
06-11 02:03:33.453  1359  2007 I HwBatteryService: quick charge status : 0
06-11 02:03:33.457  1359  1359 D WifiService: onReceive, action:android.intent.action.BATTERY_CHANGED
06-11 02:03:33.457  1359  1359 D WifiService: ACTION_BATTERY_CHANGED pluggedType: 1
06-11 02:03:33.581  1359  1359 I HwAudioService: check HiRes Icon false
06-11 02:03:33.597  1359  1359 I chatty  : uid=1000 system_server identical 2 lines
06-11 02:03:33.619  1359  1359 I HwAudioService: check HiRes Icon false
06-11 02:03:48.735  1359  2007 D HwBatteryService: onUEvent fcpStatus = 0,scpStatus =0,ovpStatus=0
06-11 02:03:48.736  1359  2007 I HwBatteryService: quick charge status : 0
06-11 02:03:48.744  1359  2021 I BatteryService: normal charge status : 1
06-11 02:03:48.752  1359  1359 D WifiService: onReceive, action:android.intent.action.BATTERY_CHANGED
06-11 02:03:48.752  1359  1359 D WifiService: ACTION_BATTERY_CHANGED pluggedType: 1
06-11 02:04:29.171  1359  2441 I BatteryService: normal charge status : 1
06-11 02:04:29.175  1359  1359 D WifiService: onReceive, action:android.intent.action.BATTERY_CHANGED
06-11 02:04:29.176  1359  1359 D WifiService: ACTION_BATTERY_CHANGED pluggedType: 1
06-11 02:04:44.834  1359  2007 D HwBatteryService: onUEvent fcpStatus = 0,scpStatus =0,ovpStatus=0
06-11 02:04:44.835  1359  2007 I HwBatteryService: quick charge status : 0
06-11 02:04:44.836  1359  2021 I BatteryService: normal charge status : 1
06-11 02:04:44.840  1359  1359 D WifiService: onReceive, action:android.intent.action.BATTERY_CHANGED
06-11 02:04:44.840  1359  1359 D WifiService: ACTION_BATTERY_CHANGED pluggedType: 1
06-11 02:04:44.847  1359  2007 D HwBatteryService: onUEvent fcpStatus = 0,scpStatus =0,ovpStatus=0
06-11 02:04:44.848  1359  2007 I HwBatteryService: quick charge status : 0
06-11 02:04:44.849  1359  2007 D HwBatteryService: onUEvent fcpStatus = 0,scpStatus =0,ovpStatus=0
06-11 02:04:44.850  1359  2007 I HwBatteryService: quick charge status : 0
06-11 02:04:44.854  1359  2021 I BatteryService: normal charge status : 1
06-11 02:04:44.857  1359  1708 E BatteryExternalStatsWorker: no controller energy info supplied for wifi
06-11 02:04:44.857  1359  1708 E BatteryExternalStatsWorker: no controller energy info supplied for bluetooth
06-11 02:04:44.858  1359  1359 D WifiService: onReceive, action:android.intent.action.BATTERY_CHANGED
06-11 02:04:44.858  1359  1359 D WifiService: ACTION_BATTERY_CHANGED pluggedType: 1
06-11 02:04:44.864  1359  1655 E KernelCpuSpeedReader: Failed to read cpu-freq: /sys/devices/system/cpu/cpu0/cpufreq/stats/time_in_state (No such file or directory)
06-11 02:04:44.864  1359  1655 E KernelCpuSpeedReader: Failed to read cpu-freq: /sys/devices/system/cpu/cpu4/cpufreq/stats/time_in_state (No such file or directory)
06-11 02:04:44.871  1359  1708 E KernelCpuSpeedReader: Failed to read cpu-freq: /sys/devices/system/cpu/cpu0/cpufreq/stats/time_in_state (No such file or directory)
06-11 02:04:44.872  1359  1708 E KernelCpuSpeedReader: Failed to read cpu-freq: /sys/devices/system/cpu/cpu4/cpufreq/stats/time_in_state (No such file or directory)
06-11 02:04:45.367  1359  2276 E Watchdog: Failed to write to /sys/kernel/hungtask/vm_heart
06-11 02:04:45.367  1359  2276 E Watchdog: java.io.FileNotFoundException: /sys/kernel/hungtask/vm_heart (Permission denied)
06-11 02:04:45.367  1359  2276 E Watchdog: 	at java.io.FileOutputStream.open0(Native Method)
06-11 02:04:45.367  1359  2276 E Watchdog: 	at java.io.FileOutputStream.open(FileOutputStream.java:287)
06-11 02:04:45.367  1359  2276 E Watchdog: 	at java.io.FileOutputStream.<init>(FileOutputStream.java:223)
06-11 02:04:45.367  1359  2276 E Watchdog: 	at java.io.FileOutputStream.<init>(FileOutputStream.java:110)
06-11 02:04:45.367  1359  2276 E Watchdog: 	at com.android.server.Watchdog.writeHungtask(Watchdog.java:904)
06-11 02:04:45.367  1359  2276 E Watchdog: 	at com.android.server.Watchdog.run(Watchdog.java:563)
06-11 02:04:53.899  1359  2007 D HwBatteryService: onUEvent fcpStatus = 0,scpStatus =0,ovpStatus=0
06-11 02:04:53.900  1359  2007 I HwBatteryService: quick charge status : 0
06-11 02:04:53.905  1359  2021 I BatteryService: normal charge status : 1
06-11 02:04:53.913  1359  1359 D WifiService: onReceive, action:android.intent.action.BATTERY_CHANGED
06-11 02:04:53.913  1359  1359 D WifiService: ACTION_BATTERY_CHANGED pluggedType: 1
06-11 02:05:09.205  1359  2007 D HwBatteryService: onUEvent fcpStatus = 0,scpStatus =0,ovpStatus=0
06-11 02:05:09.206  1359  2007 I HwBatteryService: quick charge status : 0
06-11 02:05:09.207  1359  2007 D HwBatteryService: onUEvent fcpStatus = 0,scpStatus =0,ovpStatus=0
06-11 02:05:09.207  1359  2007 I HwBatteryService: quick charge status : 0
06-11 02:05:09.209  1359  2021 I BatteryService: normal charge status : 1
06-11 02:05:09.213  1359  1708 E BatteryExternalStatsWorker: no controller energy info supplied for wifi
06-11 02:05:09.213  1359  1708 E BatteryExternalStatsWorker: no controller energy info supplied for bluetooth
06-11 02:05:09.218  1359  1359 D WifiService: onReceive, action:android.intent.action.BATTERY_CHANGED
06-11 02:05:09.218  1359  1359 D WifiService: ACTION_BATTERY_CHANGED pluggedType: 1
06-11 02:05:09.231  1359  1655 E KernelCpuSpeedReader: Failed to read cpu-freq: /sys/devices/system/cpu/cpu0/cpufreq/stats/time_in_state (No such file or directory)
06-11 02:05:09.231  1359  1655 E KernelCpuSpeedReader: Failed to read cpu-freq: /sys/devices/system/cpu/cpu4/cpufreq/stats/time_in_state (No such file or directory)
06-11 02:05:09.243  1359  2441 I BatteryService: normal charge status : 1
06-11 02:05:09.243  1359  1708 E KernelCpuSpeedReader: Failed to read cpu-freq: /sys/devices/system/cpu/cpu0/cpufreq/stats/time_in_state (No such file or directory)
06-11 02:05:09.244  1359  1708 E KernelCpuSpeedReader: Failed to read cpu-freq: /sys/devices/system/cpu/cpu4/cpufreq/stats/time_in_state (No such file or directory)
06-11 02:05:09.312  1359  1359 D WifiService: onReceive, action:android.intent.action.BATTERY_CHANGED
06-11 02:05:09.312  1359  1359 D WifiService: ACTION_BATTERY_CHANGED pluggedType: 1
06-11 02:05:28.206  1359  1394 I BatteryService: normal charge status : 1
06-11 02:05:28.213  1359  1359 D WifiService: onReceive, action:android.intent.action.BATTERY_CHANGED
06-11 02:05:28.213  1359  1359 D WifiService: ACTION_BATTERY_CHANGED pluggedType: 1
06-11 02:05:28.758  1359  2007 D HwBatteryService: onUEvent fcpStatus = 0,scpStatus =0,ovpStatus=0
06-11 02:05:28.759  1359  2007 I HwBatteryService: quick charge status : 0
06-11 02:05:28.761  1359  1394 I BatteryService: normal charge status : 1
06-11 02:05:28.769  1359  1359 D WifiService: onReceive, action:android.intent.action.BATTERY_CHANGED
06-11 02:05:28.769  1359  1359 D WifiService: ACTION_BATTERY_CHANGED pluggedType: 1
06-11 02:05:48.642  1359  2007 D HwBatteryService: onUEvent fcpStatus = 0,scpStatus =0,ovpStatus=0
06-11 02:05:48.643  1359  2007 I HwBatteryService: quick charge status : 0
06-11 02:05:48.647  1359  2007 D HwBatteryService: onUEvent fcpStatus = 0,scpStatus =0,ovpStatus=0
06-11 02:05:48.648  1359  2007 I HwBatteryService: quick charge status : 0
06-11 02:05:48.663  1359  1394 I BatteryService: normal charge status : 1
06-11 02:05:48.671  1359  1359 D WifiService: onReceive, action:android.intent.action.BATTERY_CHANGED
06-11 02:05:48.671  1359  1708 E BatteryExternalStatsWorker: no controller energy info supplied for wifi
06-11 02:05:48.671  1359  1708 E BatteryExternalStatsWorker: no controller energy info supplied for bluetooth
06-11 02:05:48.671  1359  1359 D WifiService: ACTION_BATTERY_CHANGED pluggedType: 1
06-11 02:05:48.684  1359  1655 E KernelCpuSpeedReader: Failed to read cpu-freq: /sys/devices/system/cpu/cpu0/cpufreq/stats/time_in_state (No such file or directory)
06-11 02:05:48.685  1359  1655 E KernelCpuSpeedReader: Failed to read cpu-freq: /sys/devices/system/cpu/cpu4/cpufreq/stats/time_in_state (No such file or directory)
06-11 02:05:48.696  1359  1708 E KernelCpuSpeedReader: Failed to read cpu-freq: /sys/devices/system/cpu/cpu0/cpufreq/stats/time_in_state (No such file or directory)
06-11 02:05:48.696  1359  1708 E KernelCpuSpeedReader: Failed to read cpu-freq: /sys/devices/system/cpu/cpu4/cpufreq/stats/time_in_state (No such file or directory)
06-11 02:05:59.065  1359  2007 D HwBatteryService: onUEvent fcpStatus = 0,scpStatus =0,ovpStatus=0
06-11 02:05:59.066  1359  2007 I HwBatteryService: quick charge status : 0
06-11 02:05:59.076  1359  1394 I BatteryService: normal charge status : 1
06-11 02:05:59.084  1359  1359 D WifiService: onReceive, action:android.intent.action.BATTERY_CHANGED
06-11 02:05:59.084  1359  1359 D WifiService: ACTION_BATTERY_CHANGED pluggedType: 1
06-11 02:06:07.526  1359  2047 W SettingsEx: SettingsEx.Systemex.getString deprecated use Settings.System.getString instead ;callers=com.android.server.policy.HwPhoneWindowManager.getKeycodeFromCust:1516 com.android.server.policy.HwPhoneWindowManager.isWakeKeyFun:1474 com.android.server.policy.HwPhoneWindowManager.interceptKeyBeforeQueueing:2285 
06-11 02:06:07.571  1359  2047 I WindowManager: hungUp=false, mScreenshotChordVolumeDownKeyTriggered=false, mA11yShortcutChordVolumeUpKeyTriggered=false, gesturedServiceIntercepted=false
06-11 02:06:07.572  1359  2047 D HwPowerManagerService: reportToFaceFreeze
06-11 02:06:07.572  1359  2047 D HwPowerManagerService: FaceRecognizeFreeze is not enabled
06-11 02:06:07.590  1359  2047 D PickUpWakeScreenManager: isPickupSensorSupport isSensorSupport = true
06-11 02:06:07.594  1359  2047 D PowerManagerService: setColorTemperatureAccordingToSetting
06-11 02:06:07.595  1359  2047 D HwPowerManagerService: setColorTemperatureAccordingToSetting
06-11 02:06:07.595  1359  2047 I HwPowerManagerService: setColorTemperatureAccordingToSetting new from displayengine.
06-11 02:06:07.595  1359  2047 W HwPowerManagerService: ColorTemperature read from setting failed, and set default values
06-11 02:06:07.597  1359  1859 D PowerManagerService: Face Dectect wakeUpInternal type:android.policy:POWER#1000
06-11 02:06:07.600  1359  2047 I PowerManagerService: need acquire DisplaySuspendBlocker
06-11 02:06:07.600  1359  1859 I DisplayPowerController: LightSensorEnable change false -> true
06-11 02:06:07.623  1359  1859 I DisplayPowerController: ScreenState change 0 -> 1
06-11 02:06:07.624  1359  1859 E HwAodManager: setPowerState with HwAodManager not exist!
06-11 02:06:07.631  1359  2049 D VoldConnector: SND -> {9 fstrim stoptrim}
06-11 02:06:07.635   595   598 I vold    : TrimTask running tasks: 0
06-11 02:06:07.638  1359  2051 D VoldConnector: RCV <- {200 9 Command succeeded}
06-11 02:06:07.643  1359  1859 D HwNormalizedRampAnimator: hbm_dimming target=10000 rate=0 duration=0.0
06-11 02:06:07.647  1359  1816 I DisplayManagerService: Display device changed state: "内置屏幕", ON
06-11 02:06:07.650  1359  1359 D HwWifiP2pService: onReceive, action:android.intent.action.SCREEN_ON
06-11 02:06:07.651  1359  2078 D WifiP2pService: P2pDisabledState{ when=0 what=143466 target=com.android.internal.util.StateMachine$SmHandler }
06-11 02:06:07.651  1359  2078 D WifiP2pService: DefaultState{ when=-1ms what=143466 target=com.android.internal.util.StateMachine$SmHandler }
06-11 02:06:07.651  1359  2078 D HwWifiP2pService: cancel alarm.
06-11 02:06:07.653  1359  1359 D HwGameAssistantController: isGameForeground? false
06-11 02:06:07.659  1359  1359 I AlarmManager: remove alarm.operation :a2d9c7e according to operation:a2d9c7e
06-11 02:06:07.660  1359  1359 D SmartHeartBeat: isPendingPackage, false, pkg:com.android.deskclock, action:com.android.deskclock.ALARM_ALERT,not pending alarm with AlarmClockInfo
06-11 02:06:07.664  1359  1359 D WifiService: onReceive, action:android.intent.action.SCREEN_ON
06-11 02:06:07.674  1359  1359 I EyeProtectionControllerImpl: onReceive intent action = android.intent.action.SCREEN_ON
06-11 02:06:07.681  1359  1394 W ProcBatteryStats: timer is running , not start, name: com.android.phone, uid: 1001, tag: RILJ
06-11 02:06:07.685  1359  1394 W ProcBatteryStats: timer is not running , not stop, name: com.android.phone, uid: 1001, tag: RILJ
06-11 02:06:07.689  2381  2588 I DeepNoDisturbP: handleStateChanged reason=2
06-11 02:06:07.690  2381  2588 I DeepNoDisturbSM: setScreenState isScreenOn=true
06-11 02:06:07.690  2381  2381 I DeepNoDisturbSM: IdleState processMessage msg.what=EVENT_SCREEN_ON
06-11 02:06:07.699  2381  2381 I DeepNoDisturbSM: isNetworkTypeSuitDeepNoDisturbMode networkType = 0
06-11 02:06:07.700  2381  2381 I DeepNoDisturbSM: isCorrectState=true mIsCallOn=false mGameStatus=0 defaultDataSubId=0 default4GSlotId=0 mIsDefaultDataOn=false mIsScreenOn=true deepNoDisturbModeProp=true isDeepNoDisturbSwitchOn=false isGameDndSwitchOn=true isNetworkTypeSuitDeepNoDisturbMode=false isAirplaneModeOn()=true
06-11 02:06:07.700  2381  2381 I DeepNoDisturbSM: isNeedEnterDeepNoDisturbMode false
06-11 02:06:07.700  2381  2381 D HwGameAssistantService: ScreenOnReceiver
06-11 02:06:07.717  1359  1394 D WindowManager: mKeyguardDelegate.ShowListener.onDrawn.
06-11 02:06:07.719  1359  2001 W WindowManager: reset canBeSeen for statusbar when keyguard on
06-11 02:06:07.749  1359  1359 I HwNormalizedManualBrightnessThresholdDetector: fist sensor lux and filteredlux=75.0,time=530726
06-11 02:06:07.826  1359  1394 D WindowManager: finishDrawingWindow: Window{b9f71e2 u0 StatusBar} mDrawState=DRAW_PENDING
06-11 02:06:07.829  1359  2001 W WindowManager: reset canBeSeen for statusbar when keyguard on
06-11 02:06:07.831  1359  1816 I WindowManager: All windows ready for display!
06-11 02:06:07.832  1359  1660 I WindowManager: Finished screen turning on...
06-11 02:06:07.834  1359  1859 D HwPhoneWindowManager: screenTurnedOn
06-11 02:06:07.834  1359  1859 D PickUpWakeScreenManager: mIsPickupSwitchOn = false
06-11 02:06:07.835  1359  1859 W PowerManagerService: Screen on took 451 ms
06-11 02:06:07.941  1359  5770 V BroadcastQueue: Finished with ordered broadcast BroadcastRecord{b6d58dc u-1 android.intent.action.SCREEN_ON}
06-11 02:06:07.941  1359  1359 V AlarmManager: Received TIME_TICK alarm; rescheduling
06-11 02:06:07.948  1359  1359 I HwAlarmManagerService: hwSetAlarm listenerTag: time_tick
06-11 02:06:07.973  1359  2409 V BroadcastQueue: Finished with ordered broadcast BroadcastRecord{c018b6b u-1 android.intent.action.TIME_TICK}
06-11 02:06:08.851  1359  2021 I ActivityManager: Process com.huawei.regservice (pid 5220) has died: fore SVC 
