06-11 01:57:44.675  1359  2496 I [SPMN]  : insert GLOBAL -- name = vibirate_when_silent, package = com.android.systemui, user = 0, value = 1
06-11 01:57:44.677  1359  2496 I [SPMN]  : insert GLOBAL -- name = vibirate_when_silent, package = com.android.systemui, user = 0, value = 1
06-11 01:57:44.766  1359  1394 W WindowManager: reset canBeSeen for statusbar when keyguard on
06-11 01:57:44.770  1359  1394 D WindowManager: finishDrawingWindow: Window{a72d491 u0 com.android.systemui.HwImageWallpaper} mDrawState=READY_TO_SHOW
06-11 01:57:44.781  1359  1394 D WindowManager: mKeyguardDelegate.ShowListener.onDrawn.
06-11 01:57:44.783  1359  2001 W WindowManager: reset canBeSeen for statusbar when keyguard on
06-11 01:57:44.789   595   598 D VoldCmdListener: sdlock poll
06-11 01:57:44.790   595   598 I         : poll
06-11 01:57:44.790   595   598 E         : failed to get lockable path
06-11 01:57:44.791  1359  2496 E VoldConnector: NDC server error throw NativeDaemonFailureException
06-11 01:57:44.791  1359  1394 W WindowManager: reset canBeSeen for statusbar when keyguard on
06-11 01:57:44.793   595   598 D VoldCmdListener: sdlock poll
06-11 01:57:44.793   595   598 I         : poll
06-11 01:57:44.793   595   598 E         : failed to get lockable path
06-11 01:57:44.795  1359  2496 E VoldConnector: NDC server error throw NativeDaemonFailureException
06-11 01:57:44.807  1359  2496 D HwSecurityService: find this Resident Plugin
06-11 01:57:44.811  1359  1394 D WindowManager: finishDrawingWindow: Window{b9f71e2 u0 StatusBar} mDrawState=DRAW_PENDING
06-11 01:57:44.813  1359  2001 W WindowManager: reset canBeSeen for statusbar when keyguard on
06-11 01:57:44.819  1359  1816 I WindowManager: All windows ready for display!
06-11 01:57:44.820  1359  1660 I WindowManager: Finished screen turning on...
06-11 01:57:44.824  1359  1394 D PackageManager: resolve intent for uid:10026, matchs:2, res:ResolveInfo{5b1b8f5 com.huawei.android.launcher/.unihome.UniHomeLauncher m=0x108000}
06-11 01:57:44.890  1359  2386 D WindowManager: finishDrawingWindow: Window{b9f71e2 u0 StatusBar} mDrawState=HAS_DRAWN
06-11 01:57:44.965  1359  1394 I HwNetworkPolicy: onTransact, code = 13
06-11 01:57:44.968  1359  1394 I HwNetworkPolicy: onTransact, code = 13
06-11 01:57:45.056  2170  2170 W SettingsEx: SettingsEx.Systemex.getString deprecated use Settings.System.getString instead ;callers=com.android.systemui.apksimcardadapter.DisableCloudAppReceiver.getString:311 com.android.systemui.apksimcardadapter.DisableCloudAppReceiver.onReceive:86 android.app.ActivityThread.handleReceiver:3793 
06-11 01:57:45.060  1359  2386 V BroadcastQueue: Finished with ordered broadcast BroadcastRecord{9edd40 u-1 android.intent.action.SIM_STATE_CHANGED}
06-11 01:57:45.095  1359  2496 D WindowManager: finishDrawingWindow: Window{b9f71e2 u0 StatusBar} mDrawState=HAS_DRAWN
06-11 01:57:45.108  2170  2170 W SettingsEx: SettingsEx.Systemex.getString deprecated use Settings.System.getString instead ;callers=com.android.systemui.apksimcardadapter.DisableCloudAppReceiver.getString:311 com.android.systemui.apksimcardadapter.DisableCloudAppReceiver.onReceive:86 android.app.ActivityThread.handleReceiver:3793 
06-11 01:57:45.111  3075  3124 E ActivityThread: Failed to find provider info for com.android.contacts
06-11 01:57:45.112  1359  1394 V BroadcastQueue: Finished with ordered broadcast BroadcastRecord{12db330 u-1 android.intent.action.SIM_STATE_CHANGED}
06-11 01:57:45.115  1359  2386 V BroadcastQueue: Finished with ordered broadcast BroadcastRecord{1c5752e u0 huawei.intent.action.IMS_SERVICE_STATE_CHANGED}
06-11 01:57:45.117   595   598 D VoldCmdListener: sdlock poll
06-11 01:57:45.117   595   598 I         : poll
06-11 01:57:45.117   595   598 E         : failed to get lockable path
06-11 01:57:45.119  1359  1394 E VoldConnector: NDC server error throw NativeDaemonFailureException
06-11 01:57:45.121   595   598 D VoldCmdListener: sdlock poll
06-11 01:57:45.121   595   598 I         : poll
06-11 01:57:45.121   595   598 E         : failed to get lockable path
06-11 01:57:45.123  1359  1394 E VoldConnector: NDC server error throw NativeDaemonFailureException
06-11 01:57:45.133  1359  1394 D HwSecurityService: find this Resident Plugin
06-11 01:57:45.179  1359  1394 W ProcBatteryStats: timer is not running , not stop, name: com.android.phone, uid: 1001, tag: GsmCellBroadcastHandler
06-11 01:57:45.192  1359  1394 W ProcBatteryStats: timer is not running , not stop, name: com.android.phone, uid: 1001, tag: CellBroadcastHandler
06-11 01:57:45.198  1359  2386 W ProcBatteryStats: timer is not running , not stop, name: com.android.phone, uid: 1001, tag: CdmaServiceCategoryProgramHandler
06-11 01:57:45.319  1359  1816 I SystemServiceManager: Starting phase 1000
06-11 01:57:45.319  1359  1816 W HwBootFail: bootStageValue = STAGE_ZYGOTE_START + 11
06-11 01:57:45.352  1359  1816 I ActivationMonitor: Device already activated
06-11 01:57:45.354  1359  1816 E HwOEMInfoAdapter: getByteArrayFromOeminfo has run 
06-11 01:57:45.382  1359  1816 E HwOEMInfoAdapter: getByteArrayFromOeminfo has run 
06-11 01:57:45.406  1359  1816 D HwDeviceUsageOEMINFO: flag = true
06-11 01:57:45.415  1359  1816 I UKeyApplicationScanner: PARSER from xml packageName : com.hehe.onekeylock
06-11 01:57:45.416  1359  1816 I UKeyApplicationScanner: PARSER from xml packageName : com.mdm.onekeylock
06-11 01:57:45.416  1359  1816 I UKeyApplicationScanner: PARSER from xml packageName : com.eg.android.AlipayGphone
06-11 01:57:45.416  1359  1816 I UKeyApplicationScanner: PARSER from xml packageName : com.hsbank.mobilebank
06-11 01:57:45.416  1359  1816 I UKeyApplicationScanner: PARSER from xml packageName : com.chinamworld.main
06-11 01:57:45.416  1359  1816 I UKeyApplicationScanner: PARSER from xml packageName : com.ccb.companybank
06-11 01:57:45.416  1359  1816 I UKeyApplicationScanner: parsing whitelist succeeded!!!
06-11 01:57:45.417  1359  1816 D HwAntiMalPlugin: createPlugin
06-11 01:57:45.417  1359  1816 W SystemServiceManager: Service com.android.server.security.HwSecurityService took 95 ms in onBootPhase
06-11 01:57:45.417  1359  1816 D HwAlarmManagerService: boot completed, alarmId:1 alarm_when:1718056800000
06-11 01:57:45.417  1359  1816 D HwAlarmManagerService: putExtra alarm_when 1718056800000
06-11 01:57:45.418  1359  1816 D HwAlarmManagerService: decideRtcPrioritySet--put com.android.deskclock,to map
06-11 01:57:45.418  1359  1816 D HwAlarmManagerService: have calculate RTC result and will set to lock
06-11 01:57:45.418  1359  1816 D HwAlarmManagerService: set RTC alarm Locked, time = 2024-06-11 06:00:00
06-11 01:57:45.420  1359  1816 D DeviceIdleController: PHASE_BOOT_COMPLETED
06-11 01:57:45.422  1359  1814 I UsbDeviceManager: Boot complete, setting default functions
06-11 01:57:45.423  1359  1814 I HwUsbManagerEx: construction
06-11 01:57:45.424  1359  1814 I HwUsbHDBManager: setHdbEnabled false
06-11 01:57:45.438  1359  2386 V BroadcastQueue: Finished with ordered broadcast BroadcastRecord{3741954 u-1 android.hardware.usb.action.USB_STATE}
06-11 01:57:45.453  1359  1816 D ActivityManager: Finishing user boot 0
06-11 01:57:45.453  1359  1816 I ActivityManager: User 0 state changed from BOOTING to RUNNING_LOCKED
06-11 01:57:45.456  1359  1816 D CryptdConnector: SND -> {4 cryptfs unlock_user_key 0 0 [scrubbed] [scrubbed]}
06-11 01:57:45.483  1359  2052 D CryptdConnector: RCV <- {200 4 Command succeeded}
06-11 01:57:45.484  1359  1816 D StorageManagerService: Setting property: sys.user.0.ce_available=true
06-11 01:57:45.485  1359  1816 I ActivityManager: User 0 state changed from RUNNING_LOCKED to RUNNING_UNLOCKING
06-11 01:57:45.486  1359  1816 D CryptdConnector: SND -> {5 cryptfs prepare_user_storage ! 0 0 2}
06-11 01:57:45.491   595   599 E vold    : [libfs_mgr]fs_mgr_get_file_encryption_modes file cryption: platform supported, turn to hardware_fbe
06-11 01:57:45.493   595   599 I chatty  : uid=0(root) /system/bin/vold identical 2 lines
06-11 01:57:45.493   595   599 E vold    : [libfs_mgr]fs_mgr_get_file_encryption_modes file cryption: platform supported, turn to hardware_fbe
06-11 01:57:45.494   595   599 V vold    : Starting restorecon of /data/system_ce/0
06-11 01:57:45.503   595   599 V vold    : Finished restorecon of /data/system_ce/0
06-11 01:57:45.504   595   599 V vold    : Starting restorecon of /data/misc_ce/0
06-11 01:57:45.512   595   599 V vold    : Finished restorecon of /data/misc_ce/0
06-11 01:57:45.513  1359  2052 D CryptdConnector: RCV <- {200 5 Command succeeded}
06-11 01:57:45.514  1359  1816 V UserDataPreparer: Found /data/user/0 with serial number 0
06-11 01:57:45.514  1359  1816 V UserDataPreparer: Found /data/system_ce/0 with serial number 0
06-11 01:57:45.515  1359  1816 V PackageManager: reconcileAppsData for null u0 0x2 migrateAppData=false
06-11 01:57:45.943  1359  1816 V PackageManager: reconcileAppsData finished 148 packages
06-11 01:57:45.945  1359  1816 V WindowManager: updateRotationUnchecked: alwaysSendConfiguration=false forceRelayout=false
06-11 01:57:45.946  1359  1816 I WindowManager: rotationForOrientationLw(orient=5, last=0); user=0 USER_ROTATION_LOCKED
06-11 01:57:45.947  1359  1816 D HwPhoneWindowManager: face_rotation: not enabled,use sensor real
06-11 01:57:45.947  1359  1816 D HwPhoneWindowManager: face_rotation:real sensor rotation = -1
06-11 01:57:45.947  1359  1816 D HwPhoneWindowManager: face_rotation: rotation = 0
06-11 01:57:45.947  1359  1816 I WindowManager: Selected orientation 5, got rotation 0 which has compatible metrics
06-11 01:57:45.947  1359  1655 I SystemServiceManager: Calling onUnlockUser u0
06-11 01:57:45.948  1359  1655 D BluetoothManagerService: User 0 unlocked
06-11 01:57:45.948  1359  1815 D BluetoothManagerService: MESSAGE_USER_UNLOCKED
06-11 01:57:45.949  1359  2386 D ActivityManager: Installing in existing process ProcessRecord{2a79b49 2897:android.process.acore/u0a9}, pubProviders.size():2, pubProviders.containsKey(com.android.providers.contacts.ContactsProvider2):false
06-11 01:57:45.954  1359  2386 V ActivityManager_MU: Waiting to start provider ContentProviderRecord{1483ff9 u0 com.android.providers.contacts/.ContactsProvider2} launchingApp=ProcessRecord{2a79b49 2897:android.process.acore/u0a9} caller pid= 3075
06-11 01:57:45.957  1359  1655 D StorageManagerService: onUnlockUser 0
06-11 01:57:45.958  1359  1655 D VoldConnector: SND -> {6 volume user_started 0}
06-11 01:57:45.959   595   598 D VoldCmdListener: volume user_started 0
06-11 01:57:45.959   595   598 D vold    : Linking /storage/emulated/0 to /mnt/user/0/primary
06-11 01:57:45.960  1359  2051 D VoldConnector: RCV <- {200 6 Command succeeded}
06-11 01:57:45.961  1359  1655 D StorageManagerService: hava send user_started to vold , userId = 0
06-11 01:57:45.962  1359  2049 D StorageManagerService: Volume emulated broadcasting mounted to UserHandle{0}
06-11 01:57:45.962  1359  1359 I HwInputMethodManagerService: isFlagExists  value = true, userId = 0
06-11 01:57:45.963  1359  1359 W InputMethodManagerService: buildInputMethodListLocked: Skipping IME com.huawei.secime
06-11 01:57:45.963  1359  1655 W TextServicesManagerService: no available spell checker services found
06-11 01:57:45.963  1359  1359 I HwInputMethodManagerService: isSecureIMEExist = true
06-11 01:57:45.964  2688  2688 W ContextImpl: Calling a method in the system process without a qualified user: android.app.ContextImpl.startService:1708 android.content.ContextWrapper.startService:657 android.content.ContextWrapper.startService:657 com.huawei.systemmanager.service.MainReceiver.handleBootComplete:59 com.huawei.systemmanager.service.MainReceiver.onReceive:39 
06-11 01:57:45.966  1359  1655 I BackupManagerService: Instantiating BackupManagerService
06-11 01:57:45.966  1359  1359 I [SPMN]  : insert SECURE -- name = selected_input_method_subtype, package = android, user = 0, value = -1
06-11 01:57:45.968  2688  2688 W ContextImpl: Calling a method in the system process without a qualified user: android.app.ContextImpl.startService:1708 android.content.ContextWrapper.startService:657 android.content.ContextWrapper.startService:657 com.huawei.systemmanager.service.MainReceiver.handleBootComplete:64 com.huawei.systemmanager.service.MainReceiver.onReceive:39 
06-11 01:57:45.969  1359  1394 V ActivityManager: startProcess: name=com.huawei.systemmanager app=null knownToBeDead=true thread=null pid=-1
06-11 01:57:45.969  1359  1359 E LockSettingsStorage: read file from cache fail.
06-11 01:57:45.970  1359  1359 E LockSettingsStorage: Cannot read file java.io.FileNotFoundException: /data/system/gatekeeper.password.key: open failed: ENOENT (No such file or directory)
06-11 01:57:45.970  1359  1359 E LockSettingsStorage: file not exist. /data/system/gatekeeper.password.key
06-11 01:57:45.970  1359  1359 E LockSettingsStorage: read file from cache fail.
06-11 01:57:45.970  1359  1359 E LockSettingsStorage: Cannot read file java.io.FileNotFoundException: /data/system/password.key: open failed: ENOENT (No such file or directory)
06-11 01:57:45.970  1359  1359 E LockSettingsStorage: file not exist. /data/system/password.key
06-11 01:57:45.970  1359  1359 E LockSettingsStorage: read file from cache fail.
06-11 01:57:45.970  1359  1359 E LockSettingsStorage: Cannot read file java.io.FileNotFoundException: /data/system/gatekeeper.pattern.key: open failed: ENOENT (No such file or directory)
06-11 01:57:45.970  1359  1359 E LockSettingsStorage: file not exist. /data/system/gatekeeper.pattern.key
06-11 01:57:45.970  1359  1359 E LockSettingsStorage: read file from cache fail.
06-11 01:57:45.971  1359  1359 E LockSettingsStorage: Cannot read file java.io.FileNotFoundException: /data/system/gatekeeper.gesture.key: open failed: ENOENT (No such file or directory)
06-11 01:57:45.971  1359  1359 E LockSettingsStorage: file not exist. /data/system/gatekeeper.gesture.key
06-11 01:57:45.971  1359  1359 E LockSettingsStorage: read file from cache fail.
06-11 01:57:45.971  1359  1359 E LockSettingsStorage: Cannot read file java.io.FileNotFoundException: /data/system/gesture.key: open failed: ENOENT (No such file or directory)
06-11 01:57:45.971  1359  1359 E LockSettingsStorage: file not exist. /data/system/gesture.key
06-11 01:57:45.985  1359  1394 I ActivityManager: Start proc 3208:com.huawei.systemmanager/1000 for service com.huawei.systemmanager/com.huawei.library.custom.HsmCfgIntentService
06-11 01:57:45.988  1359  1359 I HwBatteryService: intent = Intent { act=android.intent.action.LOCKED_BOOT_COMPLETED flg=0x9000010 (has extras) }
06-11 01:57:45.990  1359  2496 I AlarmManager: remove alarm.operation :bab2cfa according to operation:2f282ab
06-11 01:57:45.991  1359  1655 V BackupManagerService: No ancestral data
06-11 01:57:46.022  3208  3208 D ActivityThread: Attach thread to application
06-11 01:57:46.024  1359  2496 D ContentProviderRecord: Install provider in app ui process, name:ComponentInfo{com.huawei.systemmanager/com.huawei.systemmanager.settingsearch.SettingSearchProvider}
06-11 01:57:46.024  1359  2496 D ContentProviderRecord: Install provider in app ui process, name:ComponentInfo{com.huawei.systemmanager/com.avl.engine.security.AVLProvider}
06-11 01:57:46.025  1359  2496 D ContentProviderRecord: Install provider in app ui process, name:ComponentInfo{com.huawei.systemmanager/com.huawei.systemmanager.backup.CommonPrefBackupProvider}
06-11 01:57:46.035  1359  1359 I [SPMN]  : insert SECURE -- name = accessibility_enabled, package = android, user = 0, value = 0
06-11 01:57:46.036  1359  1359 I AccessibilityManagerService: mSupportDaltonian:true
06-11 01:57:46.036  1359  1359 I AccessibilityManagerService: daltonizerMode:-1
06-11 01:57:46.036  1359  1359 I AccessibilityManagerService: daltonizerMode not change, return
06-11 01:57:46.036  1359  1359 I AccessibilityManagerService: mSupportColorInverse:true
06-11 01:57:46.036  1359  1359 I AccessibilityManagerService: invertColors not change,return
06-11 01:57:46.052  1359  1359 V ActivityManager: startProcess: name=com.google.android.marvin.talkback app=null knownToBeDead=true thread=null pid=-1
06-11 01:57:46.054  1359  1655 D BackupTransportManager: Binding to transport: android/com.android.internal.backup.LocalTransportService
06-11 01:57:46.069  1359  1359 I ActivityManager: Start proc 3229:com.google.android.marvin.talkback/u0a84 for broadcast com.google.android.marvin.talkback/com.google.android.accessibility.talkback.BootReceiver
06-11 01:57:46.079  1359  2078 D WifiP2pService: P2pDisabledState{ when=0 what=69633 target=com.android.internal.util.StateMachine$SmHandler }
06-11 01:57:46.079  1359  2078 D WifiP2pService: DefaultState{ when=0 what=69633 target=com.android.internal.util.StateMachine$SmHandler }
06-11 01:57:46.079  1359  2078 D WifiP2pService: P2pDisabledState{ when=0 what=69632 obj=com.android.server.wifi.util.WifiAsyncChannel@64eb28b target=com.android.internal.util.StateMachine$SmHandler }
06-11 01:57:46.079  1359  2078 D WifiP2pService: DefaultState{ when=0 what=69632 obj=com.android.server.wifi.util.WifiAsyncChannel@64eb28b target=com.android.internal.util.StateMachine$SmHandler }
06-11 01:57:46.080  1359  2078 D WifiP2pService: Full connection with WifiStateMachine established
06-11 01:57:46.080  1359  2081 D ConnectivityService: Got NetworkFactory Messenger for WIFI
06-11 01:57:46.080  1359  2081 D ConnectivityService: Got NetworkFactory Messenger for WIFI_UT
06-11 01:57:46.080  1359  2081 D ConnectivityService: NetworkFactory connected
06-11 01:57:46.081  1359  2081 D ConnectivityService: NetworkFactory connected
06-11 01:57:46.089  1359  1655 I BackupManagerService: Backup enabled => false
06-11 01:57:46.091  1359  1359 D BackupTransportManager: Bound to transport: android/com.android.internal.backup.LocalTransportService
06-11 01:57:46.110  3229  3229 D ActivityThread: Attach thread to application
06-11 01:57:46.134  1359  1655 W SystemServiceManager: Service com.android.server.backup.BackupManagerService$Lifecycle took 169 ms in onUnlockUser 
06-11 01:57:46.144  1359  1655 I [SPMN]  : insert SECURE -- name = voice_interaction_service, package = android, user = 0, value = com.huawei.vassistant/com.huawei.ziri.service.FakeVoiceInteractionService
06-11 01:57:46.144  1359  1655 I [SPMN]  : insert SECURE -- name = voice_recognition_service, package = android, user = 0, value = com.huawei.vassistant/com.huawei.ziri.service.FakeRecognitionService
06-11 01:57:46.150  1359  1655 V ActivityManager: startProcess: name=com.huawei.vassistant:interactor app=null knownToBeDead=true thread=null pid=-1
06-11 01:57:46.163  1359  1655 I ActivityManager: Start proc 3255:com.huawei.vassistant:interactor/u0a73 for service com.huawei.vassistant/com.huawei.ziri.service.FakeVoiceInteractionService
06-11 01:57:46.175  3208  3208 W ContextImpl: Calling a method in the system process without a qualified user: android.app.ContextImpl.startService:1708 android.content.ContextWrapper.startService:657 com.huawei.library.stat.client.HsmStatProxy.startMainService:300 com.huawei.systemmanager.SystemManagerApplication.startServices:204 com.huawei.systemmanager.SystemManagerApplication.onCreate:150 
06-11 01:57:46.201  1359  1655 I ActivityManager: User 0 state changed from RUNNING_UNLOCKING to RUNNING_UNLOCKED
06-11 01:57:46.203  3208  3208 W ContextImpl: Calling a method in the system process without a qualified user: android.app.ContextImpl.startService:1708 android.content.ContextWrapper.startService:657 com.huawei.systemmanager.SystemManagerApplication.startPermissionService:286 com.huawei.systemmanager.SystemManagerApplication.startServices:205 com.huawei.systemmanager.SystemManagerApplication.onCreate:150 
06-11 01:57:46.203  1359  1655 I ActivityManager: Sending BOOT_COMPLETE user #0
06-11 01:57:46.209  1359  1655 I ActivityManager: _StartUser Handle SYSTEM_USER_UNLOCK_MSG userid:0 cost 261 ms
06-11 01:57:46.210  1359  1359 I [SPMN]  : insert SECURE -- name = accessibility_enabled, package = android, user = 0, value = 0
06-11 01:57:46.210  1359  1359 I AccessibilityManagerService: mSupportDaltonian:true
06-11 01:57:46.210  1359  1359 I AccessibilityManagerService: daltonizerMode:-1
06-11 01:57:46.210  1359  1359 I AccessibilityManagerService: daltonizerMode not change, return
06-11 01:57:46.210  1359  1359 I AccessibilityManagerService: mSupportColorInverse:true
06-11 01:57:46.210  1359  1359 I AccessibilityManagerService: invertColors not change,return
06-11 01:57:46.211  3255  3255 D ActivityThread: Attach thread to application
06-11 01:57:46.221  1359  2386 V ActivityManager: Successfully start provider ContentProviderRecord{1483ff9 u0 com.android.providers.contacts/.ContactsProvider2} launchingApp=ProcessRecord{2a79b49 2897:android.process.acore/u0a9} caller pid= 3075
06-11 01:57:46.223  1359  1359 V NotificationListeners: enabling notification listener for 0: ComponentInfo{com.huawei.android.launcher/com.android.launcher.notification.NotificationListener}
06-11 01:57:46.223  1359  1359 V NotificationListeners: Not registering ComponentInfo{com.huawei.android.launcher/com.android.launcher.notification.NotificationListener} as bind is already in progress
06-11 01:57:46.224  3208  3208 W ContextImpl: Calling a method in the system process without a qualified user: android.app.ContextImpl.startService:1708 android.content.ContextWrapper.startService:657 com.huawei.systemmanager.SystemManagerApplication.startBgStaticsService:308 com.huawei.systemmanager.SystemManagerApplication.startServices:210 com.huawei.systemmanager.SystemManagerApplication.onCreate:150 
06-11 01:57:46.224  1359  1359 V NotificationListeners: binding: Intent { act=android.service.notification.NotificationListenerService cmp=com.huawei.android.launcher/com.android.launcher.notification.NotificationListener (has extras) }
06-11 01:57:46.226  1359  2496 I AlarmManager: remove alarm.operation :2f282ab according to operation:5c1e1c8
06-11 01:57:46.228  1359  1359 I HwAudioService: user unlocked ,start soundtrigger! isPrimary : true
06-11 01:57:46.231  1359  1359 I HwAudioService: wakeupV2 : 
06-11 01:57:46.231  1359  1359 I HwAudioService: startSoundTriggerV2 not support wakeup v2
06-11 01:57:46.232  3208  3208 W ContextImpl: Calling a method in the system process without a qualified user: android.app.ContextImpl.startService:1708 android.content.ContextWrapper.startService:657 com.huawei.systemmanager.SystemManagerApplication.startDeviceStorageMonitorService:315 com.huawei.systemmanager.SystemManagerApplication.startServices:212 com.huawei.systemmanager.SystemManagerApplication.onCreate:150 
06-11 01:57:46.236  3208  3208 W ContextImpl: Calling a method in the system process without a qualified user: android.app.ContextImpl.startService:1708 android.content.ContextWrapper.startService:657 com.huawei.systemmanager.SystemManagerApplication.startSpaceCleanService:336 com.huawei.systemmanager.SystemManagerApplication.startServices:216 com.huawei.systemmanager.SystemManagerApplication.onCreate:150 
06-11 01:57:46.237  1359  1393 I AlarmManager: remove alarm.operation :8f67c0c according to operation:806a955
06-11 01:57:46.239  3208  3208 W ContextImpl: Calling a method in the system process without a qualified user: android.app.ContextImpl.startService:1708 android.content.ContextWrapper.startService:657 com.huawei.systemmanager.SystemManagerApplication.startSmartControlResidentService:346 com.huawei.systemmanager.SystemManagerApplication.startServices:219 com.huawei.systemmanager.SystemManagerApplication.onCreate:150 
06-11 01:57:46.241  1359  3205 I BackupManagerService: Found stale backup journal, scheduling
06-11 01:57:46.241  3208  3208 W ContextImpl: Calling a method in the system process without a qualified user: android.app.ContextImpl.startService:1708 android.content.ContextWrapper.startService:657 com.huawei.systemmanager.SystemManagerApplication.startAntivirusService:353 com.huawei.systemmanager.SystemManagerApplication.startServices:220 com.huawei.systemmanager.SystemManagerApplication.onCreate:150 
06-11 01:57:46.255  3208  3208 W ContextImpl: Calling a method in the system process without a qualified user: android.app.ContextImpl.startService:1708 android.content.ContextWrapper.startService:657 com.huawei.systemmanager.SystemManagerApplication.startCoreService:241 com.huawei.systemmanager.SystemManagerApplication.startServices:222 com.huawei.systemmanager.SystemManagerApplication.onCreate:150 
06-11 01:57:46.309  1359  2496 V ActivityManager: startProcess: name=com.android.deskclock app=null knownToBeDead=true thread=null pid=-1
06-11 01:57:46.368  1359  2496 W ActivityManager: Slow operation: 57ms so far, now at startProcess: building log message
06-11 01:57:46.368  1359  2496 I ActivityManager: Start proc 3306:com.android.deskclock/u0a58 for broadcast com.android.deskclock/.AlarmInitReceiver
06-11 01:57:46.368  1359  2496 W ActivityManager: Slow operation: 58ms so far, now at startProcess: starting to update pids map
06-11 01:57:46.368  1359  2496 W ActivityManager: Slow operation: 58ms so far, now at startProcess: done updating pids map
06-11 01:57:46.369  1359  2496 W ActivityManager: Slow operation: 59ms so far, now at startProcess: done starting proc!
06-11 01:57:46.369  3306  3306 D ActivityThread: Attach thread to application
06-11 01:57:46.443  3208  3332 W ContextImpl: Calling a method in the system process without a qualified user: android.app.ContextImpl.startService:1708 android.content.ContextWrapper.startService:657 tmsdk.common.TMSDKContext.start:153 tmsdk.common.TMSDKContext.access$000:0 tmsdk.common.TMSDKContext$1.run:0 
06-11 01:57:46.471  1359  2056 W AppOps  : Finishing op nesting under-run: uid 1041 pkg audioserver code 40 time=0 duration=0 nesting=0
06-11 01:57:46.473  1359  2021 W AppOps  : Finishing op nesting under-run: uid 1041 pkg audioserver code 40 time=0 duration=0 nesting=0
06-11 01:57:46.473  1359  2021 W ProcBatteryStats: timer is not running , not stop, name: audioserver, uid: 1041, tag: AudioMix
06-11 01:57:46.479  1359  1393 D HwConnectivityService: return the background wifi network info for system manager.
06-11 01:57:46.486  1359  1393 W AppOps  : Finishing op nesting under-run: uid 1041 pkg audioserver code 40 time=0 duration=0 nesting=0
06-11 01:57:46.486  1359  1393 W ProcBatteryStats: timer is not running , not stop, name: audioserver, uid: 1041, tag: AudioMix
06-11 01:57:46.491  1359  1627 V ActivityManager: startProcess: name=com.android.printspooler app=null knownToBeDead=true thread=null pid=-1
06-11 01:57:46.509  1359  1814 I AppWidgetServiceImpl: Async processing of onUserUnlocked u0 took 374 ms
06-11 01:57:46.509  3208  3208 W ContextImpl: Calling a method in the system process without a qualified user: android.app.ContextImpl.bindService:1788 android.content.ContextWrapper.bindService:691 com.huawei.library.stat.client.HsmStatProxy.bindService:268 com.huawei.library.stat.client.HsmStatProxy.-wrap0:0 com.huawei.library.stat.client.HsmStatProxy$1.handleMessage:67 
06-11 01:57:46.512  1359  1627 I ActivityManager: Start proc 3346:com.android.printspooler/u0a78 for service com.android.printspooler/.model.PrintSpoolerService
06-11 01:57:46.520  1359  2021 D HwConnectivityService: return the background wifi network info for system manager.
06-11 01:57:46.522  1359  2496 I ActivityManager: Need to start process com.huawei.parentcontrol for provider ContentProviderInfo{name=com.huawei.parentcontrol className=com.huawei.parentcontrol.provider.ContentProviders}, callerApp: ProcessRecord{a01732e 2453:com.huawei.android.launcher/u0a59}
06-11 01:57:46.522  1359  2496 V ActivityManager: startProcess: name=com.huawei.parentcontrol app=null knownToBeDead=false thread=null pid=-1
06-11 01:57:46.543  1359  2496 I ActivityManager: Start proc 3361:com.huawei.parentcontrol/u0a61 for content provider com.huawei.parentcontrol/.provider.ContentProviders
06-11 01:57:46.544  1359  2496 V ActivityManager_MU: Waiting to start provider ContentProviderRecord{fd722ce u0 com.huawei.parentcontrol/.provider.ContentProviders} launchingApp=ProcessRecord{d338393 3361:com.huawei.parentcontrol/u0a61} caller pid= 2453
06-11 01:57:46.547  1359  1394 D HwConnectivityService: return the background wifi network info for system manager.
06-11 01:57:46.561  3346  3346 D ActivityThread: Attach thread to application
06-11 01:57:46.571  1359  1394 I ActivityManager: Need to start process com.android.calendar for provider ContentProviderInfo{name=com.android.calendar.Recess className=com.android.calendar.hap.HolidayRecessContentProvider}, callerApp: ProcessRecord{821347d 3306:com.android.deskclock/u0a58}
06-11 01:57:46.571  1359  1394 V ActivityManager: startProcess: name=com.android.calendar app=null knownToBeDead=false thread=null pid=-1
06-11 01:57:46.575  3361  3361 D ActivityThread: Attach thread to application
06-11 01:57:46.588  1359  1394 I ActivityManager: Start proc 3383:com.android.calendar/u0a13 for content provider com.android.calendar/.hap.HolidayRecessContentProvider
06-11 01:57:46.589  1359  1394 V ActivityManager_MU: Waiting to start provider ContentProviderRecord{76b0e32 u0 com.android.calendar/.hap.HolidayRecessContentProvider} launchingApp=ProcessRecord{dde263d 3383:com.android.calendar/u0a13} caller pid= 3306
06-11 01:57:46.609  1359  1359 D NotificationListeners: onServiceConnected, just remove the servicesBindingTag and add service.
06-11 01:57:46.635  3383  3383 D ActivityThread: Attach thread to application
06-11 01:57:46.674  1359  3390 W ActivityManager: Unable to start service Intent { act=android.intent.action.BOOT_COMPLETED cmp=com.qualcomm.location.XT/.XTSrv } U=0: not found
06-11 01:57:46.697  2399  2591 W ContextImpl: Calling a method in the system process without a qualified user: android.app.ContextImpl.bindService:1788 android.content.ContextWrapper.bindService:691 com.huawei.android.location.activityrecognition.HwActivityRecognition.bindService:1088 com.huawei.android.location.activityrecognition.HwActivityRecognition.access$1:1076 com.huawei.android.location.activityrecognition.HwActivityRecognition$1.handleMessage:1024 
06-11 01:57:46.721  1359  2496 V ActivityManager: Successfully start provider ContentProviderRecord{fd722ce u0 com.huawei.parentcontrol/.provider.ContentProviders} launchingApp=ProcessRecord{d338393 3361:com.huawei.parentcontrol/u0a61} caller pid= 2453
06-11 01:57:46.726  1359  1627 V ActivityManager: startProcess: name=com.android.keychain app=null knownToBeDead=true thread=null pid=-1
06-11 01:57:46.753  1359  1627 I ActivityManager: Start proc 3425:com.android.keychain/1000 for service com.android.keychain/.KeyChainService
06-11 01:57:46.803  3425  3425 D ActivityThread: Attach thread to application
06-11 01:57:46.807  1359  1394 V ActivityManager: Successfully start provider ContentProviderRecord{76b0e32 u0 com.android.calendar/.hap.HolidayRecessContentProvider} launchingApp=ProcessRecord{dde263d 3383:com.android.calendar/u0a13} caller pid= 3306
06-11 01:57:46.838  1359  2056 I ActivityManager: Need to start process com.android.providers.calendar for provider ContentProviderInfo{name=com.android.calendar className=com.android.providers.calendar.CalendarProvider2}, callerApp: ProcessRecord{dde263d 3383:com.android.calendar/u0a13}
06-11 01:57:46.838  1359  2056 V ActivityManager: startProcess: name=com.android.providers.calendar app=null knownToBeDead=false thread=null pid=-1
06-11 01:57:46.855  1359  2056 I ActivityManager: Start proc 3446:com.android.providers.calendar/u0a11 for content provider com.android.providers.calendar/.CalendarProvider2
06-11 01:57:46.856  1359  2056 V ActivityManager_MU: Waiting to start provider ContentProviderRecord{d762c9f u0 com.android.providers.calendar/.CalendarProvider2} launchingApp=ProcessRecord{7f4363e 3446:com.android.providers.calendar/u0a11} caller pid= 3383
06-11 01:57:46.880  1359  2783 W HwBootFail: bootStageValue = STAGE_ZYGOTE_START + 2063597566
06-11 01:57:46.880  1359  2783 I HwBootFail: bootSceneEnd :102
06-11 01:57:46.884  3446  3446 D ActivityThread: Attach thread to application
06-11 01:57:46.933  1359  1627 I SyncManager: Loaded persisted syncs: 0 periodic syncs, 0 oneshot syncs, 10 total system server jobs, JobStats: FirstLoad: 6/1/0 LastSave: -1/-1/-1
06-11 01:57:47.005  1359  2056 V ActivityManager: Successfully start provider ContentProviderRecord{d762c9f u0 com.android.providers.calendar/.CalendarProvider2} launchingApp=ProcessRecord{7f4363e 3446:com.android.providers.calendar/u0a11} caller pid= 3383
06-11 01:57:47.089  1359  2496 V ActivityManager: startProcess: name=com.huawei.search app=null knownToBeDead=true thread=null pid=-1
06-11 01:57:47.104  1359  2496 I ActivityManager: Start proc 3475:com.huawei.search/u0a88 for service com.huawei.search/.services.overlay.LauncherOverlayService
06-11 01:57:47.121  2335  2335 W ContextImpl: Calling a method in the system process without a qualified user: android.app.ContextImpl.bindService:1788 android.content.ContextWrapper.bindService:691 com.huawei.android.chr.statistics.TelStatusManager.<init>:64 com.huawei.android.chr.statistics.TelStatusManager.make:50 com.huawei.android.chr.HwChrApplication.onCreate:76 
06-11 01:57:47.125  3475  3475 D ActivityThread: Attach thread to application
06-11 01:57:47.127  2335  2335 W ContextImpl: Calling a method in the system process without a qualified user: android.app.ContextImpl.bindService:1788 com.huawei.mdlog.MdlogManager.<init>:38 com.huawei.mdlog.MdlogManager.make:46 com.huawei.android.chr.HwChrApplication.onCreate:77 android.app.Instrumentation.callApplicationOnCreate:1123 
06-11 01:57:47.140  2335  2335 W ContextImpl: Calling a method in the system process without a qualified user: android.app.ContextImpl.bindService:1788 android.content.ContextWrapper.bindService:691 com.huawei.android.chr.logcollectservice.ChrLogManager.<init>:63 com.huawei.android.chr.logcollectservice.ChrLogManager.make:38 com.huawei.android.chr.HwChrApplication.onCreate:83 
06-11 01:57:47.146  2335  2335 W ContextImpl: Calling a method in the system process without a qualified user: android.app.ContextImpl.startService:1708 android.content.ContextWrapper.startService:657 android.content.ContextWrapper.startService:657 com.huawei.mdlog.MdlogBootReceiver.onReceive:40 android.app.ActivityThread.handleReceiver:3793 
06-11 01:57:47.152  2399  2399 W ContextImpl: Calling a method in the system process without a qualified user: android.app.ContextImpl.startService:1708 android.content.ContextWrapper.startService:657 android.content.ContextWrapper.startService:657 com.huawei.android.hwaps.AutoRunReceiver.onReceive:33 android.app.ActivityThread.handleReceiver:3793 
06-11 01:57:47.192  2335  2335 W ContextImpl: Calling a method in the system process without a qualified user: android.app.ContextImpl.startService:1708 android.content.ContextWrapper.startService:657 com.huawei.lcagent.client.LogCollectManager.bindToService:332 com.huawei.lcagent.client.LogCollectManager.<init>:43 com.huawei.mdlog.MdlogService.onCreate:406 
06-11 01:57:47.193  2335  2335 W ContextImpl: Calling a method in the system process without a qualified user: android.app.ContextImpl.bindService:1788 android.content.ContextWrapper.bindService:691 com.huawei.lcagent.client.LogCollectManager.bindToService:336 com.huawei.lcagent.client.LogCollectManager.<init>:43 com.huawei.mdlog.MdlogService.onCreate:406 
06-11 01:57:47.243  2335  2335 W ContextImpl: Calling a method in the system process without a qualified user: android.app.ContextImpl.startService:1708 android.content.ContextWrapper.startService:657 com.huawei.lcagent.client.LogCollectManager.bindToService:332 com.huawei.lcagent.client.LogCollectManager.<init>:37 com.huawei.android.chr.ProtocolLogManager.init:127 
06-11 01:57:47.244  2335  2335 W ContextImpl: Calling a method in the system process without a qualified user: android.app.ContextImpl.bindService:1788 android.content.ContextWrapper.bindService:691 com.huawei.lcagent.client.LogCollectManager.bindToService:336 com.huawei.lcagent.client.LogCollectManager.<init>:37 com.huawei.android.chr.ProtocolLogManager.init:127 
06-11 01:57:47.261  2381  2381 W ContextImpl: Calling a method in the system process without a qualified user: android.app.ContextImpl.startService:1708 android.content.ContextWrapper.startService:657 android.content.ContextWrapper.startService:657 com.huawei.ca.service.AutoBootReceiver.onReceive:29 android.app.ActivityThread.handleReceiver:3793 
06-11 01:57:47.273  2335  2335 W SettingsEx: SettingsEx.Systemex.getString deprecated use Settings.System.getString instead ;callers=com.huawei.android.chr.dataservice.ChrDataServiceTracker.initChrReportAppPackage:1171 com.huawei.android.chr.dataservice.ChrDataServiceTracker.<init>:207 com.huawei.android.chr.dataservice.ChrDataService.<init>:192 
06-11 01:57:47.274  1359  1394 D HwNetworkManagementService: code == CODE_SET_CHR_REPORT_APP_LIST
06-11 01:57:47.275  1359  1394 D NetdConnector: SND -> {42 chr appuid set 0 0}
06-11 01:57:47.277  1359  2058 D NetdConnector: RCV <- {200 42 set appuid succeeded}
06-11 01:57:47.278  1359  2058 D NetdConnector: RCV <- {200 42 set appuid succeeded}
06-11 01:57:47.278  1359  1394 D HwNetworkManagementService: chr appuid set:200 42 set appuid succeeded
06-11 01:57:47.280  1359  1394 D HwNetworkManagementService: code == CODE_SET_CHR_REPORT_APP_LIST
06-11 01:57:47.281  1359  1394 D NetdConnector: SND -> {43 chr appuid set 1 10087}
06-11 01:57:47.282  1359  2058 D NetdConnector: RCV <- {200 43 set appuid succeeded}
06-11 01:57:47.283  1359  2058 D NetdConnector: RCV <- {200 43 set appuid succeeded}
06-11 01:57:47.284  1359  1394 D HwNetworkManagementService: chr appuid set:200 43 set appuid succeeded
06-11 01:57:47.285  1359  2496 D HwNetworkManagementService: code == CODE_SET_CHR_REPORT_APP_LIST
06-11 01:57:47.286  1359  2496 D NetdConnector: SND -> {44 chr appuid set 2 0}
06-11 01:57:47.287  1359  2058 D NetdConnector: RCV <- {200 44 set appuid succeeded}
06-11 01:57:47.288  1359  2058 D NetdConnector: RCV <- {200 44 set appuid succeeded}
06-11 01:57:47.289  1359  2496 D HwNetworkManagementService: chr appuid set:200 44 set appuid succeeded
06-11 01:57:47.290  1359  2056 D HwNetworkManagementService: code == CODE_SET_CHR_REPORT_APP_LIST
06-11 01:57:47.291  1359  2056 D NetdConnector: SND -> {45 chr appuid set 3 0}
06-11 01:57:47.293  1359  2058 D NetdConnector: RCV <- {200 45 set appuid succeeded}
06-11 01:57:47.294  1359  2058 D NetdConnector: RCV <- {200 45 set appuid succeeded}
06-11 01:57:47.294  1359  2056 D HwNetworkManagementService: chr appuid set:200 45 set appuid succeeded
06-11 01:57:47.296  1359  2056 D HwNetworkManagementService: code == CODE_SET_CHR_REPORT_APP_LIST
06-11 01:57:47.296  1359  2056 D NetdConnector: SND -> {46 chr appuid set 4 0}
06-11 01:57:47.298  1359  2058 D NetdConnector: RCV <- {200 46 set appuid succeeded}
06-11 01:57:47.299  1359  2058 D NetdConnector: RCV <- {200 46 set appuid succeeded}
06-11 01:57:47.299  1359  2056 D HwNetworkManagementService: chr appuid set:200 46 set appuid succeeded
06-11 01:57:47.301  1359  2056 D HwNetworkManagementService: code == CODE_SET_CHR_REPORT_APP_LIST
06-11 01:57:47.302  1359  2056 D NetdConnector: SND -> {47 chr appuid set 5 0}
06-11 01:57:47.303  1359  2058 D NetdConnector: RCV <- {200 47 set appuid succeeded}
06-11 01:57:47.304  1359  2058 D NetdConnector: RCV <- {200 47 set appuid succeeded}
06-11 01:57:47.304  1359  2056 D HwNetworkManagementService: chr appuid set:200 47 set appuid succeeded
06-11 01:57:47.305  1359  2056 D HwNetworkManagementService: code == CODE_SET_CHR_REPORT_APP_LIST
06-11 01:57:47.306  1359  2056 D NetdConnector: SND -> {48 chr appuid set 6 0}
06-11 01:57:47.307  1359  2058 D NetdConnector: RCV <- {200 48 set appuid succeeded}
06-11 01:57:47.308  1359  2058 D NetdConnector: RCV <- {200 48 set appuid succeeded}
06-11 01:57:47.309  1359  2056 D HwNetworkManagementService: chr appuid set:200 48 set appuid succeeded
06-11 01:57:47.310  1359  2056 D HwNetworkManagementService: code == CODE_SET_CHR_REPORT_APP_LIST
06-11 01:57:47.311  1359  2056 D NetdConnector: SND -> {49 chr appuid set 7 0}
06-11 01:57:47.312  1359  2058 D NetdConnector: RCV <- {200 49 set appuid succeeded}
06-11 01:57:47.313  1359  2058 D NetdConnector: RCV <- {200 49 set appuid succeeded}
06-11 01:57:47.314  1359  2056 D HwNetworkManagementService: chr appuid set:200 49 set appuid succeeded
06-11 01:57:47.315  1359  2056 D HwNetworkManagementService: code == CODE_SET_CHR_REPORT_APP_LIST
06-11 01:57:47.316  1359  2056 D NetdConnector: SND -> {50 chr appuid set 8 0}
06-11 01:57:47.317  1359  2058 D NetdConnector: RCV <- {200 50 set appuid succeeded}
06-11 01:57:47.318  1359  2058 D NetdConnector: RCV <- {200 50 set appuid succeeded}
06-11 01:57:47.319  1359  2056 D HwNetworkManagementService: chr appuid set:200 50 set appuid succeeded
06-11 01:57:47.320  1359  1394 D HwNetworkManagementService: code == CODE_SET_CHR_REPORT_APP_LIST
06-11 01:57:47.321  1359  1394 D NetdConnector: SND -> {51 chr appuid set 9 0}
06-11 01:57:47.322  1359  2058 D NetdConnector: RCV <- {200 51 set appuid succeeded}
06-11 01:57:47.324  1359  2058 D NetdConnector: RCV <- {200 51 set appuid succeeded}
06-11 01:57:47.324  1359  1394 D HwNetworkManagementService: chr appuid set:200 51 set appuid succeeded
06-11 01:57:47.339  2335  2335 W ContextImpl: Calling a method in the system process without a qualified user: android.app.ContextImpl.startService:1708 android.content.ContextWrapper.startService:657 com.huawei.lcagent.client.LogCollectManager.bindToService:332 com.huawei.lcagent.client.LogCollectManager.<init>:43 com.huawei.android.chr.hifi.ChrHifi.<init>:80 
06-11 01:57:47.341  2335  2335 W ContextImpl: Calling a method in the system process without a qualified user: android.app.ContextImpl.bindService:1788 android.content.ContextWrapper.bindService:691 com.huawei.lcagent.client.LogCollectManager.bindToService:336 com.huawei.lcagent.client.LogCollectManager.<init>:43 com.huawei.android.chr.hifi.ChrHifi.<init>:80 
06-11 01:57:47.393  2335  2335 W ContextImpl: Calling a method in the system process without a qualified user: android.app.ContextImpl.startService:1708 android.content.ContextWrapper.startService:657 android.content.ContextWrapper.startService:657 com.huawei.lcagent.service.LogBroadcastReceiver.onReceive:58 android.app.ActivityThread.handleReceiver:3793 
06-11 01:57:47.394  2335  2335 W ContextImpl: Calling a method in the system process without a qualified user: android.app.ContextImpl.startService:1708 android.content.ContextWrapper.startService:657 android.content.ContextWrapper.startService:657 com.huawei.lcagent.service.LogBroadcastReceiver.onReceive:62 android.app.ActivityThread.handleReceiver:3793 
06-11 01:57:47.395  1359  2496 W ActivityManager: Unable to start service Intent { cmp=com.huawei.logtool/.grablog.ReceiverService (has extras) } U=0: not found
06-11 01:57:47.398  2381  2381 I BootBroadcastReceiver: startFindMyPhoneService return findmyphone is 0
06-11 01:57:47.414  1359  2496 V BroadcastQueue: Finished with ordered broadcast BroadcastRecord{9a376c0 u0 android.intent.action.LOCKED_BOOT_COMPLETED}
06-11 01:57:47.420  1359  2496 V ActivityManager: startProcess: name=android.process.media app=null knownToBeDead=true thread=null pid=-1
06-11 01:57:47.436  1359  2496 I ActivityManager: Start proc 3513:android.process.media/u0a16 for broadcast com.android.providers.downloads/.DownloadReceiver
06-11 01:57:47.468  3513  3513 D ActivityThread: Attach thread to application
06-11 01:57:47.525  1359  2056 D ConnectivityService: requestNetwork for uid/pid:10088/3475 NetworkRequest [ TRACK_DEFAULT id=11, [ Capabilities: INTERNET&NOT_RESTRICTED&TRUSTED&NOT_VPN] ]
06-11 01:57:47.525  1359  2081 D ConnectivityService: sending new Min Network Score(0): NetworkRequest [ TRACK_DEFAULT id=11, [ Capabilities: INTERNET&NOT_RESTRICTED&TRUSTED&NOT_VPN] ]
06-11 01:57:47.533  1359  2056 W ProcBatteryStats: timer is running , not start, name: com.qualcomm.qcrilmsgtunnel, uid: 1001, tag: QcrilOemhookMsgTunnel
06-11 01:57:47.536  1359  2496 W ProcBatteryStats: timer is not running , not stop, name: com.qualcomm.qcrilmsgtunnel, uid: 1001, tag: QcrilOemhookMsgTunnel
06-11 01:57:47.634  1359  2496 D ConnectivityService: listenForNetwork for uid/pid:10088/3475 NetworkRequest [ LISTEN id=12, [ Transports: CELLULAR|WIFI|ETHERNET Capabilities: NOT_RESTRICTED&TRUSTED&NOT_VPN] ]
06-11 01:57:47.642  1359  2056 D ConnectivityService: listenForNetwork for uid/pid:10088/3475 NetworkRequest [ LISTEN id=13, [ Transports: CELLULAR|WIFI|ETHERNET Capabilities: NOT_RESTRICTED&TRUSTED&NOT_VPN] ]
06-11 01:57:47.714  1359  2056 V ActivityManager: startProcess: name=com.huawei.hwid.persistent app=null knownToBeDead=true thread=null pid=-1
06-11 01:57:47.732  1359  2056 I ActivityManager: Start proc 3604:com.huawei.hwid.persistent/u0a57 for service com.huawei.hwid/com.huawei.android.hms.ppskit.PpsCoreService
06-11 01:57:47.764  3604  3604 D ActivityThread: Attach thread to application
06-11 01:57:47.775  1359  1394 V ActivityManager: startProcess: name=com.huawei.android.thememanager app=null knownToBeDead=true thread=null pid=-1
06-11 01:57:47.793  1359  1394 I ActivityManager: Start proc 3625:com.huawei.android.thememanager/u0a70 for broadcast com.huawei.android.thememanager/.mvp.view.broadcast.BroadcastCenter
06-11 01:57:47.816  1359  3638 V HwNotificationManagerService: HwCfgLoadingRunnable: Starts 
06-11 01:57:47.821  3625  3625 D ActivityThread: Attach thread to application
06-11 01:57:47.836  1359  3638 D RankingHelper: RankingHelper: setSysMgrCfgMap: get default channel cfg size:59
06-11 01:57:47.837  1359  3638 V HwNotificationManagerService: HwCfgLoadingRunnable: get cfg size:94
06-11 01:57:47.838  1359  3638 V HwNotificationManagerService: HwCfgLoadingRunnable: Ends. 
06-11 01:57:48.121  1359  1394 V ActivityManager: startProcess: name=com.huawei.hwid.core app=null knownToBeDead=true thread=null pid=-1
06-11 01:57:48.147  1359  1394 I ActivityManager: Start proc 3681:com.huawei.hwid.core/u0a57 for service com.huawei.hwid/com.huawei.hms.fwksdk.service.DummyCoreService
06-11 01:57:48.177  3475  3580 W PackageParser: Unknown element under <manifest>: queries at /data/app/com.huawei.search-TcEfJz_iGNBwSb1O8DYNIQ==/base.apk Binary XML file line #225
06-11 01:57:48.177  3475  3580 W PackageParser: Unknown element under <manifest>: meta-data at /data/app/com.huawei.search-TcEfJz_iGNBwSb1O8DYNIQ==/base.apk Binary XML file line #279
06-11 01:57:48.183  3681  3681 D ActivityThread: Attach thread to application
06-11 01:57:48.280  1359  2100 I HwSmartDisplayService: HDREnginePGPClient connected success!
06-11 01:57:48.408  1359  2496 D ActivityManager: Installing in existing process ProcessRecord{939110b 3681:com.huawei.hwid.core/u0a57}, pubProviders.size():18, pubProviders.containsKey(com.huawei.hms.fwkit.provider.HMSFrameworkProvider):true
06-11 01:57:48.409  1359  2496 V ActivityManager_MU: Waiting to start provider ContentProviderRecord{ed09683 u0 com.huawei.hwid/com.huawei.hms.fwkit.provider.HMSFrameworkProvider} launchingApp=ProcessRecord{939110b 3681:com.huawei.hwid.core/u0a57} caller pid= 3604
06-11 01:57:48.537  1359  2056 D ConnectivityService: listenForNetwork for uid/pid:10057/3604 NetworkRequest [ LISTEN id=14, [ Transports: CELLULAR|WIFI|ETHERNET Capabilities: NOT_RESTRICTED&TRUSTED&NOT_VPN] ]
06-11 01:57:48.549  1359  2401 D ActivityManager: Installing in existing process ProcessRecord{939110b 3681:com.huawei.hwid.core/u0a57}, pubProviders.size():18, pubProviders.containsKey(com.huawei.hms.fwkit.kams.provideragent.StubContentProvider):true
06-11 01:57:48.549  1359  2401 V ActivityManager_MU: Waiting to start provider ContentProviderRecord{1fd9930 u0 com.huawei.hwid/com.huawei.hms.fwkit.kams.provideragent.StubContentProvider} launchingApp=ProcessRecord{939110b 3681:com.huawei.hwid.core/u0a57} caller pid= 3604
06-11 01:57:48.583  1359  2056 D ActivityManager: Installing in existing process ProcessRecord{939110b 3681:com.huawei.hwid.core/u0a57}, pubProviders.size():18, pubProviders.containsKey(com.huawei.hms.dynamic.module.manager.query.ModuleQueryProvider):true
06-11 01:57:48.583  1359  2056 V ActivityManager_MU: Waiting to start provider ContentProviderRecord{122f1bf u0 com.huawei.hwid/com.huawei.hms.dynamic.module.manager.query.ModuleQueryProvider} launchingApp=ProcessRecord{939110b 3681:com.huawei.hwid.core/u0a57} caller pid= 3604
06-11 01:57:48.702  2399  2591 W ContextImpl: Calling a method in the system process without a qualified user: android.app.ContextImpl.bindService:1788 android.content.ContextWrapper.bindService:691 com.huawei.android.location.activityrecognition.HwActivityRecognition.bindService:1088 com.huawei.android.location.activityrecognition.HwActivityRecognition.access$1:1076 com.huawei.android.location.activityrecognition.HwActivityRecognition$1.handleMessage:1024 
06-11 01:57:48.819  3681  3779 D ActivityThread: Loading provider com.huawei.hms.servicemanager: com.huawei.hms.fwkit.provider.HMSFrameworkProvider
06-11 01:57:48.940  1359  2329 V ActivityManager: startProcess: name=com.huawei.android.hsf app=null knownToBeDead=true thread=null pid=-1
06-11 01:57:48.957  1359  2329 I ActivityManager: Start proc 3822:com.huawei.android.hsf/u0a30 for service com.huawei.android.hsf/com.huawei.hsf.copy.service.CopyService
06-11 01:57:48.970  1359  2496 V ActivityManager: Successfully start provider ContentProviderRecord{ed09683 u0 com.huawei.hwid/com.huawei.hms.fwkit.provider.HMSFrameworkProvider} launchingApp=ProcessRecord{939110b 3681:com.huawei.hwid.core/u0a57} caller pid= 3604
06-11 01:57:48.971  1359  2056 V ActivityManager: Successfully start provider ContentProviderRecord{122f1bf u0 com.huawei.hwid/com.huawei.hms.dynamic.module.manager.query.ModuleQueryProvider} launchingApp=ProcessRecord{939110b 3681:com.huawei.hwid.core/u0a57} caller pid= 3604
