06-11 01:57:48.972  1359  2401 V ActivityManager: Successfully start provider ContentProviderRecord{1fd9930 u0 com.huawei.hwid/com.huawei.hms.fwkit.kams.provideragent.StubContentProvider} launchingApp=ProcessRecord{939110b 3681:com.huawei.hwid.core/u0a57} caller pid= 3604
06-11 01:57:49.017  3822  3822 D ActivityThread: Attach thread to application
06-11 01:57:49.239  3681  3840 W PackageParser: Unknown element under <manifest>: queries at /data/user_de/0/com.huawei.hwid/files/framework/earlyinstall/com.huawei.hms.runtimekit/61300301/com.huawei.hms.runtimekit.apk Binary XML file line #13
06-11 01:57:49.260  3681  3840 I chatty  : uid=10057 com.huawei.hwid.core identical 1 line
06-11 01:57:49.270  3681  3840 W PackageParser: Unknown element under <manifest>: queries at /data/user_de/0/com.huawei.hwid/files/framework/earlyinstall/com.huawei.hms.runtimekit/61300301/com.huawei.hms.runtimekit.apk Binary XML file line #13
06-11 01:57:49.378  3681  3840 W PackageParser: Unknown element under <manifest>: queries at /data/user_de/0/com.huawei.hwid/files/framework/earlyinstall/com.huawei.hms.account/61200306/com.huawei.hms.account.apk Binary XML file line #77
06-11 01:57:49.386  1359  2401 D JobServiceContext: Scheduling time out for '.mvp.view.service.ThemeService' jId: 1003, in 18 s
06-11 01:57:49.422  1359  2056 V BroadcastQueue: Finished with ordered broadcast BroadcastRecord{85c42e3 u0 android.intent.action.MEDIA_MOUNTED}
06-11 01:57:49.425  1359  2056 V BroadcastQueue: Finished with ordered broadcast BroadcastRecord{3105b76 u0 com.huawei.systemmanager.stat.weeklly}
06-11 01:57:49.429  1359  2401 V BroadcastQueue: Finished with ordered broadcast BroadcastRecord{d191577 u0 com.huawei.systemmanager.stat.dially}
06-11 01:57:49.430  3208  3888 W ContextImpl: Calling a method in the system process without a qualified user: android.app.ContextImpl.startService:1708 android.content.ContextWrapper.startService:657 com.huawei.systemmanager.spacecleanner.receiver.SpaceCleanReceiver.checkRarelyUsedApp:101 com.huawei.systemmanager.spacecleanner.receiver.SpaceCleanReceiver.doInBackground:47 java.lang.reflect.Method.invoke:-2 
06-11 01:57:49.436  1359  1359 D JobServiceContext: handleServiceBound for 782694c #u0a70/1003 com.huawei.android.thememanager/.mvp.view.service.ThemeService
06-11 01:57:49.437  1359  1359 D JobServiceContext: Scheduling time out for '.mvp.view.service.ThemeService' jId: 1003, in 8 s
06-11 01:57:49.441  3681  3840 W PackageParser: No actions in intent filter at /data/user_de/0/com.huawei.hwid/files/framework/earlyinstall/com.huawei.hms.account/61200306/com.huawei.hms.account.apk Binary XML file line #1522
06-11 01:57:49.443  1359  2401 V BroadcastQueue: Finished with ordered broadcast BroadcastRecord{94295e4 u0 com.huawei.hwsystemmanager.power.UPDATE_USAGESTATUS_RECORD}
06-11 01:57:49.444  1359  2401 V ActivityManager: startProcess: name=com.huawei.android.ds app=null knownToBeDead=true thread=null pid=-1
06-11 01:57:49.444  1359  2496 D JobServiceContext: doCallback of : JobStatus{782694c #u0a70/1003 com.huawei.android.thememanager/.mvp.view.service.ThemeService u=0 s=10070 TIME=none:-61ms READY} v:VERB_STARTING
06-11 01:57:49.445  1359  2496 D JobServiceContext: Scheduling time out for '.mvp.view.service.ThemeService' jId: 1003, in 600 s
06-11 01:57:49.448  3681  3840 W PackageParser: No actions in intent filter at /data/user_de/0/com.huawei.hwid/files/framework/earlyinstall/com.huawei.hms.account/61200306/com.huawei.hms.account.apk Binary XML file line #1673
06-11 01:57:49.449  3681  3840 W PackageParser: No actions in intent filter at /data/user_de/0/com.huawei.hwid/files/framework/earlyinstall/com.huawei.hms.account/61200306/com.huawei.hms.account.apk Binary XML file line #1687
06-11 01:57:49.451  3625  3850 W FileUtils: Failed to chmod(/data/themes/0/unlock): android.system.ErrnoException: chmod failed: EPERM (Operation not permitted)
06-11 01:57:49.463  1359  2401 I ActivityManager: Start proc 3893:com.huawei.android.ds/1001 for broadcast com.huawei.hidisk/com.huawei.android.hicloud.sync.receiver.ObserverBroadcastReceiver
06-11 01:57:49.489  3625  3850 W FileUtils: Failed to chmod(/data/themes/0/unlock/theme.xml): android.system.ErrnoException: chmod failed: EPERM (Operation not permitted)
06-11 01:57:49.490  3893  3893 D ActivityThread: Attach thread to application
06-11 01:57:49.494  3681  3840 W PackageParser: No actions in intent filter at /data/user_de/0/com.huawei.hwid/files/framework/earlyinstall/com.huawei.hms.account/61200306/com.huawei.hms.account.apk Binary XML file line #3188
06-11 01:57:49.523  1359  2401 I AlarmManager: remove alarm.operation :7852c50 according to operation:d146e49
06-11 01:57:49.527  1359  2401 D JobServiceContext: Scheduling time out for '.mvp.view.service.ScanService' jId: 1004, in 18 s
06-11 01:57:49.528  1359  2401 V ActivityManager: startProcess: name=com.huawei.android.thememanager:scan app=null knownToBeDead=true thread=null pid=-1
06-11 01:57:49.545  1359  2401 I ActivityManager: Start proc 3911:com.huawei.android.thememanager:scan/u0a70 for service com.huawei.android.thememanager/.mvp.view.service.ScanService
06-11 01:57:49.569  3911  3911 D ActivityThread: Attach thread to application
06-11 01:57:49.594  3681  3840 W PackageParser: Unknown element under <manifest>: queries at /data/user_de/0/com.huawei.hwid/files/framework/earlyinstall/com.huawei.hms.account/61200306/com.huawei.hms.account.apk Binary XML file line #77
06-11 01:57:49.613  1359  2401 D JobServiceContext: doCallback of : JobStatus{782694c #u0a70/1003 com.huawei.android.thememanager/.mvp.view.service.ThemeService u=0 s=10070 TIME=none:-230ms READY} v:VERB_EXECUTING
06-11 01:57:49.631  3681  3840 W PackageParser: No actions in intent filter at /data/user_de/0/com.huawei.hwid/files/framework/earlyinstall/com.huawei.hms.account/61200306/com.huawei.hms.account.apk Binary XML file line #1522
06-11 01:57:49.636  3681  3840 W PackageParser: No actions in intent filter at /data/user_de/0/com.huawei.hwid/files/framework/earlyinstall/com.huawei.hms.account/61200306/com.huawei.hms.account.apk Binary XML file line #1673
06-11 01:57:49.637  3681  3840 W PackageParser: No actions in intent filter at /data/user_de/0/com.huawei.hwid/files/framework/earlyinstall/com.huawei.hms.account/61200306/com.huawei.hms.account.apk Binary XML file line #1687
06-11 01:57:49.674  3681  3840 W PackageParser: No actions in intent filter at /data/user_de/0/com.huawei.hwid/files/framework/earlyinstall/com.huawei.hms.account/61200306/com.huawei.hms.account.apk Binary XML file line #3188
06-11 01:57:49.699  3681  3840 W PackageParser: Unknown element under <manifest>: queries at /data/user_de/0/com.huawei.hwid/files/framework/earlyinstall/com.huawei.hms.account/61200306/com.huawei.hms.account.apk Binary XML file line #77
06-11 01:57:49.739  3681  3840 W PackageParser: No actions in intent filter at /data/user_de/0/com.huawei.hwid/files/framework/earlyinstall/com.huawei.hms.account/61200306/com.huawei.hms.account.apk Binary XML file line #1522
06-11 01:57:49.743  3681  3840 W PackageParser: No actions in intent filter at /data/user_de/0/com.huawei.hwid/files/framework/earlyinstall/com.huawei.hms.account/61200306/com.huawei.hms.account.apk Binary XML file line #1673
06-11 01:57:49.744  3681  3840 W PackageParser: No actions in intent filter at /data/user_de/0/com.huawei.hwid/files/framework/earlyinstall/com.huawei.hms.account/61200306/com.huawei.hms.account.apk Binary XML file line #1687
06-11 01:57:49.788  3681  3840 W PackageParser: No actions in intent filter at /data/user_de/0/com.huawei.hwid/files/framework/earlyinstall/com.huawei.hms.account/61200306/com.huawei.hms.account.apk Binary XML file line #3188
06-11 01:57:49.832  1359  1359 D JobServiceContext: handleServiceBound for c3634e #u0a70/1004 com.huawei.android.thememanager/.mvp.view.service.ScanService
06-11 01:57:49.833  1359  1359 D JobServiceContext: Scheduling time out for '.mvp.view.service.ScanService' jId: 1004, in 8 s
06-11 01:57:49.837  1359  2329 D JobServiceContext: doCallback of : JobStatus{c3634e #u0a70/1004 com.huawei.android.thememanager/.mvp.view.service.ScanService u=0 s=10070 TIME=none:-310ms READY} v:VERB_STARTING
06-11 01:57:49.837  1359  2329 D JobServiceContext: Scheduling time out for '.mvp.view.service.ScanService' jId: 1004, in 600 s
06-11 01:57:49.846  1359  2401 W ActivityManager: Unable to start service Intent { act=com.huawei.android.powerkit.PowerKitService cmp=com.huawei.powergenie/com.huawei.android.powerkit.PowerKitService } U=0: not found
06-11 01:57:50.031  1359  2329 W ActivityManager: Unable to start service Intent { act=com.huawei.android.powerkit.PowerKitService cmp=com.huawei.powergenie/com.huawei.android.powerkit.PowerKitService } U=0: not found
06-11 01:57:50.051  3681  3840 W PackageParser: Unknown element under <manifest>: queries at /data/user_de/0/com.huawei.hwid/files/framework/earlyinstall/com.huawei.hms.runtimekit/61300301/com.huawei.hms.runtimekit.apk Binary XML file line #13
06-11 01:57:50.066  3681  3840 I chatty  : uid=10057 com.huawei.hwid.core identical 1 line
06-11 01:57:50.079  3681  3840 W PackageParser: Unknown element under <manifest>: queries at /data/user_de/0/com.huawei.hwid/files/framework/earlyinstall/com.huawei.hms.runtimekit/61300301/com.huawei.hms.runtimekit.apk Binary XML file line #13
06-11 01:57:50.113  3681  3840 W PackageParser: Unknown element under <manifest>: queries at /data/user_de/0/com.huawei.hwid/files/framework/earlyinstall/com.huawei.hms.account/61200306/com.huawei.hms.account.apk Binary XML file line #77
06-11 01:57:50.144  3681  3840 W PackageParser: No actions in intent filter at /data/user_de/0/com.huawei.hwid/files/framework/earlyinstall/com.huawei.hms.account/61200306/com.huawei.hms.account.apk Binary XML file line #1522
06-11 01:57:50.147  3681  3840 W PackageParser: No actions in intent filter at /data/user_de/0/com.huawei.hwid/files/framework/earlyinstall/com.huawei.hms.account/61200306/com.huawei.hms.account.apk Binary XML file line #1673
06-11 01:57:50.148  3681  3840 W PackageParser: No actions in intent filter at /data/user_de/0/com.huawei.hwid/files/framework/earlyinstall/com.huawei.hms.account/61200306/com.huawei.hms.account.apk Binary XML file line #1687
06-11 01:57:50.177  3681  3840 W PackageParser: No actions in intent filter at /data/user_de/0/com.huawei.hwid/files/framework/earlyinstall/com.huawei.hms.account/61200306/com.huawei.hms.account.apk Binary XML file line #3188
06-11 01:57:50.221  3681  3840 W PackageParser: Unknown element under <manifest>: queries at /data/user_de/0/com.huawei.hwid/files/framework/earlyinstall/com.huawei.hms.account/61200306/com.huawei.hms.account.apk Binary XML file line #77
06-11 01:57:50.248  3681  3840 W PackageParser: No actions in intent filter at /data/user_de/0/com.huawei.hwid/files/framework/earlyinstall/com.huawei.hms.account/61200306/com.huawei.hms.account.apk Binary XML file line #1522
06-11 01:57:50.253  3681  3840 W PackageParser: No actions in intent filter at /data/user_de/0/com.huawei.hwid/files/framework/earlyinstall/com.huawei.hms.account/61200306/com.huawei.hms.account.apk Binary XML file line #1673
06-11 01:57:50.254  3681  3840 W PackageParser: No actions in intent filter at /data/user_de/0/com.huawei.hwid/files/framework/earlyinstall/com.huawei.hms.account/61200306/com.huawei.hms.account.apk Binary XML file line #1687
06-11 01:57:50.282  3681  3840 W PackageParser: No actions in intent filter at /data/user_de/0/com.huawei.hwid/files/framework/earlyinstall/com.huawei.hms.account/61200306/com.huawei.hms.account.apk Binary XML file line #3188
06-11 01:57:50.304  3681  3840 W PackageParser: Unknown element under <manifest>: queries at /data/user_de/0/com.huawei.hwid/files/framework/earlyinstall/com.huawei.hms.account/61200306/com.huawei.hms.account.apk Binary XML file line #77
06-11 01:57:50.335  3681  3840 W PackageParser: No actions in intent filter at /data/user_de/0/com.huawei.hwid/files/framework/earlyinstall/com.huawei.hms.account/61200306/com.huawei.hms.account.apk Binary XML file line #1522
06-11 01:57:50.339  3681  3840 W PackageParser: No actions in intent filter at /data/user_de/0/com.huawei.hwid/files/framework/earlyinstall/com.huawei.hms.account/61200306/com.huawei.hms.account.apk Binary XML file line #1673
06-11 01:57:50.339  3681  3840 W PackageParser: No actions in intent filter at /data/user_de/0/com.huawei.hwid/files/framework/earlyinstall/com.huawei.hms.account/61200306/com.huawei.hms.account.apk Binary XML file line #1687
06-11 01:57:50.364  3681  3840 W PackageParser: No actions in intent filter at /data/user_de/0/com.huawei.hwid/files/framework/earlyinstall/com.huawei.hms.account/61200306/com.huawei.hms.account.apk Binary XML file line #3188
06-11 01:57:50.672  1359  2329 I ActivityManager: Need to start process com.huawei.hwid.container3 for provider ContentProviderInfo{name=com.huawei.hms.runtimekit.kitcontainerservice.KitProcessAgent3Provider className=com.huawei.hms.runtimekit.kitcontainerservice.KitProcessAgent3Provider}, callerApp: ProcessRecord{939110b 3681:com.huawei.hwid.core/u0a57}
06-11 01:57:50.672  1359  2329 V ActivityManager: startProcess: name=com.huawei.hwid.container3 app=null knownToBeDead=false thread=null pid=-1
06-11 01:57:50.698  1359  2329 I ActivityManager: Start proc 3998:com.huawei.hwid.container3/u0a57 for content provider com.huawei.hwid/com.huawei.hms.runtimekit.kitcontainerservice.KitProcessAgent3Provider
06-11 01:57:50.699  1359  2329 V ActivityManager_MU: Waiting to start provider ContentProviderRecord{d66d644 u0 com.huawei.hwid/com.huawei.hms.runtimekit.kitcontainerservice.KitProcessAgent3Provider} launchingApp=ProcessRecord{bde9b57 3998:com.huawei.hwid.container3/u0a57} caller pid= 3681
06-11 01:57:50.706  2399  2591 W ContextImpl: Calling a method in the system process without a qualified user: android.app.ContextImpl.bindService:1788 android.content.ContextWrapper.bindService:691 com.huawei.android.location.activityrecognition.HwActivityRecognition.bindService:1088 com.huawei.android.location.activityrecognition.HwActivityRecognition.access$1:1076 com.huawei.android.location.activityrecognition.HwActivityRecognition$1.handleMessage:1024 
06-11 01:57:50.739  3998  3998 D ActivityThread: Attach thread to application
06-11 01:57:50.811  1359  2496 V BroadcastQueue: Finished with ordered broadcast BroadcastRecord{9eb902 u-1 android.net.wifi.CONFIGURED_NETWORKS_CHANGE}
06-11 01:57:50.821  1359  2401 V ActivityManager: startProcess: name=com.huawei.phoneservice app=null knownToBeDead=true thread=null pid=-1
06-11 01:57:50.866  1359  2401 I ActivityManager: Start proc 4036:com.huawei.phoneservice/u0a29 for broadcast com.huawei.phoneservice/.question.reciver.BootCompeletedReceiver
06-11 01:57:50.932  3681  3828 W PackageParser: Unknown element under <manifest>: queries at /data/user_de/0/com.huawei.hwid/files/kits/com.huawei.hms.drmkitclient/100017301/com.huawei.hms.drmkitclient.apk Binary XML file line #33
06-11 01:57:50.987  4036  4036 D ActivityThread: Attach thread to application
06-11 01:57:51.019  1359  1393 I ActivityManager: Need to start process com.huawei.hidisk for provider ContentProviderInfo{name=com.huawei.android.hicloud.SwitchStatusProvider className=com.huawei.android.hicloud.common.provider.HisyncSwitchStatusProvider}, callerApp: ProcessRecord{97f9213 3893:com.huawei.android.ds/1001}
06-11 01:57:51.019  1359  1393 V ActivityManager: startProcess: name=com.huawei.hidisk app=null knownToBeDead=false thread=null pid=-1
06-11 01:57:51.126  1359  1393 W ActivityManager: Slow operation: 107ms so far, now at startProcess: returned from zygote!
06-11 01:57:51.127  1359  1393 W ActivityManager: Slow operation: 107ms so far, now at startProcess: done updating battery stats
06-11 01:57:51.127  1359  1393 W ActivityManager: Slow operation: 107ms so far, now at startProcess: building log message
06-11 01:57:51.127  1359  1393 I ActivityManager: Start proc 4069:com.huawei.hidisk/1001 for content provider com.huawei.hidisk/com.huawei.android.hicloud.common.provider.HisyncSwitchStatusProvider
06-11 01:57:51.127  1359  1393 W ActivityManager: Slow operation: 108ms so far, now at startProcess: starting to update pids map
06-11 01:57:51.127  1359  1393 W ActivityManager: Slow operation: 108ms so far, now at startProcess: done updating pids map
06-11 01:57:51.127  1359  1393 W ActivityManager: Slow operation: 109ms so far, now at startProcess: done starting proc!
06-11 01:57:51.128  1359  1393 W ActivityManager: Slow operation: 109ms so far, now at getContentProviderImpl: after start process
06-11 01:57:51.128  1359  1393 W ActivityManager: Slow operation: 109ms so far, now at getContentProviderImpl: updating data structures
06-11 01:57:51.128  1359  1393 W ActivityManager: Slow operation: 109ms so far, now at getContentProviderImpl: done!
06-11 01:57:51.128  1359  1393 V ActivityManager_MU: Waiting to start provider ContentProviderRecord{5e8420c u0 com.huawei.hidisk/com.huawei.android.hicloud.common.provider.HisyncSwitchStatusProvider} launchingApp=ProcessRecord{866b93f 4069:com.huawei.hidisk/1001} caller pid= 3893
06-11 01:57:51.129  1359  1660 W Looper  : Dispatch took 120ms on android.ui, h=Handler (com.android.server.am.ActivityManagerService$UiHandler) {ef3fef4} cb=null msg=53
06-11 01:57:51.138  4069  4069 D ActivityThread: Attach thread to application
06-11 01:57:51.400  1359  2329 V ActivityManager: Successfully start provider ContentProviderRecord{d66d644 u0 com.huawei.hwid/com.huawei.hms.runtimekit.kitcontainerservice.KitProcessAgent3Provider} launchingApp=ProcessRecord{bde9b57 3998:com.huawei.hwid.container3/u0a57} caller pid= 3681
06-11 01:57:51.552  1359  1393 V ActivityManager: Successfully start provider ContentProviderRecord{5e8420c u0 com.huawei.hidisk/com.huawei.android.hicloud.common.provider.HisyncSwitchStatusProvider} launchingApp=ProcessRecord{866b93f 4069:com.huawei.hidisk/1001} caller pid= 3893
06-11 01:57:51.693  1359  2329 W ActivityManager: Unable to start service Intent { act=com.huawei.android.powerkit.PowerKitService cmp=com.huawei.powergenie/com.huawei.android.powerkit.PowerKitService } U=0: not found
06-11 01:57:51.737  3681  3828 W PackageParser: Unknown element under <manifest>: queries at /data/user_de/0/com.huawei.hwid/files/kits/com.huawei.hms.sns/61200301/com.huawei.hms.sns.apk Binary XML file line #30
06-11 01:57:51.923  3604  3735 W PackageParser: No actions in intent filter at /system/app/HMS/HMS.apk Binary XML file line #0
06-11 01:57:51.930  3604  3735 W PackageParser: No actions in intent filter at /system/app/HMS/HMS.apk Binary XML file line #0
06-11 01:57:51.938  1359  2386 I AlarmManager: remove alarm.operation :7ce5874 according to operation:85fb20f
06-11 01:57:51.989  1359  2386 I ActivityManager: Need to start process com.huawei.hwid.container2 for provider ContentProviderInfo{name=com.huawei.hms.runtimekit.kitcontainerservice.KitProcessAgent2Provider className=com.huawei.hms.runtimekit.kitcontainerservice.KitProcessAgent2Provider}, callerApp: ProcessRecord{939110b 3681:com.huawei.hwid.core/u0a57}
06-11 01:57:51.990  1359  2386 V ActivityManager: startProcess: name=com.huawei.hwid.container2 app=null knownToBeDead=false thread=null pid=-1
06-11 01:57:51.996  3604  3735 W PackageParser: No actions in intent filter at /system/app/HMS/HMS.apk Binary XML file line #0
06-11 01:57:52.044  3604  3735 I chatty  : uid=10057 com.huawei.hwid.persistent identical 2 lines
06-11 01:57:52.045  3604  3735 W PackageParser: No actions in intent filter at /system/app/HMS/HMS.apk Binary XML file line #0
06-11 01:57:52.093  1359  2386 W ActivityManager: Slow operation: 104ms so far, now at startProcess: returned from zygote!
06-11 01:57:52.093  1359  2386 W ActivityManager: Slow operation: 104ms so far, now at startProcess: done updating battery stats
06-11 01:57:52.093  1359  2386 W ActivityManager: Slow operation: 104ms so far, now at startProcess: building log message
06-11 01:57:52.094  1359  2386 I ActivityManager: Start proc 4182:com.huawei.hwid.container2/u0a57 for content provider com.huawei.hwid/com.huawei.hms.runtimekit.kitcontainerservice.KitProcessAgent2Provider
06-11 01:57:52.094  1359  2386 W ActivityManager: Slow operation: 104ms so far, now at startProcess: starting to update pids map
06-11 01:57:52.094  1359  2386 W ActivityManager: Slow operation: 104ms so far, now at startProcess: done updating pids map
06-11 01:57:52.094  1359  2386 W ActivityManager: Slow operation: 105ms so far, now at startProcess: done starting proc!
06-11 01:57:52.094  1359  2386 W ActivityManager: Slow operation: 106ms so far, now at getContentProviderImpl: after start process
06-11 01:57:52.094  1359  2386 W ActivityManager: Slow operation: 106ms so far, now at getContentProviderImpl: updating data structures
06-11 01:57:52.094  1359  2386 W ActivityManager: Slow operation: 106ms so far, now at getContentProviderImpl: done!
06-11 01:57:52.095  1359  2386 V ActivityManager_MU: Waiting to start provider ContentProviderRecord{53ad7b8 u0 com.huawei.hwid/com.huawei.hms.runtimekit.kitcontainerservice.KitProcessAgent2Provider} launchingApp=ProcessRecord{4acaa1b 4182:com.huawei.hwid.container2/u0a57} caller pid= 3681
06-11 01:57:52.095  1359  1393 I ActivityManager: Process com.android.deskclock (pid 3306) has died: cch+4CEM 
06-11 01:57:52.097  1359  1393 D ActivityManager: cleanUpApplicationRecord app: ProcessRecord{821347d 3306:com.android.deskclock/u0a58}, app.bad: false, restarting: false, allowRestart: true
06-11 01:57:52.199  3681  3828 W PackageParser: Unknown element under <manifest>: queries at /data/user_de/0/com.huawei.hwid/files/kits/com.huawei.hms.maps.provider.huawei/61102301/com.huawei.hms.maps.provider.huawei.apk Binary XML file line #14
06-11 01:57:52.272  1359  2441 D HwConnectivityService: return the background wifi network info for system manager.
06-11 01:57:52.296  1359  1393 D HwConnectivityService: return the background wifi network info for system manager.
06-11 01:57:52.333  1359  2441 I AlarmManager: remove alarm.operation :fe7a910 according to operation:ddc4193
06-11 01:57:52.340  1359  2441 I AlarmManager: remove alarm.operation :d74e5d0 according to operation:7ab69c9
06-11 01:57:52.377  4182  4182 D ActivityThread: Attach thread to application
06-11 01:57:52.392  1359  2056 D HwConnectivityService: return the background wifi network info for system manager.
06-11 01:57:52.488  1359  2441 D HwConnectivityService: return the background wifi network info for system manager.
06-11 01:57:52.497  1359  2441 D HwConnectivityService: return the background wifi network info for system manager.
06-11 01:57:52.600  1359  1359 I HwAudioService: check HiRes Icon false
06-11 01:57:52.602  1359  1359 I HwAudioService: ljc getInstance ok!
06-11 01:57:52.604  3681  3828 W PackageParser: Unknown element under <manifest>: queries at /data/user_de/0/com.huawei.hwid/files/kits/com.huawei.hms.apptouch.iap/10400302/com.huawei.hms.apptouch.iap.apk Binary XML file line #27
06-11 01:57:52.614  3681  3828 W PackageParser: No actions in intent filter at /data/user_de/0/com.huawei.hwid/files/kits/com.huawei.hms.apptouch.iap/10400302/com.huawei.hms.apptouch.iap.apk Binary XML file line #284
06-11 01:57:52.712  2399  2591 W ContextImpl: Calling a method in the system process without a qualified user: android.app.ContextImpl.bindService:1788 android.content.ContextWrapper.bindService:691 com.huawei.android.location.activityrecognition.HwActivityRecognition.bindService:1088 com.huawei.android.location.activityrecognition.HwActivityRecognition.access$1:1076 com.huawei.android.location.activityrecognition.HwActivityRecognition$1.handleMessage:1024 
06-11 01:57:53.129  1359  2386 V ActivityManager: Successfully start provider ContentProviderRecord{53ad7b8 u0 com.huawei.hwid/com.huawei.hms.runtimekit.kitcontainerservice.KitProcessAgent2Provider} launchingApp=ProcessRecord{4acaa1b 4182:com.huawei.hwid.container2/u0a57} caller pid= 3681
06-11 01:57:53.163  3681  3828 W PackageParser: Ignoring duplicate uses-permissions/uses-permissions-sdk-m: android.permission.ACCESS_NETWORK_STATE in package: com.huawei.hms.wireless at: Binary XML file line #13
06-11 01:57:53.230  3681  3828 W PackageParser: Unknown element under <manifest>: queries at /data/user_de/0/com.huawei.hwid/files/kits/com.huawei.hms.game/61300300/com.huawei.hms.game.apk Binary XML file line #41
06-11 01:57:53.245  1359  2386 I ActivityManager: Need to start process com.android.gallery3d for provider ContentProviderInfo{name=com.huawei.gallery.provider className=com.huawei.gallery.provider.GalleryProvider}, callerApp: ProcessRecord{866b93f 4069:com.huawei.hidisk/1001}
06-11 01:57:53.245  1359  2386 V ActivityManager: startProcess: name=com.android.gallery3d app=null knownToBeDead=false thread=null pid=-1
06-11 01:57:53.270  1359  2386 I ActivityManager: Start proc 4300:com.android.gallery3d/u0a24 for content provider com.android.gallery3d/com.huawei.gallery.provider.GalleryProvider
06-11 01:57:53.271  1359  2386 V ActivityManager_MU: Waiting to start provider ContentProviderRecord{5489ec1 u0 com.android.gallery3d/com.huawei.gallery.provider.GalleryProvider} launchingApp=ProcessRecord{35273a8 4300:com.android.gallery3d/u0a24} caller pid= 4069
06-11 01:57:53.333  4300  4300 D ActivityThread: Attach thread to application
06-11 01:57:53.357  1359  1859 D HwNormalizedRampAnimator: hbm_dimming target=235 rate=180 duration=3.0
06-11 01:57:53.622  3681  3828 W PackageParser: Unknown element under <manifest>: queries at /data/user_de/0/com.huawei.hwid/files/kits/com.huawei.hms.hbm/10207302/com.huawei.hms.hbm.apk Binary XML file line #38
06-11 01:57:53.768  1359  2386 V ActivityManager: Successfully start provider ContentProviderRecord{5489ec1 u0 com.android.gallery3d/com.huawei.gallery.provider.GalleryProvider} launchingApp=ProcessRecord{35273a8 4300:com.android.gallery3d/u0a24} caller pid= 4069
06-11 01:57:54.031  3681  3828 W PackageParser: Unknown element under <manifest>: queries at /data/user_de/0/com.huawei.hwid/files/kits/com.huawei.hms.realname/50001311/com.huawei.hms.realname.apk Binary XML file line #32
06-11 01:57:54.129  4036  4270 W PackageParser: Unknown element under <manifest>: queries at /data/user_de/0/com.huawei.android.hsf/modules/external/huawei_module_networkkit/70001303/com.huawei.hms.networkkit-70001303.apk Binary XML file line #14
06-11 01:57:54.558  1359  2021 V ActivityManager: startProcess: name=com.huawei.hwdetectrepair app=null knownToBeDead=true thread=null pid=-1
06-11 01:57:54.595  1359  2021 I ActivityManager: Start proc 4431:com.huawei.hwdetectrepair/1000 for service com.huawei.hwdetectrepair/.support.DetectionSupportService
06-11 01:57:54.620  1359  2021 D ConnectivityService: requestNetwork for uid/pid:10029/4036 NetworkRequest [ TRACK_DEFAULT id=15, [ Capabilities: INTERNET&NOT_RESTRICTED&TRUSTED&NOT_VPN] ]
06-11 01:57:54.621  1359  2081 D ConnectivityService: sending new Min Network Score(0): NetworkRequest [ TRACK_DEFAULT id=15, [ Capabilities: INTERNET&NOT_RESTRICTED&TRUSTED&NOT_VPN] ]
06-11 01:57:54.634  1359  2056 W ProcBatteryStats: timer is running , not start, name: com.qualcomm.qcrilmsgtunnel, uid: 1001, tag: QcrilOemhookMsgTunnel
06-11 01:57:54.641  1359  2021 W ProcBatteryStats: timer is not running , not stop, name: com.qualcomm.qcrilmsgtunnel, uid: 1001, tag: QcrilOemhookMsgTunnel
06-11 01:57:54.650  4431  4431 D ActivityThread: Attach thread to application
06-11 01:57:54.714  2399  2591 W ContextImpl: Calling a method in the system process without a qualified user: android.app.ContextImpl.bindService:1788 android.content.ContextWrapper.bindService:691 com.huawei.android.location.activityrecognition.HwActivityRecognition.bindService:1088 com.huawei.android.location.activityrecognition.HwActivityRecognition.access$1:1076 com.huawei.android.location.activityrecognition.HwActivityRecognition$1.handleMessage:1024 
06-11 01:57:54.761  1359  2386 D JobServiceContext: Scheduling time out for 'com.huawei.hms.fwkit.kpms.core.jobservice.HMSStubKitUpdateJobService' jId: 25, in 18 s
06-11 01:57:54.847  1359  2021 V ActivityManager: startProcess: name=com.google.android.webview:webview_service app=null knownToBeDead=true thread=null pid=-1
06-11 01:57:54.877  1359  2021 I ActivityManager: Start proc 4477:com.google.android.webview:webview_service/u0a83 for service com.google.android.webview/org.chromium.android_webview.services.VariationsSeedServer
06-11 01:57:55.010  4477  4477 D ActivityThread: Attach thread to application
06-11 01:57:55.276  3681  3828 W PackageParser: Unknown element under <manifest>: queries at /data/user_de/0/com.huawei.hwid/files/kits/com.huawei.hms.paymentservice/61400300/com.huawei.hms.paymentservice.apk Binary XML file line #17
06-11 01:57:55.321  1359  1859 I PowerManagerService: Going to sleep due to screen timeout (uid 1000)...
06-11 01:57:55.322  1359  1859 E PowerManagerService: startDreaming = true
06-11 01:57:55.323  1359  1859 I PowerManagerService: Sleeping (uid 1000)...
06-11 01:57:55.323  1359  1859 I DisplayPowerController: LightSensorEnable change true -> false
06-11 01:57:55.329  1359  1859 I DisplayPowerController: ScreenState change 1 -> 0
06-11 01:57:55.331  1359  1859 E HwAodManager: setPowerState with HwAodManager not exist!
06-11 01:57:55.385  1359  2496 D CryptdConnector: SND -> {6 cryptfs set_screen_state_flag 0 0 1}
06-11 01:57:55.387  1359  2052 D CryptdConnector: RCV <- {500 6 Unknown cryptfs subcommand}
06-11 01:57:55.388  1359  2496 E CryptdConnector: NDC client error throw NativeDaemonArgumentException
06-11 01:57:55.389  1359  2496 E HwStorageManagerService: setScreenStateFlag failed NativeDaemonConnectorException
06-11 01:57:55.410  1359  2386 V ActivityManager: startProcess: name=abc.def.ghi app=null knownToBeDead=true thread=null pid=-1
06-11 01:57:55.450  1359  2386 I ActivityManager: Start proc 4533:abc.def.ghi/u0a296 for broadcast abc.def.ghi/.AutoStartBroadReceiver
06-11 01:57:55.459  1359  1627 D DeviceIdleController: begin to read protectlist from DB
06-11 01:57:55.481  1359  1627 D DeviceIdleController: protect list: [com.android.mediacenter, com.baidu.input_huawei, com.huawei.android.hwouc, com.huawei.appmarket, com.huawei.bd, com.huawei.camera, com.huawei.hidisk, com.huawei.hiviewtunnel, com.huawei.lbs, com.huawei.parentcontrol, com.huawei.wallet, com.huawei.synergy, com.huawei.nearby, com.huawei.trustcircle, com.huawei.hwid, com.huawei.android.pushagent]
06-11 01:57:55.559  1359  1655 W BroadcastQueue: Permission Denial: broadcasting Intent { act=android.intent.action.BATTERY_CHANGED flg=0x60000010 (has extras) } from null (pid=-1, uid=-1) requires com.huawei.cg.permission.SERVICE due to registered receiver BroadcastFilter{6c74bed u0 ReceiverList{102a04 4069 com.huawei.hidisk/1001/u0 remote:e4de617}}
06-11 01:57:55.619  1359  1859 I DisplayPowerController: set brightness to DIM brightness:6
06-11 01:57:55.699  4533  4533 D ActivityThread: Attach thread to application
06-11 01:57:55.761  1359  1859 I DisplayPowerController: Blocking screen off
06-11 01:57:55.762  1359  1859 I DisplayPowerController: Unblocked screen off after 1 ms
06-11 01:57:55.763  1359  1859 D ActivityManager: updateSleep shouldSleep:true wasSleeping:true
06-11 01:57:55.765  1359  1859 D HwPhoneWindowManager: screenTurnedOff
06-11 01:57:55.778  1359  1859 D PickUpWakeScreenManager: mIsPickupSwitchOn = false
06-11 01:57:55.779  1359  1859 I HwNormalizedManualBrightnessController: setBrightnessNoLimit set brightness=-1,time=500
06-11 01:57:55.783  1359  1859 D HwNormalizedRampAnimator: hbm_dimming target=0 rate=0 duration=0.0
06-11 01:57:55.810  1359  1816 I DisplayManagerService: Display device changed state: "内置屏幕", OFF
06-11 01:57:55.816  1359  1655 W HwBroadcastQueue: current receiver should not report timeout.
06-11 01:57:55.906  3681  3828 W PackageParser: Unknown element under <manifest>: queries at /data/user_de/0/com.huawei.hwid/files/kits/com.huawei.hms.qoes/102010303/com.huawei.hms.qoes.apk Binary XML file line #15
06-11 01:57:56.055   595   598 D VoldCmdListener: sdlock poll
06-11 01:57:56.056   595   598 I         : poll
06-11 01:57:56.056   595   598 E         : failed to get lockable path
06-11 01:57:56.058  1359  2098 E VoldConnector: NDC server error throw NativeDaemonFailureException
06-11 01:57:56.069  1359  1859 I PowerManagerService: need release DisplaySuspendBlocker
06-11 01:57:56.287  1359  1660 I HwPhoneWindowManager: OverscanTimeout run
06-11 01:57:56.412  1359  1359 D JobServiceContext: handleServiceBound for 61fe93c #u0a57/25 com.huawei.hwid/com.huawei.hms.fwkit.kpms.core.jobservice.HMSStubKitUpdateJobService
06-11 01:57:56.412  1359  1359 D JobServiceContext: Scheduling time out for 'com.huawei.hms.fwkit.kpms.core.jobservice.HMSStubKitUpdateJobService' jId: 25, in 8 s
06-11 01:57:56.413  1359  2049 D VoldConnector: SND -> {7 fstrim stoptrim}
06-11 01:57:56.419   595   598 I vold    : TrimTask running tasks: 0
06-11 01:57:56.420  1359  2051 D VoldConnector: RCV <- {200 7 Command succeeded}
06-11 01:57:56.429  1359  1359 D HwWifiP2pService: onReceive, action:android.intent.action.SCREEN_ON
06-11 01:57:56.430  1359  2078 D WifiP2pService: P2pDisabledState{ when=0 what=143466 target=com.android.internal.util.StateMachine$SmHandler }
06-11 01:57:56.430  1359  2078 D WifiP2pService: DefaultState{ when=-1ms what=143466 target=com.android.internal.util.StateMachine$SmHandler }
06-11 01:57:56.430  1359  1359 D HwGameAssistantController: isGameForeground? false
06-11 01:57:56.433  1359  2078 D HwWifiP2pService: cancel alarm.
06-11 01:57:56.453  1359  1359 D WifiService: onReceive, action:android.intent.action.SCREEN_ON
06-11 01:57:56.468  1359  1359 I EyeProtectionControllerImpl: onReceive intent action = android.intent.action.SCREEN_ON
06-11 01:57:56.483  1359  2441 D JobServiceContext: doCallback of : JobStatus{61fe93c #u0a57/25 com.huawei.hwid/com.huawei.hms.fwkit.kpms.core.jobservice.HMSStubKitUpdateJobService u=0 s=10057 TIME=-1s723ms:+2h34m30s286ms PERIODIC READY} v:VERB_STARTING
06-11 01:57:56.485  2381  2588 I DeepNoDisturbP: handleStateChanged reason=2
06-11 01:57:56.485  2381  2588 I DeepNoDisturbSM: setScreenState isScreenOn=true
06-11 01:57:56.488  2381  2381 I DeepNoDisturbSM: IdleState processMessage msg.what=EVENT_SCREEN_ON
06-11 01:57:56.513  2381  2381 I DeepNoDisturbSM: isNetworkTypeSuitDeepNoDisturbMode networkType = 0
06-11 01:57:56.514  2381  2381 I DeepNoDisturbSM: isCorrectState=true mIsCallOn=false mGameStatus=0 defaultDataSubId=0 default4GSlotId=0 mIsDefaultDataOn=false mIsScreenOn=true deepNoDisturbModeProp=true isDeepNoDisturbSwitchOn=false isGameDndSwitchOn=true isNetworkTypeSuitDeepNoDisturbMode=false isAirplaneModeOn()=true
06-11 01:57:56.514  2381  2381 I DeepNoDisturbSM: isNeedEnterDeepNoDisturbMode false
06-11 01:57:56.514  2381  2381 D HwGameAssistantService: ScreenOnReceiver
06-11 01:57:56.542  1359  2056 D HwConnectivityService: return the background wifi network info for system manager.
06-11 01:57:56.569  1359  2056 D HwConnectivityService: return the background wifi network info for system manager.
06-11 01:57:56.574  1359  4619 I BootReceiver: Copying audit failures to DropBox
06-11 01:57:56.575  1359  4619 I BootReceiver: Checking for fsck errors
06-11 01:57:56.576  1359  4619 I BootReceiver: fs_stat, partition:dm-4 stat:0x441
06-11 01:57:56.576  1359  4619 I BootReceiver: fs_stat, partition:dm-5 stat:0x1
06-11 01:57:56.576  1359  4619 I BootReceiver: fs_stat, partition:dm-6 stat:0x1
06-11 01:57:56.577  1359  4619 I BootReceiver: fs_stat, partition:dm-7 stat:0x1
06-11 01:57:56.577  1359  4619 I BootReceiver: fs_stat, partition:dm-8 stat:0x1
06-11 01:57:56.577  1359  4619 I BootReceiver: fs_stat, partition:cache stat:0x1
06-11 01:57:56.577  1359  4619 I BootReceiver: fs_stat, partition:dsp stat:0x3
06-11 01:57:56.577  1359  4619 I BootReceiver: fs_stat, partition:dm-9 stat:0x1
06-11 01:57:56.577  1359  4619 I BootReceiver: fs_stat, partition:dm-10 stat:0x1
06-11 01:57:56.579  2688  2688 W ContextImpl: Calling a method in the system process without a qualified user: android.app.ContextImpl.startService:1708 android.content.ContextWrapper.startService:657 android.content.ContextWrapper.startService:657 com.huawei.systemmanager.service.MainReceiver.onReceive:45 android.app.ActivityThread.handleReceiver:3793 
06-11 01:57:56.587  1359  2056 D HwConnectivityService: return the background wifi network info for system manager.
06-11 01:57:56.591  1359  2049 D VoldConnector: SND -> {8 volume bootcompleted}
06-11 01:57:56.593   595   598 D VoldCmdListener: volume bootcompleted
06-11 01:57:56.593   595   598 I         : SD_HEALTH_DETECT,receive bootcompleted and report_sd_error()  startup_notified=0 kMajorBlockSd=0 kMinorBlockSd=0.
06-11 01:57:56.594  1359  2051 D VoldConnector: RCV <- {200 8 Command succeeded}
06-11 01:57:56.599  1359  1359 D HwConnectivityService: mIntentReceiver begin
06-11 01:57:56.599  1359  1359 D HwConnectivityService: receive Intent.ACTION_BOOT_COMPLETED!
06-11 01:57:56.607  1359  1359 I GcmHeartBeatFixer: China market version, just return...
06-11 01:57:56.610  1359  1359 I HwAudioService: Intent.ACTION_BOOT_COMPLETED rigsterForegroundAppTypeWithCallback ForeAppTypeListener
06-11 01:57:56.611  1359  1359 E HwAudioService: IAwareSdkService getService is null
06-11 01:57:56.659  1359  1359 I EyeProtectionControllerImpl: onReceive intent action = android.intent.action.BOOT_COMPLETED
06-11 01:57:56.718  2399  2591 W ContextImpl: Calling a method in the system process without a qualified user: android.app.ContextImpl.bindService:1788 android.content.ContextWrapper.bindService:691 com.huawei.android.location.activityrecognition.HwActivityRecognition.bindService:1088 com.huawei.android.location.activityrecognition.HwActivityRecognition.access$1:1076 com.huawei.android.location.activityrecognition.HwActivityRecognition$1.handleMessage:1024 
06-11 01:57:56.726  1359  2021 V BroadcastQueue: Finished with ordered broadcast BroadcastRecord{634371e u-1 android.intent.action.SCREEN_ON}
06-11 01:57:56.750  1359  2062 D NetdConnector: SND -> {52 bandwidth addniceapps 10016}
06-11 01:57:56.756  2399  2915 W ContextImpl: Calling a method in the system process without a qualified user: android.app.ContextImpl.bindService:1788 android.content.ContextWrapper.bindService:691 com.huawei.android.location.activityrecognition.HwActivityRecognition.bindService:1088 com.huawei.android.location.activityrecognition.HwActivityRecognition.connectService:116 com.huawei.powergenie.core.contextaware.MotionDetection.connectionHwArService:114 
06-11 01:57:56.757  1359  2058 D NetdConnector: RCV <- {200 52 Bandwidth command succeeeded}
06-11 01:57:56.758  1359  2058 D NetdConnector: RCV <- {200 52 Bandwidth command succeeeded}
06-11 01:57:56.772  1359  1359 I Telecom-DefaultDialerCache: Refreshing default dialer for user 0: now com.android.contacts
06-11 01:57:56.777  1359  1359 D HwWifiP2pService: onReceive, action:android.intent.action.SCREEN_OFF
06-11 01:57:56.777  1359  2078 D WifiP2pService: P2pDisabledState{ when=0 what=143467 target=com.android.internal.util.StateMachine$SmHandler }
06-11 01:57:56.778  1359  2078 D WifiP2pService: DefaultState{ when=0 what=143467 target=com.android.internal.util.StateMachine$SmHandler }
06-11 01:57:56.778  1359  2078 D HwWifiP2pService: SleepPolicy:2
06-11 01:57:56.778  1359  2078 D HwWifiP2pService: wifi or p2p is not connected.
06-11 01:57:56.779  1359  2021 D HwConnectivityService: return the background wifi network info for system manager.
06-11 01:57:56.781  1359  2021 D HwConnectivityService: return the background wifi network info for system manager.
06-11 01:57:56.784  1359  1359 D Telecom-MissedCallNotifierImpl: reloadFromDatabase()...
06-11 01:57:56.801  1359  4652 I ActivityManager: Need to start process com.huawei.vassistant for provider ContentProviderInfo{name=com.huawei.ziri className=com.huawei.ziri.provider.VASettingsProvider}, callerApp: ProcessRecord{50d307c 0:system/1000}
06-11 01:57:56.801  1359  4652 V ActivityManager: startProcess: name=com.huawei.vassistant app=null knownToBeDead=false thread=null pid=-1
06-11 01:57:56.818  1359  4652 I ActivityManager: Start proc 4654:com.huawei.vassistant/u0a73 for content provider com.huawei.vassistant/com.huawei.ziri.provider.VASettingsProvider
06-11 01:57:56.819  1359  4652 V ActivityManager_MU: Waiting to start provider ContentProviderRecord{6189600 u0 com.huawei.vassistant/com.huawei.ziri.provider.VASettingsProvider} launchingApp=ProcessRecord{bdcd483 4654:com.huawei.vassistant/u0a73} caller pid= 1359
06-11 01:57:56.822  1359  4653 D ActivityManager: Installing in existing process ProcessRecord{2a79b49 2897:android.process.acore/u0a9}, pubProviders.size():3, pubProviders.containsKey(com.android.providers.contacts.CallLogProvider):false
06-11 01:57:56.823  1359  4653 V ActivityManager_MU: Waiting to start provider ContentProviderRecord{a2c0e39 u0 com.android.providers.contacts/.CallLogProvider} launchingApp=ProcessRecord{2a79b49 2897:android.process.acore/u0a9} caller pid= 1359
06-11 01:57:56.842  1359  1359 D WifiService: onReceive, action:android.intent.action.SCREEN_OFF
06-11 01:57:56.861  1359  4653 V ActivityManager: Successfully start provider ContentProviderRecord{a2c0e39 u0 com.android.providers.contacts/.CallLogProvider} launchingApp=ProcessRecord{2a79b49 2897:android.process.acore/u0a9} caller pid= 1359
06-11 01:57:56.881  1359  1359 D Telecom-MissedCallNotifierImpl: onQueryComplete()...
06-11 01:57:56.884  4654  4654 D ActivityThread: Attach thread to application
06-11 01:57:56.905  2381  2588 I DeepNoDisturbP: handleStateChanged reason=2
06-11 01:57:56.905  2381  2588 I DeepNoDisturbSM: setScreenState isScreenOn=false
06-11 01:57:56.906  2381  2381 I DeepNoDisturbSM: IdleState processMessage msg.what=EVENT_SCREEN_OFF
06-11 01:57:56.906  2381  2381 I DeepNoDisturbSM: IdleState: default msg.what=11
06-11 01:57:57.006  1359  2056 V ActivityManager: startProcess: name=com.android.deskclock app=null knownToBeDead=true thread=null pid=-1
06-11 01:57:57.031  1359  2056 I ActivityManager: Start proc 4688:com.android.deskclock/u0a58 for broadcast com.android.deskclock/.AlarmInitReceiver
06-11 01:57:57.063  1359  4652 V ActivityManager: Successfully start provider ContentProviderRecord{6189600 u0 com.huawei.vassistant/com.huawei.ziri.provider.VASettingsProvider} launchingApp=ProcessRecord{bdcd483 4654:com.huawei.vassistant/u0a73} caller pid= 1359
06-11 01:57:57.072  3681  3828 W PackageParser: Unknown element under <manifest>: queries at /data/user_de/0/com.huawei.hwid/files/kits/com.huawei.hms.runtimekit/61300301/com.huawei.hms.runtimekit.apk Binary XML file line #13
06-11 01:57:57.086  4688  4688 D ActivityThread: Attach thread to application
06-11 01:57:57.127  1359  4652 E ActivityThread: Failed to find provider info for com.huawei.vdrive
06-11 01:57:57.128  1359  4652 E ActivityThread: Failed to find provider info for com.huawei.vdrive
06-11 01:57:57.157  2688  4709 W ContextImpl: Calling a method in the system process without a qualified user: android.app.ContextImpl.stopService:1720 android.content.ContextWrapper.stopService:667 com.huawei.systemmanager.spacecleanner.autoclean.AutoCleanService.stopSelfService:116 com.huawei.systemmanager.spacecleanner.hivision.AutoHiVisionService.lambda$-com_huawei_systemmanager_spacecleanner_hivision_AutoHiVisionService_lambda$0:25 com.huawei.systemmanager.spacecleanner.hivision.-$Lambda$nxzswPQxpMbVwIpd4jdraj2kRKk.$m$0:4 
06-11 01:57:57.157  2688  2688 W ContextImpl: Calling a method in the system process without a qualified user: android.app.ContextImpl.stopService:1720 android.content.ContextWrapper.stopService:667 com.huawei.systemmanager.spacecleanner.autoclean.AutoCleanService.stopSelfService:116 com.huawei.systemmanager.spacecleanner.hivision.AutoHiVisionService.onStartCommand:47 android.app.ActivityThread.handleServiceArgs:4140 
06-11 01:57:57.325  3681  3828 W PackageParser: Unknown element under <manifest>: queries at /data/user_de/0/com.huawei.hwid/files/kits/com.huawei.hms.kitstore/61300301/com.huawei.hms.kitstore.apk Binary XML file line #15
06-11 01:57:57.365  3681  3828 W PackageParser: Unknown element under <manifest>: queries at /data/user_de/0/com.huawei.hwid/files/kits/com.huawei.hms.account/61200306/com.huawei.hms.account.apk Binary XML file line #77
06-11 01:57:57.382  1359  2056 D SmartHeartBeat: isPendingPackage, false, pkg:com.android.deskclock, action:com.android.deskclock.ALARM_ALERT,not pending alarm with AlarmClockInfo
06-11 01:57:57.382  1359  2056 D HwAlarmManagerService: set deskclock after boot, remove Shutdown alarm from framework
06-11 01:57:57.382  1359  2056 I AlarmManager: remove alarm.operation :366d99a according to operation:366d99a
06-11 01:57:57.383  1359  2056 D HwAlarmManagerService: remove shutdownAlarm : none
06-11 01:57:57.417  3681  3828 W PackageParser: No actions in intent filter at /data/user_de/0/com.huawei.hwid/files/kits/com.huawei.hms.account/61200306/com.huawei.hms.account.apk Binary XML file line #1522
06-11 01:57:57.433  3681  3828 W PackageParser: No actions in intent filter at /data/user_de/0/com.huawei.hwid/files/kits/com.huawei.hms.account/61200306/com.huawei.hms.account.apk Binary XML file line #1673
06-11 01:57:57.434  3681  3828 W PackageParser: No actions in intent filter at /data/user_de/0/com.huawei.hwid/files/kits/com.huawei.hms.account/61200306/com.huawei.hms.account.apk Binary XML file line #1687
06-11 01:57:57.486  3681  3828 W PackageParser: No actions in intent filter at /data/user_de/0/com.huawei.hwid/files/kits/com.huawei.hms.account/61200306/com.huawei.hms.account.apk Binary XML file line #3188
06-11 01:57:57.564  1359  2441 I HwNetworkPolicy: onTransact, code = 15
06-11 01:57:57.579  1359  2056 W HwAlarmManagerService: decideRtcPriorityRemove--remove com.android.deskclock
06-11 01:57:57.579  1359  2056 D HwAlarmManagerService: mHwWakeupBoot have clear
06-11 01:57:57.579  1359  2056 D HwAlarmManagerService: remove RTC alarm time Locked
06-11 01:57:57.580  1359  2056 D SmartHeartBeat: isPendingPackage, false, pkg:com.android.deskclock, action:com.android.deskclock.ALARM_ALERT,not pending alarm with AlarmClockInfo
06-11 01:57:57.581  1359  2056 D HwAlarmManagerService: set shutdownAlarm 1 1718056800000
06-11 01:57:57.592  1359  2056 D HwAlarmManagerService: decideRtcPrioritySet--put com.android.deskclock,to map
06-11 01:57:57.592  1359  2056 D HwAlarmManagerService: have calculate RTC result and will set to lock
06-11 01:57:57.593  1359  2056 D HwAlarmManagerService: set RTC alarm Locked, time = 2024-06-11 06:00:00
06-11 01:57:57.598  1359  1359 V BroadcastQueue: Finished with ordered broadcast BroadcastRecord{d55fb3d u-1 android.intent.action.SCREEN_OFF}
06-11 01:57:57.600  1359  1359 D ConditionProviders.SCP: onReceive android.app.action.NEXT_ALARM_CLOCK_CHANGED
06-11 01:57:57.600  1359  1359 D ConditionProviders.SCP: notifyCondition condition://android/schedule?days=1.7&start=22.0&end=7.0&exitAtAlarm=false STATE_FALSE reason=!meetsSchedule
06-11 01:57:57.601  1359  1359 I AlarmManager: remove alarm.operation :5989299 according to operation:85637b7
06-11 01:57:57.601  1359  1359 D SmartHeartBeat: isPendingPackage, false, pkg:com.android.deskclock, action:com.android.deskclock.ALARM_ALERT,not pending alarm with AlarmClockInfo
06-11 01:57:57.603  1359  1359 D ConditionProviders.SCP: Scheduling evaluate for Tue Jun 11 07:00:00 GMT+08:00 2024 (1718060400000), in +5h2m2s400ms, now=Tue Jun 11 01:57:57 GMT+08:00 2024 (1718042277600)
06-11 01:57:57.667  3681  3828 W PackageParser: Unknown element under <manifest>: queries at /data/user_de/0/com.huawei.hwid/files/kits/com.huawei.hms.iap/61604301/com.huawei.hms.iap.apk Binary XML file line #60
06-11 01:57:57.763  1359  2441 V ActivityManager: startProcess: name=com.android.managedprovisioning app=null knownToBeDead=true thread=null pid=-1
06-11 01:57:57.785  1359  2441 I ActivityManager: Start proc 4754:com.android.managedprovisioning/u0a34 for broadcast com.android.managedprovisioning/.preprovisioning.BootReminder
06-11 01:57:57.832  4754  4754 D ActivityThread: Attach thread to application
06-11 01:57:57.948  1359  2056 V ActivityManager: startProcess: name=com.android.mms app=null knownToBeDead=true thread=null pid=-1
06-11 01:57:57.966  1359  2056 I ActivityManager: Start proc 4786:com.android.mms/u0a35 for broadcast com.android.mms/.transaction.MmsSystemEventReceiver
06-11 01:57:57.978  1359  2056 I HwNetworkPolicy: onTransact, code = 15
06-11 01:57:58.006  4786  4786 D ActivityThread: Attach thread to application
06-11 01:57:58.314  1359  2441 I HwNetworkPolicy: onTransact, code = 15
06-11 01:57:58.396  1359  2441 I HwNetworkPolicy: onTransact, code = 15
06-11 01:57:58.725  2399  2591 W ContextImpl: Calling a method in the system process without a qualified user: android.app.ContextImpl.bindService:1788 android.content.ContextWrapper.bindService:691 com.huawei.android.location.activityrecognition.HwActivityRecognition.bindService:1088 com.huawei.android.location.activityrecognition.HwActivityRecognition.access$1:1076 com.huawei.android.location.activityrecognition.HwActivityRecognition$1.handleMessage:1024 
06-11 01:57:58.758  2399  2591 W ContextImpl: Calling a method in the system process without a qualified user: android.app.ContextImpl.bindService:1788 android.content.ContextWrapper.bindService:691 com.huawei.android.location.activityrecognition.HwActivityRecognition.bindService:1088 com.huawei.android.location.activityrecognition.HwActivityRecognition.access$1:1076 com.huawei.android.location.activityrecognition.HwActivityRecognition$1.handleMessage:1024 
06-11 01:57:58.790  1359  1655 V ActivityManager: startProcess: name=com.android.packageinstaller app=null knownToBeDead=true thread=null pid=-1
