06-11 02:06:31.423  3513  3513 D AutoCache: onReceive intent=Intent { act=android.intent.action.ACTION_POWER_CONNECTED flg=0x4000010 cmp=com.android.providers.media/com.huawei.media.autocachethumbnail.PowerStateReceiver (has extras) } action=android.intent.action.ACTION_POWER_CONNECTED
06-11 02:06:31.423  3513  6389 I HWSERVICES: hwnative_get_component:libstagefright,Scanner
06-11 02:06:31.424  3513  6389 I StagefrightMediaScannerEx: StagefrightMediaScanner Constructor
06-11 02:06:31.426  3513  6389 D MediaScanner: setStorageEjectFlag flag = 0
06-11 02:06:31.428  3513  3513 V AutoCache: registerPowerBroadcastReceiver: sPowerRegisterState is true, cxt is android.app.Application@f9f10f3
06-11 02:06:31.429  3513  3513 V AutoCache: registerBatteryBroadcastReceiver: sBatteryRegisterState is true, cxt is android.app.Application@f9f10f3
06-11 02:06:31.433  5950  5950 I HwOUC   : [main-1]onReceive action=android.intent.action.ACTION_POWER_CONNECTED(PowerConnectedReceiver.java:27)
06-11 02:06:31.438  1359  6147 I chatty  : uid=1000(system) Binder:1359_13 expire 4 lines
06-11 02:06:31.450  1359  1393 D JobServiceContext: doCallback of : JobStatus{6991645 #u0a89/200002 com.huawei.appmarket/.service.alarm.control.HiAppPowerConnectChangeService u=0 s=10089 TIME=none:-195ms READY} v:VERB_EXECUTING
06-11 02:06:31.452  6227  6397 I NK_RequestThreadPoolMgr: NK_AiExec_0 ->NK_AiExec_1|embedded.e1|10|ThreadPool init!
06-11 02:06:31.453  6227  6397 I NK_CountryCodeBean: NK_AiExec_0 ->NK_AiExec_1|network.grs.local.model.CountryCodeBean|18|get issue_country code from VENDOR_COUNTRY
06-11 02:06:31.454  6227  6326 W HiApp.SafeJobServiceEngineImpl: AsyncTask #1{363} dequeueWork work is invalid.
06-11 02:06:31.455  6227  6397 I NK_CountryCodeBean: NK_AiExec_0 ->NK_AiExec_1|network.grs.local.model.CountryCodeBean|18|get issue_country code from VENDOR_COUNTRY
06-11 02:06:31.457  6227  6421 I NK_CountryCodeBean: NK_request_1|network.grs.local.model.CountryCodeBean|18|get issue_country code from VENDOR_COUNTRY
06-11 02:06:31.457  6227  6420 I NK_CountryCodeBean: NK_request_0|network.grs.local.model.CountryCodeBean|18|get issue_country code from VENDOR_COUNTRY
06-11 02:06:31.458  6227  6397 I NK_CountryCodeBean: NK_AiExec_0 ->NK_AiExec_1|network.grs.local.model.CountryCodeBean|18|get issue_country code from VENDOR_COUNTRY
06-11 02:06:31.460  6227  6397 I NK_CountryCodeBean: NK_AiExec_0 ->NK_AiExec_1|network.grs.local.model.CountryCodeBean|18|get issue_country code from VENDOR_COUNTRY
06-11 02:06:31.461  6227  6422 I NK_CountryCodeBean: NK_request_2|network.grs.local.model.CountryCodeBean|18|get issue_country code from VENDOR_COUNTRY
06-11 02:06:31.461  6227  6420 I NK_OkReqTsk: NK_request_0|embedded.g3|319|the request has used the okhttp! OnlyConnectCall
06-11 02:06:31.462  6227  6423 I NK_CountryCodeBean: NK_request_3|network.grs.local.model.CountryCodeBean|18|get issue_country code from VENDOR_COUNTRY
06-11 02:06:31.463  6227  6422 I NK_OkReqTsk: NK_request_2|embedded.g3|319|the request has used the okhttp! OnlyConnectCall
06-11 02:06:31.463  6227  6397 I NK_CountryCodeBean: NK_AiExec_0 ->NK_AiExec_1|network.grs.local.model.CountryCodeBean|18|get issue_country code from VENDOR_COUNTRY
06-11 02:06:31.464  6227  6397 I NK_DNResolverManager: NK_AiExec_0 ->NK_AiExec_1|embedded.g0|61|enter Dns lazy update flow, domain: appimg.dbankcdn.com, trigger type: dns_prefecth, source: LocalDns
06-11 02:06:31.464  6227  6421 I NK_OkReqTsk: NK_request_1|embedded.g3|319|the request has used the okhttp! OnlyConnectCall
06-11 02:06:31.466  6227  6423 I NK_OkReqTsk: NK_request_3|embedded.g3|319|the request has used the okhttp! OnlyConnectCall
06-11 02:06:31.466  6227  6397 I NK_CountryCodeBean: NK_AiExec_0 ->NK_AiExec_1|network.grs.local.model.CountryCodeBean|18|get issue_country code from VENDOR_COUNTRY
06-11 02:06:31.467  6227  6397 I NK_DNResolverManager: NK_AiExec_0 ->NK_AiExec_1|embedded.g0|61|enter Dns lazy update flow, domain: store-drcn.hispace.dbankcloud.cn, trigger type: dns_prefecth, source: LocalDns
06-11 02:06:31.470  1359  1655 V BroadcastQueue: Finished with ordered broadcast BroadcastRecord{5e836b8 u-1 android.intent.action.ACTION_POWER_CONNECTED}
06-11 02:06:31.470  5950  5950 W Settings: Setting device_provisioned has moved from android.provider.Settings.Secure to android.provider.Settings.Global.
06-11 02:06:31.470  6227  6422 I NK_CountryCodeBean: NK_request_2|network.grs.local.model.CountryCodeBean|18|get issue_country code from VENDOR_COUNTRY
06-11 02:06:31.470  6227  6421 I NK_CountryCodeBean: NK_request_1|network.grs.local.model.CountryCodeBean|18|get issue_country code from VENDOR_COUNTRY
06-11 02:06:31.470  6227  6420 I NK_CountryCodeBean: NK_request_0|network.grs.local.model.CountryCodeBean|18|get issue_country code from VENDOR_COUNTRY
06-11 02:06:31.470  6227  6423 I NK_CountryCodeBean: NK_request_3|network.grs.local.model.CountryCodeBean|18|get issue_country code from VENDOR_COUNTRY
06-11 02:06:31.471  6227  6422 I NK_DNResolverManager: NK_request_2|embedded.g0|61|enter Dns lazy update flow, domain: appimg-drcn.dbankcdn.com, trigger type: dns_lazy_update, source: LocalDns
06-11 02:06:31.471  6227  6421 I NK_DNResolverManager: NK_request_1|embedded.g0|61|enter Dns lazy update flow, domain: gs-drcn.game.dbankcloud.com, trigger type: dns_lazy_update, source: LocalDns
06-11 02:06:31.472  5950  5950 I HwOUC   : [main-1]isAutoDownloadAvailable isFeatureSupport is true;isRootedByUser is false(HwOucUtility.java:5213)
06-11 02:06:31.472   612  6428 W libc    : Set property "hw.hicure.dns_fail_count" to "48"
06-11 02:06:31.472  1359  1655 V ActivityManager: startProcess: name=com.huawei.hwdetectrepair app=null knownToBeDead=true thread=null pid=-1
06-11 02:06:31.473  6227  6423 I NK_DNResolverManager: NK_request_3|embedded.g0|61|enter Dns lazy update flow, domain: contentcenter-drcn.dbankcdn.cn, trigger type: dns_lazy_update, source: LocalDns
06-11 02:06:31.473  6227  6421 I NK_DNManager: NK_request_1|embedded.t|89|gs-drcn.game.dbankcloud.com resolve source:LocalDns,result:{'ALL', exist, createTime=1718015908465, LocalDns, 1}
06-11 02:06:31.474  6227  6397 I NK_CountryCodeBean: NK_AiExec_0 ->NK_AiExec_1|network.grs.local.model.CountryCodeBean|18|get issue_country code from VENDOR_COUNTRY
06-11 02:06:31.474  6227  6397 I NK_DNResolverManager: NK_AiExec_0 ->NK_AiExec_1|embedded.g0|61|enter Dns lazy update flow, domain: forum-api-drcn.jos.dbankcloud.com, trigger type: dns_prefecth, source: LocalDns
06-11 02:06:31.475  6227  6422 I NK_DNManager: NK_request_2|embedded.t|89|appimg-drcn.dbankcdn.com resolve source:LocalDns,result:{'ALL', exist, createTime=1718015908481, LocalDns, 1}
06-11 02:06:31.475  6227  6420 I NK_DNResolverManager: NK_request_0|embedded.g0|61|enter Dns lazy update flow, domain: store-drcn.hispace.dbankcloud.com, trigger type: dns_lazy_update, source: LocalDns
06-11 02:06:31.476  6227  6397 I NK_CountryCodeBean: NK_AiExec_0 ->NK_AiExec_1|network.grs.local.model.CountryCodeBean|18|get issue_country code from VENDOR_COUNTRY
06-11 02:06:31.477  6227  6426 W NK_LocalDNSResolver: NK_AiExec_1 ->NK_lazyPool_5|embedded.k0|66|LocalDNSResolver query failed,UnknownHostException:appimg.dbankcdn.com
06-11 02:06:31.477  6227  6424 I NK_CountryCodeBean: NK_request_4|network.grs.local.model.CountryCodeBean|18|get issue_country code from VENDOR_COUNTRY
06-11 02:06:31.477  6227  6403 W NK_LocalDNSResolver: NK_request_0 ->NK_lazyPool_2|embedded.k0|66|LocalDNSResolver query failed,UnknownHostException:store-drcn.hispace.dbankcloud.com
06-11 02:06:31.477   612  6433 W libc    : Set property "hw.hicure.dns_fail_count" to "49"
06-11 02:06:31.477  6227  6397 I NK_DNResolverManager: NK_AiExec_0 ->NK_AiExec_1|embedded.g0|61|enter Dns lazy update flow, domain: appdl-1-drcn.dbankcdn.com, trigger type: dns_prefecth, source: LocalDns
06-11 02:06:31.478  6227  6426 I NK_DnRsv: NK_AiExec_1 ->NK_lazyPool_5|embedded.f0|62|LocalDns query failed, dnsResult is null, domain:appimg.dbankcdn.com
06-11 02:06:31.478  6227  6403 I NK_DnRsv: NK_request_0 ->NK_lazyPool_2|embedded.f0|62|LocalDns query failed, dnsResult is null, domain:store-drcn.hispace.dbankcloud.com
06-11 02:06:31.478  6227  6420 I NK_DNManager: NK_request_0|embedded.t|89|store-drcn.hispace.dbankcloud.com resolve source:LocalDns,result:{'ALL', exist, createTime=1718015908470, LocalDns, 1}
06-11 02:06:31.479  6227  6397 I NK_CountryCodeBean: NK_AiExec_0 ->NK_AiExec_1|network.grs.local.model.CountryCodeBean|18|get issue_country code from VENDOR_COUNTRY
06-11 02:06:31.479  6227  6423 I NK_DNManager: NK_request_3|embedded.t|89|contentcenter-drcn.dbankcdn.cn resolve source:LocalDns,result:{'ALL', exist, createTime=1718015908485, LocalDns, 1}
06-11 02:06:31.480   612  6435 W libc    : Set property "hw.hicure.dns_fail_count" to "50"
06-11 02:06:31.488  6227  6399 W NK_LocalDNSResolver: NK_AiExec_1 ->NK_lazyPool_0|embedded.k0|66|LocalDNSResolver query failed,UnknownHostException:forum-api-drcn.jos.dbankcloud.com
06-11 02:06:31.488  6227  6397 I NK_DNResolverManager: NK_AiExec_0 ->NK_AiExec_1|embedded.g0|61|enter Dns lazy update flow, domain: agpicnsp-drcn.dbankcdn.com, trigger type: dns_prefecth, source: LocalDns
06-11 02:06:31.489  6227  6400 W NK_LocalDNSResolver: NK_AiExec_1 ->NK_lazyPool_1|embedded.k0|66|LocalDNSResolver query failed,UnknownHostException:appdl-1-drcn.dbankcdn.com
06-11 02:06:31.489  6227  6399 I NK_DnRsv: NK_AiExec_1 ->NK_lazyPool_0|embedded.f0|62|LocalDns query failed, dnsResult is null, domain:forum-api-drcn.jos.dbankcloud.com
06-11 02:06:31.489  6227  6400 I NK_DnRsv: NK_AiExec_1 ->NK_lazyPool_1|embedded.f0|62|LocalDns query failed, dnsResult is null, domain:appdl-1-drcn.dbankcdn.com
06-11 02:06:31.490   612  6438 W libc    : Set property "hw.hicure.dns_fail_count" to "51"
06-11 02:06:31.491  6436  6436 I         : power log dlsym ok
06-11 02:06:31.491  1359  1655 I ActivityManager: Start proc 6436:com.huawei.hwdetectrepair/1000 for broadcast com.huawei.hwdetectrepair/.smartnotify.eventlistener.PowerConnectionReceiver
06-11 02:06:31.493  5950  5950 I HwOUC   : [main-1]isHotaUpdate cursor is null,return false(GDPRUtils.java:530)
06-11 02:06:31.493  5950  5950 I chatty  : uid=10060(com.huawei.android.hwouc) identical 4 lines
06-11 02:06:31.494  5950  5950 I HwOUC   : [main-1]isHotaUpdate cursor is null,return false(GDPRUtils.java:530)
06-11 02:06:31.494  6227  6429 W NK_LocalDNSResolver: NK_request_1 ->NK_lazyPool_8|embedded.k0|66|LocalDNSResolver query failed,UnknownHostException:gs-drcn.game.dbankcloud.com
06-11 02:06:31.494  5950  5950 E HwOUC   : [main-1]getVersionIds--components is null(HotaUpdateAuthAction.java:99)
06-11 02:06:31.494  6227  6429 I NK_DnRsv: NK_request_1 ->NK_lazyPool_8|embedded.f0|62|LocalDns query failed, dnsResult is null, domain:gs-drcn.game.dbankcloud.com
06-11 02:06:31.496  6436  6436 W main    : type=1400 audit(0.0:506): avc: denied { create } for name="cgroup.procs" scontext=u:r:zygote:s0 tcontext=u:object_r:cgroup:s0 tclass=file permissive=0
06-11 02:06:31.496  5950  5950 E HwOUC   : [main-1]getDevicePolicyTypeAttempt to invoke virtual method 'int android.app.admin.SystemUpdatePolicy.getPolicyType()' on a null object reference(CDDUtils.java:77)
06-11 02:06:31.496  6227  6424 I NK_OkReqTsk: NK_request_4|embedded.g3|319|the request has used the okhttp! OnlyConnectCall
06-11 02:06:31.496  5950  5950 I HwOUC   : [main-1]getDevicePolicyType policyType : -1(CDDUtils.java:104)
06-11 02:06:31.496  6227  6432 W NK_LocalDNSResolver: NK_request_2 ->NK_lazyPool_7|embedded.k0|66|LocalDNSResolver query failed,UnknownHostException:appimg-drcn.dbankcdn.com
06-11 02:06:31.497  5950  5950 I HwOUC   : [main-1]isHotaUpdate cursor is null,return false(GDPRUtils.java:530)
06-11 02:06:31.497  6227  6432 I NK_DnRsv: NK_request_2 ->NK_lazyPool_7|embedded.f0|62|LocalDns query failed, dnsResult is null, domain:appimg-drcn.dbankcdn.com
06-11 02:06:31.497   612  6442 W libc    : Set property "hw.hicure.dns_fail_count" to "52"
06-11 02:06:31.497  5950  5950 I HwOUC   : [main-1]isHotaUpdate cursor is null,return false(GDPRUtils.java:530)
06-11 02:06:31.497  5950  5950 E HwOUC   : [main-1]getVersionIds--components is null(HotaUpdateAuthAction.java:99)
06-11 02:06:31.498  5950  5950 I HwOUC   : [main-1]ForcibleUpgrade--isContinuedAfterCheckCDD, isAutoDownload is false, inForeground is false, isOpenWifi is false, devicePolicyType is -1(AutoInstallUtils.java:745)
06-11 02:06:31.503  6227  6404 W NK_LocalDNSResolver: NK_AiExec_1 ->NK_lazyPool_3|embedded.k0|66|LocalDNSResolver query failed,UnknownHostException:agpicnsp-drcn.dbankcdn.com
06-11 02:06:31.503  6227  6430 W NK_LocalDNSResolver: NK_AiExec_1 ->NK_lazyPool_6|embedded.k0|66|LocalDNSResolver query failed,UnknownHostException:store-drcn.hispace.dbankcloud.cn
06-11 02:06:31.503  6227  6404 I NK_DnRsv: NK_AiExec_1 ->NK_lazyPool_3|embedded.f0|62|LocalDns query failed, dnsResult is null, domain:agpicnsp-drcn.dbankcdn.com
06-11 02:06:31.503  6227  6430 I NK_DnRsv: NK_AiExec_1 ->NK_lazyPool_6|embedded.f0|62|LocalDns query failed, dnsResult is null, domain:store-drcn.hispace.dbankcloud.cn
06-11 02:06:31.504  6227  6434 W NK_LocalDNSResolver: NK_request_3 ->NK_lazyPool_9|embedded.k0|66|LocalDNSResolver query failed,UnknownHostException:contentcenter-drcn.dbankcdn.cn
06-11 02:06:31.504  5950  5950 I HwOUC   : [main-1]getWifiType->isMeteredWifi is false(LogControl.java:105)
06-11 02:06:31.504  6227  6434 I NK_DnRsv: NK_request_3 ->NK_lazyPool_9|embedded.f0|62|LocalDns query failed, dnsResult is null, domain:contentcenter-drcn.dbankcdn.cn
06-11 02:06:31.504  5950  5950 I HwOUC   : [main-1]onCreate->isAutoDownloadAvailable is true, isOpenWifi = false, isDownload = true, isSupportAutoDownload = true(WifiAutoDownloadManageService.java:45)
06-11 02:06:31.515  6436  6436 D ActivityThread: Attach thread to application
06-11 02:06:31.524  5950  5950 I HwOUC   : [main-1]isHotaUpdate cursor is null,return false(GDPRUtils.java:530)
06-11 02:06:31.524  5950  5950 I HwOUC   : [main-1]isHotaUpdate cursor is null,return false(GDPRUtils.java:530)
06-11 02:06:31.525  5950  5950 E HwOUC   : [main-1]getVersionIds--components is null(HotaUpdateAuthAction.java:99)
06-11 02:06:31.525  5950  5950 E HwOUC   : [main-1]getDevicePolicyTypeAttempt to invoke virtual method 'int android.app.admin.SystemUpdatePolicy.getPolicyType()' on a null object reference(CDDUtils.java:77)
06-11 02:06:31.526  5950  5950 I HwOUC   : [main-1]getDevicePolicyType policyType : -1(CDDUtils.java:104)
06-11 02:06:31.526  6227  6424 I NK_CountryCodeBean: NK_request_4|network.grs.local.model.CountryCodeBean|18|get issue_country code from VENDOR_COUNTRY
06-11 02:06:31.527  6227  6424 I NK_DNResolverManager: NK_request_4|embedded.g0|61|enter Dns lazy update flow, domain: apppromotion-drcn.dbankcdn.cn, trigger type: dns_lazy_update, source: LocalDns
06-11 02:06:31.527  6227  6424 I NK_DNManager: NK_request_4|embedded.t|89|apppromotion-drcn.dbankcdn.cn resolve source:LocalDns,result:{'A', exist, createTime=1718015908483, LocalDns, 1}
06-11 02:06:31.527  6227  6405 W NK_LocalDNSResolver: NK_request_4 ->NK_lazyPool_4|embedded.k0|66|LocalDNSResolver query failed,UnknownHostException:apppromotion-drcn.dbankcdn.cn
06-11 02:06:31.528  6227  6405 I NK_DnRsv: NK_request_4 ->NK_lazyPool_4|embedded.f0|62|LocalDns query failed, dnsResult is null, domain:apppromotion-drcn.dbankcdn.cn
06-11 02:06:31.535  6227  6422 D OkHttp  : Failed to parepare socket channel for /2409:8c6a:b011:15::34:443
06-11 02:06:31.537  6227  6420 D OkHttp  : Failed to parepare socket channel for /2407:c080:1400:2e:fa02:ed1c:8695:16a3:443
06-11 02:06:31.537  6227  6424 D OkHttp  : Failed to parepare socket channel for /117.187.203.36:443
06-11 02:06:31.537  6436  6436 I HwLogExceptionInner: Log blacklist 
06-11 02:06:31.538  6227  6422 D OkHttp  : Failed to parepare socket channel for /117.187.203.49:443
06-11 02:06:31.538  6227  6421 D OkHttp  : Failed to parepare socket channel for /2407:c080:1400:2e:7228:2d7a:473e:db92:443
06-11 02:06:31.538  6227  6424 D OkHttp  : Failed to parepare socket channel for /117.187.203.37:443
06-11 02:06:31.540  6227  6420 D OkHttp  : Failed to parepare socket channel for /49.4.38.106:443
06-11 02:06:31.540  6227  6421 D OkHttp  : Failed to parepare socket channel for /121.36.117.218:443
06-11 02:06:31.541  6227  6423 D OkHttp  : Failed to parepare socket channel for /2409:8087:6a36:1010::29:443
06-11 02:06:31.542  6227  6422 D OkHttp  : Failed to parepare socket channel for /2409:8c6a:b011:15::32:443
06-11 02:06:31.542  6436  6436 D HwFLClassLoader: get used feature list :/feature/used-list failed!
06-11 02:06:31.542  6436  6436 D HwFLClassLoader: USE_FEATURE_LIST had not init! 
06-11 02:06:31.543  6227  6423 D OkHttp  : Failed to parepare socket channel for /39.135.11.168:443
06-11 02:06:31.543  6436  6436 W System  : ClassLoader referenced unknown path: /system/framework/com.felicanetworks.felica.jar
06-11 02:06:31.543  6436  6436 W System  : ClassLoader referenced unknown path: /system/framework/com.felicanetworks.felicaextra.jar
06-11 02:06:31.543  6227  6422 D OkHttp  : Failed to parepare socket channel for /117.187.203.53:443
06-11 02:06:31.544  6227  6424 D OkHttp  : Failed to parepare socket channel for /117.187.203.44:443
06-11 02:06:31.545  6227  6422 D OkHttp  : Failed to parepare socket channel for /2409:8c6a:b011:15::35:443
06-11 02:06:31.545  6227  6421 D OkHttp  : Failed to parepare socket channel for /2407:c080:1400:2e:56b2:4892:dffa:8e13:443
06-11 02:06:31.546  6227  6423 D OkHttp  : Failed to parepare socket channel for /2409:8087:6a54:1010::2c:443
06-11 02:06:31.547  6227  6421 D OkHttp  : Failed to parepare socket channel for /49.4.34.15:443
06-11 02:06:31.547  6227  6420 D OkHttp  : Failed to parepare socket channel for /2407:c080:1400:2e:1cd7:8829:f8c4:e486:443
06-11 02:06:31.549  6436  6436 W .hwdetectrepair: type=1400 audit(0.0:507): avc: denied { write } for name="com.huawei.hwdetectrepair-hOX9omhjGZJXZMS0kd0dvQ==" dev="mmcblk0p57" ino=75464 scontext=u:r:system_app:s0 tcontext=u:object_r:apk_data_file:s0 tclass=dir permissive=0
06-11 02:06:31.549  6436  6436 W .hwdetectrepair: type=1400 audit(0.0:508): avc: denied { write } for name="com.huawei.hwdetectrepair-hOX9omhjGZJXZMS0kd0dvQ==" dev="mmcblk0p57" ino=75464 scontext=u:r:system_app:s0 tcontext=u:object_r:apk_data_file:s0 tclass=dir permissive=0
06-11 02:06:31.549  6227  6422 D OkHttp  : Failed to parepare socket channel for /117.187.203.50:443
06-11 02:06:31.549  6227  6424 D OkHttp  : Failed to parepare socket channel for /117.187.203.38:443
06-11 02:06:31.550  6227  6420 D OkHttp  : Failed to parepare socket channel for /121.36.117.66:443
06-11 02:06:31.550  6227  6423 D OkHttp  : Failed to parepare socket channel for /39.135.11.170:443
06-11 02:06:31.551  6227  6421 D OkHttp  : Failed to parepare socket channel for /2407:c080:1400:2e:f641:db5:8448:b659:443
06-11 02:06:31.554  6227  6421 D OkHttp  : Failed to parepare socket channel for /49.4.36.169:443
06-11 02:06:31.555  6227  6420 D OkHttp  : Failed to parepare socket channel for /2407:c080:1400:2e:437c:35e3:41c9:d809:443
06-11 02:06:31.555  6227  6422 D OkHttp  : Failed to parepare socket channel for /2409:8c6a:b011:15::33:443
06-11 02:06:31.555  6227  6424 D OkHttp  : Failed to parepare socket channel for /117.187.203.39:443
06-11 02:06:31.556  6227  6420 D OkHttp  : Failed to parepare socket channel for /121.36.119.209:443
06-11 02:06:31.556  6227  6424 D OkHttp  : Failed to parepare socket channel for /117.187.203.41:443
06-11 02:06:31.557  6227  6423 D OkHttp  : Failed to parepare socket channel for /2409:8087:6a54:1010::2b:443
06-11 02:06:31.558  6227  6420 D OkHttp  : Failed to parepare socket channel for /2407:c080:1400:2e:4b53:aacc:38fc:646d:443
06-11 02:06:31.558  6227  6423 D OkHttp  : Failed to parepare socket channel for /39.135.11.166:443
06-11 02:06:31.558  6227  6424 D OkHttp  : Failed to parepare socket channel for /117.187.203.42:443
06-11 02:06:31.560  6227  6420 D OkHttp  : Failed to parepare socket channel for /49.4.47.71:443
06-11 02:06:31.560  6227  6422 D OkHttp  : Failed to parepare socket channel for /117.187.203.51:443
06-11 02:06:31.560  6227  6423 D OkHttp  : Failed to parepare socket channel for /2409:8087:6a54:1010::2a:443
06-11 02:06:31.560  6227  6424 D OkHttp  : Failed to parepare socket channel for /117.187.203.40:443
06-11 02:06:31.562  6227  6424 D OkHttp  : Failed to parepare socket channel for /117.187.203.43:443
06-11 02:06:31.562  6227  6420 D OkHttp  : Failed to parepare socket channel for /2407:c080:1400:2e:63f1:4293:e3f8:96a6:443
06-11 02:06:31.562  6227  6422 D OkHttp  : Failed to parepare socket channel for /2409:8c6a:b011:15::30:443
06-11 02:06:31.562  6227  6423 D OkHttp  : Failed to parepare socket channel for /39.136.67.39:443
06-11 02:06:31.563  6227  6422 D OkHttp  : Failed to parepare socket channel for /117.187.203.52:443
06-11 02:06:31.563  6227  6420 D OkHttp  : Failed to parepare socket channel for /117.78.15.65:443
06-11 02:06:31.563  6227  6423 D OkHttp  : Failed to parepare socket channel for /2409:8087:6a08:1010::1f:443
06-11 02:06:31.565  6227  6423 D OkHttp  : Failed to parepare socket channel for /39.136.69.34:443
06-11 02:06:31.565  6227  6422 D OkHttp  : Failed to parepare socket channel for /2409:8c6a:b011:15::37:443
06-11 02:06:31.565  6227  6420 D OkHttp  : Failed to parepare socket channel for /2407:c080:1400:2e:c911:5821:7b84:de47:443
06-11 02:06:31.567  6227  6422 D OkHttp  : Failed to parepare socket channel for /117.187.203.48:443
06-11 02:06:31.567  6227  6420 D OkHttp  : Failed to parepare socket channel for /49.4.35.32:443
06-11 02:06:31.568   576   576 E         : analysis_oeminfo_for_tar_and_key_sign: bad buf_len:256, key_sign_len:256 and tar_value_len:12
06-11 02:06:31.568   576   576 E         : analysis_oeminfo_for_const_target_lenth: failed to get the sign type and tar value
06-11 02:06:31.569   576   576 E         : analysis_oeminfo_for_all_signed_data: failed to analysis_oeminfo_for_const_target_lenth
06-11 02:06:31.569   576   576 E         : verify_the_oeminfo_data_for_signed:fail to analysis oeminfo
06-11 02:06:31.569   576   576 E         : get_original_data_by_fun_tag_and_sign_type:fail to analysis oeminfo
06-11 02:06:31.569   576   576 E         : get_original_data_by_index: failed to memcpy_s sign_type_ptr and sec_ret:0
06-11 02:06:31.569  6227  6422 D OkHttp  : Failed to parepare socket channel for /2409:8c6a:b011:15::36:443
06-11 02:06:31.569   481   481 E         : cannot open /dev/nve0, errno 2
06-11 02:06:31.569   481   481 E         : 
06-11 02:06:31.569   481   481 E         : nvm_operation, opr 6 fail, ret = -1
06-11 02:06:31.569   481   481 E         : 
06-11 02:06:31.569   481   481 E         : pid 576, opration nvm_read and ret -1 FAIL
06-11 02:06:31.569   481   481 E         : 
06-11 02:06:31.569   576   576 E         : oinv_recv_return:RET_FAIL return
06-11 02:06:31.569   576   576 E         : hweiOperaNVWR: process data failed
06-11 02:06:31.569   576   576 E         : read_bt_address: failed to read BT MAC ADRESS and ret_nv:1
06-11 02:06:31.570   576   576 E         : read_bt_address_cached: failed to get bt
06-11 02:06:31.571  6227  6422 D OkHttp  : Failed to parepare socket channel for /117.187.203.54:443
06-11 02:06:31.573  6227  6422 D OkHttp  : Failed to parepare socket channel for /2409:8c6a:b011:15::31:443
06-11 02:06:31.575  6227  6422 D OkHttp  : Failed to parepare socket channel for /117.187.203.55:443
06-11 02:06:31.577  6227  6421 I NK_Netdiag: NK_request_1|netdiag.tools.NetDetectAndPolicy|29|current_network_change : 0 ,current_network_type: 0
06-11 02:06:31.577  6227  6422 I NK_Netdiag: NK_request_2|netdiag.tools.NetDetectAndPolicy|29|current_network_change : 0 ,current_network_type: 0
06-11 02:06:31.578  6227  6421 I NK_DNManager: NK_request_1|embedded.t|114|gs-drcn.game.dbankcloud.com LocalDns switch to: DNKeeper
06-11 02:06:31.578  6227  6422 I NK_DNManager: NK_request_2|embedded.t|114|appimg-drcn.dbankcdn.com LocalDns switch to: DNKeeper
06-11 02:06:31.578  6227  6422 W NK_RetryInterceptor: NK_request_2|embedded.g1|226|intercept IOException end
06-11 02:06:31.578  6227  6421 W NK_RetryInterceptor: NK_request_1|embedded.g1|226|intercept IOException end
06-11 02:06:31.580  6227  6422 W NK_InterceptorExecutor: NK_request_2|embedded.m2|443|request fail:
06-11 02:06:31.580  6227  6422 W NK_InterceptorExecutor: java.net.ConnectException: F*i*e* *o*c*n*e*t*t* *o*t*a*p*m*-*r*n*d*a*k*d*.*o*
06-11 02:06:31.580  6227  6422 W NK_InterceptorExecutor: 	at com.huawei.hms.network.embedded.v8.a(Unknown Source:182)
06-11 02:06:31.580  6227  6422 W NK_InterceptorExecutor: 	at com.huawei.hms.network.embedded.v8.a(Unknown Source:155)
06-11 02:06:31.580  6227  6422 W NK_InterceptorExecutor: 	at com.huawei.hms.network.embedded.t8.a(Unknown Source:274)
06-11 02:06:31.580  6227  6422 W NK_InterceptorExecutor: 	at com.huawei.hms.network.embedded.t8.a(Unknown Source:0)
06-11 02:06:31.580  6227  6422 W NK_InterceptorExecutor: 	at com.huawei.hms.network.embedded.t8.a(Unknown Source:26)
06-11 02:06:31.580  6227  6422 W NK_InterceptorExecutor: 	at com.huawei.hms.network.embedded.a9.newExchange(Unknown Source:16)
06-11 02:06:31.580  6227  6422 W NK_InterceptorExecutor: 	at com.huawei.hms.network.embedded.q8.intercept(Unknown Source:23)
06-11 02:06:31.580  6227  6422 W NK_InterceptorExecutor: 	at com.huawei.hms.network.embedded.h9.a(Unknown Source:145)
06-11 02:06:31.580  6227  6421 W NK_InterceptorExecutor: NK_request_1|embedded.m2|443|request fail:
06-11 02:06:31.580  6227  6421 W NK_InterceptorExecutor: java.net.ConnectException: F*i*e* *o*c*n*e*t*t* *o*t*g*-*r*n*g*m*.*b*n*c*o*d*c*m
06-11 02:06:31.580  6227  6421 W NK_InterceptorExecutor: 	at com.huawei.hms.network.embedded.v8.a(Unknown Source:182)
06-11 02:06:31.580  6227  6421 W NK_InterceptorExecutor: 	at com.huawei.hms.network.embedded.v8.a(Unknown Source:155)
06-11 02:06:31.580  6227  6421 W NK_InterceptorExecutor: 	at com.huawei.hms.network.embedded.t8.a(Unknown Source:274)
06-11 02:06:31.580  6227  6421 W NK_InterceptorExecutor: 	at com.huawei.hms.network.embedded.t8.a(Unknown Source:0)
06-11 02:06:31.580  6227  6421 W NK_InterceptorExecutor: 	at com.huawei.hms.network.embedded.t8.a(Unknown Source:26)
06-11 02:06:31.580  6227  6421 W NK_InterceptorExecutor: 	at com.huawei.hms.network.embedded.a9.newExchange(Unknown Source:16)
06-11 02:06:31.580  6227  6421 W NK_InterceptorExecutor: 	at com.huawei.hms.network.embedded.q8.intercept(Unknown Source:23)
06-11 02:06:31.580  6227  6421 W NK_InterceptorExecutor: 	at com.huawei.hms.network.embedded.h9.a(Unknown Source:145)
06-11 02:06:31.582  6227  6423 I NK_Netdiag: NK_request_3|netdiag.tools.NetDetectAndPolicy|29|current_network_change : 0 ,current_network_type: 0
06-11 02:06:31.582  6227  6423 I NK_DNManager: NK_request_3|embedded.t|114|contentcenter-drcn.dbankcdn.cn LocalDns switch to: DNKeeper
06-11 02:06:31.583  6227  6423 W NK_RetryInterceptor: NK_request_3|embedded.g1|226|intercept IOException end
06-11 02:06:31.584  6227  6423 W NK_InterceptorExecutor: NK_request_3|embedded.m2|443|request fail:
06-11 02:06:31.584  6227  6423 W NK_InterceptorExecutor: java.net.ConnectException: F*i*e* *o*c*n*e*t*t* *o*t*c*n*e*t*e*t*r*d*c*.*b*n*c*n*c*
06-11 02:06:31.584  6227  6423 W NK_InterceptorExecutor: 	at com.huawei.hms.network.embedded.v8.a(Unknown Source:182)
06-11 02:06:31.584  6227  6423 W NK_InterceptorExecutor: 	at com.huawei.hms.network.embedded.v8.a(Unknown Source:155)
06-11 02:06:31.584  6227  6423 W NK_InterceptorExecutor: 	at com.huawei.hms.network.embedded.t8.a(Unknown Source:274)
06-11 02:06:31.584  6227  6423 W NK_InterceptorExecutor: 	at com.huawei.hms.network.embedded.t8.a(Unknown Source:0)
06-11 02:06:31.584  6227  6423 W NK_InterceptorExecutor: 	at com.huawei.hms.network.embedded.t8.a(Unknown Source:26)
06-11 02:06:31.584  6227  6423 W NK_InterceptorExecutor: 	at com.huawei.hms.network.embedded.a9.newExchange(Unknown Source:16)
06-11 02:06:31.584  6227  6423 W NK_InterceptorExecutor: 	at com.huawei.hms.network.embedded.q8.intercept(Unknown Source:23)
06-11 02:06:31.584  6227  6423 W NK_InterceptorExecutor: 	at com.huawei.hms.network.embedded.h9.a(Unknown Source:145)
06-11 02:06:31.585  6227  6424 I NK_Netdiag: NK_request_4|netdiag.tools.NetDetectAndPolicy|29|current_network_change : 0 ,current_network_type: 0
06-11 02:06:31.585  6227  6424 I NK_DNManager: NK_request_4|embedded.t|114|apppromotion-drcn.dbankcdn.cn LocalDns switch to: DNKeeper
06-11 02:06:31.585  6227  6424 W NK_RetryInterceptor: NK_request_4|embedded.g1|226|intercept IOException end
06-11 02:06:31.586  6227  6424 W NK_InterceptorExecutor: NK_request_4|embedded.m2|443|request fail:
06-11 02:06:31.586  6227  6424 W NK_InterceptorExecutor: java.net.ConnectException: F*i*e* *o*c*n*e*t*t* *o*t*a*p*r*m*t*o*-*r*n*d*a*k*d*.*n
06-11 02:06:31.586  6227  6424 W NK_InterceptorExecutor: 	at com.huawei.hms.network.embedded.v8.a(Unknown Source:182)
06-11 02:06:31.586  6227  6424 W NK_InterceptorExecutor: 	at com.huawei.hms.network.embedded.v8.a(Unknown Source:155)
06-11 02:06:31.586  6227  6424 W NK_InterceptorExecutor: 	at com.huawei.hms.network.embedded.t8.a(Unknown Source:274)
06-11 02:06:31.586  6227  6424 W NK_InterceptorExecutor: 	at com.huawei.hms.network.embedded.t8.a(Unknown Source:0)
06-11 02:06:31.586  6227  6424 W NK_InterceptorExecutor: 	at com.huawei.hms.network.embedded.t8.a(Unknown Source:26)
06-11 02:06:31.586  6227  6424 W NK_InterceptorExecutor: 	at com.huawei.hms.network.embedded.a9.newExchange(Unknown Source:16)
06-11 02:06:31.586  6227  6424 W NK_InterceptorExecutor: 	at com.huawei.hms.network.embedded.q8.intercept(Unknown Source:23)
06-11 02:06:31.586  6227  6424 W NK_InterceptorExecutor: 	at com.huawei.hms.network.embedded.h9.a(Unknown Source:145)
06-11 02:06:31.589  6227  6420 I NK_Netdiag: NK_request_0|netdiag.tools.NetDetectAndPolicy|29|current_network_change : 0 ,current_network_type: 0
06-11 02:06:31.589  6227  6420 I NK_DNManager: NK_request_0|embedded.t|114|store-drcn.hispace.dbankcloud.com LocalDns switch to: DNKeeper
06-11 02:06:31.590  6227  6420 W NK_RetryInterceptor: NK_request_0|embedded.g1|226|intercept IOException end
06-11 02:06:31.591  6227  6420 W NK_InterceptorExecutor: NK_request_0|embedded.m2|443|request fail:
06-11 02:06:31.591  6227  6420 W NK_InterceptorExecutor: java.net.ConnectException: F*i*e* *o*c*n*e*t*t* *o*t*s*o*e*d*c*.*i*p*c*.*b*n*c*o*d*c*m
06-11 02:06:31.591  6227  6420 W NK_InterceptorExecutor: 	at com.huawei.hms.network.embedded.v8.a(Unknown Source:182)
06-11 02:06:31.591  6227  6420 W NK_InterceptorExecutor: 	at com.huawei.hms.network.embedded.v8.a(Unknown Source:155)
06-11 02:06:31.591  6227  6420 W NK_InterceptorExecutor: 	at com.huawei.hms.network.embedded.t8.a(Unknown Source:274)
06-11 02:06:31.591  6227  6420 W NK_InterceptorExecutor: 	at com.huawei.hms.network.embedded.t8.a(Unknown Source:0)
06-11 02:06:31.591  6227  6420 W NK_InterceptorExecutor: 	at com.huawei.hms.network.embedded.t8.a(Unknown Source:26)
06-11 02:06:31.591  6227  6420 W NK_InterceptorExecutor: 	at com.huawei.hms.network.embedded.a9.newExchange(Unknown Source:16)
06-11 02:06:31.591  6227  6420 W NK_InterceptorExecutor: 	at com.huawei.hms.network.embedded.q8.intercept(Unknown Source:23)
06-11 02:06:31.591  6227  6420 W NK_InterceptorExecutor: 	at com.huawei.hms.network.embedded.h9.a(Unknown Source:145)
06-11 02:06:31.662  2399  2915 I chatty  : uid=1000(system) actions handler expire 2 lines
06-11 02:06:31.668  6436  6436 W HMSSDK_PushPreferences: get new sharedPreferences failed,start to get from context. 
06-11 02:06:31.674  6436  6436 E MLInitializerProvider: MLInitializerProvider Done
06-11 02:06:31.678  1359  2496 V WindowManager: Adding Window{9779423 u0 com.android.settings} to WindowToken{d1eed20 android.os.BinderProxy@4ec3952}
06-11 02:06:31.684  1359  2496 V WindowManager: addWindow: New client android.os.BinderProxy@4ec3952: window=Window{9779423 u0 com.android.settings} Callers=com.android.server.wm.HwWindowManagerService.addWindow:606 com.android.server.wm.Session.addToDisplay:204 android.view.IWindowSession$Stub.onTransact:124 com.android.server.wm.Session.onTransact:165 android.os.Binder.execTransact:698 
06-11 02:06:31.687  6275  6460 I chatty  : uid=1000(system) com.android.settings expire 1 line
06-11 02:06:31.738  6227  6418 W ReflectUtil: NoSuchMethodException: getVSimSubId
06-11 02:06:31.738  6436  6436 I AGConnectProvider: AGConnectInitializeProvider#onCreate
06-11 02:06:31.738  6227  6418 W ReflectUtil: NoSuchMethodException: hasIccCardForVSim
06-11 02:06:31.738  6227  6418 W ReflectUtil: NoSuchMethodException: getVSimSubId
06-11 02:06:31.739  6227  6418 W ReflectUtil: NoSuchMethodException: getNetworkOperator
06-11 02:06:31.739  6436  6436 I AGConnectInstance: AGConnectInstance#initialize
06-11 02:06:31.739  6227  6418 W ReflectUtil: NoSuchMethodException: hasIccCardForVSim
06-11 02:06:31.741  6436  6436 I ServiceRegistrarParser: getServices
06-11 02:06:31.742  6436  6436 I ServiceRegistrarParser: services:0
06-11 02:06:31.745  6227  6418 I FormalHASDK: HAImpl==> onEvent. TAG:_default_config_tag, TYPE:0, eventId:1010600202
06-11 02:06:31.746  6275  6275 I chatty  : uid=1000(system) com.android.settings expire 8 lines
06-11 02:06:31.747  6227  6418 I FormalHASDK: HAImpl==> onEvent. TAG:_default_config_tag, TYPE:0, eventId:1010901501
06-11 02:06:31.751  6227  6464 I SecurityComp10200303: GCMKS: load key
06-11 02:06:31.752   781   781 W surfaceflinger: type=1400 audit(0.0:509): avc: denied { read } for name="cust" dev="mmcblk0p57" ino=94688 scontext=u:r:surfaceflinger:s0 tcontext=u:object_r:cust_data_file:s0 tclass=lnk_file permissive=0
06-11 02:06:31.752  6436  6436 D NetworkSecurityConfig: No Network Security Config specified, using platform default
06-11 02:06:31.753  6436  6436 I HttpsNetworkConnector: reset HttpsURLConnection
06-11 02:06:31.754   574   574 E SELinux : avc:  denied  { find } for interface=vendor.huawei.hardware.hwsched::ISched sid=u:r:surfaceflinger:s0 pid=781 scontext=u:r:surfaceflinger:s0 tcontext=u:object_r:default_android_hwservice:s0 tclass=hwservice_manager permissive=0
06-11 02:06:31.755   781   781 E BufferQueueProducer: [] [hwsched]Can not get hwsched service
06-11 02:06:31.755   781   781 E BufferQueueProducer: [] [hwsched] Sched_config_cust.xml is not exit or file is invalid!
06-11 02:06:31.755   781   781 E BufferQueueProducer: [] [hwsched] LoadFile error, path:(null), error code:3
06-11 02:06:31.776  6436  6452 E MemoryLeakMonitorManager: MemoryLeakMonitor.jar is not exist!
06-11 02:06:31.777  6436  6436 E Minikin : Could not get cmap table size!
06-11 02:06:31.796  6436  6436 I PowerConnectionReceiver: PowerConnectionReceiver
06-11 02:06:31.798  6436  6436 W ContextImpl: Calling a method in the system process without a qualified user: android.app.ContextImpl.startService:1708 android.content.ContextWrapper.startService:657 android.content.ContextWrapper.startService:657 com.huawei.hwdetectrepair.smartnotify.eventlistener.PowerConnectionReceiver.onReceive:37 android.app.ActivityThread.handleReceiver:3793 
06-11 02:06:31.805  1359  1393 V BroadcastQueue: Finished with ordered broadcast BroadcastRecord{55f44a1 u-1 android.intent.action.ACTION_POWER_CONNECTED}
06-11 02:06:31.807  6436  6436 I SmartNotifyService: onStartCommand. 1
06-11 02:06:31.817  6436  6436 I ReportDataUtils: is not over one week
06-11 02:06:31.818  6436  6470 I SmartNotifyService: handleMessage: 4
06-11 02:06:31.819  6436  6470 E SmartNotifyService: obj null
06-11 02:06:31.821  6436  6468 I ProviderUtil: package name of the provider is: com.huawei.phoneservice
06-11 02:06:31.825  1359  1393 I ActivityManager: Need to start process com.huawei.phoneservice for provider ContentProviderInfo{name=smart_provider className=com.huawei.module.faultdetection.provider.SmartProvider}, callerApp: ProcessRecord{5ff76c6 6436:com.huawei.hwdetectrepair/1000}
06-11 02:06:31.825  1359  1393 V ActivityManager: startProcess: name=com.huawei.phoneservice app=null knownToBeDead=false thread=null pid=-1
06-11 02:06:31.825  6436  6470 I ProviderUtil: package name of the provider is: com.huawei.phoneservice
06-11 02:06:31.828  6275  6275 D OpenGLRenderer: HWUI GL Pipeline
06-11 02:06:31.837  1359  2441 D WindowManager: finishDrawingWindow: Window{9779423 u0 com.android.settings} mDrawState=DRAW_PENDING
06-11 02:06:31.840  1359  1393 I ActivityManager: Start proc 6474:com.huawei.phoneservice/u0a29 for content provider com.huawei.phoneservice/com.huawei.module.faultdetection.provider.SmartProvider
06-11 02:06:31.843  1359  1393 V ActivityManager_MU: Waiting to start provider ContentProviderRecord{ca54f7f u0 com.huawei.phoneservice/com.huawei.module.faultdetection.provider.SmartProvider} launchingApp=ProcessRecord{e70989e 6474:com.huawei.phoneservice/u0a29} caller pid= 6436
06-11 02:06:31.844  6474  6474 I         : power log dlsym ok
06-11 02:06:31.846  6474  6474 W main    : type=1400 audit(0.0:510): avc: denied { create } for name="cgroup.procs" scontext=u:r:zygote:s0 tcontext=u:object_r:cgroup:s0 tclass=file permissive=0
06-11 02:06:31.855  1359  2001 I chatty  : uid=1000(system) android.anim expire 1 line
06-11 02:06:31.857  1359  2441 D WindowManager: finishDrawingWindow: Window{9779423 u0 com.android.settings} mDrawState=HAS_DRAWN
06-11 02:06:31.867  6474  6474 D ActivityThread: Attach thread to application
06-11 02:06:31.889   781   781 W surfaceflinger: type=1400 audit(0.0:511): avc: denied { read } for name="cust" dev="mmcblk0p57" ino=94688 scontext=u:r:surfaceflinger:s0 tcontext=u:object_r:cust_data_file:s0 tclass=lnk_file permissive=0
06-11 02:06:31.892  6474  6474 I chatty  : uid=10029(com.huawei.phoneservice) expire 98 lines
06-11 02:06:31.892   574   574 E SELinux : avc:  denied  { find } for interface=vendor.huawei.hardware.hwsched::ISched sid=u:r:surfaceflinger:s0 pid=781 scontext=u:r:surfaceflinger:s0 tcontext=u:object_r:default_android_hwservice:s0 tclass=hwservice_manager permissive=0
06-11 02:06:31.892   781   781 E BufferQueueProducer: [] [hwsched]Can not get hwsched service
06-11 02:06:31.893   781   781 E BufferQueueProducer: [] [hwsched] Sched_config_cust.xml is not exit or file is invalid!
06-11 02:06:31.893   781   781 E BufferQueueProducer: [] [hwsched] LoadFile error, path:(null), error code:3
06-11 02:06:31.896   781   982 D Layer   : doWinFrameOptStatusRecog begin to recog Layer result=2
06-11 02:06:31.898  6474  6487 I chatty  : uid=10029(com.huawei.phoneservice) expire 2 lines
06-11 02:06:32.080  6474  6493 I chatty  : uid=10029(com.huawei.phoneservice) expire 1 line
06-11 02:06:32.123  6496  6496 E libc    : Access denied finding property "ro.hwfix.ro.process_list"
06-11 02:06:32.137  6496  6496 E libc    : Access denied finding property "ro.hwfix.ro.process_list"
06-11 02:06:32.186   825   852 E libnav  : CablComputeBacklightLevel(): UpdateType = DifferentSceneUpdate
06-11 02:06:32.216   889   889 W hvdcp_opti: type=1400 audit(0.0:512): avc: denied { read } for name="dp_dm" dev="sysfs" ino=39780 scontext=u:r:hvdcp:s0 tcontext=u:object_r:sysfs:s0 tclass=file permissive=0
06-11 02:06:32.216   889   889 W hvdcp_opti: type=1400 audit(0.0:513): avc: denied { read } for name="input_current_limited" dev="sysfs" ino=39781 scontext=u:r:hvdcp:s0 tcontext=u:object_r:sysfs:s0 tclass=file permissive=0
06-11 02:06:32.216   889   889 W hvdcp_opti: type=1400 audit(0.0:514): avc: denied { read } for name="input_current_limited" dev="sysfs" ino=39781 scontext=u:r:hvdcp:s0 tcontext=u:object_r:sysfs:s0 tclass=file permissive=0
06-11 02:06:32.216   889   889 W hvdcp_opti: type=1400 audit(0.0:515): avc: denied { read } for name="charge_type" dev="sysfs" ino=39752 scontext=u:r:hvdcp:s0 tcontext=u:object_r:sysfs:s0 tclass=file permissive=0
06-11 02:06:32.216   889   889 W hvdcp_opti: type=1400 audit(0.0:516): avc: denied { read } for name="die_health" dev="sysfs" ino=39786 scontext=u:r:hvdcp:s0 tcontext=u:object_r:sysfs:s0 tclass=file permissive=0
06-11 02:06:32.218   891   891 W libc    : Set property "sys.usb.config" to "none"
06-11 02:06:32.219   889   889 W hvdcp_opti: type=1400 audit(0.0:517): avc: denied { read } for name="dp_dm" dev="sysfs" ino=39780 scontext=u:r:hvdcp:s0 tcontext=u:object_r:sysfs:s0 tclass=file permissive=0
06-11 02:06:32.219   889   889 W hvdcp_opti: type=1400 audit(0.0:518): avc: denied { read } for name="input_current_limited" dev="sysfs" ino=39781 scontext=u:r:hvdcp:s0 tcontext=u:object_r:sysfs:s0 tclass=file permissive=0
06-11 02:06:32.219   889   889 W hvdcp_opti: type=1400 audit(0.0:519): avc: denied { read } for name="input_current_limited" dev="sysfs" ino=39781 scontext=u:r:hvdcp:s0 tcontext=u:object_r:sysfs:s0 tclass=file permissive=0
06-11 02:06:32.219   889   889 W hvdcp_opti: type=1400 audit(0.0:520): avc: denied { read } for name="charge_type" dev="sysfs" ino=39752 scontext=u:r:hvdcp:s0 tcontext=u:object_r:sysfs:s0 tclass=file permissive=0
06-11 02:06:32.219   889   889 W hvdcp_opti: type=1400 audit(0.0:521): avc: denied { read } for name="die_health" dev="sysfs" ino=39786 scontext=u:r:hvdcp:s0 tcontext=u:object_r:sysfs:s0 tclass=file permissive=0
06-11 02:06:32.222  3513  6316 E MtpServer: request read returned -1, errno: 5
06-11 02:06:32.222  3513  6316 I HwMtpServerExJNI: cleanup MtpServerEx
06-11 02:06:32.222  3513  6316 V MtpServerEx: destructor
06-11 02:06:32.222  3513  6316 V HwMtpServerExJNI: finalize
06-11 02:06:32.225  3513  6316 I StagefrightMediaScannerEx: StagefrightMediaScanner destructor
06-11 02:06:32.319  6474  6474 D ModuleManager: com.huawei.module.modules.ModulesModule@a803c93 dependsOn com.huawei.module.site.SiteModule@b75c7a5
06-11 02:06:32.319  6474  6474 D ModuleManager: com.huawei.module.modules.ModulesModule@a803c93 dependsOn com.huawei.module.webapi.ModelModule@535d251
06-11 02:06:32.320  6474  6474 D ModuleManager: com.huawei.module.modules.ModulesModule@a803c93 dependsOn com.huawei.akali.network.NetworkModule@f24ddd7
06-11 02:06:32.320  6474  6474 D ModuleManager: com.huawei.myhuawei.appconfig.AppConfigsModel@4a6465d dependsOn com.huawei.akali.log.LogModule@4c3fc85
06-11 02:06:32.320  6474  6474 D ModuleManager: com.huawei.myhuawei.appconfig.AppConfigsModel@4a6465d dependsOn com.huawei.akali.network.NetworkModule@f24ddd7
06-11 02:06:32.320  6474  6474 D ModuleManager: com.huawei.myhuawei.appconfig.AppConfigsModel@4a6465d dependsOn com.huawei.module.token.TokenModule@1dc81b1
06-11 02:06:32.321  6474  6474 D ModuleManager: handleDependencyAnnotations @com.huawei.akali.facade.annotation.DependOn(meanwhile=[interface com.huawei.module.base.BaseModuleAlias, interface com.huawei.module.webapi.ModelAlias, interface com.huawei.module.ui.WidgetAlias, interface com.huawei.module.site.api.SiteAlias, interface com.huawei.module.location.api.LocationAlias, interface com.huawei.module.grs.api.GrsAlias, interface com.huawei.module.account.api.AccountAlias, interface com.huawei.module.push.api.PushAlias, interface com.huawei.akali.network.api.NetworkAlias, interface com.huawei.module.liveeventbus.api.LiveEventBusAlias, interface com.huawei.module.message.api.MsgAlias, interface com.huawei.akali.track.api.TrackAlias, interface com.huawei.module.modules.api.ModulesAlias, interface com.huawei.akali.jsbridge.api.JsBridgeAlias, interface com.huawei.module.dispatch.api.DispatchAlias], value=interface com.huawei.akali.log.api.LogAlias)
06-11 02:06:32.321  6474  6474 D ModuleManager: com.huawei.phoneservice.AppModule@b431919 dependsOn com.huawei.akali.log.LogModule@4c3fc85
06-11 02:06:32.321  6474  6474 D ModuleManager: com.huawei.phoneservice.AppModule@b431919 dependsOn com.huawei.module.base.BaseModule@8396c63
06-11 02:06:32.321  6474  6474 D ModuleManager: com.huawei.phoneservice.AppModule@b431919 dependsOn com.huawei.module.webapi.ModelModule@535d251
06-11 02:06:32.321  6474  6474 D ModuleManager: com.huawei.phoneservice.AppModule@b431919 dependsOn com.huawei.module.ui.WidgetModule@450b5e9
06-11 02:06:32.321  6474  6474 D ModuleManager: com.huawei.phoneservice.AppModule@b431919 dependsOn com.huawei.module.site.SiteModule@b75c7a5
06-11 02:06:32.322  6474  6474 D ModuleManager: com.huawei.phoneservice.AppModule@b431919 dependsOn com.huawei.module.location.LocationModule@a666cfb
06-11 02:06:32.322  6474  6474 D ModuleManager: com.huawei.phoneservice.AppModule@b431919 dependsOn com.huawei.module.grs.GrsModule@34c6bbf
06-11 02:06:32.322  6474  6474 D ModuleManager: com.huawei.phoneservice.AppModule@b431919 dependsOn com.huawei.module.account.AccountModule@18e2165
06-11 02:06:32.322  6474  6474 D ModuleManager: com.huawei.phoneservice.AppModule@b431919 dependsOn com.huawei.module.push.PushModule@3288aeb
06-11 02:06:32.322  6474  6474 D ModuleManager: com.huawei.phoneservice.AppModule@b431919 dependsOn com.huawei.akali.network.NetworkModule@f24ddd7
06-11 02:06:32.322  6474  6474 D ModuleManager: com.huawei.phoneservice.AppModule@b431919 dependsOn com.huawei.module.liveeventbus.LiveEventModule@e22f3a9
06-11 02:06:32.323  6474  6474 D ModuleManager: com.huawei.phoneservice.AppModule@b431919 dependsOn com.huawei.module.message.MsgModule@eb8181d
06-11 02:06:32.323  6474  6474 D ModuleManager: com.huawei.phoneservice.AppModule@b431919 dependsOn com.huawei.akali.track.TrackModule@1ae3b2b
06-11 02:06:32.323  6474  6474 D ModuleManager: com.huawei.phoneservice.AppModule@b431919 dependsOn com.huawei.module.modules.ModulesModule@a803c93
06-11 02:06:32.323  6474  6474 D ModuleManager: com.huawei.phoneservice.AppModule@b431919 dependsOn com.huawei.akali.jsbridge.JsBridgeModule@e017083
06-11 02:06:32.323  6474  6474 D ModuleManager: com.huawei.phoneservice.AppModule@b431919 dependsOn com.huawei.module.dispatch.DispatchModel@738ac91
06-11 02:06:32.324  6474  6474 D ModuleManager: com.huawei.module.site.SiteModule@b75c7a5 dependsOn com.huawei.akali.log.LogModule@4c3fc85
06-11 02:06:32.324  6474  6474 D ModuleManager: com.huawei.module.site.SiteModule@b75c7a5 dependsOn com.huawei.module.grs.GrsModule@34c6bbf
06-11 02:06:32.324  6474  6474 D ModuleManager: com.huawei.module.site.SiteModule@b75c7a5 dependsOn com.huawei.akali.network.NetworkModule@f24ddd7
06-11 02:06:32.324  6474  6474 D ModuleManager: com.huawei.recommend.RecommendModule@b203921 dependsOn com.huawei.akali.network.NetworkModule@f24ddd7
06-11 02:06:32.325  6474  6474 D ModuleManager: com.huawei.recommend.RecommendModule@b203921 dependsOn com.huawei.akali.log.LogModule@4c3fc85
06-11 02:06:32.325  6474  6474 D ModuleManager: com.huawei.module.account.AccountModule@18e2165 dependsOn com.huawei.akali.log.LogModule@4c3fc85
06-11 02:06:32.325  6474  6474 D ModuleManager: com.huawei.module.account.AccountModule@18e2165 dependsOn com.huawei.module.liveeventbus.LiveEventModule@e22f3a9
06-11 02:06:32.326  6474  6474 D ModuleManager: com.huawei.module.account.AccountModule@18e2165 dependsOn com.huawei.module.message.MsgModule@eb8181d
06-11 02:06:32.326  6474  6474 D ModuleManager: com.huawei.module.push.PushModule@3288aeb dependsOn com.huawei.akali.log.LogModule@4c3fc85
06-11 02:06:32.327  6474  6474 D ModuleManager: com.huawei.module.push.PushModule@3288aeb dependsOn com.huawei.module.liveeventbus.LiveEventModule@e22f3a9
06-11 02:06:32.327  6474  6474 D SearchOverseaModule: dependency
06-11 02:06:32.327  6474  6474 D ModuleManager: com.huawei.myhuawei.startbusiness.StartBusinessModel@82a80cd dependsOn com.huawei.module.dispatch.DispatchModel@738ac91
06-11 02:06:32.328  6474  6474 D ModuleManager: handleDependencyAnnotations @com.huawei.akali.facade.annotation.DependOn(meanwhile=[interface com.huawei.akali.log.api.LogAlias, interface com.huawei.akali.network.api.NetworkAlias, interface com.huawei.module.dispatch.api.DispatchAlias], value=interface com.huawei.support.tv.base.BaseAlias)
06-11 02:06:32.328  6474  6474 D ModuleManager: com.huawei.module.search.SearchModule@9b7b0cf dependsOn com.huawei.support.tv.base.BaseModule@2ccdc01
06-11 02:06:32.328  6474  6474 D ModuleManager: com.huawei.module.search.SearchModule@9b7b0cf dependsOn com.huawei.akali.log.LogModule@4c3fc85
06-11 02:06:32.329  6474  6474 D ModuleManager: com.huawei.module.search.SearchModule@9b7b0cf dependsOn com.huawei.akali.network.NetworkModule@f24ddd7
06-11 02:06:32.329  6474  6474 D ModuleManager: com.huawei.module.search.SearchModule@9b7b0cf dependsOn com.huawei.module.dispatch.DispatchModel@738ac91
06-11 02:06:32.329  6474  6474 D ModuleManager: com.huawei.forum.ForumModule@d2a373d dependsOn com.huawei.akali.network.NetworkModule@f24ddd7
06-11 02:06:32.329  6474  6474 D ModuleManager: class az6 handleDependencyForModules cost:49ms
06-11 02:06:32.330  6474  6474 D FunctionModule: configure
06-11 02:06:32.330  6474  6474 D HomeModule: configure
06-11 02:06:32.332  6474  6474 D CacheModule: configure
06-11 02:06:32.332  6474  6474 D ModuleManager: com.huawei.akali.back.ClearBackModel@85610f5 dependsOn com.huawei.akali.log.LogModule@4c3fc85
06-11 02:06:32.367  6474  6474 D LogModule: configure
06-11 02:06:32.367  6474  6474 D module_jsbridge: JsBridgeModule configure
06-11 02:06:32.372  6474  6474 D VertifyModule: configure
06-11 02:06:32.375  6474  6498 I SecurityComp10200309: RootKeyUtil: initRootKey: sha256
06-11 02:06:32.375  6474  6498 I SecurityComp10200309: BaseKeyUtil: exportRootKey: sha256
06-11 02:06:32.384  6474  6500 W zygote64: Opening an oat file without a class loader. Are you using the deprecated DexFile APIs?
06-11 02:06:32.444  6474  6474 I HMSSDK_HMSPackageManager: DSS signature check success
06-11 02:06:32.445  6474  6474 I HMSSDK_HMSPackageManager: aidlService pkgName: com.huawei.hwid
06-11 02:06:32.445  6474  6474 I HMSSDK_HMSPackageManager: Enter getHMSPackageNameForMultiService
06-11 02:06:32.449  6474  6474 I HMSSDK_HMSPackageManager: <initHmsPackageInfoForMultiService> Succeed to find HMS apk: com.huawei.hwid version: 61300351
06-11 02:06:32.450  6474  6474 I HMSSDK_HMSPackageManager: Enter getHMSPackageNameForMultiService
