06-11 02:06:44.098  2170  2170 D HwPhoneStatusBar: No peeking: not allowed notification: 0|com.android.settings|1000002|null|1000
06-11 02:06:44.098  2170  2170 D StatusBar:  shouldPeek=false alertAgain=true
06-11 02:06:44.098  2170  2170 I PhoneStatusBar: updateNotificationShade: total=2, active=2
06-11 02:06:44.098  2170  2170 W PhoneStatusBar: updateNotificationShade hasFaceDT: false; Detected:false
06-11 02:06:44.101  2170  2170 W HwKeyguardDragHelper: AnimationBlocked
06-11 02:06:44.124  2170  2170 I PhoneStatusBarView: mDelayedGetViewPositionOnScreen getLocationInWindow 0 0
06-11 02:06:44.124  2170  2170 I PhoneStatusBarView: mDelayedGetViewPositionOnScreen getLocationOnScreen 0 0
06-11 02:06:44.134  2170  2170 W HwKeyguardDragHelper: AnimationBlocked
06-11 02:06:44.172  2335  2335 I chatty  : uid=1000(system) com.huawei.hiview expire 5 lines
06-11 02:06:44.475  6619  6619 E libc    : Access denied finding property "ro.hwfix.ro.process_list"
06-11 02:06:44.500  6619  6619 E libc    : Access denied finding property "ro.hwfix.ro.process_list"
06-11 02:06:44.620  2170  6620 E memtrack: Couldn't load memtrack module
06-11 02:06:44.621  2170  6620 W android.os.Debug: failed to get memory consumption info: -1
06-11 02:06:44.728  2170  6620 I zygote64: Explicit concurrent copying GC freed 116632(6MB) AllocSpace objects, 0(0B) LOS objects, 60% free, 7MB/19MB, paused 122us total 106.807ms
06-11 02:06:44.849  2170  6620 I zygote64: Explicit concurrent copying GC freed 16554(700KB) AllocSpace objects, 0(0B) LOS objects, 63% free, 7MB/19MB, paused 168us total 103.661ms
06-11 02:06:44.972  2170  6620 E memtrack: Couldn't load memtrack module
06-11 02:06:44.972  2170  6620 W android.os.Debug: failed to get memory consumption info: -1
06-11 02:06:45.123  2170  2170 W ScrimController: startScrimAnimation 0.0 @ com.android.systemui.statusbar.AlphaOptimizedView{1cb2195 V.ED..... ........ 0,0-720,500 #7f1404d7 app:id/heads_up_scrim}
06-11 02:06:45.125  2170  2170 I FloatNotificationManager: removeNotification: key =0|com.huawei.systemmanager|1074741825|null|1000;mKey=null
06-11 02:06:45.127  2170  2170 I PhoneStatusBar: updateNotificationShade: total=1, active=1
06-11 02:06:45.127  2170  2170 W PhoneStatusBar: updateNotificationShade hasFaceDT: false; Detected:false
06-11 02:06:45.138  2170  2170 W HwKeyguardDragHelper: AnimationBlocked
06-11 02:06:45.373  2170  2170 I PanelBar: panelExpansionChanged 0.0, false
06-11 02:06:45.374  2170  2170 I KeyguardFingerPrintView: FingerPrint:: onVisibilityChanged visibility = 4,mIsSupportHover=falsefalsetrue
06-11 02:06:45.375  2170  2170 I PhoneStatusBarView: setAlpha with value : 1.0
06-11 02:06:45.375  2170  2170 I PhoneStatusBarView: post mHideExpandedRunnable
06-11 02:06:45.375  2170  2170 I PhoneStatusBar: updateNotificationShade: total=1, active=1
06-11 02:06:45.375  2170  2170 W PhoneStatusBar: updateNotificationShade hasFaceDT: false; Detected:false
06-11 02:06:45.393  2170  2170 W HwKeyguardDragHelper: AnimationBlocked
06-11 02:06:45.397  2170  2170 I PhoneStatusBarView: mPanelFraction:0.0
06-11 02:06:45.397  2170  2170 I PhoneStatusBar: makeExpandedInvisible: mExpandedInVisible=true
06-11 02:06:45.397  2170  2170 W HwKeyguardDragHelper: AnimationBlocked
06-11 02:06:45.399  2170  2170 W AppHandler: sendImmediateMessage 18 with args (0, 0)
06-11 02:06:45.399  2170  2170 W HwBackDropView: MSG_KEYGUARD_XCH_HEIGHT setVisibility GONE
06-11 02:06:45.399  2170  2170 W HwLockScreenPanel: Handle message: 18
06-11 02:06:45.399  2170  2170 W FillLightViewManager: handleMessage 18
06-11 02:06:45.399  2170  2170 D FillLightViewManager: nothing to do 18
06-11 02:06:45.404  2170  2170 D PhoneStatusBar: disable: < expand icons* alerts system_info* back home recent clock navigationbar search quick_settings >
06-11 02:06:45.457  2170  2170 W HwKeyguardDragHelper: AnimationBlocked
06-11 02:06:45.510  6621  6621 E libc    : Access denied finding property "ro.hwfix.ro.process_list"
06-11 02:06:45.537  6621  6621 E libc    : Access denied finding property "ro.hwfix.ro.process_list"
06-11 02:06:45.553  5950  5950 I HwOUC   : [main-1] ServiceHandler stop service(WifiAutoDownloadManageService.java:154)
06-11 02:06:45.555  5950  5950 I HwOUC   : [main-1], onDestroy(WifiAutoDownloadManageService.java:142)
06-11 02:06:46.378  2170  2170 I PhoneStatusBarView: mDelayedGetViewPositionOnScreen getLocationInWindow 0 0
06-11 02:06:46.378  2170  2170 I PhoneStatusBarView: mDelayedGetViewPositionOnScreen getLocationOnScreen 0 0
06-11 02:06:46.552  6622  6622 E libc    : Access denied finding property "ro.hwfix.ro.process_list"
06-11 02:06:46.579  6622  6622 E libc    : Access denied finding property "ro.hwfix.ro.process_list"
06-11 02:06:47.593  6623  6623 E libc    : Access denied finding property "ro.hwfix.ro.process_list"
06-11 02:06:47.619  6623  6623 E libc    : Access denied finding property "ro.hwfix.ro.process_list"
06-11 02:06:48.630  6624  6624 E libc    : Access denied finding property "ro.hwfix.ro.process_list"
06-11 02:06:48.658  6624  6624 E libc    : Access denied finding property "ro.hwfix.ro.process_list"
06-11 02:06:49.670  6625  6625 E libc    : Access denied finding property "ro.hwfix.ro.process_list"
06-11 02:06:49.699  6625  6625 E libc    : Access denied finding property "ro.hwfix.ro.process_list"
06-11 02:06:50.712  6626  6626 E libc    : Access denied finding property "ro.hwfix.ro.process_list"
06-11 02:06:50.739  6626  6626 E libc    : Access denied finding property "ro.hwfix.ro.process_list"
06-11 02:06:51.753  6627  6627 E libc    : Access denied finding property "ro.hwfix.ro.process_list"
06-11 02:06:51.779  6627  6627 E libc    : Access denied finding property "ro.hwfix.ro.process_list"
06-11 02:06:52.370  1359  2007 D HwBatteryService: onUEvent fcpStatus = 0,scpStatus =0,ovpStatus=0
06-11 02:06:52.372  1359  2007 I HwBatteryService: quick charge status : 0
06-11 02:06:52.389   889   889 W hvdcp_opti: type=1400 audit(0.0:588): avc: denied { read } for name="dp_dm" dev="sysfs" ino=39780 scontext=u:r:hvdcp:s0 tcontext=u:object_r:sysfs:s0 tclass=file permissive=0
06-11 02:06:52.390  1359  2007 D HwBatteryService: onUEvent fcpStatus = 0,scpStatus =0,ovpStatus=0
06-11 02:06:52.392   889   889 W hvdcp_opti: type=1400 audit(0.0:589): avc: denied { read } for name="input_current_limited" dev="sysfs" ino=39781 scontext=u:r:hvdcp:s0 tcontext=u:object_r:sysfs:s0 tclass=file permissive=0
06-11 02:06:52.392   889   889 W hvdcp_opti: type=1400 audit(0.0:590): avc: denied { read } for name="input_current_limited" dev="sysfs" ino=39781 scontext=u:r:hvdcp:s0 tcontext=u:object_r:sysfs:s0 tclass=file permissive=0
06-11 02:06:52.392   889   889 W hvdcp_opti: type=1400 audit(0.0:591): avc: denied { read } for name="charge_type" dev="sysfs" ino=39752 scontext=u:r:hvdcp:s0 tcontext=u:object_r:sysfs:s0 tclass=file permissive=0
06-11 02:06:52.392   889   889 W hvdcp_opti: type=1400 audit(0.0:592): avc: denied { read } for name="die_health" dev="sysfs" ino=39786 scontext=u:r:hvdcp:s0 tcontext=u:object_r:sysfs:s0 tclass=file permissive=0
06-11 02:06:52.392  1359  2007 I HwBatteryService: quick charge status : 0
06-11 02:06:52.404  1359  1708 I WifiService: requestActivityInfo uid=1000
06-11 02:06:52.405  1359  1708 I WifiService: reportActivityInfo uid=1000
06-11 02:06:52.405  1359  1708 I WifiService: getSupportedFeatures uid=1000
06-11 02:06:52.408  1359  5238 I BatteryService: normal charge status : 1
06-11 02:06:52.408  1359  1708 E BatteryExternalStatsWorker: no controller energy info supplied for wifi
06-11 02:06:52.408  1359  1708 E BatteryExternalStatsWorker: no controller energy info supplied for bluetooth
06-11 02:06:52.413   922  2036 D dubaid  : [HourlyRoutine.cpp] handleRequestOffset# timestamp=1718042429158, expire=3187586
06-11 02:06:52.413  1359  1359 I WifiService: getWifiEnabledState uid=1000
06-11 02:06:52.414  1359  1359 I WifiService: getWifiEnabledState uid=1000
06-11 02:06:52.414  1359  1359 D WifiStateMachine: mBcastReceiver: PluggedType = 2 mIsScanCtrlPluggedin = true
06-11 02:06:52.414  1359  1359 D HwWifiService: mPluggedType =2
06-11 02:06:52.414  2170  2170 D KeyguardUpdateMonitor: received broadcast android.intent.action.BATTERY_CHANGED
06-11 02:06:52.415  2170  2170 W KeyguardUpdateMonitor: ACTION_BATTERY_CHANGED AMP: 500000; Volt: 5000000
06-11 02:06:52.415  2170  2170 I KgBattery: (last-new)Status: 1 -> 1, chargeState=1 * branch=5
06-11 02:06:52.415  1359  1359 D WifiService: onReceive, action:android.intent.action.BATTERY_CHANGED
06-11 02:06:52.415  2170  2170 V KeyguardUpdateMonitor: RefreshBatteryInfo isBatteryLow: 21
06-11 02:06:52.415  1359  1359 D WifiService: ACTION_BATTERY_CHANGED pluggedType: 2
06-11 02:06:52.415  2170  2170 W KeyguardUpdateMonitor: ChargingSpeed  Wattage: 2500000 ST: 5000000 --> 7500000
06-11 02:06:52.415  2170  2170 I KgBattery: BatteryInfo updated:  2lPc0
06-11 02:06:52.415  2170  2170 W AppHandler: sendMessage with obj100
06-11 02:06:52.415  2170  2170 D KeyguardUpdateMonitor: handleBatteryUpdate
06-11 02:06:52.415  2170  2170 I ColorPickUitls: type = 2
06-11 02:06:52.415  2170  2170 V KeyguardUpdateMonitor: RefreshBatteryInfo isBatteryLow: 21
06-11 02:06:52.417  2170  2170 I KeyguardUtils: fpPath=sys/class/hw_power/charger/charge_data/chargerType, value=0
06-11 02:06:52.417  2170  2170 W HwKgdBArea_BTY: updateBatteryInfo : false  true
06-11 02:06:52.417  2170  2170 W HwKgdBArea_BTY: updateBatteryInfo : false  true
06-11 02:06:52.418  2170  2170 W HwLockScreenPanel: refreshBatteryInfo: null
06-11 02:06:52.418  2170  2170 W HwLockScreenPanel: Handle message: 100
06-11 02:06:52.418  2170  2170 W FillLightViewManager: handleMessage 100
06-11 02:06:52.418  2170  2170 D FillLightViewManager: nothing to do 100
06-11 02:06:52.418  2170  2170 I GlobalContext: Work is scheduled. com.android.systemui.battery.-$Lambda$lfi2AU3i1xDKGC7m-gvD3SF2XpQ@2ba90d0
06-11 02:06:52.418  3893  3893 I Cloud[10.13.20.300]Sync.SyncObserverService: batteryStatus: 2
06-11 02:06:52.419  2399  2399 I MsgReceiver: intent action: android.intent.action.BATTERY_CHANGED
06-11 02:06:52.419  1359  6147 W ProcBatteryStats: timer is running , not start, name: com.android.phone, uid: 1001, tag: RILJ
06-11 02:06:52.420  3893  3893 I Cloud[10.13.20.300]Sync.SyncObserverService: doGetOptionsFromClone
06-11 02:06:52.420  3893  3893 I Cloud[10.13.20.300]Sync.SyncObserverService: lastPowerConnectTime: 1717997616160, currentTime: 1718042812420
06-11 02:06:52.420  2170  2285 W KgBattery: getCharge info with type: text
06-11 02:06:52.421  2170  2285 I KeyguardUtils: fpPath=sys/class/hw_power/charger/charge_data/chargerType, value=0
06-11 02:06:52.422  2399  6629 W libc    : Set property "debug.aps.current_battery" to "21"
06-11 02:06:52.425  1359  1393 W ProcBatteryStats: timer is not running , not stop, name: com.android.phone, uid: 1001, tag: RILJ
06-11 02:06:52.439  1359  1708 E KernelCpuSpeedReader: Failed to read cpu-freq: /sys/devices/system/cpu/cpu0/cpufreq/stats/time_in_state (No such file or directory)
06-11 02:06:52.439  1359  1708 E KernelCpuSpeedReader: Failed to read cpu-freq: /sys/devices/system/cpu/cpu4/cpufreq/stats/time_in_state (No such file or directory)
06-11 02:06:52.440  2170  2170 I KeyguardUtils: fpPath=sys/class/hw_power/charger/charge_data/chargerType, value=0
06-11 02:06:52.449  1359  1655 E KernelCpuSpeedReader: Failed to read cpu-freq: /sys/devices/system/cpu/cpu0/cpufreq/stats/time_in_state (No such file or directory)
06-11 02:06:52.449  1359  1655 E KernelCpuSpeedReader: Failed to read cpu-freq: /sys/devices/system/cpu/cpu4/cpufreq/stats/time_in_state (No such file or directory)
06-11 02:06:52.449  2170  2170 I chatty  : uid=10026(com.huawei.HwMultiScreenShot) com.android.systemui identical 3 lines
06-11 02:06:52.452  2170  2170 I KeyguardUtils: fpPath=sys/class/hw_power/charger/charge_data/chargerType, value=0
06-11 02:06:52.794  6632  6632 E libc    : Access denied finding property "ro.hwfix.ro.process_list"
06-11 02:06:52.819  6632  6632 E libc    : Access denied finding property "ro.hwfix.ro.process_list"
06-11 02:06:53.331  2399  5428 I HwPolicyDispatcher: chargeType:0
06-11 02:06:53.332  2399  5428 I HwPolicyDispatcher: wired_5v charge current limit:0
06-11 02:06:53.835  6633  6633 E libc    : Access denied finding property "ro.hwfix.ro.process_list"
06-11 02:06:53.860  6633  6633 E libc    : Access denied finding property "ro.hwfix.ro.process_list"
06-11 02:06:54.330   918   918 E Thermal-daemon: [ap] temp_new :27  temp_old :28
06-11 02:06:54.331  2399  2426 I ThermalService: Receive temperature change, type: 0, temp: 27 from thermald
06-11 02:06:54.332   918   918 E Thermal-daemon: Report temperature: [ap] temp :27  report_threshold:1
06-11 02:06:54.874  6634  6634 E libc    : Access denied finding property "ro.hwfix.ro.process_list"
06-11 02:06:54.900  6634  6634 E libc    : Access denied finding property "ro.hwfix.ro.process_list"
06-11 02:06:55.914  6635  6635 E libc    : Access denied finding property "ro.hwfix.ro.process_list"
06-11 02:06:55.940  6635  6635 E libc    : Access denied finding property "ro.hwfix.ro.process_list"
06-11 02:06:56.956  6636  6636 E libc    : Access denied finding property "ro.hwfix.ro.process_list"
06-11 02:06:56.980  6636  6636 E libc    : Access denied finding property "ro.hwfix.ro.process_list"
06-11 02:06:57.994  6637  6637 E libc    : Access denied finding property "ro.hwfix.ro.process_list"
06-11 02:06:58.020  6637  6637 E libc    : Access denied finding property "ro.hwfix.ro.process_list"
06-11 02:06:58.619   951   951 D         : [D/basp_control] basp executing
06-11 02:06:58.619   951   951 D         : [D/basp_control] learned_fcc[0]:3111000
06-11 02:06:58.619   951   951 D         : [D/basp_control] learned_fcc[1]:3143000
06-11 02:06:58.619   951   951 D         : [D/basp_control] learned_fcc[2]:3175000
06-11 02:06:58.619   951   951 D         : [D/IsNeedExecDelayPolicy] the state of the delay policy is 0
06-11 02:06:58.619   951   951 D         : [D/GetBaspLevel] baspIndex = 3
06-11 02:06:59.033  6640  6640 E libc    : Access denied finding property "ro.hwfix.ro.process_list"
06-11 02:06:59.059  6640  6640 E libc    : Access denied finding property "ro.hwfix.ro.process_list"
06-11 02:07:00.006  1359  1359 V AlarmManager: Received TIME_TICK alarm; rescheduling
06-11 02:07:00.007  1359  1359 I HwAlarmManagerService: hwSetAlarm listenerTag: time_tick
06-11 02:07:00.014  1359  1359 I ActivityManager: Killing 4182:com.huawei.hwid.container2/u0a57 (adj 906): empty #17
06-11 02:07:00.020  1359  1662 W zygote64: kill(-4182, 9) failed: No such process
06-11 02:07:00.023  2170  2170 E DateView: DateView,mCurrentTime: 1718042820023
06-11 02:07:00.026  1359  1662 W zygote64: kill(-4182, 9) failed: No such process
06-11 02:07:00.031  2170  2170 W HwKeyguardDragHelper: AnimationBlocked
06-11 02:07:00.032  1359  1662 W zygote64: kill(-4182, 9) failed: No such process
06-11 02:07:00.049  1359  1662 I chatty  : uid=1000(system) ActivityManager identical 4 lines
06-11 02:07:00.055  1359  1662 W zygote64: kill(-4182, 9) failed: No such process
06-11 02:07:00.055  2170  2170 I EventCenter: EventCenter Get :android.intent.action.TIME_TICK
06-11 02:07:00.058  2170  2170 D WeatherHelper: City info empty
06-11 02:07:00.059  2170  2170 W ResourceType: No known package when getting value for resource number 0xffffffff
06-11 02:07:00.060  1359  1662 W zygote64: kill(-4182, 9) failed: No such process
06-11 02:07:00.061  2170  2170 D WeatherHelper: City info empty
06-11 02:07:00.062  2170  2170 W ResourceType: No known package when getting value for resource number 0xffffffff
06-11 02:07:00.062  2170  2170 D KeyguardUpdateMonitor: received broadcast android.intent.action.TIME_TICK
06-11 02:07:00.063  2453  2453 I HwLauncher: Model  onReceive intent=Intent { act=android.intent.action.TIME_TICK flg=0x50200014 hwFlg=0x900 (has extras) }
06-11 02:07:00.063  2453  2453 I HwLauncher: Model  onReceive user=UserHandle{0}
06-11 02:07:00.066  1359  1662 W zygote64: kill(-4182, 9) failed: No such process
06-11 02:07:00.066  2453  2606 E HwLauncher: SettingsEx , no such field.
06-11 02:07:00.066  2453  2606 W HwLauncher: Clock getDataFormat the getSystemString failed.
06-11 02:07:00.068  3681  3879 I fwkit_kbct_dsp: [fwkit KitBroadcastDispatcher.java:865] unregister all action for com.huawei.hwid.container2
06-11 02:07:00.068  1359  2441 D ActivityManager: cleanUpApplicationRecord app: ProcessRecord{4acaa1b 4182:com.huawei.hwid.container2/u0a57}, app.bad: false, restarting: false, allowRestart: true
06-11 02:07:00.068  3681  3879 I fwkit_kams_process: [fwkit ProcessManagerService.java:676] Receive com.huawei.hwid.container2 die notify!
06-11 02:07:00.069  3681  3879 I fwkit_kams_process: [fwkit ProcessManagerService.java:498] CountDownLatch or ProcessIdSet is null, no need to update
06-11 02:07:00.069  1359  2026 W AwareLog: SchedLevelBoost: onProcessDied config not set!
06-11 02:07:00.070  6643  6643 E libc    : Access denied finding property "ro.hwfix.ro.process_list"
06-11 02:07:00.071  2381  2477 E HsmCoreServiceImpl: onTransact in code is: 102
06-11 02:07:00.071  2381  2477 I MediaProcessHandler: processOp opType: 1, uid: 10057, pid: 4182
06-11 02:07:00.071  2381  2477 W MediaProcessHandler: remove target not exist, maybe the UI process: uid: 10057, pid: 4182
06-11 02:07:00.071  2381  2477 I MediaProcessHandler: executedCallBack opType: 1 mMediaStatusObservers.size=0
06-11 02:07:00.072  1359  1662 W zygote64: kill(-4182, 9) failed: No such process
06-11 02:07:00.072  2399  5527 E AwareLog: GameDataHandler: GameSdkLog: handleProcessChanged: pid: 4182 is dead
06-11 02:07:00.073  2399  5527 E AwareLog: GameSdkStatus: GameSdkLog: removeGameStatus, input null.
06-11 02:07:00.074  2170  2170 D KeyguardUpdateMonitor: handleTimeUpdate
06-11 02:07:00.075  2170  2285 I KeyguardStatusView: Runnable for refresh
06-11 02:07:00.077  1359  1393 V BroadcastQueue: Finished with ordered broadcast BroadcastRecord{f604a2f u-1 android.intent.action.TIME_TICK}
06-11 02:07:00.078  1359  1662 W zygote64: kill(-4182, 9) failed: No such process
06-11 02:07:00.080  2170  2170 D WeatherHelper: City info empty
06-11 02:07:00.084  1359  1662 W zygote64: kill(-4182, 9) failed: No such process
06-11 02:07:00.088  6643  6643 E libc    : Access denied finding property "ro.hwfix.ro.process_list"
06-11 02:07:00.090  1359  1662 W zygote64: kill(-4182, 9) failed: No such process
06-11 02:07:00.093  3681  3879 I fwkit_kams_pr: [fwkit BaseProcessRecord.java:1176] updateStatusWhenProcessDied: ComponentInfo{com.huawei.hwid/com.huawei.hms.runtimekit.stub.HMSKitC2StubService19} set to wait for use
06-11 02:07:00.093  3681  3879 I fwkit_EvilKitRecognitionService: [fwkit EvilKitRecognitionService.java:838] ekr getInstance ret:true
06-11 02:07:00.094  3681  3805 I fwkit_EvilKitRecognitionService: [fwkit EvilKitRecognitionService.java:1071] enter EKRHandler : 4
06-11 02:07:00.095  1359  1662 W zygote64: kill(-4182, 9) failed: No such process
06-11 02:07:00.098  3681  3805 I fwkit_kims: [fwkit KIMSServiceController.java:725] getKitInfo S: :ekr
06-11 02:07:00.099  3681  3805 I fwkit_kams_stubmanager: [fwkit StubManagerService.java:449] getSPNByComponent:com.huawei.hms.ekr, com.huawei.hms.ekr, false
06-11 02:07:00.099  3681  3805 I fwkit_kams_scheduler: [fwkit ProcessScheduler.java:411] RC:com.huawei.hwid.container3
06-11 02:07:00.100  3681  3805 I fwkit_kams: [fwkit KAMSServiceController.java:1231] Assign com.huawei.hwid.container3 for ekr/com.huawei.hms.ekr/com.huawei.hms.ekr cost 3ms
06-11 02:07:00.101  1359  1662 W zygote64: kill(-4182, 9) failed: No such process
06-11 02:07:00.101  3681  3805 I fwkit_kams_stubmanager: [fwkit StubManagerService.java:449] getSPNByComponent:com.huawei.hms.ekr, com.huawei.hms.ekr, false
06-11 02:07:00.102  3681  3805 I fwkit_kams_scheduler: [fwkit ProcessScheduler.java:411] RC:com.huawei.hwid.container3
06-11 02:07:00.104  3681  3805 I fwkit_EvilKitRecognitionService: [fwkit EvilKitRecognitionService.java:1119] leave EKRHandler
06-11 02:07:00.106  1359  1662 W zygote64: kill(-4182, 9) failed: No such process
06-11 02:07:00.106  1359  1662 I zygote64: Successfully killed process cgroup uid 10057 pid 4182 in 87ms
06-11 02:07:00.116  6241  6644 I fwkit_msg_invoke_remote: [fwkit AIDLInvokeRemote.java:131] execute requestId:91f04a52-e07c-418f-b3eb-ef13e39c42d8 uri:ekr.crash transactionId:
06-11 02:07:00.117  6241  6241 I fwkit_profiler_util: [fwkit ProfilerUtil.java:299] sample upload state has been exist:false
06-11 02:07:00.118  6241  6644 I fwkit_kac_receiver: [fwkit KitReceiverUtils.java:380] reg,act:com.huawei.hms.action.CLEAR_MESSAGE,rcvr:class com.huawei.hms.fwkit.message.KmsMessageCenter$1
06-11 02:07:00.118  6241  6644 I fwkit_kac_receiver: [fwkit KitReceiverUtils.java:380] reg,act:com.huawei.hms.action.UPDATE_RECOMMEND_IGNORE_TIME,rcvr:class com.huawei.hms.fwkit.message.KmsMessageCenter$1
06-11 02:07:00.119  3681  3879 I fwkit_kbct_dsp: [fwkit KitBroadcastDispatcher.java:849] reg:com.huawei.hwid.container3
06-11 02:07:00.119  3681  3879 I fwkit_kbct_dsp: [fwkit KitBroadcastDispatcher.java:811] register for com.huawei.hwid.container3
06-11 02:07:00.119  3681  3879 I fwkit_kbct_dsp: [fwkit KitBroadcastDispatcher.java:820] register com.huawei.hms.action.CLEAR_MESSAGE
06-11 02:07:00.120  3681  3879 I fwkit_kbct_dsp: [fwkit KitBroadcastDispatcher.java:820] register com.huawei.hms.action.UPDATE_RECOMMEND_IGNORE_TIME
06-11 02:07:00.121  6241  6644 I fwkit_msg_fr: [fwkit FinderRemote.java:93] findRequest uri: ekr.crash apiLevel: 1
06-11 02:07:00.122  6241  6644 E fwkit_msg_kmc: [fwkit KmsMessageCenter.java:244] fail to getRequest for ekr.crash callObject null: true installedPlugin null: true
06-11 02:07:00.122  6241  6644 I fwkit_msg_fr: [fwkit FinderRemote.java:101] kit aidl request created from message center is null
06-11 02:07:00.123  6241  6310 I fwkit_CountryCodeBean: [fwkit CountryCodeBean.java:163] countryCode by ro.hw.country is: cn
06-11 02:07:00.123  6241  6310 I fwkit_CountryCodeBean: [fwkit CountryCodeBean.java:112] get issue_country code from VENDOR_COUNTRY
06-11 02:07:00.124  3681  4023 I fwkit_kims: [fwkit KIMSServiceController.java:1049] mainEntry com.huawei.hms.ekr.MainEntry
06-11 02:07:00.135  6241  6644 I fwkit_ShareLibManager: [fwkit ClassLoaderManager.java:118] kitUid: ekr_61300301, mClassLoaderPath:/data/user_de/0/com.huawei.hwid/files/kits/com.huawei.hms.ekr/61300301/com.huawei.hms.ekr.apk, sharePath: []
06-11 02:07:00.137  6241  6644 W zygote64: Unsupported class loader
06-11 02:07:00.154  6241  6644 W zygote64: Skipping duplicate class check due to unsupported classloader
06-11 02:07:00.156  2170  2170 D WeatherHelper: City info empty
06-11 02:07:00.157  2170  2170 D DateTimeView: Change to single clock mode!
06-11 02:07:00.158  2170  2170 D WeatherHelper: City info empty
06-11 02:07:00.159  2170  2170 I ColorPickUitls: type = 2
06-11 02:07:00.159  2170  2170 D WeatherHelper: City info empty
06-11 02:07:00.159  6241  6644 I fwkit_CLUtils: [fwkit ClsLoaderUtils.java:64] New dloader com.huawei.hms.ekr.apk,cost:22
06-11 02:07:00.159  2170  2170 D DateTimeView: Change to single clock mode!
06-11 02:07:00.159  6241  6644 I fwkit_ShareLib: [fwkit ClassLoaderManager.java:146] classLoader: dalvik.system.DexClassLoader[DexPathList[[zip file "/data/user_de/0/com.huawei.hwid/files/kits/com.huawei.hms.ekr/61300301/com.huawei.hms.ekr.apk"],nativeLibraryDirectories=[/data/user_de/0/com.huawei.hwid/files/kits/com.huawei.hms.ekr/61300301/lib, /system/lib64, /vendor/lib64, /product/lib64]]]
06-11 02:07:00.161  2170  2170 D WeatherHelper: City info empty
06-11 02:07:00.161  2170  2170 I ColorPickUitls: type = 2
06-11 02:07:00.168  6241  6644 I fwkit_kac_kitloader: [fwkit KitLoaderManager.java:251] kit loaded:ekr_61300301, cost :40 ms
06-11 02:07:00.169  6241  6241 I fwkit_kac_dynamic_loader: [fwkit SplitCompat.java:198] getSplitPath application.packageName = com.huawei.hms.ekr
06-11 02:07:00.169  6241  6241 I fwkit_kac_dynamic_loader: [fwkit SplitCompat.java:201] getSplitPath dirs == null || dirs.length == 0
06-11 02:07:00.169  6241  6241 I fwkit_kac_dynamic_loader: [fwkit SplitCompat.java:134] dynamicInstall no splitPaths
06-11 02:07:00.182  6241  6644 I fwkit_msg_kmc: [fwkit KmsMessageCenter.java:307] Uri: ekr.crash was registered
06-11 02:07:00.182  6241  6644 I fwkit_msg_kmc: [fwkit KmsMessageCenter.java:307] Uri: ekr.memory was registered
06-11 02:07:00.183  6241  6644 I fwkit_msg_kmc: [fwkit KmsMessageCenter.java:307] Uri: ekr.BatteryMonitor was registered
06-11 02:07:00.184  6241  6644 I fwkit_msg_kmc: [fwkit KmsMessageCenter.java:307] Uri: ekr.PlatformDetect was registered
06-11 02:07:00.184  6241  6644 I fwkit_msg_kmc: [fwkit KmsMessageCenter.java:307] Uri: ekr.MultiVersionDetect was registered
06-11 02:07:00.184  6241  6644 I fwkit_msg_kmc: [fwkit KmsMessageCenter.java:307] Uri: ekr.SeclogAnalyse was registered
06-11 02:07:00.185  6241  6644 I fwkit_msg_kmc: [fwkit KmsMessageCenter.java:307] Uri: ekr.ServiceMethodDetect was registered
06-11 02:07:00.185  6241  6644 I fwkit_msg_kmc: [fwkit KmsMessageCenter.java:307] Uri: ekr.HostlogAnalyse was registered
06-11 02:07:00.185  6241  6644 I fwkit_msg_kmc: [fwkit KmsMessageCenter.java:524] mainEntry onCreated: com.huawei.hms.ekr.MainEntry kit uid: ekr_61300301
06-11 02:07:00.189  6241  6644 I fwkit_kac_kitloader: [fwkit KitLoaderManager.java:216] kit loaded ekr_61300301 already exits, cost :0 ms
06-11 02:07:00.193  6241  6644 I fwkit_msg_aidl_request: [fwkit AIDLRequest.java:125] execute:
06-11 02:07:00.205  6241  6644 I fwkit_HmsProfiler: hms profiler init enter
06-11 02:07:00.207   757  1123 I qti_sensors_hal: [LightSensor]processReportInd: the skip  luxValue  ItemData[0]:490000,ItemData[1]:640405, lux:73.000000,cct:6554629.000000
06-11 02:07:00.207  6241  6644 I fwkit_HmsProfiler: hms profiler init start
06-11 02:07:00.228  6241  6644 I fwkit_HmsProfiler: hms profiler init end
06-11 02:07:00.235  6241  6646 W fwkit_CrashHandler: processName is: com.huawei.hwid.container3
06-11 02:07:00.237  6241  6646 I fwkit_UnExpHandler: init
06-11 02:07:00.237  3681  4023 I fwkit_kams: [fwkit KAMSServiceController.java:717] Kit ComponentName: {com.huawei.hms.ekr/com.huawei.hms.ekr.TaskService}
06-11 02:07:00.241  6241  6646 I fwkit_coreapk_utils: packageName: com.huawei.hwid
06-11 02:07:00.244  6241  6646 I fwkit_proc_utils: init over
06-11 02:07:00.245  3681  4023 I fwkit_kams_scheduler: [fwkit ProcessScheduler.java:128] ==>not support secontainer process, level :0
06-11 02:07:00.245  6241  6646 W fwkit_CrashHandler: is: com.huawei.hwid.container3
06-11 02:07:00.245  3681  4023 I fwkit_kams_stubmanager: [fwkit StubManagerService.java:117] [isBetaKit] pkg@com.huawei.hms.ekr, return isBeta :false
06-11 02:07:00.246  3681  4023 I fwkit_kams_pr: [fwkit BaseProcessRecord.java:1135] com.huawei.hms.runtimekit.stub.HMSKitC3NEStubService1 set to wait for use
06-11 02:07:00.246  3681  4023 W fwkit_kams_scheduler: [fwkit ProcessScheduler.java:281] updateProcessMapping: invalid package name
06-11 02:07:00.247  3681  4023 W fwkit_kit_breaker: [fwkit KitBreaker.java:343] infos invalid
06-11 02:07:00.251  6241  6647 I fwkit_CountryCodeBean: countryCode by ro.hw.country is: cn
06-11 02:07:00.251  6241  6647 I fwkit_CountryCodeBean: get issue_country code from VENDOR_COUNTRY
06-11 02:07:00.252  3681  4023 W fwkit_kams_session: [fwkit SessionManager.java:635] [getReuseableSession] session set not found, create new session
06-11 02:07:00.254  6241  6299 I fwkit_kac_kitloader: [fwkit KitLoaderManager.java:216] kit loaded ekr_61300301 already exits, cost :0 ms
06-11 02:07:00.255  6241  6646 I fwkit_CrashHandler: fileData is empty, no report
06-11 02:07:00.265  6241  6649 W fwkit_crash_task: not assign model
06-11 02:07:00.270  3681  4023 I fwkit_EvilKitRecognitionService: [fwkit EvilKitRecognitionService.java:231] crash task completed
06-11 02:07:00.272  6241  6644 I fwkit_msg_aidl_request: [fwkit AIDLRequest.java:144] onRequest ekr.crash/ cost 76ms
06-11 02:07:00.274  6241  6646 I fwkit_MemoryMonitor: processRamEvent stage: mem_t1 pkgName: none version:none
06-11 02:07:00.274  6241  6646 I fwkit_MemoryMonitor: do something
06-11 02:07:00.278  6241  6241 I fwkit_kac_service_help: [fwkit ContainerServiceHelper.java:77] ContainerServiceHelper instance be created!
06-11 02:07:00.284  3681  4023 I fwkit_kams_session: [fwkit SessionManager.java:219] [verifySession] passed!
06-11 02:07:00.288  6241  6241 I fwkit_kac_kitloader: [fwkit KitLoaderManager.java:216] kit loaded ekr_61300301 already exits, cost :0 ms
06-11 02:07:00.288  6241  6241 I fwkit_kac_kitloader: [fwkit KitLoaderManager.java:163] kit application onCreate end:ekr_61300301
06-11 02:07:00.290  6241  6241 I fwkit_kac_kitloader: [fwkit KitLoaderManager.java:632] when inject get kit info:ekr_61300301
06-11 02:07:00.297  6241  6241 I fwkit_kac_service_dele: [fwkit ServiceDelegateImpl.java:65] kit class no need to reload again!
06-11 02:07:00.299  3681  4023 I fwkit_kams_stubmanager: [fwkit StubManagerService.java:285] Notify kit ComponentName:{com.huawei.hms.ekr/com.huawei.hms.ekr.TaskService} ,Status: {1} ,stub ComponentName:{com.huawei.hwid/com.huawei.hms.runtimekit.stub.HMSKitC3NEStubService1}
06-11 02:07:00.300  3681  3805 I fwkit_EvilKitRecognitionService: [fwkit EvilKitRecognitionService.java:1071] enter EKRHandler : 1
06-11 02:07:00.300  3681  4023 E fwkit_kims: [fwkit KIMSServiceController.java:367] the componentName is null
06-11 02:07:00.300  3681  3792 I fwkit_EventRegistry: [fwkit EventRegistry.java:209] dispatchEvent event:b
06-11 02:07:00.300  3681  4023 I fwkit_kams_pr: [fwkit BaseProcessRecord.java:901] NOTIFY ONSTART SUCCESS:ComponentInfo{com.huawei.hwid/com.huawei.hms.runtimekit.stub.HMSKitC3NEStubService1}ComponentInfo{com.huawei.hms.ekr/com.huawei.hms.ekr.TaskService}
06-11 02:07:00.300  3681  3805 I fwkit_EvilKitRecognitionService: [fwkit EvilKitRecognitionService.java:912] kitComponentCreate start
06-11 02:07:00.305  6241  6649 W fwkit_ekr_tm: ekr service not bind, dont unbind
06-11 02:07:00.307  6241  6308 I fwkit_date_utils: [fwkit DateUtil.java:29] init threadLocal
06-11 02:07:00.308  6241  6308 I fwkit_HmsProfiler: [fwkit HmsProfiler.java:618] traceApiEvent input : com.huawei.hms.ekr_61300301
06-11 02:07:00.310  6241  6241 I fwkit_KitDAReporter: sim state changed, state = 1, simCountry = 
06-11 02:07:00.311  3681  3805 W fwkit_EvilKitRecognitionService: [fwkit EvilKitRecognitionService.java:957] event list is empty
06-11 02:07:00.311  3681  3805 I fwkit_EvilKitRecognitionService: [fwkit EvilKitRecognitionService.java:933] kitComponentCreate end
06-11 02:07:00.311  3681  3805 I fwkit_EvilKitRecognitionService: [fwkit EvilKitRecognitionService.java:1119] leave EKRHandler
06-11 02:07:00.409   757  1123 I qti_sensors_hal: [LightSensor]processReportInd: the skip  luxValue  ItemData[0]:2b0000,ItemData[1]:640262, lux:43.000000,cct:6554210.000000
06-11 02:07:00.571   733  1640 D Huawei_audio_cust: huawei_cust_get_parameters: returns 
06-11 02:07:00.572   733  1640 D audio_hw_spkr_prot: audio_extn_fbsp_get_parameters: Speaker protection disabled
06-11 02:07:00.572   733  1640 D audio_hw_extn: audio_extn_get_parameters: returns 
06-11 02:07:00.572   733  1640 I audio_hw_primary: adev_get_parameters: exit: returns - 
06-11 02:07:00.573   892  1284 I hash_map_utils: key: 'typec_need_show_hires' value: ''
06-11 02:07:00.575  1359  1359 I HwAudioService: check HiRes Icon false
06-11 02:07:00.577  1359  1359 W ActivityManager: Sending non-protected broadcast huawei.intent.action.hideHiResIcon from system 1359:system/1000 pkg android
06-11 02:07:00.578  1359  1359 W ActivityManager: Sending non-protected broadcast huawei.intent.action.hideHiResIcon from system 1359:system/1000 pkg android
06-11 02:07:00.581  2170  2170 D StatusBarIconController: setIconVisibility icon is null or visibility not change visibility=false
06-11 02:07:00.614   757  1123 I qti_sensors_hal: [LightSensor]processReportInd: the skip  luxValue  ItemData[0]:3c0000,ItemData[1]:640340, lux:60.000000,cct:6554432.000000
06-11 02:07:00.817   757  1123 I qti_sensors_hal: [LightSensor]processReportInd: the skip  luxValue  ItemData[0]:5e0000,ItemData[1]:6404fd, lux:94.000000,cct:6554877.000000
06-11 02:07:01.102  6653  6653 E libc    : Access denied finding property "ro.hwfix.ro.process_list"
06-11 02:07:01.122  6653  6653 E libc    : Access denied finding property "ro.hwfix.ro.process_list"
06-11 02:07:02.136  6654  6654 E libc    : Access denied finding property "ro.hwfix.ro.process_list"
06-11 02:07:02.160  6654  6654 E libc    : Access denied finding property "ro.hwfix.ro.process_list"
06-11 02:07:03.173  6658  6658 E libc    : Access denied finding property "ro.hwfix.ro.process_list"
06-11 02:07:03.200  6658  6658 E libc    : Access denied finding property "ro.hwfix.ro.process_list"
06-11 02:07:04.214  6659  6659 E libc    : Access denied finding property "ro.hwfix.ro.process_list"
06-11 02:07:04.239  6659  6659 E libc    : Access denied finding property "ro.hwfix.ro.process_list"
06-11 02:07:05.253  6660  6660 E libc    : Access denied finding property "ro.hwfix.ro.process_list"
06-11 02:07:05.279  6660  6660 E libc    : Access denied finding property "ro.hwfix.ro.process_list"
06-11 02:07:06.292  6661  6661 E libc    : Access denied finding property "ro.hwfix.ro.process_list"
06-11 02:07:06.318  6661  6661 E libc    : Access denied finding property "ro.hwfix.ro.process_list"
06-11 02:07:07.332  6662  6662 E libc    : Access denied finding property "ro.hwfix.ro.process_list"
06-11 02:07:07.358  6662  6662 E libc    : Access denied finding property "ro.hwfix.ro.process_list"
06-11 02:07:08.371  6663  6663 E libc    : Access denied finding property "ro.hwfix.ro.process_list"
06-11 02:07:08.398  6663  6663 E libc    : Access denied finding property "ro.hwfix.ro.process_list"
06-11 02:07:09.412  6664  6664 E libc    : Access denied finding property "ro.hwfix.ro.process_list"
06-11 02:07:09.439  6664  6664 E libc    : Access denied finding property "ro.hwfix.ro.process_list"
06-11 02:07:10.453  6665  6665 E libc    : Access denied finding property "ro.hwfix.ro.process_list"
06-11 02:07:10.479  6665  6665 E libc    : Access denied finding property "ro.hwfix.ro.process_list"
06-11 02:07:11.493  6666  6666 E libc    : Access denied finding property "ro.hwfix.ro.process_list"
06-11 02:07:11.519  6666  6666 E libc    : Access denied finding property "ro.hwfix.ro.process_list"
06-11 02:07:12.533  6668  6668 E libc    : Access denied finding property "ro.hwfix.ro.process_list"
06-11 02:07:12.560  6668  6668 E libc    : Access denied finding property "ro.hwfix.ro.process_list"
06-11 02:07:13.369  1359  2276 E Watchdog: Failed to write to /sys/kernel/hungtask/vm_heart
06-11 02:07:13.369  1359  2276 E Watchdog: java.io.FileNotFoundException: /sys/kernel/hungtask/vm_heart (Permission denied)
06-11 02:07:13.369  1359  2276 E Watchdog: 	at java.io.FileOutputStream.open0(Native Method)
06-11 02:07:13.369  1359  2276 E Watchdog: 	at java.io.FileOutputStream.open(FileOutputStream.java:287)
06-11 02:07:13.369  1359  2276 E Watchdog: 	at java.io.FileOutputStream.<init>(FileOutputStream.java:223)
06-11 02:07:13.369  1359  2276 E Watchdog: 	at java.io.FileOutputStream.<init>(FileOutputStream.java:110)
06-11 02:07:13.369  1359  2276 E Watchdog: 	at com.android.server.Watchdog.writeHungtask(Watchdog.java:904)
06-11 02:07:13.369  1359  2276 E Watchdog: 	at com.android.server.Watchdog.run(Watchdog.java:563)
06-11 02:07:13.371  1359  1814 I EventHub: EventHub monitor: no key events in the past 65s, no motion events in the past 39s
06-11 02:07:13.425   612   617 W IptablesRestoreController: iptables-restore process 6196 terminated status=15
06-11 02:07:13.427   612   617 W IptablesRestoreController: iptables-restore process 6202 terminated status=15
06-11 02:07:13.567  6669  6669 E libc    : Access denied finding property "ro.hwfix.ro.process_list"
06-11 02:07:13.581  6669  6669 E libc    : Access denied finding property "ro.hwfix.ro.process_list"
06-11 02:07:14.589  6670  6670 E libc    : Access denied finding property "ro.hwfix.ro.process_list"
06-11 02:07:14.602  6670  6670 E libc    : Access denied finding property "ro.hwfix.ro.process_list"
06-11 02:07:15.611  6671  6671 E libc    : Access denied finding property "ro.hwfix.ro.process_list"
06-11 02:07:15.630  6671  6671 E libc    : Access denied finding property "ro.hwfix.ro.process_list"
06-11 02:07:16.639  6672  6672 E libc    : Access denied finding property "ro.hwfix.ro.process_list"
06-11 02:07:16.653  6672  6672 E libc    : Access denied finding property "ro.hwfix.ro.process_list"
06-11 02:07:17.031  1359  1655 I ActivityManager: Killing 5692:com.android.keychain/1000 (adj 906): empty #17
06-11 02:07:17.032  1359  1655 I ActivityManager: Killing 5624:com.google.android.ext.services/u0a86 (adj 906): empty #18
06-11 02:07:17.034  1359  1662 W zygote64: kill(-5692, 9) failed: No such process
06-11 02:07:17.043  1359  2441 V BroadcastQueue: Finished with ordered broadcast BroadcastRecord{7f17772 u0 com.huawei.hwsystemmanager.power.SCHEDULE_RECORD_POWER_CONSUME}
06-11 02:07:17.046  1359  1662 W zygote64: kill(-5692, 9) failed: No such process
06-11 02:07:17.050  1359  2441 D ActivityManager: cleanUpApplicationRecord app: ProcessRecord{ee11580 5624:com.google.android.ext.services/u0a86}, app.bad: false, restarting: false, allowRestart: true
06-11 02:07:17.051  1359  1662 W zygote64: kill(-5692, 9) failed: No such process
06-11 02:07:17.052  2335  6673 I chatty  : uid=1000(system) com.huawei.hiview expire 3 lines
06-11 02:07:17.057  1359  1662 W zygote64: kill(-5692, 9) failed: No such process
06-11 02:07:17.060  1359  6147 V BroadcastQueue: Finished with ordered broadcast BroadcastRecord{7e1d1f u0 com.huawei.bd.action.heartbeat}
06-11 02:07:17.062  1359  1662 W zygote64: kill(-5692, 9) failed: No such process
06-11 02:07:17.063  1359  2026 W AwareLog: SchedLevelBoost: onProcessDied config not set!
06-11 02:07:17.064  2381  2477 E HsmCoreServiceImpl: onTransact in code is: 102
06-11 02:07:17.064  2381  2477 I MediaProcessHandler: processOp opType: 1, uid: 10086, pid: 5624
06-11 02:07:17.064  2381  2477 W MediaProcessHandler: remove target not exist, maybe the UI process: uid: 10086, pid: 5624
06-11 02:07:17.064  2381  2477 I MediaProcessHandler: executedCallBack opType: 1 mMediaStatusObservers.size=0
06-11 02:07:17.065  2399  5527 E AwareLog: GameDataHandler: GameSdkLog: handleProcessChanged: pid: 5624 is dead
06-11 02:07:17.066  1359  1393 V BroadcastQueue: Finished with ordered broadcast BroadcastRecord{b8ae35 u0 com.huawei.hwsystemmanager.power.SCHEDULE_RECORD_REMAING_TIME_SCENE}
06-11 02:07:17.066  2399  5527 E AwareLog: GameSdkStatus: GameSdkLog: removeGameStatus, input null.
06-11 02:07:17.068  1359  1662 W zygote64: kill(-5692, 9) failed: No such process
06-11 02:07:17.074  1359  1662 W zygote64: kill(-5692, 9) failed: No such process
06-11 02:07:17.078  1359  2021 D ActivityManager: cleanUpApplicationRecord app: ProcessRecord{4e620d2 5692:com.android.keychain/1000}, app.bad: false, restarting: false, allowRestart: true
06-11 02:07:17.079  1359  2026 W AwareLog: SchedLevelBoost: onProcessDied config not set!
06-11 02:07:17.080  2381  2477 E HsmCoreServiceImpl: onTransact in code is: 102
06-11 02:07:17.080  2381  2477 W MediaProcessHandler: processOp uid 1000 is not concerned!
06-11 02:07:17.080  2381  2477 I MediaProcessHandler: executedCallBack opType: 1 mMediaStatusObservers.size=0
06-11 02:07:17.080  1359  1662 W zygote64: kill(-5692, 9) failed: No such process
06-11 02:07:17.080  1359  1662 I zygote64: Successfully killed process cgroup uid 1000 pid 5692 in 46ms
06-11 02:07:17.081  2399  5527 E AwareLog: GameDataHandler: GameSdkLog: handleProcessChanged: pid: 5692 is dead
06-11 02:07:17.081  2399  5527 E AwareLog: GameSdkStatus: GameSdkLog: removeGameStatus, input null.
06-11 02:07:17.085  1359  1662 W zygote64: kill(-5624, 9) failed: No such process
06-11 02:07:17.085  1359  1662 I zygote64: Successfully killed process cgroup uid 10086 pid 5624 in 0ms
06-11 02:07:17.099  1359  6147 I WifiService: getWifiEnabledState uid=1000
06-11 02:07:17.100  2688  6674 W HSM     : SysCoreUtils:getGoogleSharedUid NameNotFoundException!
06-11 02:07:17.114  2688  6674 I chatty  : uid=1000(system) HsmIntentServic identical 43 lines
06-11 02:07:17.115  2688  6674 W HSM     : SysCoreUtils:getGoogleSharedUid NameNotFoundException!
06-11 02:07:17.115  2335  2581 I chatty  : uid=1000(system) BD.BDRecorder expire 1 line
06-11 02:07:17.115  2688  6674 W HSM     : SysCoreUtils:getGoogleSharedUid NameNotFoundException!
06-11 02:07:17.119  2688  6674 I chatty  : uid=1000(system) HsmIntentServic identical 15 lines
06-11 02:07:17.119  2688  6674 W HSM     : SysCoreUtils:getGoogleSharedUid NameNotFoundException!
06-11 02:07:17.120  2335  2581 D BDLog   : BD.BDRecorder:LocalInfoEvent {infoID:131101, content=1928083542172203_oc70YRyXaGxRNNZqAaxHsq0EpUPWrF4u11FNrX33dy5jzvpO+OFBxinP2BgIKAreDXBEr1rYhMIt
06-11 02:07:17.120  2335  2581 D BDLog   : Y7kcif+dm3xecZ79IUVG3qAUyMAdI3yk2zlMsRoxrRfCboWhrPiPN5DLkRHIlM3b9vxfRraXes/4
06-11 02:07:17.120  2335  2581 D BDLog   : YmgAKb5MBR7+6G0Mx2n08fZCxvOO133TEBZKIm8Vz3NB7qRleLUcGVGOy6fW2n9k8Q5xSrsNiAvl
06-11 02:07:17.120  2335  2581 D BDLog   : oc5DhJp/GxWewtiDEhEKYGn7d/r22HOdXy8eMF0huMZuzMeSj94gvDBqbS2++XhGKRxUtPFSS+OS
06-11 02:07:17.120  2335  2581 D BDLog   : /lmqCDQJ2y2YSRgpd/vM5mnkqd5Dam2LdACt8vdHWrYg96sqPK1GHvTvqtdopV9rBL8yBHjiE8/g
06-11 02:07:17.120  2335  2581 D BDLog   : HKV8xS6D7nVhjjbdKr854ExtxDza3CJCS8QesAW16wmjq6NDKz/DNl5JkAXhlJtrWmBKYz9RDf0w
06-11 02:07:17.120  2335  2581 D BDLog   : /Yb6WUcdCM/Vrq5QRbNuE/TAyIppk8fCc4YD7Gqxz0T3B+luGAFcdpUzdPeXf4aClsZv8QO8yNTi
06-11 02:07:17.120  2335  2581 D BDLog   : VX4heqSlmwcORJYq0p+TVnBMpoqeSXPBmyqAqi0Q90wFqTfHtgSNuGdaknqAcJKi/aAE5wRcGJLa
06-11 02:07:17.120  2335  2581 D BDLog   : FrHPkz99N3NTidSupRcMJeP8merwY03ISgB5jGXCrJOjqfuG2OCap7nLbiX2XXHmRvdCcb62hFTl
06-11 02:07:17.120  2335  2581 D BDLog   : YmlsPohm64Aisy0L92O/5m8teFW5rRilXl95XPK4z/M4nEHJF+XwuD4MJsLA8iZKFtNImBTDFJN5
06-11 02:07:17.120  2335  2581 D BDLog   : 14mhSjBH88b8ElS8ZxBPvY/wZU2Fiw0AD8KB6eQhx6i2WTD7xCCE3BJAorMSiJg1e88UfC5C55Oq
06-11 02:07:17.120  2335  2581 D BDLog   : Bw6WQOp/byYv8NKQvMM1vVJARBzMopI0gQv/eGmp+Oq0mXi9DhcLZ2B+z/tvAnJuPR1Ay6jERZ5Y
06-11 02:07:17.120  2335  2581 D BDLog   : 7Ncd9vVmk3lsgbB/8AgwqoKF3ZlBerMHhL9o1rdeO28WRbASFxXCzsjuyThuCg5ADm78gDZVo6gP
06-11 02:07:17.120  2335  2581 D BDLog   : 5fsR6NBPbAWEJj1j86Ph8sNApzi+9Ry/Kwceu8vz7kundpHdbFdH4vDDybu6Q33k8LCCWxgdFSUp
06-11 02:07:17.120  2335  2581 D BDLog   : pKw7v3CafjXUfaHFclm+a2kuAuL8BVaqDUq9qPoGsw+4Gb6AfJx6uMEDvvy4NsMn/T1uNiENJFIY
06-11 02:07:17.120  2335  2581 D BDLog   : h7q8E0i91llY/40mWfuhNnDdtnzD7a/Bpy747R8xdrVIuB9dbXuMdPdh6gyHbxwSWhKv4/zIua1a
06-11 02:07:17.120  2335  2581 D BDLog   : 2Hv/ukbYP446QDa6hFgjgC6zqU+J7MftyAIHcJ0We8Eu42fBB+ESR66b2ohzsW0Avkht9zkJZL3G
06-11 02:07:17.120  2335  2581 D BDLog   : +FxIvKyqoJ+oporp9hoV68dEFFnATNJ5RkW60OhfJFbkOBHpABtJ7aUeK4QONi/YLRDQMIM5XTHu
06-11 02:07:17.120  2335  2581 D BDLog   : 7wFviMwkeMQuTIdaH91Evl0XzHd9jHHB4E0Py+UDMx0wS89PWQEbSzXh4rOJ/NPASwZrMMfds4UF
06-11 02:07:17.120  2335  2581 D BDLog   : g7Gi1MxCw8+xUKwNh9QG07umb602FE6X+CfbSL1604nsNFI7yTDYNPmxY1pEGCLSKu7u1u2hHIUG
06-11 02:07:17.120  2335  2581 D BDLog   : g+atWBUw3J/eGJFP94PmOyccJsSHxra7F94Fs+mnwlBFryQTcssets2tKtiW5KhEXrsEP5lkuhI0
06-11 02:07:17.120  2335  2581 D BDLog   : wScBV7UBAunIDVxlop+6DQy5YIVGP5XcW5/tk+4vHoGJ/JxpfVAx99gACGbC0CozADGCXMe2bvU0
06-11 02:07:17.120  2335  2581 D BDLog   : by9OvItf9m0k6LyttK6HtlXVhbmmpy4ChkJWDrOkZRoA5daq9tMwpOyn2ktWZAm/BJOKWFTD0FZN
06-11 02:07:17.120  2335  2581 D BDLog   : gSd7KkHUXP+UPCSlTBims48SWNeZn7BQsVgGqvHSSGEtg9Q+mfk+ttZLkSZWESkLQTlgl5AQUNyT
06-11 02:07:17.120  2335  2581 D BDLog   : 3qZuaWs/J+2lXdMiXsCrHlblJpdYb4IIb8UxPon+ODmZQWvqLYXmk/L4IprW0uHbfcxZJagq/LQR
06-11 02:07:17.120  2335  2581 D BDLog   : jwAABvy17b+Kq/u+TG0ZdfH0rodM351pMcmf/lduGErwIUf4s5EcsozocN8CVI327fTad4gMPaFJ
06-11 02:07:17.120  2335  2581 D BDLog   : U+7VpIDrRHMBefSdU8bvT/p4RM7KbQ3eJj+9/xcfp5m5eX8r/xziAXjeOjNf3LJw9W/fLtfN7yuW
06-11 02:07:17.120  2335  2581 D BDLog   : f/YALnlnc23So97j0kbHwwfyevWaws0CwXndynTRR3ZI5+HcpW8MzYtcRpD4hsxj7T3SjxuKruy2
06-11 02:07:17.120  2335  2581 D BDLog   : 9kNWVel4/SRRRksFrldkna6Zge08HXi0fAs+TTt/Qom0gPBUq4qU/d3J8Iz6OxVLoGwCbxy25dPn
06-11 02:07:17.120  2335  2581 D BDLog   : baONWDmdqgeJ6q/PvwRQFsBYakgukQkSu8ZuZVifJlHrc1KEQHhQ/iLiUUaX4GskvNgN7tZFiCvp
06-11 02:07:17.120  2335  2581 D BDLog   : zso/nAQT4cleUpWVJXgbSRvQJH51iq6KXN4f8CPCcN4O/bLByXKn/YMW16WbCXFatBBvW6V2l8rX
06-11 02:07:17.120  2335  2581 D BDLog   : 5XwaWcElVcI8XWm/J6+rZ4Jdx00U0F115wm08MSryBM3ejElwondaxmheW0CwTJ6k0yhqOQo6c/f
06-11 02:07:17.120  2335  2581 D BDLog   : N7Z0zmw2zl/AvZBfE6KJM+7/S/qzyd3uxEDORb5EWmk7IhE948IkwAtl4PnSpEUjvSkVOHPZ0ycK
06-11 02:07:17.120  2335  2581 D BDLog   : RmKb0ocq8kXULcXmcHIXihb+fVApt1kuDq8/zB4uNUZs7PxH1VYtaTidGAueXGiQ6d3y2izWh8d6
06-11 02:07:17.120  2335  2581 D BDLog   : RdjLaoDzQgUQ/ICVWuwigMglwtC5wekGcYAPYnwZaDo0P0/UN7aVPSfthzVadndEVMueNr20ABkl
06-11 02:07:17.120  2335  2581 D BDLog   : Jfkrv/FGvH6zkk0nutk9foM1p/plqJydTGJU0YqCyIDSU53FMTRt6U802qq9XdbVwaEGZIy8lqcZ
06-11 02:07:17.120  2335  2581 D BDLog   : cnsIEa/pjf5zOmriM3nUSv271tZTiwiGlb8LYWo/miwer2VdeYx7/0ke3zG3Ep+WCihJ66ybvbKi
06-11 02:07:17.120  2335  2581 D BDLog   : sydDUBNfrMUHaBWxxTlJ3EvoMtv6L4CpwuFzaxmCZM+HM7RaHBgpvcAuX5GzFdpzhRiVUBfzNM4c
06-11 02:07:17.120  2335  2581 D BDLog   : e3hgiJ75qvMx8lHDV8pmSL/FOQR+wokr8e5k+MVzCqPXJMmP5KSinJH7AKgZRybvHeVqPPeq64xY
06-11 02:07:17.120  2335  2581 D BDLog   : wxVHGy4BIy9RXWyj6JbyVcre3hhPM5h6Z4m9jE7MggS7xZiP1msGFJOysS3fNl0lNNVFp38d9rDQ
06-11 02:07:17.120  2335  2581 D BDLog   : nPKsOovauJwoIW1oc8pt7Z4CdJwF5n/JTq792b/rTt9lxKCWVKMu9YV0fcxl0Pt1Ji4jW8WIB2a+
06-11 02:07:17.120  2335  2581 D BDLog   : OJfOuOSjwuY1RvCE0JdR0MasCz12V7+CgAlIjXVEtSw2b2lJV6aRx0TzrdwCWOvkdgPPudJElFCD
06-11 02:07:17.120  2335  2581 D BDLog   : X9HNMU6f8IDNQaKo0tHAOzXoTB4iPlIj1e3Smf50KzfIFT0S0AtJYqWRv6P/tRXn+Z6cIVsGm/pd
06-11 02:07:17.120  2335  2581 D BDLog   : pU9v1IvfGhFlePvNa1mq9ylr8+nEGFpMQQxRaLFvyB07+aHwrqNY6PrvuyTRe/tErFuj0or/U8zc
06-11 02:07:17.120  2335  2581 D BDLog   : lwqaEtkPevKlLa0rfkK16Z8Hfsp2R0649SNkj5LkTL30juhDrKZyCjJ+8JgVNjxyr8sdjMipbxLK
06-11 02:07:17.120  2335  2581 D BDLog   : UfvWRW/weluqSHwSpsL9/0iv/VoYtFvR2dhveO8siscvDMD9fuqlTJYjdHldmgJv/3n2V/OZaLKG
06-11 02:07:17.120  2335  2581 D BDLog   : 4o/jTvhmCM7zMvDbeuKykiiVlFLDyEQySIA4IJF5MnAwjZevHtsEiUfuo40oGsXmzY2ZzP3d4J5p
06-11 02:07:17.120  2335  2581 D BDLog   : I2GmJ89attvEvltLw2365L07FimJoA8imzSCs85aJxnCZMZ4SSFWAk08DLP6hjYOB8xr+p5heGlG
06-11 02:07:17.120  2335  2581 D BDLog   : 8/V6m5uXO0NvvvoEeaetOp4KNeFYu/EttWTXmTAppPHxSZpSKq1wbHHkjy2BX8ir5ha7jUwHBsXU
06-11 02:07:17.120  2335  2581 D BDLog   : vYQ7sLnCseCUJlxarphsOdByPRuYKrQGrJNAhNKrUYfOhobljFrorxPE1i4rAwXjRmTg+3S/YShl
06-11 02:07:17.120  2335  2581 D BDLog   : i1Txt49/ncbb/036FHWrcFGkSlb41kzGEUh+nVEOPp8dIxXzVC+9L5WGx69ncUK61fBa+r2u2oti
06-11 02:07:17.120  2335  2581 D BDLog   : Sj6drd93G8OcdogX2ylDly63VdCWrCpHuHUFzo0h7u0X27T0iVUuJeXZscJ5zPV
06-11 02:07:17.120  2688  6674 W HSM     : SysCoreUtils:getGoogleSharedUid NameNotFoundException!
06-11 02:07:17.129  2688  6674 I chatty  : uid=1000(system) HsmIntentServic identical 34 lines
06-11 02:07:17.129  2688  6674 W HSM     : SysCoreUtils:getGoogleSharedUid NameNotFoundException!
06-11 02:07:17.129  2335  6673 I BDLog   : BD.Scheduler:report application activation info.
06-11 02:07:17.129  2688  6674 W HSM     : SysCoreUtils:getGoogleSharedUid NameNotFoundException!
06-11 02:07:17.147  2688  6674 I chatty  : uid=1000(system) HsmIntentServic identical 48 lines
06-11 02:07:17.147  2688  6674 W HSM     : SysCoreUtils:getGoogleSharedUid NameNotFoundException!
06-11 02:07:17.148  2399  2427 I PGServer: com.huawei.systemmanager calls getBatteryStats 
06-11 02:07:17.148  2399  2427 D PG_DBS_MAIN: getBatteryStats
06-11 02:07:17.148  2399  2427 I PG_DBS_FILE: load file here!
06-11 02:07:17.154  2399  2427 I PG_DBS_FILE: readProcStatsFromParcel, Levels: 102, calcChargeNow: 0
06-11 02:07:17.158  2399  2427 E KernelCpuSpeedReader: Failed to read cpu-freq: /sys/devices/system/cpu/cpu0/cpufreq/stats/time_in_state (No such file or directory)
06-11 02:07:17.159  2399  2427 E KernelCpuSpeedReader: Failed to read cpu-freq: /sys/devices/system/cpu/cpu4/cpufreq/stats/time_in_state (No such file or directory)
06-11 02:07:17.187  2399  2427 W PG_DBS_MAIN: The charge now node is not existed!
06-11 02:07:17.188  2399  2427 I PG_DBS_MAIN: DBS_Acc_Power: 353.9, levelPower: 4080, chargeNow: 0, screen: 0.0, time: 0, cpu: 297.0, time: 23344, mobile: 0.0, time: 0, wifi: 9.5, time: 0, pakcets: 138368, bytes: 97488242, wl: 38.0, time: 5952, sensor: 9.4, time: 48161, gps: 0.0, time: 0
06-11 02:07:17.550  1359  6147 D NetdConnector: SND -> {60 bandwidth gettetherstats}
06-11 02:07:17.552   733  1639 D Huawei_audio_cust: huawei_cust_get_parameters: returns 
06-11 02:07:17.552   733  1639 D audio_hw_spkr_prot: audio_extn_fbsp_get_parameters: Speaker protection disabled
06-11 02:07:17.552  1359  2058 D NetdConnector: RCV <- {200 60 Tethering stats list completed}
06-11 02:07:17.552   733  1639 D audio_hw_extn: audio_extn_get_parameters: returns 
06-11 02:07:17.552   733  1639 I audio_hw_primary: adev_get_parameters: exit: returns - 
06-11 02:07:17.552   892  1284 I hash_map_utils: key: 'typec_need_show_hires' value: ''
06-11 02:07:17.553  1359  2058 D NetdConnector: RCV <- {200 60 Tethering stats list completed}
06-11 02:07:17.553  1359  1359 I HwAudioService: check HiRes Icon false
06-11 02:07:17.553  1359  1359 W ActivityManager: Sending non-protected broadcast huawei.intent.action.hideHiResIcon from system 1359:system/1000 pkg android
