06-11 02:06:32.450  6474  6501 I HMSSDK_HMSPackageManager: enter asyncOnceCheckMDMState
06-11 02:06:32.452  6474  6474 I HMSSDK_HuaweiMobileServicesUtil: hmsPackageName is com.huawei.hwid
06-11 02:06:32.452  6474  6501 I HMSSDK_HMSPackageManager: enter checkHmsIsSpoof
06-11 02:06:32.468  6474  6501 I HMSSDK_ReadApkFileUtil: verifyMDMSignatureV3 verify successful!
06-11 02:06:32.486  6474  6498 D KeyUtil : class com.huawei.akali.security.impl.utils.KeyUtil generateRootKey cost:119ms
06-11 02:06:32.494  6474  6501 I HMSSDK_HMSPackageManager: quit checkHmsIsSpoof state: SUCCESS
06-11 02:06:32.495  6474  6501 I HMSSDK_HMSPackageManager: quit asyncOnceCheckMDMState
06-11 02:06:32.495  6474  6474 I HMSSDK_HMSPackageManager: enter checkHmsIsSpoof
06-11 02:06:32.497  6474  6474 I HMSSDK_HMSPackageManager: quit checkHmsIsSpoof cached state: SUCCESS
06-11 02:06:32.500  6474  6474 I HMSSDK_HMSPackageManager: Enter getHMSPackageNameForMultiService
06-11 02:06:32.502  6474  6474 I HMSSDK_HuaweiMobileServicesUtil: connect versionCode:61300351
06-11 02:06:32.503  6474  6474 I HMSSDK_HMSPackageManager: Enter getHMSPackageName
06-11 02:06:32.529  6474  6474 I HMSSDK_HMSPackageManager: DSS signature check success
06-11 02:06:32.531  6474  6474 I HMSSDK_HMSPackageManager: <initHmsPackageInfo> Succeed to find HMS apk: com.huawei.hwid version: 61300351
06-11 02:06:32.534  6474  6474 I HMSSDK_HMSPackageManager: current versionCode:61300351, minimum version requirements: 30000100
06-11 02:06:32.535  6474  6474 I HMSSDK_HMSPackageManager: Enter getHMSPackageName
06-11 02:06:32.538  6474  6474 I HMSSDK_HMSPackageManager: Enter getHMSPackageName
06-11 02:06:32.540  6474  6474 I HMSSDK_HMSPackageManager: MinApkVersion is disabled.
06-11 02:06:32.547  6474  6474 I HMSSDK_HMSPackageManager: Enter getHMSPackageNameForMultiService
06-11 02:06:32.549  6474  6474 D AGC_ConfigImpl: initConfigReader
06-11 02:06:32.564  6474  6474 D AGC_FixedDecrypt: init
06-11 02:06:32.570  6474  6474 D AGC_Keys: build aes key, iterationCount:5000
06-11 02:06:32.619  6474  6474 D AGC_Keys: build aes key end
06-11 02:06:32.624  6474  6474 I HMSSDK_HianalyticsExist: hianalytics exist: false
06-11 02:06:32.625  6474  6474 I HMSSDK_HMSBIInitializer: Builder->biInitFlag :false
06-11 02:06:32.628  6474  6474 I HMSSDK_AnalyticsSwitchHolder: Builder->biSetting :true
06-11 02:06:32.629  6474  6474 I HMSSDK_Util: available exist: true
06-11 02:06:32.629  6474  6474 I HMSSDK_Util: available exist: true
06-11 02:06:32.630  6474  6474 I HMSSDK_AvailableUtil: asyncCheckHmsUpdateInfo, not need to check
06-11 02:06:32.633  6474  6474 D SearchOverseaModule: configure
06-11 02:06:32.633  6474  6474 D ModuleManager: class az6 handleConfigurationForModules cost:304ms
06-11 02:06:32.634  6474  6474 D ModuleManager: com.huawei.akali.security.SecurityModule@98ba735 execute cost:0ms
06-11 02:06:32.634  6474  6474 D CacheModule: execute
06-11 02:06:32.634  6474  6474 D ModuleManager: com.huawei.akali.cache.CacheModule@6ef8073 execute cost:0ms
06-11 02:06:32.635  6474  6474 I NK_NetworkKit: main|NetworkKit|51|init  Version:7.0.5.300  BuildTime:2023-10-11 cp:com.huawei.phoneservice
06-11 02:06:32.645  6474  6474 I NK_DynamicLoadPermit: main|api.a|53|is dynamic load: true, advance: true
06-11 02:06:32.645  6474  6474 I NK_NetworkKit: main|NetworkKit|39|dynamic load
06-11 02:06:32.648  6474  6507 I dynamic-api_DynamicModule: 6474-6507|null|com.huawei.hms.feature.dynamic.DynamicModule|b|4|dynamic-api version: 10025300
06-11 02:06:32.650  6474  6507 I dynamic-api_HMSPkgManager: 6474-6507|null|com.huawei.hms.feature.dynamic.f.c|a|56|The HMS Core is installed, pkgName:com.huawei.hwid
06-11 02:06:32.654  3681  4230 I ModuleQueryProvider: [HMSCore ModuleQueryProvider.java:1] Enter call, method: huawei_module_dynamicloader
06-11 02:06:32.655  3681  4230 I fwkit_kims: [fwkit KIMSServiceController.java:1378] getAPIBundle: huawei_module_dynamicloader,null
06-11 02:06:32.657  3681  4230 I fwkit_kims: [fwkit KIMSServiceController.java:1410] caller:com.huawei.phoneservice targetSdk:31
06-11 02:06:32.662  3681  4230 W fwkit_kpms_parser: [fwkit DependencyParser.java:124] Parse dependency from meta-data failed, com.huawei.hms.min_api_level:com.huawei.hms:videokit-player:videokit is invalid.
06-11 02:06:32.662  3681  4230 W fwkit_kpms_parser: [fwkit DependencyParser.java:124] Parse dependency from meta-data failed, com.huawei.hms.min_api_level:com.huawei.hms:location:location is invalid.
06-11 02:06:32.663  3681  4230 I fwkit_kims: [fwkit KIMSServiceController.java:1604] localLevel:11, apiLevel:11
06-11 02:06:32.665  3681  4230 I fwkit_kims: [fwkit KIMSServiceController.java:1609] kitName: huawei_module_dynamicloader, version 10025301, type 3
06-11 02:06:32.666  6474  6507 I dynamic-api_DynamicModule: 6474-6507|null|com.huawei.hms.feature.dynamic.DynamicModule|queryHMSModuleBundle|120|bundle info: errorCode:0, moduleVersion:10025301, modulePath:/data/user_de/0/com.huawei.android.hsf/modules/external/huawei_module_dynamicloader/10025301/DynamicLoader.apk, loader_version:10025301, loaderPath:/data/user_de/0/com.huawei.android.hsf/modules/external/huawei_module_dynamicloader/10025301/DynamicLoader.apk, armeabiType:0
06-11 02:06:32.667  6474  6507 I dynamic-api_DynamicModule: 6474-6507|null|com.huawei.hms.feature.dynamic.DynamicModule|a|19|copyType: 0
06-11 02:06:32.670  6474  6507 W dynamic-api_AssetLoadManager: 6474-6507|null|com.huawei.hms.feature.dynamic.AssetLoadManager|b|170|No module apk in asset path.
06-11 02:06:32.671  6474  6507 I dynamic-api_DynamicModule: 6474-6507|null|com.huawei.hms.feature.dynamic.DynamicModule|a|180|HMS loader version:10025301, asset loader version:0
06-11 02:06:32.671  6474  6507 I dynamic-api_DynamicModule: 6474-6507|null|com.huawei.hms.feature.dynamic.DynamicModule|a|188|Choose dynamicLoader in HMS.
06-11 02:06:32.672  6474  6507 I dynamic-api_HMSPkgManager: 6474-6507|null|com.huawei.hms.feature.dynamic.f.c|b|164|pkgName:com.huawei.android.hsf, isPrivApp:true
06-11 02:06:32.673  6474  6507 I dynamic-api_DynamicModule: 6474-6507|null|com.huawei.hms.feature.dynamic.DynamicModule|b|21|Load start in new-version-policy.
06-11 02:06:32.673  6474  6507 I dynamic-api_DynamicModule: 6474-6507|null|com.huawei.hms.feature.dynamic.DynamicModule|a|45|The loader path for module:huawei_module_networkkit is:/data/user_de/0/com.huawei.android.hsf/modules/external/huawei_module_dynamicloader/10025301/DynamicLoader.apk, and versionType is:1
06-11 02:06:32.673  6474  6507 I dynamic-api_DynamicModule: 6474-6507|null|com.huawei.hms.feature.dynamic.DynamicModule|b|63|No available cached loader for module:huawei_module_networkkit
06-11 02:06:32.673  6474  6507 W zygote64: Unsupported class loader
06-11 02:06:32.675  6474  6507 W zygote64: Skipping duplicate class check due to unsupported classloader
06-11 02:06:32.680  6474  6507 I dynamicloader_dl_DynamicLoader: 6474-6507|null|com.huawei.hms.dynamicloader.DynamicLoader|load|4|dynamicloader version: 10025301
06-11 02:06:32.681  6474  6507 I dynamicloader_dl_DynamicLoader: 6474-6507|null|com.huawei.hms.dynamicloader.DynamicLoader|load|47|clientContext: com.huawei.phoneservice
06-11 02:06:32.682  6474  6507 I dynamicloader_dl_DynamicLoader: 6474-6507|null|com.huawei.hms.dynamicloader.DynamicLoader|loadInNewVersionPolicy|104|The moduleName is:huawei_module_networkkit, dynamicLoaderPath:/data/user_de/0/com.huawei.android.hsf/modules/external/huawei_module_dynamicloader/10025301/DynamicLoader.apk, versionStrategyType:1 loaderVersionType : v2
06-11 02:06:32.683  3681  4230 I ModuleQueryProvider: [HMSCore ModuleQueryProvider.java:1] Enter call, method: huawei_module_networkkit
06-11 02:06:32.684  3681  4230 I fwkit_kims: [fwkit KIMSServiceController.java:1378] getAPIBundle: huawei_module_networkkit,null
06-11 02:06:32.686  3681  4230 I fwkit_kims: [fwkit KIMSServiceController.java:1410] caller:com.huawei.phoneservice targetSdk:31
06-11 02:06:32.693  3681  4230 W fwkit_kpms_parser: [fwkit DependencyParser.java:124] Parse dependency from meta-data failed, com.huawei.hms.min_api_level:com.huawei.hms:videokit-player:videokit is invalid.
06-11 02:06:32.693  3681  4230 W fwkit_kpms_parser: [fwkit DependencyParser.java:124] Parse dependency from meta-data failed, com.huawei.hms.min_api_level:com.huawei.hms:location:location is invalid.
06-11 02:06:32.694  3681  4230 I fwkit_kims: [fwkit KIMSServiceController.java:1604] localLevel:11, apiLevel:1
06-11 02:06:32.696  3681  4230 I fwkit_kims: [fwkit KIMSServiceController.java:1609] kitName: huawei_module_networkkit, version 70001303, type 2
06-11 02:06:32.698  3681  4230 E fwkit_hsf_bundle_builder: [fwkit BundleResultBuilder.java:61] Empty armeabiType.
06-11 02:06:32.699  6474  6507 I dynamicloader_dl_HMSLoadStrategy: 6474-6507|null|com.huawei.hms.dynamicloader.r.b|g|83|Query module info result code:0
06-11 02:06:32.699  6474  6507 I dynamicloader_dl_PreferRemote: 6474-6507|null|com.huawei.hms.dynamicloader.u.d|a|37|hmsModuleVersion:70001303, Choose the HMSLoadStrategy
06-11 02:06:32.701  3681  4230 I ModuleQueryProvider: [HMSCore ModuleQueryProvider.java:1] Enter call, method: huawei_module_networkkit
06-11 02:06:32.702  3681  4230 I fwkit_kims: [fwkit KIMSServiceController.java:1378] getAPIBundle: huawei_module_networkkit,null
06-11 02:06:32.704  3681  4230 I fwkit_kims: [fwkit KIMSServiceController.java:1410] caller:com.huawei.phoneservice targetSdk:31
06-11 02:06:32.711  3681  4230 W fwkit_kpms_parser: [fwkit DependencyParser.java:124] Parse dependency from meta-data failed, com.huawei.hms.min_api_level:com.huawei.hms:videokit-player:videokit is invalid.
06-11 02:06:32.711  3681  4230 W fwkit_kpms_parser: [fwkit DependencyParser.java:124] Parse dependency from meta-data failed, com.huawei.hms.min_api_level:com.huawei.hms:location:location is invalid.
06-11 02:06:32.712  3681  4230 I fwkit_kims: [fwkit KIMSServiceController.java:1604] localLevel:11, apiLevel:1
06-11 02:06:32.714  3681  4230 I fwkit_kims: [fwkit KIMSServiceController.java:1609] kitName: huawei_module_networkkit, version 70001303, type 2
06-11 02:06:32.716  3681  4230 E fwkit_hsf_bundle_builder: [fwkit BundleResultBuilder.java:61] Empty armeabiType.
06-11 02:06:32.718  6474  6507 I dynamicloader_dl_HMSLoadStrategy: 6474-6507|null|com.huawei.hms.dynamicloader.r.b|g|83|Query module info result code:0
06-11 02:06:32.718  6474  6507 I dynamicloader_dl_HMSLoadStrategy: 6474-6507|null|com.huawei.hms.dynamicloader.r.b|h|79|copyType is 0
06-11 02:06:32.718  6474  6507 I dynamicloader_dl_HMSLoadStrategy: 6474-6507|null|com.huawei.hms.dynamicloader.r.b|h|228|Query remote version by module name:huawei_module_networkkit success.
06-11 02:06:32.722  6474  6507 I dynamicloader_HMSPkgManager: 6474-6507|null|com.huawei.hms.dynamicloader.t.c|b|164|pkgName:com.huawei.android.hsf, isPrivApp:true
06-11 02:06:32.723  6474  6507 I dynamicloader_HMSPkgManager: 6474-6507|null|com.huawei.hms.dynamicloader.t.c|b|164|pkgName:com.huawei.android.hsf, isPrivApp:true
06-11 02:06:32.724  6474  6507 I dynamicloader_h: 6474-6507|null|com.huawei.hms.dynamicloader.h|a|68|The loaded module path is:/data/user_de/0/com.huawei.android.hsf/modules/external/huawei_module_networkkit/70001303/com.huawei.hms.networkkit-70001303.apk
06-11 02:06:32.725  6474  6507 I dynamicloader_h: 6474-6507|null|com.huawei.hms.dynamicloader.h|a|152|loaderType :  v2
06-11 02:06:32.741  6474  6507 W PackageParser: Unknown element under <manifest>: queries at /data/user_de/0/com.huawei.android.hsf/modules/external/huawei_module_networkkit/70001303/com.huawei.hms.networkkit-70001303.apk Binary XML file line #14
06-11 02:06:32.743  6474  6507 V HwWidgetFactory: : successes to get AllImpl object and return....
06-11 02:06:32.745  6474  6507 W a       : Cannot find The class:com.huawei.android.os.BuildEx$VERSION
06-11 02:06:32.746  6474  6507 I dynamicloader_PathClassLoaderStrategy: 6474-6507|null|com.huawei.hms.dynamicloader.o.f|a|19|begin to new classloader, armeabiType:0
06-11 02:06:32.747  6474  6507 W a       : Cannot find The class:dalvik.system.PathClassLoader
06-11 02:06:32.748  6474  6507 I dynamicloader_f: 6474-6507|null|com.huawei.hms.dynamicloader.q.f|c|31|No metadata: presplits found.
06-11 02:06:32.748  6474  6507 I dynamicloader_ClassLoaderPathManager: 6474-6507|null|com.huawei.hms.dynamicloader.o.a|a|95|No HFF split path need to add to classloader.
06-11 02:06:32.748  6474  6507 I dynamicloader_ClassLoaderPathManager: 6474-6507|null|com.huawei.hms.dynamicloader.o.a|c|26|No split apk required, continue.
06-11 02:06:32.749  6474  6507 I dynamicloader_f: 6474-6507|null|com.huawei.hms.dynamicloader.q.f|c|31|No metadata: presplits found.
06-11 02:06:32.749  6474  6507 I dynamicloader_ClassLoaderPathManager: 6474-6507|null|com.huawei.hms.dynamicloader.o.a|a|95|No HFF split path need to add to classloader.
06-11 02:06:32.751  6474  6507 W dynamicloader_a: 6474-6507|null|com.huawei.hms.dynamicloader.s.a|e|105|cannot get a valid native path, return null.
06-11 02:06:32.753  6474  6507 I dynamicloader__multiKitLoadNative: 6474-6507|null|com.huawei.hms.dynamicloader.s.f|g|23| originNative: null
06-11 02:06:32.755  6474  6507 I dynamicloader__multiKitLoadNative: 6474-6507|null|com.huawei.hms.dynamicloader.s.f|i|19|The cp is not hms kit.
06-11 02:06:32.755  6474  6507 I dynamicloader_ClassLoaderPathManager: 6474-6507|null|com.huawei.hms.dynamicloader.o.a|d|57|No split apk required, continue, native: null
06-11 02:06:32.756  6474  6507 W zygote64: Unsupported class loader
06-11 02:06:32.758  6474  6507 W zygote64: Skipping duplicate class check due to unsupported classloader
06-11 02:06:32.765  6474  6507 I dynamicloader_DynamicContext: 6474-6507|null|com.huawei.hms.dynamicloader.f|<init>|47|Create dynamicContext success.
06-11 02:06:32.766  6474  6507 I NetworkKit_DynamicModuleInitialize: main ->NK_Loading_NetworkKit_0|null|com.huawei.hms.feature.DynamicModuleInitializer|initializeModule|4|initializeModule context
06-11 02:06:32.769  6474  6507 I dynamic-api_DynamicModule: 6474-6507|null|com.huawei.hms.feature.dynamic.DynamicModule|a|76|Get context for module:huawei_module_networkkit success.
06-11 02:06:32.774  6474  6474 I NK_NetworkKitProvider: main|NetworkKitProvider|23|load hms result is: true
06-11 02:06:32.776  6474  6474 I NK_NetworkKitProvider: main|NetworkKitProvider|34|load local result is: true
06-11 02:06:32.778  6474  6474 I NK_NetworkKitProvider: main|NetworkKitProvider|78|provider client version code: 7.0.5.300, api level: 11
06-11 02:06:32.778  6474  6474 I NK_NetworkKitProvider: main|NetworkKitProvider|110|NetworkKitProvider is dynamic provider result : false
06-11 02:06:32.780  6474  6474 I NK_PackageUtils: main|common.PackageManagerCompat|7|kitContext: com.huawei.phoneservice
06-11 02:06:32.781  6474  6474 I NK_ConfigManager: main|embedded.j|50|init :com.huawei.phoneservice
06-11 02:06:32.783  6474  6474 I NK_PLSharedPreferences: main|common.PLSharedPreferences|3|sp size 4
06-11 02:06:32.785  6474  6474 I NK_PackageUtils: main|common.PackageManagerCompat|7|kitContext: com.huawei.phoneservice
06-11 02:06:32.786  6474  6511 W NK_ReflectionUtils: main ->NK_CfgManager_0|common.ReflectionUtils|2|com.huawei.hms.network.abtest.ABHelperClassNotFoundException
06-11 02:06:32.787  6474  6511 I NK_ConfigManager: main ->NK_CfgManager_0|embedded.j|56|isAbTestEnable:false, isRemoteConfigExpired:false, isAbConfigExpired:false
06-11 02:06:32.787  6474  6474 I NK_AIInterceptorService: main|ai.AIPolicyService|4|aiServcie onCreate
06-11 02:06:32.787  6474  6511 I NK_ConfigManager: main ->NK_CfgManager_0|embedded.j|67|config is not expired
06-11 02:06:32.791  6474  6474 I NK_NetworkKit: main|NetworkKit|51|init  Version:7.0.5.300  BuildTime:2023-10-11 cp:com.huawei.phoneservice
06-11 02:06:32.792  6474  6513 I NK_CountryCodeBean: main ->NK_AiExec_0|network.grs.local.model.CountryCodeBean|18|get issue_country code from VENDOR_COUNTRY
06-11 02:06:32.795  6474  6474 I NK_NetSerManager: main|embedded.j4|123|networkServices map is: {netdiag=com.huawei.hms.network.netdiag.NetDiagnosisService@5c6984f, ai=com.huawei.hms.network.ai.AIPolicyService@4111bdc, dns=com.huawei.hms.network.dns.DNSService@9ee14e5, config=com.huawei.hms.network.conf.api.ConfigService@2dadbba}
06-11 02:06:32.796  6474  6474 I NK_NetSerManager: main|embedded.j4|50|aiService,setOptions:
06-11 02:06:32.797  6474  6474 I NK_NetSerManager: main|embedded.j4|50|dnsService,setOptions:
06-11 02:06:32.798  6474  6474 I NK_NetSerManager: main|embedded.j4|50|netdiagService,setOptions:
06-11 02:06:32.802  6474  6504 I NK_NetworkKit: main ->NK_NK_0|NetworkKit|13|init success
06-11 02:06:32.802  6474  6504 I NK_NetworkKit: main ->NK_NK_0|NetworkKit|13|init success
06-11 02:06:32.802  6474  6474 D ModuleManager: com.huawei.akali.network.NetworkModule@f24ddd7 execute cost:167ms
06-11 02:06:32.802  6474  6515 I SecurityComp10200309: SX509TM: loadBksCA
06-11 02:06:32.803  6474  6474 D LogConfig: getBuildConfigValue clazz:class com.huawei.phoneservice.BuildConfig fieldName:DEBUG, value:false
06-11 02:06:32.803  6474  6474 D LogConfig: getBuildConfigValue clazz:class com.huawei.phoneservice.BuildConfig fieldName:IS_CONSUMER, value:true
06-11 02:06:32.803  6474  6474 D LogModule: execute SecurityLogger
06-11 02:06:32.803  6474  6474 D ModuleManager: com.huawei.akali.log.LogModule@4c3fc85 execute cost:0ms
06-11 02:06:32.804  6474  6474 D LogConfig: getBuildConfigValue clazz:class com.huawei.phoneservice.BuildConfig fieldName:LOG_LEVEL_CONSOLE, value:6
06-11 02:06:32.804  6474  6515 I SecurityComp10200309: SX509TM:  get bks from assets 
06-11 02:06:32.804  6474  6474 D ModuleManager: com.huawei.recommend.RecommendModule@b203921 execute cost:0ms
06-11 02:06:32.804  6474  6474 D ModuleManager: com.huawei.module.commondispatch.CommonDispatchModule@b613b7 execute cost:0ms
06-11 02:06:32.804  6474  6474 D ModuleManager: com.huawei.module.webapi.ModelModule@535d251 execute cost:0ms
06-11 02:06:32.807  6474  6513 I NK_g0   : main ->NK_AiExec_0|ai.g0|4|Ipsort Model create table
06-11 02:06:32.807  6474  6513 I NK_g0   : main ->NK_AiExec_0|ai.g0|4|Ipsort Record create table
06-11 02:06:32.808  6474  6513 I NK_e0   : main ->NK_AiExec_0|ai.e0|4|InitModel create table
06-11 02:06:32.809  6474  6513 I NK_c    : main ->NK_AiExec_0|ai.c|32|checkDate, old db is not exists
06-11 02:06:32.811  6474  6474 D ModuleManager: com.huawei.module.liveeventbus.LiveEventModule@e22f3a9 execute cost:6ms
06-11 02:06:32.811  6474  6474 D ModuleManager: com.huawei.module.base.BaseModule@8396c63 execute cost:0ms
06-11 02:06:32.811  6474  6518 I NK_InitModel: NK_AiExec_0 ->NK_AiExec_1|ai.d0|4|InitModule start execute
06-11 02:06:32.817  6474  6474 D ModuleManager: com.huawei.module.ui.WidgetModule@450b5e9 execute cost:5ms
06-11 02:06:32.817  6474  6474 D ModuleManager: com.huawei.module.grs.GrsModule@34c6bbf execute cost:0ms
06-11 02:06:32.821  6474  6515 I SecurityComp10200309: SecureX509SingleInstance: get assets bks
06-11 02:06:32.824  6474  6474 D ModuleManager: com.huawei.module.location.LocationModule@a666cfb execute cost:6ms
06-11 02:06:32.824  6474  6474 D ModuleManager: com.huawei.module.message.MsgModule@eb8181d execute cost:0ms
06-11 02:06:32.824  6474  6474 D ModuleManager: com.huawei.module.account.AccountModule@18e2165 execute cost:0ms
06-11 02:06:32.826  6474  6474 D ModuleManager: com.huawei.module.push.PushModule@3288aeb execute cost:1ms
06-11 02:06:32.827  6474  6474 D ModuleManager: com.huawei.akali.track.TrackModule@1ae3b2b execute cost:1ms
06-11 02:06:32.829  6474  6521 I WebViewFactory: Loading com.google.android.webview version 70.0.3538.110 (code 353811050)
06-11 02:06:32.833  6474  6521 D HwFLClassLoader: USE_FEATURE_LIST had not init! 
06-11 02:06:32.839  6474  6515 D NetworkSecurityConfig: Using Network Security Config from resource network_security_config debugBuild: false
06-11 02:06:32.855  6474  6474 D ModuleManager: com.huawei.module.site.SiteModule@b75c7a5 execute cost:27ms
06-11 02:06:32.859  6474  6474 D ModuleManager: com.huawei.module.modules.ModulesModule@a803c93 execute cost:3ms
06-11 02:06:32.859  6474  6474 D module_jsbridge: JsBridgeModule execute
06-11 02:06:32.884  6474  6474 D ModuleManager: com.huawei.akali.jsbridge.JsBridgeModule@e017083 execute cost:24ms
06-11 02:06:32.884  6474  6474 D ModuleManager: com.huawei.module.dispatch.DispatchModel@738ac91 execute cost:0ms
06-11 02:06:32.907  6474  6474 D ConnectivityManager: requestNetwork and the calling app is: com.huawei.phoneservice
06-11 02:06:32.909  1359  2329 D ConnectivityService: requestNetwork for uid/pid:10029/6474 NetworkRequest [ TRACK_DEFAULT id=21, [ Capabilities: INTERNET&NOT_RESTRICTED&TRUSTED&NOT_VPN] ]
06-11 02:06:32.910  1359  2081 D ConnectivityService: sending new Min Network Score(0): NetworkRequest [ TRACK_DEFAULT id=21, [ Capabilities: INTERNET&NOT_RESTRICTED&TRUSTED&NOT_VPN] ]
06-11 02:06:32.910  1359  2140 I chatty  : uid=1000(system) EthernetService expire 1 line
06-11 02:06:32.911  2414  2414 D PhoneSwitcherNetworkRequstListener: got request NetworkRequest [ TRACK_DEFAULT id=21, [ Capabilities: INTERNET&NOT_RESTRICTED&TRUSTED&NOT_VPN] ] with score 0
06-11 02:06:32.911  1359  2064 I chatty  : uid=1000(system) WifiStateMachin expire 2 lines
06-11 02:06:32.911  2414  2414 D PhoneSwitcherNetworkRequstListener: got request NetworkRequest [ TRACK_DEFAULT id=21, [ Capabilities: INTERNET&NOT_RESTRICTED&TRUSTED&NOT_VPN] ] with score 0
06-11 02:06:32.915  2652  2652 D QcrilMsgTunnelIfaceManager: handleMessage what = 1
06-11 02:06:32.917  2652  2652 I QcrilOemhookMsgTunnel: [0]invokeOemRilRequestRaw: serial=1021 length=24
06-11 02:06:32.918  2652  2690 I QcrilOemhookMsgTunnel: [0]processOemHookResponse serial no: 1021 error: 0length=0
06-11 02:06:32.918  2652  2652 D QcrilMsgTunnelIfaceManager: handleMessage what = 2
06-11 02:06:32.920  2652  2652 D QcrilMsgTunnelIfaceManager: handleMessage what = 1
06-11 02:06:32.921  1359  2441 W ProcBatteryStats: timer is running , not start, name: com.qualcomm.qcrilmsgtunnel, uid: 1001, tag: QcrilOemhookMsgTunnel
06-11 02:06:32.922  2652  2652 I QcrilOemhookMsgTunnel: [1]invokeOemRilRequestRaw: serial=1022 length=24
06-11 02:06:32.923  2652  2690 I QcrilOemhookMsgTunnel: [0]processOemHookIndication length=28
06-11 02:06:32.923  2652  2652 D QcrilMsgTunnelIfaceManager: handleMessage what = 0
06-11 02:06:32.924  6474  6528 D BuildConfigReflectUtil: getBuildConfigValue clazz:class com.huawei.phoneservice.BuildConfig fieldName:MHW_PACKAGE_NAME
06-11 02:06:32.924  6474  6474 D BuildConfigReflectUtil: getBuildConfigValue clazz:class com.huawei.phoneservice.BuildConfig fieldName:MHW_PACKAGE_NAME
06-11 02:06:32.927  2652  2690 I QcrilOemhookMsgTunnel: [1]processOemHookResponse serial no: 1022 error: 0length=0
06-11 02:06:32.927  2652  2652 D QcrilMsgTunnelIfaceManager: handleMessage what = 2
06-11 02:06:32.927  1359  2441 W ProcBatteryStats: timer is not running , not stop, name: com.qualcomm.qcrilmsgtunnel, uid: 1001, tag: QcrilOemhookMsgTunnel
06-11 02:06:32.929  2652  2690 I QcrilOemhookMsgTunnel: [1]processOemHookIndication length=28
06-11 02:06:32.929  2652  2652 D QcrilMsgTunnelIfaceManager: handleMessage what = 0
06-11 02:06:32.931  1359  2496 I chatty  : uid=1000(system) Binder:1359_C expire 3 lines
06-11 02:06:32.934  6474  6528 E Hicare rxjava: 
06-11 02:06:32.934  6474  6528 E Hicare rxjava: io.reactivex.rxjava3.exceptions.OnErrorNotImplementedException: *h* *x*e*t*o* *a* *o* *a*d*e* *u* *o*m*s*i*g*o*E*r*r*h*n*l*r*i* *h* *u*s*r*b*(* *e*h*d*c*l*.*F*r*h*r*r*a*i*g* *t*p*:*/*i*h*b*c*m*R*a*t*v*X*R*J*v*/*i*i*E*r*r*H*n*l*n* * *a*a*l*n*.*u*l*o*n*e*E*c*p*i*n* *h* *a*p*r*f*n*t*o* *e*u*n*d*a*n*l* *a*u*.
06-11 02:06:32.934  6474  6528 E Hicare rxjava: 	at io.reactivex.rxjava3.internal.functions.Functions$e0.a(Unknown Source:2)
06-11 02:06:32.934  6474  6528 E Hicare rxjava: 	at io.reactivex.rxjava3.internal.functions.Functions$e0.accept(Unknown Source:2)
06-11 02:06:32.934  6474  6528 E Hicare rxjava: 	at io.reactivex.rxjava3.internal.observers.LambdaObserver.onError(SourceFile:3)
06-11 02:06:32.934  6474  6528 E Hicare rxjava: 	at io.reactivex.rxjava3.internal.operators.observable.ObservableSubscribeOn$SubscribeOnObserver.onError(Unknown Source:2)
06-11 02:06:32.934  6474  6528 E Hicare rxjava: 	at f70.onError(SourceFile:4)
06-11 02:06:32.934  6474  6528 E Hicare rxjava: 	at f70.c(SourceFile:3)
06-11 02:06:32.934  6474  6528 E Hicare rxjava: 	at xo7$a.onNext(SourceFile:6)
06-11 02:06:32.934  6474  6528 E Hicare rxjava: 	at io.reactivex.rxjava3.internal.operators.observable.ObservableScalarXMap$ScalarDisposable.run(SourceFile:2)
06-11 02:06:32.934  6474  6528 E Hicare rxjava: 	at io.reactivex.rxjava3.internal.operators.observable.a.subscribeActual(SourceFile:3)
06-11 02:06:32.934  6474  6528 E Hicare rxjava: 	at bl7.subscribe(SourceFile:19)
06-11 02:06:32.934  6474  6528 E Hicare rxjava: 	at xo7.subscribeActual(Unknown Source:9)
06-11 02:06:32.934  6474  6528 E Hicare rxjava: 	at bl7.subscribe(SourceFile:19)
06-11 02:06:32.934  6474  6528 E Hicare rxjava: 	at io.reactivex.rxjava3.internal.operators.observable.ObservableSubscribeOn$a.run(Unknown Source:6)
06-11 02:06:32.934  6474  6528 E Hicare rxjava: 	at sx9$a.run(SourceFile:2)
06-11 02:06:32.934  6474  6528 E Hicare rxjava: 	at io.reactivex.rxjava3.internal.schedulers.ScheduledRunnable.run(SourceFile:2)
06-11 02:06:32.934  6474  6528 E Hicare rxjava: 	at io.reactivex.rxjava3.internal.schedulers.ScheduledRunnable.call(Unknown Source:0)
06-11 02:06:32.934  6474  6528 E Hicare rxjava: 	at java.util.concurrent.FutureTask.run(FutureTask.java:266)
06-11 02:06:32.934  6474  6528 E Hicare rxjava: 	at java.util.concurrent.ScheduledThreadPoolExecutor$ScheduledFutureTask.run(ScheduledThreadPoolExecutor.java:301)
06-11 02:06:32.934  6474  6528 E Hicare rxjava: 	at java.util.concurrent.ThreadPoolExecutor.runWorker(ThreadPoolExecutor.java:1162)
06-11 02:06:32.934  6474  6528 E Hicare rxjava: 	at java.util.concurrent.ThreadPoolExecutor$Worker.run(ThreadPoolExecutor.java:636)
06-11 02:06:32.934  6474  6528 E Hicare rxjava: 	at java.lang.Thread.run(Thread.java:784)
06-11 02:06:32.934  6474  6528 E Hicare rxjava: Caused by: java.lang.NullPointerException: *h* *a*p*r*f*n*t*o* *e*u*n*d*a*n*l* *a*u*.
06-11 02:06:32.934  6474  6528 E Hicare rxjava: 	at java.util.Objects.requireNonNull(Objects.java:228)
06-11 02:06:32.934  6474  6528 E Hicare rxjava: 	at xo7$a.onNext(SourceFile:4)
06-11 02:06:32.934  6474  6528 E Hicare rxjava: 	... 14 more
06-11 02:06:32.937  2414  2414 W libc    : Set property "gsm.check_is_single_pdp_sub1" to "false"
06-11 02:06:32.950  2414  2414 D HuaweiTelephonyConfigs: fddn EVENT_GET_AD_DONE FDN_PS_CHECK:false ,FDN_PRELOAD_CACHE:true
06-11 02:06:32.951  6474  6521 I zygote64: Rejecting re-init on previously-failed class java.lang.Class<hs>: java.lang.NoClassDefFoundError: Failed resolution of: Landroid/webkit/TracingController;
06-11 02:06:32.951  6474  6521 I zygote64:   at java.lang.Class java.lang.Class.classForName(java.lang.String, boolean, java.lang.ClassLoader) (Class.java:-2)
06-11 02:06:32.951  6474  6521 I zygote64:   at java.lang.Class java.lang.Class.forName(java.lang.String, boolean, java.lang.ClassLoader) (Class.java:453)
06-11 02:06:32.951  6474  6521 I zygote64:   at java.lang.Class android.webkit.WebViewFactory.getWebViewProviderClass(java.lang.ClassLoader) (WebViewFactory.java:134)
06-11 02:06:32.951  6474  6521 I zygote64:   at java.lang.Class android.webkit.WebViewFactory.getProviderClass() (WebViewFactory.java:408)
06-11 02:06:32.951  6474  6521 I zygote64:   at android.webkit.WebViewFactoryProvider android.webkit.WebViewFactory.getProvider() (WebViewFactory.java:200)
06-11 02:06:32.951  6474  6521 I zygote64:   at android.webkit.CookieManager android.webkit.CookieManager.getInstance() (CookieManager.java:39)
06-11 02:06:32.951  6474  6521 I zygote64:   at android.webkit.CookieManager cz5$a.a(java.lang.String) (SourceFile:-1)
06-11 02:06:32.951  6474  6521 I zygote64:   at java.lang.Object cz5$a.apply(java.lang.Object) (SourceFile:-1)
06-11 02:06:32.951  6474  6521 I zygote64:   at void xo7$a.onNext(java.lang.Object) (SourceFile:4)
06-11 02:06:32.951  6474  6521 I zygote64:   at void io.reactivex.rxjava3.internal.operators.observable.ObservableScalarXMap$ScalarDisposable.run() (SourceFile:2)
06-11 02:06:32.951  6474  6521 I zygote64:   at void io.reactivex.rxjava3.internal.operators.observable.a.subscribeActual(mr7) (SourceFile:3)
06-11 02:06:32.951  6474  6521 I zygote64:   at void bl7.subscribe(mr7) (SourceFile:19)
06-11 02:06:32.951  6474  6521 I zygote64:   at void xo7.subscribeActual(mr7) (SourceFile:-1)
06-11 02:06:32.951  6474  6521 I zygote64:   at void bl7.subscribe(mr7) (SourceFile:19)
06-11 02:06:32.951  6474  6521 I zygote64:   at void io.reactivex.rxjava3.internal.operators.observable.ObservableSubscribeOn$a.run() (SourceFile:-1)
06-11 02:06:32.951  6474  6521 I zygote64:   at void sx9$a.run() (SourceFile:2)
06-11 02:06:32.951  6474  6521 I zygote64:   at void io.reactivex.rxjava3.internal.schedulers.ScheduledRunnable.run() (SourceFile:2)
06-11 02:06:32.951  6474  6521 I zygote64:   at java.lang.Object io.reactivex.rxjava3.internal.schedulers.ScheduledRunnable.call() (SourceFile:-1)
06-11 02:06:32.951  6474  6521 I zygote64:   at void java.util.concurrent.FutureTask.run() (FutureTask.java:266)
06-11 02:06:32.951  6474  6521 I zygote64:   at void java.util.concurrent.ScheduledThreadPoolExecutor$ScheduledFutureTask.run() (ScheduledThreadPoolExecutor.java:301)
06-11 02:06:32.951  6474  6521 I zygote64:   at void java.util.concurrent.ThreadPoolExecutor.runWorker(java.util.concurrent.ThreadPoolExecutor$Worker) (ThreadPoolExecutor.java:1162)
06-11 02:06:32.951  6474  6521 I zygote64:   at void java.util.concurrent.ThreadPoolExecutor$Worker.run() (ThreadPoolExecutor.java:636)
06-11 02:06:32.951  6474  6521 I zygote64:   at void java.lang.Thread.run() (Thread.java:784)
06-11 02:06:32.951  6474  6521 I zygote64: Caused by: java.lang.ClassNotFoundException: Didn't find class "android.webkit.TracingController" on path: DexPathList[[zip file "/preas/app/WebViewGoogle/WebViewGoogle.apk"],nativeLibraryDirectories=[/preas/app/WebViewGoogle/lib/arm64, /preas/app/WebViewGoogle/WebViewGoogle.apk!/lib/arm64-v8a, /system/lib64, /vendor/lib64, /product/lib64, /system/lib64, /vendor/lib64, /product/lib64]]
06-11 02:06:32.951  6474  6521 I zygote64:   at java.lang.Class dalvik.system.BaseDexClassLoader.findClass(java.lang.String) (BaseDexClassLoader.java:125)
06-11 02:06:32.951  6474  6521 I zygote64:   at java.lang.Class java.lang.ClassLoader.loadClass(java.lang.String, boolean) (ClassLoader.java:379)
06-11 02:06:32.951  6474  6521 I zygote64:   at java.lang.Class java.lang.ClassLoader.loadClass(java.lang.String) (ClassLoader.java:312)
06-11 02:06:32.951  6474  6521 I zygote64:   at java.lang.Class java.lang.Class.classForName(java.lang.String, boolean, java.lang.ClassLoader) (Class.java:-2)
06-11 02:06:32.951  6474  6521 I zygote64:   at java.lang.Class java.lang.Class.forName(java.lang.String, boolean, java.lang.ClassLoader) (Class.java:453)
06-11 02:06:32.951  6474  6521 I zygote64:   at java.lang.Class android.webkit.WebViewFactory.getWebViewProviderClass(java.lang.ClassLoader) (WebViewFactory.java:134)
06-11 02:06:32.951  6474  6521 I zygote64:   at java.lang.Class android.webkit.WebViewFactory.getProviderClass() (WebViewFactory.java:408)
06-11 02:06:32.951  6474  6521 I zygote64:   at android.webkit.WebViewFactoryProvider android.webkit.WebViewFactory.getProvider() (WebViewFactory.java:200)
06-11 02:06:32.951  6474  6521 I zygote64:   at android.webkit.CookieManager android.webkit.CookieManager.getInstance() (CookieManager.java:39)
06-11 02:06:32.951  6474  6521 I zygote64:   at android.webkit.CookieManager cz5$a.a(java.lang.String) (SourceFile:-1)
06-11 02:06:32.951  6474  6521 I zygote64:   at java.lang.Object cz5$a.apply(java.lang.Object) (SourceFile:-1)
06-11 02:06:32.951  6474  6521 I zygote64:   at void xo7$a.onNext(java.lang.Object) (SourceFile:4)
06-11 02:06:32.951  6474  6521 I zygote64:   at void io.reactivex.rxjava3.internal.operators.observable.ObservableScalarXMap$ScalarDisposable.run() (SourceFile:2)
06-11 02:06:32.951  6474  6521 I zygote64:   at void io.reactivex.rxjava3.internal.operators.observable.a.subscribeActual(mr7) (SourceFile:3)
06-11 02:06:32.951  6474  6521 I zygote64:   at void bl7.subscribe(mr7) (SourceFile:19)
06-11 02:06:32.951  6474  6521 I zygote64:   at void xo7.subscribeActual(mr7) (SourceFile:-1)
06-11 02:06:32.951  6474  6521 I zygote64:   at void bl7.subscribe(mr7) (SourceFile:19)
06-11 02:06:32.951  6474  6521 I zygote64:   at void io.reactivex.rxjava3.internal.operators.observable.ObservableSubscribeOn$a.run() (SourceFile:-1)
06-11 02:06:32.951  6474  6521 I zygote64:   at void sx9$a.run() (SourceFile:2)
06-11 02:06:32.951  6474  6521 I zygote64:   at void io.reactivex.rxjava3.internal.schedulers.ScheduledRunnable.run() (SourceFile:2)
06-11 02:06:32.951  6474  6521 I zygote64:   at java.lang.Object io.reactivex.rxjava3.internal.schedulers.ScheduledRunnable.call() (SourceFile:-1)
06-11 02:06:32.951  6474  6521 I zygote64:   at void java.util.concurrent.FutureTask.run() (FutureTask.java:266)
06-11 02:06:32.951  6474  6521 I zygote64:   at void java.util.concurrent.ScheduledThreadPoolExecutor$ScheduledFutureTask.run() (ScheduledThreadPoolExecutor.java:301)
06-11 02:06:32.951  6474  6521 I zygote64:   at void java.util.concurrent.ThreadPoolExecutor.runWorker(java.util.concurrent.ThreadPoolExecutor$Worker) (ThreadPoolExecutor.java:1162)
06-11 02:06:32.951  6474  6521 I zygote64:   at void java.util.concurrent.ThreadPoolExecutor$Worker.run() (ThreadPoolExecutor.java:636)
06-11 02:06:32.951  6474  6521 I zygote64:   at void java.lang.Thread.run() (Thread.java:784)
06-11 02:06:32.951  6474  6521 I zygote64: 
06-11 02:06:32.953  6474  6474 E BuildConfigReflectUtil: S*O*_R*N_*S_*P*_H*C*R*
06-11 02:06:32.958  6474  6474 D ModuleManager: com.huawei.phoneservice.AppModule@b431919 execute cost:73ms
06-11 02:06:32.959  2414  2414 D HuaweiTelephonyConfigs: fddn EVENT_GET_AD_DONE FDN_PS_CHECK:false ,FDN_PRELOAD_CACHE:true
06-11 02:06:32.961  6474  6474 E GmsUtil : g*t*m*I*s*a*l*n*S*a*u*() e:*o*.g*o*l*.a*d*o*d.*m*
06-11 02:06:32.962  6474  6474 E GmsUtil : p*r*e*m*I*s*a*l*t*t*s() *n*t*l*S*a*u*:0
06-11 02:06:32.963  1359  2112 I chatty  : uid=1000(system) EmcomThread expire 3 lines
06-11 02:06:32.963  6474  6474 E GmsUtil : g*t*m*I*s*a*l*n*S*a*u*() i*s*a*l*t*t*s:*, f*u*d*a*k*g*N*m*:0, *s*y*t*m*p*:f*l*e
06-11 02:06:32.964  6474  6474 D ModuleManager: com.huawei.myhuawei.startbusiness.StartBusinessModel@82a80cd execute cost:5ms
06-11 02:06:32.964  6474  6474 D HomeModule: execute
06-11 02:06:32.966  6474  6474 D BuildConfigEx: isDebug :false
06-11 02:06:32.966  6474  6474 D BuildConfigEx: isConsumer :true
06-11 02:06:32.971  2414  2794 D PhoneInterfaceManager: [PhoneIntfMgr] getDataEnabled: subId=0 phoneId=0
06-11 02:06:32.971  2414  2794 D PhoneInterfaceManager: [PhoneIntfMgr] getDataEnabled: subId=0 retVal=true
06-11 02:06:32.972  2414  2794 D PhoneInterfaceManager: [PhoneIntfMgr] getDataEnabled: subId=0 phoneId=0
06-11 02:06:32.972  2414  2794 D PhoneInterfaceManager: [PhoneIntfMgr] getDataEnabled: subId=0 retVal=true
06-11 02:06:32.973  6474  6521 I cr_LibraryLoader: Time to load native libraries: 9 ms (timestamps 2427-2436)
06-11 02:06:32.974  2349  2529 I QCNEJ/CndHalConnector: -> SND notifyRatConnectionStatusChanged(rat = 0, DISCONNECTED)
06-11 02:06:32.983  6474  6474 D ModuleManager: com.huawei.myhw.HomeModule@8af27ff execute cost:18ms
06-11 02:06:32.983  6474  6474 D FunctionModule: execute
06-11 02:06:32.984  6474  6474 D ModuleManager: com.huawei.common.functionmodule.FunctionModule@e85eb59 execute cost:1ms
06-11 02:06:32.985  6474  6474 D ModuleManager: com.huawei.akali.back.ClearBackModel@85610f5 execute cost:0ms
06-11 02:06:32.985  6474  6474 D ModuleManager: com.huawei.akali.aqmanager.ActivityQueuesModule@d8451b execute cost:0ms
06-11 02:06:32.987  6474  6474 D BuildConfigReflectUtil: getBuildConfigValue clazz:class com.huawei.phoneservice.BuildConfig fieldName:DEBUG
06-11 02:06:32.987  6474  6474 D BuildConfigEx: isDebug :false
06-11 02:06:32.987  6474  6474 D BuildConfigReflectUtil: getBuildConfigValue clazz:class com.huawei.phoneservice.BuildConfig fieldName:IS_CONSUMER
06-11 02:06:32.987  6474  6474 D BuildConfigEx: isConsumer :true
06-11 02:06:32.989  6474  6474 D ModuleManager: com.huawei.myhuawei.MyHuaweiModule@c680eef execute cost:4ms
06-11 02:06:32.989  6474  6474 D ModuleManager: com.huawei.forum.ForumModule@d2a373d execute cost:0ms
06-11 02:06:32.989  6474  6474 D SearchOverseaModule: execute
06-11 02:06:32.989  6474  6474 D ModuleManager: com.huawei.oversea.search.SearchOverseaModule@33ce4a3 execute cost:0ms
06-11 02:06:32.989  6474  6474 D ModuleManager: com.huawei.mhw.update.UpdateModule@1eb5cc9 execute cost:0ms
06-11 02:06:32.990  6474  6474 D ModuleManager: com.huawei.myhuawei.token.TokenModule@1c46ee1 execute cost:0ms
06-11 02:06:32.990  6474  6474 D ModuleManager: com.huawei.module.mhw.common.MhwCommonModule@9080a39 execute cost:0ms
06-11 02:06:32.990  6474  6474 D ModuleManager: com.huawei.module.servicestore.ServiceStorelModule@243c771 execute cost:0ms
06-11 02:06:32.990  6474  6474 D ModuleManager: com.huawei.akali.compress.CompressModule@f20e415 execute cost:0ms
06-11 02:06:32.990  6474  6474 D ModuleManager: com.huawei.module.storebase.StoreBaseModule@3e32dd5 execute cost:0ms
06-11 02:06:32.996  6474  6474 D ModuleManager: com.huawei.it.common.easyhttp.StoreModel@e34428d execute cost:5ms
06-11 02:06:32.996  6474  6474 E Image   : e*e*u*e()
06-11 02:06:32.996  6474  6474 D ModuleManager: com.huawei.akali.image.ImageModule@dcece7 execute cost:0ms
06-11 02:06:32.996  6474  6474 D ModuleManager: com.huawei.support.tv.base.BaseModule@2ccdc01 execute cost:0ms
06-11 02:06:32.997  6474  6474 D ModuleManager: com.huawei.module.mynotice.MyNoticeModule@6604db execute cost:0ms
06-11 02:06:32.997  6474  6474 D ModuleManager: com.huawei.vertify.VertifyModule@86091df execute cost:0ms
06-11 02:06:32.997  6474  6474 D ModuleManager: com.huawei.module.deeplink.DeepLinkModule@153c217 execute cost:0ms
06-11 02:06:32.997  6474  6474 D ModuleManager: com.huawei.module.external.ExternalModule@482eac7 execute cost:0ms
06-11 02:06:32.997  6474  6474 D ModuleManager: com.huawei.module.wearengine.WearEngineModule@77c69ad execute cost:0ms
06-11 02:06:32.997  6474  6474 D ModuleManager: com.huawei.module.servicedata.ServiceDataModule@f535f07 execute cost:0ms
06-11 02:06:32.997  6474  6474 D ModuleManager: com.huawei.akali.media.MediasModule@5d6dd0f execute cost:0ms
06-11 02:06:32.997  6474  6474 D ModuleManager: com.huawei.mycenter.MineModule@7ac17f7 execute cost:0ms
06-11 02:06:32.998  6474  6474 D ModuleManager: com.huawei.service.ServiceModule@450ab0b execute cost:0ms
06-11 02:06:32.998  6474  6474 D ModuleManager: com.huawei.akali.network.retry.NetworkRetryModule@e8e3453 execute cost:0ms
06-11 02:06:32.998  6474  6474 D ModuleManager: com.huawei.akali.common.CommonModule@2402e1f execute cost:0ms
06-11 02:06:33.000  6474  6474 D ModuleManager: com.huawei.module.protocol.ProtocolModule@28687ed execute cost:1ms
06-11 02:06:33.000  6474  6474 D ModuleManager: com.huawei.it.forum.ForumOverseaModule@a438d3b execute cost:0ms
06-11 02:06:33.000  6474  6474 D ModuleManager: com.huawei.module.search.SearchModule@9b7b0cf execute cost:0ms
06-11 02:06:33.000  6474  6474 D ModuleManager: com.huawei.module.address.AddressModule@8c868b3 execute cost:0ms
06-11 02:06:33.001  6474  6474 D ModuleManager: com.huawei.module.token.TokenModule@1dc81b1 execute cost:0ms
06-11 02:06:33.001  6474  6474 D ModuleManager: com.huawei.myhuawei.appconfig.AppConfigsModel@4a6465d execute cost:0ms
06-11 02:06:33.001  6474  6474 D ModuleManager: class az6 handleExecutionForModules cost:367ms
06-11 02:06:33.001  6474  6474 D AkaliProvider: AkaliProvider onCreate end, cost:828ms
06-11 02:06:33.019  6474  6474 E MLInitializerProvider: MLInitializerProvider Done
06-11 02:06:33.024  6474  6474 D DRouterCore: [LoadProvider] onCreate and DRouter set application | com.huawei.myhuawei.HwApplication@1fe6a6b
06-11 02:06:33.025  6474  6474 D DRouterCore: drouter is debug: false
06-11 02:06:33.034  6474  6474 D WM-WrkMgrInitializer: Initializing WorkManager with default configuration.
06-11 02:06:33.043  6474  6521 I chromium: [INFO:library_loader_hooks.cc(36)] Chromium logging enabled: level = 0, default verbosity = 0
06-11 02:06:33.044  6474  6521 I cr_LibraryLoader: Expected native library version number "70.0.3538.110", actual native library version number "70.0.3538.110"
06-11 02:06:33.142  6545  6545 E libc    : Access denied finding property "ro.hwfix.ro.process_list"
06-11 02:06:33.152  6545  6545 E libc    : Access denied finding property "ro.hwfix.ro.process_list"
06-11 02:06:33.221   891   891 W libc    : Set property "persist.sys.usb.config" to "manufacture,adb"
06-11 02:06:33.225  1359  1393 V ActivityManager: Successfully start provider ContentProviderRecord{ca54f7f u0 com.huawei.phoneservice/com.huawei.module.faultdetection.provider.SmartProvider} launchingApp=ProcessRecord{e70989e 6474:com.huawei.phoneservice/u0a29} caller pid= 6436
06-11 02:06:33.253  6547  6550 W libc    : Set property "sys.usb.ffs_hdb.ready" to "1"
06-11 02:06:33.257  6474  6490 E module_protocol    ProtocolModuleServiceImpl: i*A*r*e*e*v*c* f*l*e *e*v*c* E*C*Y*T_*N
06-11 02:06:33.257  6546  6548 I adbd    : initializing functionfs
06-11 02:06:33.257  6546  6548 I adbd    : opening control endpoint /dev/usb-ffs/adb/ep0
06-11 02:06:33.257  6546  6548 W libc    : Set property "sys.usb.ffs.ready" to "1"
06-11 02:06:33.266   889   889 W hvdcp_opti: type=1400 audit(0.0:522): avc: denied { read } for name="dp_dm" dev="sysfs" ino=39780 scontext=u:r:hvdcp:s0 tcontext=u:object_r:sysfs:s0 tclass=file permissive=0
06-11 02:06:33.266   889   889 W hvdcp_opti: type=1400 audit(0.0:523): avc: denied { read } for name="input_current_limited" dev="sysfs" ino=39781 scontext=u:r:hvdcp:s0 tcontext=u:object_r:sysfs:s0 tclass=file permissive=0
06-11 02:06:33.266   889   889 W hvdcp_opti: type=1400 audit(0.0:524): avc: denied { read } for name="input_current_limited" dev="sysfs" ino=39781 scontext=u:r:hvdcp:s0 tcontext=u:object_r:sysfs:s0 tclass=file permissive=0
06-11 02:06:33.266   889   889 W hvdcp_opti: type=1400 audit(0.0:525): avc: denied { read } for name="charge_type" dev="sysfs" ino=39752 scontext=u:r:hvdcp:s0 tcontext=u:object_r:sysfs:s0 tclass=file permissive=0
06-11 02:06:33.266   889   889 W hvdcp_opti: type=1400 audit(0.0:526): avc: denied { read } for name="die_health" dev="sysfs" ino=39786 scontext=u:r:hvdcp:s0 tcontext=u:object_r:sysfs:s0 tclass=file permissive=0
06-11 02:06:33.311  6474  6474 I HwApplication: HwApplication create start
06-11 02:06:33.333  6474  6485 E module_protocol    ProtocolModuleServiceImpl: i*A*r*e*e*v*c* f*l*e *e*v*c* E*C*Y*T_*N
06-11 02:06:33.338  6436  6468 I DeviceInfoReport: state from oobe provider: 0
06-11 02:06:33.340  6436  6468 I ProviderUtil: package name of the provider is: com.huawei.phoneservice
06-11 02:06:33.343  6474  6555 E module_protocol    ProtocolModuleServiceImpl: i*A*r*e*e*v*c* f*l*e *e*v*c* E*C*Y*T_*N
06-11 02:06:33.344  6474  6555 E module_protocol    ProtocolModuleServiceImpl: i*A*r*e*e*v*c* f*l*e *e*v*c* S*A*T
06-11 02:06:33.348  6436  6470 I ProviderUtil: package name of the provider is: com.huawei.phoneservice
06-11 02:06:33.367  6474  6555 E module_protocol    ProtocolModuleServiceImpl: i*A*r*e*e*v*c* f*l*e *e*v*c* E*C*Y*T_*N
06-11 02:06:33.367  6436  6468 I DeviceInfoReport: state from service provider: 0
06-11 02:06:33.368  6436  6468 I DeviceInfoReport: user not agree
06-11 02:06:33.372  6553  6553 I [Diag_common]: [main,00018] calling LSM init 
06-11 02:06:33.372  6436  6470 I ProviderUtil: package name of the provider is: com.huawei.phoneservice
06-11 02:06:33.373  6553  6553 I [Diag_common]: [main,00026]TestApp_MultiThread: Diag_LSM_Init succeeded. 
06-11 02:06:33.374  6474  6557 D DRouterCore: DRouter start load router table in drouter-table-thread
06-11 02:06:33.382  6474  6485 E module_protocol    ProtocolModuleServiceImpl: i*A*r*e*e*v*c* f*l*e *e*v*c* E*C*Y*T_*N
06-11 02:06:33.384  6474  6485 E module_protocol    ProtocolModuleServiceImpl: i*A*r*e*e*v*c* f*l*e *e*v*c* S*A*T
06-11 02:06:33.386  6436  6470 D PushXiaoYi: isOobeAgree: false, isMyHwAgree: false
06-11 02:06:33.387  6436  6470 W SmartNotifyService: user not agreed
06-11 02:06:33.387  6436  6470 I SmartNotifyService: stopCount: 1
06-11 02:06:33.394  6436  6436 I SmartNotifyService: onDestroy
06-11 02:06:33.395  6474  6474 I phx:core:PhX: phx init over
06-11 02:06:33.395  6474  6474 I HwApplication: versions:common=1.6.0,myhw=: null,forums=: 1.4.105.116-SNAPSHOT,members=: 1.24.5.3-SNAPSHOT,service=: 1.3.5.7-SNAPSHOT,tips=: 1.0.188-SNAPSHOT,recommend=: 1.24.5.2-SNAPSHOT,ecommerce=: 1.24.5.5-SNAPSHOT,oversea_me=: 1.24.5.5-SNAPSHOT,oversea_home=: 1.24.5.5-SNAPSHOT,oversea_forum=: 1.4.105.116-SNAPSHOT,mycar=: null,modules=: null
06-11 02:06:33.395  6474  6474 E module_protocol    ProtocolModuleServiceImpl: g*t*g*e*P*i*i*e *a*s*
06-11 02:06:33.460  6474  6474 I HwApplication: HwApplication create finish
06-11 02:06:33.462  6474  6474 E Minikin : Could not get cmap table size!
06-11 02:06:33.462  6474  6487 E MemoryLeakMonitorManager: MemoryLeakMonitor.jar is not exist!
06-11 02:06:33.464  6474  6474 I SecurityComp10200309: ActivityProtect: handleMessage: < 28
06-11 02:06:33.470  6436  6457 E XmlInsertUtils: occur parser configuration error.
06-11 02:06:33.505  6436  6457 I DetectionServiceAppStoreProxy: get ability map, size is: 45
06-11 02:06:33.510  6436  6457 I ChargingSupportType: get data from assets
06-11 02:06:33.528  6436  6457 I ChargingSupportType: productName =DUB-AL00
06-11 02:06:33.529  6436  6457 I ChargingSupportType: penDetectionSupportProducts =[MRR, MRX, WGR, GOT, DBY, HMW]
06-11 02:06:33.530  6436  6457 I DetectionServiceAppStoreProxy: not support pen detection
06-11 02:06:33.663  5950  5950 I HwOUC   : [main-1] ServiceHandler stop service(WifiAutoDownloadManageService.java:154)
06-11 02:06:33.666  5950  5950 I HwOUC   : [main-1], onDestroy(WifiAutoDownloadManageService.java:142)
06-11 02:06:33.950  6275  6275 V AudioManager: playSoundEffect   effectType: 0
06-11 02:06:33.955  1359  1393 V WindowManager: removeIfPossible: Window{9779423 u0 com.android.settings} callers=com.android.server.wm.WindowState.removeIfPossible:2027 com.android.server.wm.WindowManagerService.removeWindow:2098 com.android.server.wm.Session.remove:224 android.view.IWindowSession$Stub.onTransact:242 com.android.server.wm.Session.onTransact:165 
06-11 02:06:33.958  1359  1393 V WindowManager: Not removing Window{9779423 u0 com.android.settings EXITING} due to exit animation 
06-11 02:06:33.958  1359  1393 V HwPhoneWindowManager: updateSystemUiColorLw window=Window{125fa2c u0 com.huawei.android.launcher/com.huawei.android.launcher.unihome.UniHomeLauncher},EmuiStyle=-1,StatusBarColor=0xfffcfcfc,NavigationBarColor=0x0, mLastIsEmuiLightStyle=-1, mForceNotchStatusBar=false
06-11 02:06:33.984  6275  6275 I BD.Reporter: com.huawei.bd.IBDService$Stub$Proxy@17a554a
06-11 02:06:33.985  2453  2453 W InputMethodManager: startInputReason = 1
06-11 02:06:33.998  6149  6149 I wangchen: SysInfo.getSysParam: orientation=1||config d=2.0,w=720,h=1440||metrics d=2.0,w=720,h=1440||sdk=27,bar_h=56
06-11 02:06:33.998  6149  6149 I KeymapLoader: w=720 h=1440 ori=true appScale=2.25 s1=2.0
06-11 02:06:34.039  1359  1660 I chatty  : uid=1000(system) android.ui expire 1 line
06-11 02:06:34.040  2170  2582 I CommandQueue: updateBarBgColor
06-11 02:06:34.040  2170  2582 D CommandQueue: CommandQueue, setBarBackgroundColor
06-11 02:06:34.041  2170  2170 D TintManager: statusBarIconTint=99000000,navigationBarIconTint=99ffffff
06-11 02:06:34.159  1359  2001 V WindowManager: Exit animation finished in Window{9779423 u0 com.android.settings EXITING}: remove=true
06-11 02:06:34.162  6561  6561 E libc    : Access denied finding property "ro.hwfix.ro.process_list"
06-11 02:06:34.170  1359  2001 V WindowManager: postWindowRemoveCleanupLocked: Window{9779423 u0 com.android.settings}
06-11 02:06:34.170  1359  2001 V WindowManager: Removing Window{9779423 u0 com.android.settings} from WindowToken{d1eed20 android.os.BinderProxy@4ec3952}
06-11 02:06:34.178  6561  6561 E libc    : Access denied finding property "ro.hwfix.ro.process_list"
06-11 02:06:34.226   889   889 W hvdcp_opti: type=1400 audit(0.0:527): avc: denied { read } for name="dp_dm" dev="sysfs" ino=39780 scontext=u:r:hvdcp:s0 tcontext=u:object_r:sysfs:s0 tclass=file permissive=0
06-11 02:06:34.226   889   889 W hvdcp_opti: type=1400 audit(0.0:528): avc: denied { read } for name="input_current_limited" dev="sysfs" ino=39781 scontext=u:r:hvdcp:s0 tcontext=u:object_r:sysfs:s0 tclass=file permissive=0
06-11 02:06:34.229   889   889 W hvdcp_opti: type=1400 audit(0.0:529): avc: denied { read } for name="input_current_limited" dev="sysfs" ino=39781 scontext=u:r:hvdcp:s0 tcontext=u:object_r:sysfs:s0 tclass=file permissive=0
06-11 02:06:34.229   889   889 W hvdcp_opti: type=1400 audit(0.0:530): avc: denied { read } for name="charge_type" dev="sysfs" ino=39752 scontext=u:r:hvdcp:s0 tcontext=u:object_r:sysfs:s0 tclass=file permissive=0
06-11 02:06:34.229   889   889 W hvdcp_opti: type=1400 audit(0.0:531): avc: denied { read } for name="die_health" dev="sysfs" ino=39786 scontext=u:r:hvdcp:s0 tcontext=u:object_r:sysfs:s0 tclass=file permissive=0
06-11 02:06:34.236   889   889 W hvdcp_opti: type=1400 audit(0.0:532): avc: denied { read } for name="dp_dm" dev="sysfs" ino=39780 scontext=u:r:hvdcp:s0 tcontext=u:object_r:sysfs:s0 tclass=file permissive=0
