--------- beginning of system
06-11 01:57:25.179   577   590 I QISL    : QSEE Interrupt Service Listener Thread is started
06-11 01:57:25.180   577   590 I QISL    : QSEE Interrupt Service Listener was activated successfully
06-11 01:57:25.285   595   595 E vold    : Vold 3.0 (the awakening) firing up
06-11 01:57:25.286   595   595 V vold    : Detected support for: exfat ntfs ext4 f2fs vfat
06-11 01:57:25.292   595   595 W vold    : VolumeBase::setState(): Volume emulated State changing Unmounted->Unmounted
06-11 01:57:25.295   595   595 E vold    : [libfs_mgr]Warning: unknown flag continue
06-11 01:57:25.295   595   595 I chatty  : uid=0(root) /system/bin/vold identical 11 lines
06-11 01:57:25.295   595   595 E vold    : [libfs_mgr]Warning: unknown flag continue
06-11 01:57:25.302   595   599 E vold    : [libfs_mgr]fs_mgr_get_file_encryption_modes file cryption: platform supported, turn to hardware_fbe
06-11 01:57:25.482   595   599 I chatty  : uid=0(root) /system/bin/vold identical 2 lines
06-11 01:57:25.483   595   599 E vold    : [libfs_mgr]fs_mgr_get_file_encryption_modes file cryption: platform supported, turn to hardware_fbe
06-11 01:57:28.242   899   899 I installd: installd firing up
06-11 01:57:28.401   919   919 I wificond: wificond is starting up...
06-11 01:57:28.404   919   919 W wificond: enter wifi_stop_supplicant ...
06-11 01:57:28.405   919   919 W wificond: supplicant prop is null, wait at most 2 seconds for completion
06-11 01:57:28.643   775   775 I irsc_util: Starting irsc tool
06-11 01:57:28.672   775   775 I irsc_util: Num of entries:292
06-11 01:57:28.673   775   775 I irsc_util: Ending irsc tool
06-11 01:57:28.904   760   760 I vendor.huawei.hardware.wifi@1.1-service: Wifi Hal 1.1 is starting up...
06-11 01:57:29.819  1292  1292 I imsrcsd : Uce Service HAL  is starting up...
06-11 01:57:30.282  1359  1359 I chatty  : uid=1000 system_server expire 129 lines
06-11 01:57:30.893  1359  1462 I chatty  : uid=1000 system_server expire 27 lines
06-11 01:57:31.263  1359  1708 I chatty  : uid=1000(system) batterystats-wo expire 5 lines
06-11 01:57:31.637  1359  1816 I chatty  : uid=1000(system) android.display expire 2 lines
06-11 01:57:32.414   917  1002 E /system/bin/storaged: getService package_native failed
06-11 01:57:32.421   917  1002 I /system/bin/storaged: storaged: Start
06-11 01:57:32.968  1359  1925 I chatty  : uid=1000 system_server expire 2 lines
06-11 01:57:32.970  1359  1926 I chatty  : uid=1000 system_server expire 3 lines
06-11 01:57:32.970  1359  1929 I chatty  : uid=1000 system_server expire 3 lines
06-11 01:57:32.972  1359  1927 I chatty  : uid=1000 system_server expire 2 lines
06-11 01:57:32.976  1359  1928 I chatty  : uid=1000 system_server expire 2 lines
06-11 01:57:32.976  1359  1932 I chatty  : uid=1000 system_server expire 2 lines
06-11 01:57:32.982  1359  1931 I chatty  : uid=1000 system_server expire 1 line
06-11 01:57:32.983  1359  1930 I chatty  : uid=1000 system_server expire 1 line
06-11 01:57:33.027  1359  1941 I chatty  : uid=1000 system_server expire 3 lines
06-11 01:57:33.029  1359  1940 I chatty  : uid=1000 system_server expire 2 lines
06-11 01:57:33.031  1359  1943 I chatty  : uid=1000 system_server expire 2 lines
06-11 01:57:33.032  1359  1942 I chatty  : uid=1000 system_server expire 2 lines
06-11 01:57:33.038  1359  1944 I chatty  : uid=1000 system_server expire 1 line
06-11 01:57:33.045  1359  1945 I chatty  : uid=1000 system_server expire 1 line
06-11 01:57:33.050  1359  1946 I chatty  : uid=1000 system_server expire 1 line
06-11 01:57:33.066  1359  1947 I chatty  : uid=1000 system_server expire 1 line
06-11 01:57:33.079  1359  1950 I chatty  : uid=1000 system_server expire 12 lines
06-11 01:57:33.083  1359  1951 I chatty  : uid=1000 system_server expire 6 lines
06-11 01:57:33.086  1359  1948 I chatty  : uid=1000 system_server expire 8 lines
06-11 01:57:33.088  1359  1949 I chatty  : uid=1000 system_server expire 6 lines
06-11 01:57:33.091  1359  1953 I chatty  : uid=1000 system_server expire 8 lines
06-11 01:57:33.095  1359  1954 I chatty  : uid=1000 system_server expire 6 lines
06-11 01:57:33.108  1359  1952 I chatty  : uid=1000 system_server expire 4 lines
06-11 01:57:33.120  1359  1955 I chatty  : uid=1000 system_server expire 4 lines
06-11 01:57:33.126  1359  1956 I chatty  : uid=1000 system_server expire 4 lines
06-11 01:57:33.175  1359  1958 I chatty  : uid=1000 system_server expire 1 line
06-11 01:57:33.175  1359  1960 I chatty  : uid=1000 system_server expire 1 line
06-11 01:57:33.175  1359  1957 I chatty  : uid=1000 system_server expire 1 line
06-11 01:57:33.175  1359  1959 I chatty  : uid=1000 system_server expire 1 line
06-11 01:57:33.184  1359  1961 I chatty  : uid=1000 system_server expire 2 lines
06-11 01:57:33.228  1359  1962 I chatty  : uid=1000 system_server expire 2 lines
06-11 01:57:33.267  1359  1963 I chatty  : uid=1000 system_server expire 2 lines
06-11 01:57:33.275  1359  1359 I chatty  : uid=1000 system_server expire 172 lines
06-11 01:57:33.357  1359  1971 I chatty  : uid=1000 system_server expire 5 lines
06-11 01:57:34.820  1292  1292 I imsrcsd : getAndroidPropValue : vendor.ims.modem.multisub.cap[2]
06-11 01:57:34.820  1292  1292 I imsrcsd : Uce Service HAL  detected modemVersion[2]
06-11 01:57:34.820  1292  1292 I imsrcsd : Uce Service HAL  loading lib-imsrcs-v2
06-11 01:57:35.029  1292  1993 I imsrcsd : OnServiceStatusReceived iStatus[0]
06-11 01:57:35.031  1292  1993 I imsrcsd : Starting Service for First Time
06-11 01:57:35.033  1292  1993 I imsrcsd : CM_IMSCONNECTIONMANAGER_CREATE_CONNECTION Before Registering Service
06-11 01:57:35.034  1292  1993 I imsrcsd : CM_IMSCONNECTIONMANAGER_CREATE_CONNECTION After Registering Service
06-11 01:57:35.733  1359  1627 I chatty  : uid=1000(system) android.bg expire 22 lines
06-11 01:57:35.894  1359  2002 I chatty  : uid=1000 system_server expire 8 lines
06-11 01:57:35.907  1359  1394 I chatty  : uid=1000(system) Binder:1359_2 expire 1 line
06-11 01:57:35.910  1359  1655 I chatty  : uid=1000(system) ActivityManager expire 2 lines
06-11 01:57:35.933  1359  1462 I chatty  : uid=1000 system_server expire 1 line
06-11 01:57:36.461  1359  1816 I chatty  : uid=1000(system) android.display expire 25 lines
06-11 01:57:36.513  1359  1660 I chatty  : uid=1000(system) android.ui expire 3 lines
06-11 01:57:36.574  1359  2043 I chatty  : uid=1000 system_server expire 3 lines
06-11 01:57:36.580  1359  2021 I chatty  : uid=1000(system) Binder:1359_3 expire 1 line
06-11 01:57:36.786  1359  2046 I chatty  : uid=1000(system) InputDispatcher expire 10 lines
06-11 01:57:36.838  1359  2051 I chatty  : uid=1000(system) VoldConnector expire 1 line
06-11 01:57:36.838  1359  2052 I chatty  : uid=1000(system) CryptdConnector expire 2 lines
06-11 01:57:36.873  1359  2049 I chatty  : uid=1000(system) StorageManagerS expire 10 lines
06-11 01:57:36.877   595   599 E Cryptfs : Cannot get field when file encrypted
06-11 01:57:36.884   595   598 D VoldCmdListener: asec list
06-11 01:57:36.884  1359  2002 I chatty  : uid=1000 system_server expire 3 lines
06-11 01:57:36.885  1359  2051 I chatty  : uid=1000(system) VoldConnector expire 2 lines
06-11 01:57:36.897  1359  1359 I chatty  : uid=1000 system_server expire 198 lines
06-11 01:57:37.038   595   598 D VoldCmdListener: asec list
06-11 01:57:37.204  1359  2058 I chatty  : uid=1000(system) NetdConnector expire 11 lines
06-11 01:57:37.265  1359  1999 I chatty  : uid=1000 system_server expire 1 line
06-11 01:57:37.292  1359  1627 I chatty  : uid=1000(system) android.bg expire 1 line
06-11 01:57:37.583  1359  2071 I chatty  : uid=1000(system) IpManager.wlan0 expire 3 lines
06-11 01:57:37.679  1359  2078 I chatty  : uid=1000(system) WifiP2pService expire 1 line
06-11 01:57:37.816  1359  2086 I chatty  : uid=1000(system) notification ma expire 2 lines
06-11 01:57:38.126  1359  2094 I chatty  : uid=1000(system) nt.EventHandler expire 2 lines
06-11 01:57:38.180  1359  2081 I chatty  : uid=1000(system) ConnectivitySer expire 3 lines
06-11 01:57:38.657  1359  2129 I chatty  : uid=1000(system) StatisticsCHRMs expire 4 lines
06-11 01:57:38.703  1359  2140 I chatty  : uid=1000(system) EthernetService expire 1 line
06-11 01:57:38.710  1359  2058 I chatty  : uid=1000(system) NetdConnector expire 39 lines
06-11 01:57:38.717  1359  1359 I chatty  : uid=1000 system_server expire 130 lines
06-11 01:57:38.899  1359  2143 I chatty  : uid=1000(system) EyeProtectionCo expire 6 lines
06-11 01:57:38.925  1359  1655 I chatty  : uid=1000(system) ActivityManager expire 11 lines
06-11 01:57:38.925  1359  1859 I chatty  : uid=1000(system) PowerManagerSer expire 5 lines
06-11 01:57:38.957  1359  2151 I chatty  : uid=1000 system_server expire 1 line
06-11 01:57:38.976  1359  2145 I chatty  : uid=1000(system) PhotonicModulat expire 4 lines
06-11 01:57:39.005  1359  1815 I chatty  : uid=1000(system) android.io expire 2 lines
06-11 01:57:39.006  1359  1816 I chatty  : uid=1000(system) android.display expire 2 lines
06-11 01:57:39.409  1359  2049 I chatty  : uid=1000(system) StorageManagerS expire 6 lines
06-11 01:57:39.410  1359  1652 I chatty  : uid=1000(system) HwActivityManag expire 3 lines
06-11 01:57:39.411   595   598 D VoldCmdListener: volume reset
06-11 01:57:39.412   595   598 W vold    : VolumeBase::setState(): Volume emulated State changing Unmounted->Removed
06-11 01:57:39.412   595   598 W vold    : VolumeBase::setState(): Volume emulated State changing Removed->Unmounted
06-11 01:57:39.413  1359  2051 I chatty  : uid=1000(system) VoldConnector expire 9 lines
06-11 01:57:39.414  1359  1814 I chatty  : uid=1000(system) android.fg expire 8 lines
06-11 01:57:39.420   595   598 D VoldCmdListener: volume user_added 0 0
06-11 01:57:39.430  2157  2157 D ActivityThread: Attach thread to application
06-11 01:57:39.434   595   598 D VoldCmdListener: volume mount emulated 3 -1 -1
06-11 01:57:39.434   595   598 W vold    : VolumeBase::setState(): Volume emulated State changing Unmounted->Checking
06-11 01:57:39.434   595   598 W vold    : EmulatedVolume::doMount(): mFuseDefault is /mnt/runtime/default/emulated
06-11 01:57:39.434   595   598 W vold    : EmulatedVolume::doMount(): mFuseRead is /mnt/runtime/read/emulated
06-11 01:57:39.434   595   598 W vold    : EmulatedVolume::doMount(): mFuseWrite is /mnt/runtime/write/emulated
06-11 01:57:39.434   595   598 W vold    : EmulatedVolume::doMount(): mRawPath is /data/media
06-11 01:57:39.436   595   598 V vold    : Waiting for FUSE to spin up...
06-11 01:57:39.441  1359  1393 I chatty  : uid=1000(system) Binder:1359_1 expire 2 lines
06-11 01:57:39.458  1359  2021 I chatty  : uid=1000(system) Binder:1359_3 expire 6 lines
06-11 01:57:39.458  1359  1359 I chatty  : uid=1000 system_server expire 127 lines
06-11 01:57:39.461  2170  2170 D ActivityThread: Attach thread to application
06-11 01:57:39.465  1359  2091 I chatty  : uid=1000(system) AudioService expire 1 line
06-11 01:57:39.468  1359  1462 I chatty  : uid=1000 system_server expire 7 lines
06-11 01:57:39.486  1359  2058 I chatty  : uid=1000(system) NetdConnector expire 36 lines
06-11 01:57:39.487   595   598 D vold    : EmulatedVolume::doMount(), Successfully to mount internal SD card
06-11 01:57:39.487   595   598 W vold    : VolumeBase::setState(): Volume emulated State changing Checking->Mounted
06-11 01:57:39.488  1359  2051 I chatty  : uid=1000(system) VoldConnector expire 2 lines
06-11 01:57:39.490  1359  1814 I chatty  : uid=1000(system) android.fg expire 1 line
06-11 01:57:39.560  1359  1708 I chatty  : uid=1000(system) batterystats-wo expire 2 lines
06-11 01:57:39.570  1359  2061 I chatty  : uid=1000(system) NetworkPolicy expire 6 lines
06-11 01:57:39.834  1359  2276 I chatty  : uid=1000(system) watchdog expire 1 line
06-11 01:57:39.840  1359  2278 I chatty  : uid=1000 system_server expire 5 lines
06-11 01:57:39.856  1359  2060 I chatty  : uid=1000(system) NetworkStats expire 7 lines
06-11 01:57:39.885  1359  2081 I chatty  : uid=1000(system) ConnectivitySer expire 1 line
06-11 01:57:39.938  1359  2305 I chatty  : uid=1000(system) MultiTaskManage expire 2 lines
06-11 01:57:39.971  1359  2287 I chatty  : uid=1000(system) LocationThread expire 4 lines
06-11 01:57:40.032  2319  2319 D ActivityThread: Attach thread to application
06-11 01:57:40.036  2335  2335 D ActivityThread: Attach thread to application
06-11 01:57:40.057  2349  2349 D ActivityThread: Attach thread to application
06-11 01:57:40.076  2368  2368 D ActivityThread: Attach thread to application
06-11 01:57:40.089  2381  2381 D ActivityThread: Attach thread to application
06-11 01:57:40.106  2399  2399 D ActivityThread: Attach thread to application
06-11 01:57:40.118  2414  2414 D ActivityThread: Attach thread to application
06-11 01:57:40.195  1359  1394 I chatty  : uid=1000(system) Binder:1359_2 expire 7 lines
06-11 01:57:40.202  1359  2056 I chatty  : uid=1000(system) Binder:1359_4 expire 1 line
06-11 01:57:40.208  2453  2453 D ActivityThread: Attach thread to application
06-11 01:57:40.211  1359  2380 I chatty  : uid=1000(system) Binder:1359_6 expire 1 line
06-11 01:57:40.215  1359  2409 I chatty  : uid=1000(system) Binder:1359_9 expire 1 line
06-11 01:57:40.220  1359  2386 I chatty  : uid=1000(system) Binder:1359_7 expire 1 line
06-11 01:57:40.226  1359  2441 I chatty  : uid=1000(system) Binder:1359_A expire 1 line
06-11 01:57:40.228  1359  1660 I chatty  : uid=1000(system) android.ui expire 1 line
06-11 01:57:40.230  1359  1859 I chatty  : uid=1000(system) PowerManagerSer expire 3 lines
06-11 01:57:40.318  2170  2170 V KeyguardViewMediator: updateInputRestrictedLocked 1 isInputApp = false, inputRestricted = true
06-11 01:57:40.324  1359  2287 I chatty  : uid=1000(system) LocationThread expire 4 lines
06-11 01:57:40.437  1359  2496 I chatty  : uid=1000(system) Binder:1359_C expire 26 lines
06-11 01:57:40.438  1359  2386 I chatty  : uid=1000(system) Binder:1359_7 expire 27 lines
06-11 01:57:40.440  1359  2081 I chatty  : uid=1000(system) ConnectivitySer expire 1 line
06-11 01:57:40.462  1359  1359 I chatty  : uid=1000 system_server expire 85 lines
06-11 01:57:40.475  2335  2335 W ContextImpl: Calling a method in the system process without a qualified user: android.app.ContextImpl.startService:1708 com.huawei.bd.db.BDInnerProvider.onCreate:47 android.content.ContentProvider.attachInfo:1920 android.content.ContentProvider.attachInfo:1894 android.app.ActivityThread.installProvider:7234 
06-11 01:57:40.481  2335  2335 W ContextImpl: Calling a method in the system process without a qualified user: android.app.ContextImpl.startService:1708 com.huawei.bd.db.BDProvider.onCreate:53 android.content.ContentProvider.attachInfo:1920 android.content.ContentProvider.attachInfo:1894 android.app.ActivityThread.installProvider:7234 
06-11 01:57:40.485  2335  2335 W ContextImpl: Calling a method in the system process without a qualified user: android.app.ContextImpl.startService:1708 android.content.ContextWrapper.startService:657 com.huawei.lcagent.service.HiViewApplication.startLogService:15 com.huawei.lcagent.service.HiViewApplication.onCreate:10 android.app.Instrumentation.callApplicationOnCreate:1123 
06-11 01:57:40.499  1359  2089 I chatty  : uid=1000(system) onProviders.ECP expire 2 lines
06-11 01:57:40.524  2381  2381 I HwServerApplication: startNonHardAccelPkgsService...
06-11 01:57:40.526  1359  2401 I chatty  : uid=1000(system) Binder:1359_8 expire 1 line
06-11 01:57:40.543  2381  2381 I HwServerApplication: start HwUsbHdbEnterService
06-11 01:57:40.546  2381  2381 I HwServerApplication: startAntiTheftService
06-11 01:57:40.601  2335  2335 W ContextImpl: Calling a method in the system process without a qualified user: android.app.ContextImpl.startService:1708 android.content.ContextWrapper.startService:657 com.huawei.bd.BDApplication.startBDService:15 com.huawei.bd.BDApplication.onCreate:10 android.app.Instrumentation.callApplicationOnCreate:1123 
06-11 01:57:40.638  2335  2584 W ContextImpl: Calling a method in the system process without a qualified user: android.app.ContextImpl.sendBroadcast:1131 android.content.ContextWrapper.sendBroadcast:442 com.huawei.lcagent.service.LogCollectService.startAqvServiceByBroadcast:383 com.huawei.lcagent.service.LogCollectService.initialize:207 com.huawei.lcagent.service.LogCollectService.-wrap6:0 
06-11 01:57:40.638  2381  2381 I HwAntiTheftService: checkDevice not skip
06-11 01:57:40.645  2381  2381 I HwServerApplication: start HwSaveDataEnterService
06-11 01:57:40.647  2381  2381 I HwServerApplication: start JankShieldService
06-11 01:57:40.648  2381  2381 W ContextImpl: Calling a method in the system process without a qualified user: android.app.ContextImpl.startService:1708 android.content.ContextWrapper.startService:657 com.huawei.systemserver.HwServerApplication.startJankShieldService:282 com.huawei.systemserver.HwServerApplication.startBootstrapServices:108 com.huawei.systemserver.HwServerApplication.startServices:93 
06-11 01:57:40.648  2399  2399 W ContextImpl: Calling a method in the system process without a qualified user: android.app.ContextImpl.startService:1708 android.content.ContextWrapper.startService:657 com.huawei.powergenie.core.PGApp.onCreate:87 android.app.Instrumentation.callApplicationOnCreate:1123 android.app.ActivityThread.handleBindApplication:6636 
06-11 01:57:40.649  2381  2571 I HwAntiTheftService: checkDevice delay in seconds: 30
06-11 01:57:40.654  2381  2381 I HwServerApplication: startHwCommBoosterService
06-11 01:57:40.663  2381  2381 I BoosterUtil: getPhoneNum first success:2
06-11 01:57:40.670  2381  2381 I HwCommBoosterManager: registerAPDataPluginMap
06-11 01:57:40.670  2381  2381 I HwCommBoosterManager: registerModemDataPluginMap
06-11 01:57:40.670  2381  2381 I HwCommBoosterManager: registerPlugins
06-11 01:57:40.679  2381  2381 I DeepNoDisturbSM: BoosterDeepNoDisturbGameModeStateMachine init
06-11 01:57:40.695  2381  2381 W HwServerApplication: startAodManagerService return for not support aod!
06-11 01:57:40.698  2381  2381 I HwServerApplication: setupSensorObserver
06-11 01:57:40.704  2381  2381 E MagnBracketObserver: do not find name
06-11 01:57:40.706  2381  2381 I HwServerApplication: startCoverManagerService
06-11 01:57:40.723  2381  2381 W WindowManager_cover: initTouchArea cover win not set!
06-11 01:57:40.833  2453  2453 V ActivityThread: Skipping new config:{1.0 ?mcc?mnc [zh_CN_#Hans] ldltr sw360dp w360dp h692dp 320dpi nrml long port finger -keyb/v/h -nav/h appBounds=Rect(0, 0 - 720, 1440) nonFullScreen=0 suim:1 s.7}, config:{1.0 ?mcc?mnc [zh_CN_#Hans] ldltr sw360dp w360dp h692dp 320dpi nrml long port finger -keyb/v/h -nav/h appBounds=Rect(0, 0 - 720, 1440) nonFullScreen=0 suim:1 s.7} for app:com.huawei.android.launcher
06-11 01:57:40.850  2453  2453 V ActivityThread: callActivityOnCreate
06-11 01:57:40.853  2453  2622 E ActivityThread: Failed to find provider info for com.huawei.hiassistantoversea.setting.search.SearchSupportedProvider
06-11 01:57:40.928  1359  2632 I chatty  : uid=1000(system) BluetoothRouteM expire 1 line
06-11 01:57:40.950  1359  2635 I chatty  : uid=1000(system) uteStateMachine expire 1 line
06-11 01:57:40.961  1359  2639 I chatty  : uid=1000(system) CallAudioModeSt expire 1 line
06-11 01:57:41.009  1359  2441 I chatty  : uid=1000(system) Binder:1359_A expire 8 lines
06-11 01:57:41.047  1359  2056 I chatty  : uid=1000(system) Binder:1359_4 expire 10 lines
06-11 01:57:41.075  1359  2667 I chatty  : uid=1000 system_server expire 1 line
06-11 01:57:41.077  2453  2453 D ActivityThread: add activity client record, r= ActivityRecord{28687ed token=android.os.BinderProxy@c9bee86 {com.huawei.android.launcher/com.huawei.android.launcher.unihome.UniHomeLauncher}} token= android.os.BinderProxy@c9bee86
06-11 01:57:41.090  2652  2652 D ActivityThread: Attach thread to application
06-11 01:57:41.162  2399  2591 W ContextImpl: Calling a method in the system process without a qualified user: android.app.ContextImpl.bindService:1788 android.content.ContextWrapper.bindService:691 com.huawei.android.location.activityrecognition.HwActivityRecognition.bindService:1088 com.huawei.android.location.activityrecognition.HwActivityRecognition.connectService:116 com.huawei.powergenie.core.contextaware.MotionDetection.connectionHwArService:114 
06-11 01:57:41.188  1359  1660 I chatty  : uid=1000(system) android.ui expire 1 line
06-11 01:57:41.253  1359  1394 I chatty  : uid=1000(system) Binder:1359_2 expire 6 lines
06-11 01:57:41.255  1359  1836 I chatty  : uid=1000(system) HwGameAssistant expire 1 line
06-11 01:57:41.300  2688  2688 D ActivityThread: Attach thread to application
06-11 01:57:41.396  1359  2329 I chatty  : uid=1000(system) Binder:1359_5 expire 6 lines
06-11 01:57:41.413  2170  2582 D CommandQueue: setNotchStatusBarColor
06-11 01:57:41.413  2170  2582 D CommandQueue: CommandQueue, setNotchStatusBarColor
06-11 01:57:41.431  2381  2381 I HwServerApplication: Start  the sar control service
06-11 01:57:41.433  2381  2381 W ContextImpl: Calling a method in the system process without a qualified user: android.app.ContextImpl.startService:1708 android.content.ContextWrapper.startService:657 com.huawei.systemserver.HwServerApplication.startSarControlService:346 com.huawei.systemserver.HwServerApplication.startCoreServices:131 com.huawei.systemserver.HwServerApplication.startServices:94 
06-11 01:57:41.436  2381  2381 I HwServerApplication: Not support huawei PKI!
06-11 01:57:41.436  2381  2381 I HwServerApplication: Start HwDubaiService
06-11 01:57:41.437  2381  2381 W ContextImpl: Calling a method in the system process without a qualified user: android.app.ContextImpl.startService:1708 android.content.ContextWrapper.startService:657 com.huawei.systemserver.HwServerApplication.startHwDubaiService:376 com.huawei.systemserver.HwServerApplication.startCoreServices:137 com.huawei.systemserver.HwServerApplication.startServices:94 
06-11 01:57:41.443  2381  2381 D FaceRecognizeService: NEW FaceRecognizeService
06-11 01:57:41.445  2381  2716 V FaceRecognizeService: mDeamon was null, reconnect to facerecognition
06-11 01:57:41.447  2381  2381 D FaceRecognizeService: registerReceiver USER PRESENT
06-11 01:57:41.451  2381  2381 I HwServerApplication: start strarCoverManagerReceiver
06-11 01:57:41.451  2381  2381 I HwServerApplication: start HsmCoreService
06-11 01:57:41.451  2381  2716 D FaceRecognizeService: getFaceRecognizeDaemonHAL id: 505673957376
06-11 01:57:41.453  2381  2716 D FaceRecognizeService: setActiveGroup userId = 0 mCurrentUserId = -10000 packageName = null
06-11 01:57:41.466  2381  2381 I HwServerApplication: start HwCoreAppHelperService
06-11 01:57:41.468  2381  2381 I HwServerApplication: start BootanimService
06-11 01:57:41.474  2381  2716 D FaceRecognitionUserData: updateFaceRecognitions faceList In
06-11 01:57:41.474  2381  2716 E FaceRecognitionUserData: updateFaceRecognitions List is NULL! clear mFaceRecognizeArray
06-11 01:57:41.481  2381  2381 I HwServerApplication: startHwIrSelfLearningManagerService hasSystemFeature FEATURE_CONSUMER_IR = false
06-11 01:57:41.482  2381  2381 I HwServerApplication: Start the ihealth step counter service
06-11 01:57:41.485  2381  2381 I HwServerApplication: start HwAftPolicyService
06-11 01:57:41.486  2381  2381 W ContextImpl: Calling a method in the system process without a qualified user: android.app.ContextImpl.startService:1708 android.content.ContextWrapper.startService:657 com.huawei.systemserver.HwServerApplication.startAftPolicyService:325 com.huawei.systemserver.HwServerApplication.startOtherServices:158 com.huawei.systemserver.HwServerApplication.startServices:95 
06-11 01:57:41.488  2381  2381 I HwServerApplication: Start  the hotpatch service
06-11 01:57:41.491  2381  2381 I HwServerApplication: start GameAssistantService
06-11 01:57:41.491  2381  2381 D HwGameAssistantService: Init HwGameAssistantService.
06-11 01:57:41.501  2381  2381 I HwServerApplication:  isOversea propCode = CN
06-11 01:57:41.525  2381  2381 I HwServerApplication: Start today base step service
06-11 01:57:41.528  2381  2381 I HwServerApplication: sendHwSystemServerStartBroadcast
06-11 01:57:41.535  2381  2381 I DeepNoDisturbSM: IdleState enter
06-11 01:57:41.547  2381  2381 I DeepNoDisturbSM: isNetworkTypeSuitDeepNoDisturbMode networkType = 0
06-11 01:57:41.548  2381  2381 I DeepNoDisturbSM: isCorrectState=true mIsCallOn=false mGameStatus=0 defaultDataSubId=0 default4GSlotId=0 mIsDefaultDataOn=false mIsScreenOn=false deepNoDisturbModeProp=true isDeepNoDisturbSwitchOn=false isGameDndSwitchOn=true isNetworkTypeSuitDeepNoDisturbMode=false isAirplaneModeOn()=true
06-11 01:57:41.548  2381  2381 I DeepNoDisturbSM: isNeedEnterDeepNoDisturbMode false
06-11 01:57:41.631  2170  2186 I CommandQueue: updateBarBgColor
06-11 01:57:41.631  2170  2186 D CommandQueue: CommandQueue, setBarBackgroundColor
06-11 01:57:41.680  2734  2734 D ActivityThread: Attach thread to application
06-11 01:57:41.699  1359  2001 I chatty  : uid=1000(system) android.anim expire 6 lines
06-11 01:57:41.749  1359  2143 I chatty  : uid=1000(system) EyeProtectionCo expire 14 lines
06-11 01:57:41.786  1359  1627 I chatty  : uid=1000(system) android.bg expire 2 lines
06-11 01:57:41.792  1359  2058 I chatty  : uid=1000(system) NetdConnector expire 2 lines
06-11 01:57:41.818  2756  2756 D ActivityThread: Attach thread to application
06-11 01:57:41.849  1359  2021 I chatty  : uid=1000(system) Binder:1359_3 expire 4 lines
06-11 01:57:41.851  1359  2779 I chatty  : uid=1000 system_server expire 1 line
06-11 01:57:41.854  1359  2781 I chatty  : uid=1000 system_server expire 1 line
06-11 01:57:41.872  1359  1655 I chatty  : uid=1000(system) ActivityManager expire 1 line
06-11 01:57:41.921  2381  2410 I HwCommBoosterManager: registerCallBackImpl success, pkgName = com.android.server
06-11 01:57:41.921  2381  2410 I DeepNoDisturbP: handleCallBackRegisterStateChanged
06-11 01:57:41.926  1359  2789 I chatty  : uid=1000 system_server expire 4 lines
06-11 01:57:41.943  2688  2688 W ContextImpl: Calling a method in the system process without a qualified user: android.app.ContextImpl.startService:1708 android.content.ContextWrapper.startService:657 com.huawei.library.stat.client.HsmStatProxy.startMainService:300 com.huawei.systemmanager.SystemManagerApplication.startServices:204 com.huawei.systemmanager.SystemManagerApplication.onCreate:150 
06-11 01:57:41.951  2688  2688 W ContextImpl: Calling a method in the system process without a qualified user: android.app.ContextImpl.startService:1708 android.content.ContextWrapper.startService:657 com.huawei.systemmanager.SystemManagerApplication.startPermissionService:286 com.huawei.systemmanager.SystemManagerApplication.startServices:205 com.huawei.systemmanager.SystemManagerApplication.onCreate:150 
06-11 01:57:41.958  2688  2688 W ContextImpl: Calling a method in the system process without a qualified user: android.app.ContextImpl.startService:1708 android.content.ContextWrapper.startService:657 com.huawei.systemmanager.SystemManagerApplication.startBgStaticsService:308 com.huawei.systemmanager.SystemManagerApplication.startServices:210 com.huawei.systemmanager.SystemManagerApplication.onCreate:150 
06-11 01:57:41.967  2381  2410 W ContextImpl: Calling a method in the system process without a qualified user: android.app.ContextImpl.startService:1708 android.content.ContextWrapper.startService:657 com.huawei.systemserver.geofence.GeofenceProviderService$HwGeofenceProvider.onGeofenceHardwareChange:57 com.android.location.provider.GeofenceProvider$1.setGeofenceHardware:42 android.location.IGeofenceProvider$Stub.onTransact:55 
06-11 01:57:41.985  2688  2688 W ContextImpl: Calling a method in the system process without a qualified user: android.app.ContextImpl.startService:1708 android.content.ContextWrapper.startService:657 com.huawei.systemmanager.SystemManagerApplication.startAppLockService:324 com.huawei.systemmanager.SystemManagerApplication.startServices:211 com.huawei.systemmanager.SystemManagerApplication.onCreate:150 
06-11 01:57:41.989  2688  2688 W ContextImpl: Calling a method in the system process without a qualified user: android.app.ContextImpl.startService:1708 android.content.ContextWrapper.startService:657 com.huawei.systemmanager.SystemManagerApplication.startDeviceStorageMonitorService:315 com.huawei.systemmanager.SystemManagerApplication.startServices:212 com.huawei.systemmanager.SystemManagerApplication.onCreate:150 
06-11 01:57:41.993  2688  2688 W ContextImpl: Calling a method in the system process without a qualified user: android.app.ContextImpl.startService:1708 android.content.ContextWrapper.startService:657 com.huawei.systemmanager.SystemManagerApplication.startSpaceCleanService:336 com.huawei.systemmanager.SystemManagerApplication.startServices:216 com.huawei.systemmanager.SystemManagerApplication.onCreate:150 
06-11 01:57:41.997  2688  2688 W ContextImpl: Calling a method in the system process without a qualified user: android.app.ContextImpl.startService:1708 android.content.ContextWrapper.startService:657 com.huawei.systemmanager.SystemManagerApplication.startSmartControlResidentService:346 com.huawei.systemmanager.SystemManagerApplication.startServices:219 com.huawei.systemmanager.SystemManagerApplication.onCreate:150 
06-11 01:57:42.003  2688  2688 W ContextImpl: Calling a method in the system process without a qualified user: android.app.ContextImpl.startService:1708 android.content.ContextWrapper.startService:657 com.huawei.systemmanager.SystemManagerApplication.startAntivirusService:353 com.huawei.systemmanager.SystemManagerApplication.startServices:220 com.huawei.systemmanager.SystemManagerApplication.onCreate:150 
06-11 01:57:42.015  2688  2688 W ContextImpl: Calling a method in the system process without a qualified user: android.app.ContextImpl.startService:1708 android.content.ContextWrapper.startService:657 com.huawei.systemmanager.SystemManagerApplication.startCoreService:241 com.huawei.systemmanager.SystemManagerApplication.startServices:222 com.huawei.systemmanager.SystemManagerApplication.onCreate:150 
06-11 01:57:42.106  1359  1393 I chatty  : uid=1000(system) Binder:1359_1 expire 2 lines
06-11 01:57:42.141  2820  2820 D ActivityThread: Attach thread to application
06-11 01:57:42.172  1359  2409 I chatty  : uid=1000(system) Binder:1359_9 expire 1 line
06-11 01:57:42.176  2688  2846 W ContextImpl: Calling a method in the system process without a qualified user: android.app.ContextImpl.startService:1708 android.content.ContextWrapper.startService:657 tmsdk.common.TMSDKContext.start:153 tmsdk.common.TMSDKContext.access$000:0 tmsdk.common.TMSDKContext$1.run:0 
06-11 01:57:42.235  1359  1816 I chatty  : uid=1000(system) android.display expire 2 lines
06-11 01:57:42.391  1359  2496 I chatty  : uid=1000(system) Binder:1359_C expire 12 lines
06-11 01:57:42.393  1359  2021 I chatty  : uid=1000(system) Binder:1359_3 expire 71 lines
06-11 01:57:42.397  1359  2058 I chatty  : uid=1000(system) NetdConnector expire 38 lines
06-11 01:57:42.400  1359  2409 I chatty  : uid=1000(system) Binder:1359_9 expire 12 lines
06-11 01:57:42.414  2688  2891 W ContextImpl: Calling a method in the system process without a qualified user: android.app.ContextImpl.sendBroadcast:1131 android.content.ContextWrapper.sendBroadcast:442 com.huawei.harassmentinterception.strategy.IntellEngineController.openSmsEngine:26 com.huawei.harassmentinterception.strategy.StrategyManager.updateStrategy:184 com.huawei.harassmentinterception.strategy.StrategyManager.updateStrategyFromDb:137 
06-11 01:57:42.461  1359  2441 I chatty  : uid=1000(system) Binder:1359_A expire 21 lines
06-11 01:57:42.478  2897  2897 D ActivityThread: Attach thread to application
06-11 01:57:42.516  1359  1393 I chatty  : uid=1000(system) Binder:1359_1 expire 8 lines
06-11 01:57:42.519  2335  2335 W ContextImpl: Calling a method in the system process without a qualified user: android.app.ContextImpl.startService:1708 android.content.ContextWrapper.startService:657 android.content.ContextWrapper.startService:657 com.huawei.aqv.AQVReceiver.onReceive:25 android.app.ActivityThread.handleReceiver:3793 
06-11 01:57:42.722  2414  2414 W SystemConfig: <feature> android.software.home_screen is disabled in china area
06-11 01:57:42.738  2414  2414 W SystemConfig: <feature> android.software.home_screen is disabled in china area
06-11 01:57:42.740  2414  2414 D SystemConfig: Removed unavailable feature android.hardware.sensor.barometer
06-11 01:57:42.740  2414  2414 D SystemConfig: Removed unavailable feature android.hardware.sensor.gyroscope
06-11 01:57:42.741  2414  2414 D SystemConfig: Removed unavailable feature android.hardware.sensor.stepdetector
06-11 01:57:42.742  2414  2414 D SystemConfig: Removed unavailable feature android.hardware.fingerprint
06-11 01:57:42.742  2414  2414 W SystemConfig: No directory /system/emui/base/sysconfig, skipping
06-11 01:57:42.743  2414  2414 W SystemConfig: No directory /system/emui/china/sysconfig, skipping
06-11 01:57:42.743  2414  2414 W SystemConfig: No directory /system/emui/china/permissions, skipping
06-11 01:57:42.743  2414  2414 W SystemConfig: No directory /system/emui/lite/sysconfig, skipping
06-11 01:57:42.743  2414  2414 W SystemConfig: No directory /system/emui/lite/permissions, skipping
06-11 01:57:42.743  2414  2414 W SystemConfig: No directory /vendor/etc/sysconfig, skipping
06-11 01:57:42.745  2414  2414 D SystemConfig: Removed unavailable feature android.hardware.sensor.barometer
06-11 01:57:42.746  2414  2414 D SystemConfig: Removed unavailable feature android.hardware.sensor.gyroscope
06-11 01:57:42.747  2414  2414 D SystemConfig: Removed unavailable feature android.hardware.sensor.stepdetector
06-11 01:57:42.751  2414  2414 W SystemConfig: <feature> android.software.home_screen is disabled in china area
06-11 01:57:42.751  2414  2414 W SystemConfig: No directory /odm/etc/sysconfig, skipping
06-11 01:57:42.753  2414  2414 W SystemConfig: No directory /product/etc/sysconfig, skipping
06-11 01:57:42.753  2414  2414 D SystemConfig: Removed unavailable feature android.hardware.fingerprint
06-11 01:57:42.754  2414  2414 W SystemConfig: No directory /preas/china/sysconfig, skipping
06-11 01:57:42.758  2414  2414 W SystemConfig: No directory /prets/sysconfig, skipping
06-11 01:57:42.758  2414  2414 W SystemConfig: No directory /hw_oem/sysconfig, skipping
06-11 01:57:42.758  2414  2414 W SystemConfig: No directory /hw_oem/permissions, skipping
06-11 01:57:42.759  2414  2414 W SystemConfig: No directory /hw_preload/sysconfig, skipping
06-11 01:57:42.760  2414  2414 W SystemConfig: No directory /data/cust/sysconfig, skipping
06-11 01:57:42.761  2414  2414 W SystemConfig: No directory /version/region_comm/china/sysconfig, skipping
06-11 01:57:42.762  2414  2414 W SystemConfig: No directory /cust_spec/sysconfig, skipping
06-11 01:57:42.793  1359  1359 I chatty  : uid=1000 system_server expire 24 lines
06-11 01:57:42.814  1359  2081 I chatty  : uid=1000(system) ConnectivitySer expire 8 lines
06-11 01:57:42.860  2688  2688 W ContextImpl: Calling a method in the system process without a qualified user: android.app.ContextImpl.bindService:1788 android.content.ContextWrapper.bindService:691 com.huawei.library.stat.client.HsmStatProxy.bindService:268 com.huawei.library.stat.client.HsmStatProxy.-wrap0:0 com.huawei.library.stat.client.HsmStatProxy$1.handleMessage:67 
06-11 01:57:42.908  2414  2958 E ActivityThread: Failed to find provider info for com.android.contacts
06-11 01:57:42.949  1359  2329 I chatty  : uid=1000(system) Binder:1359_5 expire 16 lines
06-11 01:57:42.977  2414  2414 V Telephony-TtyManager: updateTtyMode 0 -> 0
06-11 01:57:42.980  2414  2414 I Telephony-TtyManager: updateUiTtyMode -1 -> 0
06-11 01:57:42.983  2414  2414 V Telephony-TtyManager: updateTtyMode 0 -> 0
06-11 01:57:42.985  2414  2414 I Telephony-TtyManager: updateUiTtyMode -1 -> 0
06-11 01:57:42.985  2414  2414 D Telephony-TelephonyGlobals: TelecomAccountRegistry.getInstance(mContext).setupOnBoot()
06-11 01:57:42.985  2414  2414 D Telephony-TelecomAccountRegistry: setupOnBoot
06-11 01:57:43.007  1359  1655 I chatty  : uid=1000(system) ActivityManager expire 8 lines
06-11 01:57:43.320  2170  2983 E ActivityThread: Failed to find provider info for com.android.contacts
06-11 01:57:43.362  1359  1394 I chatty  : uid=1000(system) Binder:1359_2 expire 5 lines
06-11 01:57:43.461  2170  2272 E ActivityThread: Failed to find provider info for media
06-11 01:57:43.470  2414  2414 D Telephony-TelecomAccountRegistry: onServiceStateChanged0 newState : 1, mServiceState : 3
06-11 01:57:43.470  2414  2414 V Telephony-TtyManager: got setTtyMode response
06-11 01:57:43.473  2414  2414 D Telephony-TelecomAccountRegistry: onServiceStateChanged1 newState : 1, mServiceState : 1
06-11 01:57:43.473  2414  2414 V Telephony-TtyManager: got setTtyMode response
06-11 01:57:43.522  1359  1660 I chatty  : uid=1000(system) android.ui expire 1 line
06-11 01:57:43.649  3003  3003 D ActivityThread: Attach thread to application
06-11 01:57:43.853  2414  2414 D Telephony-TelecomAccountRegistry: onServiceStateChanged0 newState : 3, mServiceState : 1
06-11 01:57:43.882  2414  2414 D Telephony-TelecomAccountRegistry: onServiceStateChanged1 newState : 3, mServiceState : 3
06-11 01:57:43.918  3039  3039 D ActivityThread: Attach thread to application
06-11 01:57:43.990  2414  2414 V Telephony-TtyManager: got queryTTYMode response
06-11 01:57:43.990  2414  2414 D Telephony-TtyManager: setting TTY mode to 0 succeeded
06-11 01:57:43.990  2414  2414 V Telephony-TtyManager: got queryTTYMode response
06-11 01:57:43.990  2414  2414 D Telephony-TtyManager: setting TTY mode to 0 succeeded
06-11 01:57:43.997  2453  2606 E ActivityThread: Failed to find provider info for com.huawei.parentcontrol
06-11 01:57:43.998  2453  2606 E ActivityThread: Failed to find provider info for com.huawei.parentcontrol
06-11 01:57:44.004  3053  3053 D ActivityThread: Attach thread to application
06-11 01:57:44.034  2381  2381 I DeepNoDisturbSM: handleSimStateChange,subId=0,simState=ABSENT
06-11 01:57:44.065  1359  1359 D HwMultiNlpPolicy: receive broadcast intent, action: android.intent.action.SIM_STATE_CHANGED
06-11 01:57:44.066  1359  1359 D HwMultiNlpPolicy: isChineseSimCard datasub 0, 
06-11 01:57:44.066  1359  1359 D HwMultiNlpPolicy: isChineseSimCard false , dataSub 0
06-11 01:57:44.068  2381  2381 I DeepNoDisturbSM: handleSimStateChange,subId=1,simState=ABSENT
06-11 01:57:44.077  1359  2441 W ProcBatteryStats: timer is running , not start, name: com.android.phone, uid: 1001, tag: RILJ
06-11 01:57:44.083  1359  2329 W ProcBatteryStats: timer is not running , not stop, name: com.android.phone, uid: 1001, tag: RILJ
06-11 01:57:44.091  3075  3075 D ActivityThread: Attach thread to application
06-11 01:57:44.102  2414  2414 D Telephony-TelecomAccountRegistry: onSubscriptionsChanged call setupAccounts
06-11 01:57:44.102  2414  2414 D Telephony-TelecomAccountRegistry: Found 2 phones.  Attempting to register.
06-11 01:57:44.102  2414  2414 D Telephony-TelecomAccountRegistry: Phone with subscription id 0
06-11 01:57:44.103  2414  2414 D Telephony-TelecomAccountRegistry: Phone with subscription id 1
06-11 01:57:44.134  1359  2021 W WindowManager: reset canBeSeen for statusbar when keyguard on
06-11 01:57:44.141  1359  1393 D Telecom-PhoneAccountRegistrar: addOrReplacePhoneAccount(ComponentInfo{com.android.phone/com.android.services.telephony.TelephonyConnectionService}, [****], UserHandle{0} -> [[ ] PhoneAccount: ComponentInfo{com.android.phone/com.android.services.telephony.TelephonyConnectionService}, [****], UserHandle{0} Capabilities: CallProvider MultiUser PlaceEmerg SimSub  Audio Routes: BESW Schemes: tel voicemail  Extras: Bundle[mParcelledData.dataSize=124] GroupId: [****]])
06-11 01:57:44.142  1359  1393 I Telecom-PhoneAccountRegistrar: [ComponentInfo{com.android.phone/com.android.services.telephony.TelephonyConnectionService}, [****], UserHandle{0}(icon: Icon(typ=BITMAP size=38x48) -> Icon(typ=BITMAP size=38x48))]
06-11 01:57:44.145  2414  2414 I Telephony-TelecomAccountRegistry: Registered phoneAccount: [[ ] PhoneAccount: ComponentInfo{com.android.phone/com.android.services.telephony.TelephonyConnectionService}, [****], UserHandle{0} Capabilities: CallProvider MultiUser PlaceEmerg SimSub  Audio Routes: BESW Schemes: tel voicemail  Extras: Bundle[{android.telecom.extra.SUPPORTS_VIDEO_CALLING_FALLBACK=false}] GroupId: [****]] with handle: ComponentInfo{com.android.phone/com.android.services.telephony.TelephonyConnectionService}, [****], UserHandle{0}
06-11 01:57:44.146  2414  2414 I Telephony-PstnIncomingCallNotifier: Registering: Handler (com.android.internal.telephony.GsmCdmaPhone) {cf2e3a}
06-11 01:57:44.146  2414  2414 D Telephony-PstnPhoneCapabilitiesNotifier: Registering: Handler (com.android.internal.telephony.GsmCdmaPhone) {cf2e3a}
06-11 01:57:44.151  1359  1394 I Telecom-PhoneAccountRegistrar: getUserSelVoicePhoneAccount, voice subId = -1
06-11 01:57:44.153  1359  2021 W WindowManager: reset canBeSeen for statusbar when keyguard on
06-11 01:57:44.155  1359  1394 I Telecom-PhoneAccountRegistrar: getUserSelectedVoicePhoneAccount, voice subId = -1 subId = -1
06-11 01:57:44.188  1359  1394 W WindowManager: reset canBeSeen for statusbar when keyguard on
06-11 01:57:44.204  1359  1359 D HwMultiNlpPolicy: PhoneStateListener 1, mDataSub 0
06-11 01:57:44.206  1359  2021 W WindowManager: reset canBeSeen for statusbar when keyguard on
06-11 01:57:44.213  1359  1655 W BroadcastQueue: Permission Denial: broadcasting Intent { act=android.intent.action.SERVICE_STATE flg=0x1000010 (has extras) } from android (pid=2414, uid=1001) requires com.huawei.cust.android.phone.permission.HW_LTEONLY due to registered receiver BroadcastFilter{9789249 u0 ReceiverList{c136050 2414 com.android.phone/1001/u0 remote:3561613}}
06-11 01:57:44.215  1359  1359 D HwMultiNlpPolicy: PhoneStateListener 1, mDataSub 0
06-11 01:57:44.219  1359  2021 W WindowManager: reset canBeSeen for statusbar when keyguard on
06-11 01:57:44.220  1359  1655 W BroadcastQueue: Permission Denial: broadcasting Intent { act=android.intent.action.SERVICE_STATE flg=0x1000010 (has extras) } from android (pid=2414, uid=1001) requires com.huawei.cust.android.phone.permission.HW_LTEONLY due to registered receiver BroadcastFilter{9789249 u0 ReceiverList{c136050 2414 com.android.phone/1001/u0 remote:3561613}}
06-11 01:57:44.229  1359  1394 I WallpaperManagerService: attachEngine userId:0
06-11 01:57:44.236  1359  1359 D HwMultiNlpPolicy: PhoneStateListener 0, mDataSub 0
06-11 01:57:44.236  1359  1359 D HwMultiNlpPolicy: setSimCardReady 3
06-11 01:57:44.236  1359  1359 D HwMultiNlpPolicy: setRegistedNetwork null
06-11 01:57:44.241  1359  2441 E WindowManager: App trying to use insecure INPUT_FEATURE_NO_INPUT_CHANNEL flag. Ignoring
06-11 01:57:44.242  1359  2441 V WindowManager: Adding Window{a72d491 u0 com.android.systemui.HwImageWallpaper} to WallpaperWindowToken{8cedff6 token=android.os.Binder@8e089ec}
06-11 01:57:44.242  1359  1655 W BroadcastQueue: Permission Denial: broadcasting Intent { act=android.intent.action.SERVICE_STATE flg=0x1000010 (has extras) } from android (pid=2414, uid=1001) requires com.huawei.cust.android.phone.permission.HW_LTEONLY due to registered receiver BroadcastFilter{9789249 u0 ReceiverList{c136050 2414 com.android.phone/1001/u0 remote:3561613}}
06-11 01:57:44.243  1359  1359 D HwMultiNlpPolicy: PhoneStateListener 0, mDataSub 0
06-11 01:57:44.243  1359  1359 D HwMultiNlpPolicy: setSimCardReady 3
06-11 01:57:44.243  1359  1359 D HwMultiNlpPolicy: setRegistedNetwork null
06-11 01:57:44.244  1359  2441 V WindowManager: addWindow: New client android.os.BinderProxy@faf9eb8: window=Window{a72d491 u0 com.android.systemui.HwImageWallpaper} Callers=com.android.server.wm.HwWindowManagerService.addWindow:606 com.android.server.wm.Session.addToDisplay:204 android.view.IWindowSession$Stub.onTransact:124 com.android.server.wm.Session.onTransact:165 android.os.Binder.execTransact:698 
06-11 01:57:44.249  1359  1394 W WindowManager: reset canBeSeen for statusbar when keyguard on
06-11 01:57:44.251  1359  1655 W BroadcastQueue: Permission Denial: broadcasting Intent { act=android.intent.action.SERVICE_STATE flg=0x1000010 (has extras) } from android (pid=2414, uid=1001) requires com.huawei.cust.android.phone.permission.HW_LTEONLY due to registered receiver BroadcastFilter{9789249 u0 ReceiverList{c136050 2414 com.android.phone/1001/u0 remote:3561613}}
06-11 01:57:44.260  1359  1394 W WindowManager: reset canBeSeen for statusbar when keyguard on
06-11 01:57:44.269  1359  2329 D WindowManager: finishDrawingWindow: Window{a72d491 u0 com.android.systemui.HwImageWallpaper} mDrawState=DRAW_PENDING
06-11 01:57:44.274  1359  2001 W WindowManager: reset canBeSeen for statusbar when keyguard on
06-11 01:57:44.279  1359  2441 W WindowManager: reset canBeSeen for statusbar when keyguard on
06-11 01:57:44.299  1359  2441 W ActivityManager: Unable to start service Intent { act=com.android.phone.action.voiceRecoderService cmp=com.android.phone.recorder/.RecorderServer } U=0: not found
06-11 01:57:44.335  1359  1393 D WindowManager: finishDrawingWindow: Window{b9f71e2 u0 StatusBar} mDrawState=DRAW_PENDING
06-11 01:57:44.337  2414  2414 I Telephony-PstnPhoneCapabilitiesNotifier: handleVideoCapabilitesChanged. Video capability - false
06-11 01:57:44.338  1359  2001 W WindowManager: reset canBeSeen for statusbar when keyguard on
06-11 01:57:44.341  1359  1393 D WindowManager: finishDrawingWindow: Window{4818df4 u0 NavigationBar} mDrawState=DRAW_PENDING
06-11 01:57:44.363  1359  2021 D Telecom-PhoneAccountRegistrar: addOrReplacePhoneAccount(ComponentInfo{com.android.phone/com.android.services.telephony.TelephonyConnectionService}, [****], UserHandle{0} -> [[ ] PhoneAccount: ComponentInfo{com.android.phone/com.android.services.telephony.TelephonyConnectionService}, [****], UserHandle{0} Capabilities: CallProvider MultiUser PlaceEmerg SimSub  Audio Routes: BESW Schemes: tel voicemail  Extras: Bundle[mParcelledData.dataSize=124] GroupId: [****]])
06-11 01:57:44.363  1359  2021 I Telecom-PhoneAccountRegistrar: [ComponentInfo{com.android.phone/com.android.services.telephony.TelephonyConnectionService}, [****], UserHandle{0}(icon: Icon(typ=BITMAP size=38x48) -> Icon(typ=BITMAP size=38x48))]
06-11 01:57:44.364  1359  1393 D CryptdConnector: SND -> {2 cryptfs getpw}
06-11 01:57:44.366   595   599 E Cryptfs : cryptfs_get_password not valid for file encryption
06-11 01:57:44.368  1359  2052 D CryptdConnector: RCV <- {200 2 -1}
06-11 01:57:44.370  1359  1393 D CryptdConnector: SND -> {3 cryptfs clearpw}
06-11 01:57:44.372  1359  2052 D CryptdConnector: RCV <- {200 3 0}
06-11 01:57:44.380  1359  1359 D Telecom-InCallController: onServiceConnected: ComponentInfo{com.android.incallui/com.android.incallui.InCallServiceImpl} false true
06-11 01:57:44.380  1359  1359 I Telecom-InCallController: onConnected to ComponentInfo{com.android.incallui/com.android.incallui.InCallServiceImpl}
06-11 01:57:44.382  1359  1359 I Telecom-InCallController: Adding 0 calls to InCallService after onConnected: ComponentInfo{com.android.incallui/com.android.incallui.InCallServiceImpl}, including external calls
06-11 01:57:44.383  1359  1359 I Telecom-InCallController: 0 calls sent to InCallService.
06-11 01:57:44.384  1359  1393 I HwWallpaperService: setCurrOffsets:400,0,0,400
06-11 01:57:44.387  3053  3113 E ActivityThread: Failed to find provider info for com.huawei.ziri
06-11 01:57:44.388  3053  3114 E ActivityThread: Failed to find provider info for com.huawei.vdrive.mirrorlinktogo
06-11 01:57:44.430  1359  1394 I HwWallpaperService: getCurrOffsets(0):400,0,0,400
06-11 01:57:44.436  2170  2170 V KeyguardStatusView: refresh statusview showing:true
06-11 01:57:44.440  2170  2170 V KeyguardDisplayManager: show
06-11 01:57:44.454  2381  2860 D AntiBruteForceProcessor: RemainingAuthenticateNum = 5
06-11 01:57:44.457  3075  3124 E ActivityThread: Failed to find provider info for com.android.contacts
06-11 01:57:44.520  1359  2021 W WindowManager: reset canBeSeen for statusbar when keyguard on
06-11 01:57:44.526  2414  2414 D Telephony-TelecomAccountRegistry: onServiceStateChanged1 newState : 3, mServiceState : 3
06-11 01:57:44.529  2414  2414 D Telephony-TelecomAccountRegistry: onServiceStateChanged1 newState : 3, mServiceState : 3
06-11 01:57:44.557  1359  2021 W WindowManager: reset canBeSeen for statusbar when keyguard on
06-11 01:57:44.558  2414  2414 I Telephony-PstnPhoneCapabilitiesNotifier: handleVideoCapabilitesChanged. Video capability - false
06-11 01:57:44.564  1359  1816 W WindowManager: reset canBeSeen for statusbar when keyguard on
06-11 01:57:44.572  1359  2496 D Telecom-PhoneAccountRegistrar: addOrReplacePhoneAccount(ComponentInfo{com.android.phone/com.android.services.telephony.TelephonyConnectionService}, [****], UserHandle{0} -> [[ ] PhoneAccount: ComponentInfo{com.android.phone/com.android.services.telephony.TelephonyConnectionService}, [****], UserHandle{0} Capabilities: CallProvider MultiUser PlaceEmerg SimSub  Audio Routes: BESW Schemes: tel voicemail  Extras: Bundle[mParcelledData.dataSize=124] GroupId: [****]])
06-11 01:57:44.572  1359  2496 I Telecom-PhoneAccountRegistrar: [ComponentInfo{com.android.phone/com.android.services.telephony.TelephonyConnectionService}, [****], UserHandle{0}(icon: Icon(typ=BITMAP size=38x48) -> Icon(typ=BITMAP size=38x48))]
06-11 01:57:44.587  2414  2414 D Telephony-TelecomAccountRegistry: onServiceStateChanged0 newState : 3, mServiceState : 3
06-11 01:57:44.600  2414  2414 D Telephony-TelecomAccountRegistry: onServiceStateChanged0 newState : 3, mServiceState : 3
06-11 01:57:44.628  2170  2275 E ActivityThread: Failed to find provider info for com.huawei.vdrive.mirrorlinktogo
06-11 01:57:44.674  1359  2063 D WifiService: New client listening to asynchronous messages
