06-11 02:06:30.434  2170  2170 I KeyguardUtils: fpPath=sys/class/hw_power/charger/charge_data/chargerType, value=0
06-11 02:06:30.435  6241  6241 I CoreApplication: [HMSCore CoreApplication.java:28] Init CoreApplication finish. --> onCreate cost:7
06-11 02:06:30.435  6241  6259 E MemoryLeakMonitorManager: MemoryLeakMonitor.jar is not exist!
06-11 02:06:30.437  6241  6241 E Minikin : Could not get cmap table size!
06-11 02:06:30.439  2170  2170 I KeyguardUtils: fpPath=sys/class/hw_power/charger/charge_data/chargerType, value=0
06-11 02:06:30.454  6241  6294 I fwkit_kac_dynamic_loader: [fwkit SplitCompat.java:198] getSplitPath application.packageName = com.huawei.hms.commonkit
06-11 02:06:30.454  6241  6294 I fwkit_kac_dynamic_loader: [fwkit SplitCompat.java:201] getSplitPath dirs == null || dirs.length == 0
06-11 02:06:30.454  6241  6294 I fwkit_kac_dynamic_loader: [fwkit SplitCompat.java:134] dynamicInstall no splitPaths
06-11 02:06:30.456  6241  6301 I fwkit_sm: [fwkit ServiceManager.java:227] register [com.huawei.hwid.container3] DeathRecipient to core process
06-11 02:06:30.458  6241  6294 I fwkit_CommonInitUtil: framework network start init.
06-11 02:06:30.461  6241  6301 I fwkit_HmsProfiler: [fwkit HmsProfiler.java:91] hms profiler init enter
06-11 02:06:30.463  6241  6294 I NetworkKit_NetworkKit: kac_cl_commonkit-thread-1|NetworkKit|35|init  Version:7.0.3.300  BuildTime:2023-06-27
06-11 02:06:30.464  6241  6301 I fwkit_fwui_rpr: loadProperties finish, properties is {package_category=1, reclaim_threshold=32, enable_check_sign=true, package_type=1, need_check_statement_status=0} cost:1
06-11 02:06:30.468  6241  6294 W NetworkKit_ActivityUtil: kac_cl_commonkit-thread-1|common.ActivityUtil|156|context is not application, register background fail
06-11 02:06:30.470  6241  6294 I fwkit_NetInitThread: framework network init finished.
06-11 02:06:30.473  6241  6301 I fwkit_coreapk_utils: packageName: com.huawei.hwid
06-11 02:06:30.475  6241  6303 I fwkit_Mixed_PM: [fwkit MixedPackageManager.java:145] handler create success
06-11 02:06:30.476  6241  6301 I fwkit_proc_utils: init over
06-11 02:06:30.476  6241  6303 I fwkit_Mixed_PM: [fwkit MixedPackageManager.java:156] register registerKitCacheClearReceiver
06-11 02:06:30.477  6275  6291 I chatty  : uid=1000(system) com.android.settings expire 1 line
06-11 02:06:30.483  6241  6302 E fwkit_RC_Parser: [fwkit RemoteConfigParser.java:538] parseListFromConfig is blank
06-11 02:06:30.483  6241  6302 I fwkit_ShareLibManager: [fwkit ClassLoaderManager.java:528] sSharedLibRemoteConfig: []
06-11 02:06:30.484  6241  6302 I fwkit_ShareLibManager: [fwkit ClassLoaderManager.java:118] kitUid: keyring_60900325, mClassLoaderPath:/system/framework/hwkeystore.jar:/system/framework/org.apache.http.legacy.jar:/data/user_de/0/com.huawei.hwid/files/kits/com.huawei.hms.keyring/60900325/com.huawei.hms.keyring.apk, sharePath: []
06-11 02:06:30.485  6241  6302 I fwkit_ShareLib: [fwkit ProxyClassLoader.java:100] keyring_60900325 add library: commonKit_restclient
06-11 02:06:30.486  6241  6301 I fwkit_HmsProfiler: [fwkit HmsProfiler.java:110] hms profiler init start
06-11 02:06:30.487  6241  6302 W zygote64: Unsupported class loader
06-11 02:06:30.487  6241  6301 I fwkit_HmsProfiler: [fwkit HmsProfiler.java:117] hms profiler init end
06-11 02:06:30.489  6241  6302 W zygote64: Skipping duplicate class check due to unsupported classloader
06-11 02:06:30.490  6241  6302 W System  : ClassLoader referenced unknown path: /system/framework/org.apache.http.legacy.jar
06-11 02:06:30.490  6241  6308 W fwkit_CrashHandler: [fwkit CrashHandler.java:132] processName is: com.huawei.hwid.container3
06-11 02:06:30.490  6241  6302 W zygote64: Unsupported class loader
06-11 02:06:30.491  6241  6308 I fwkit_UnExpHandler: [fwkit UncaughtExceptionHandler.java:67] init
06-11 02:06:30.493  6241  6308 W fwkit_CrashHandler: [fwkit CrashHandler.java:138] is: com.huawei.hwid.container3
06-11 02:06:30.498  6241  6310 I fwkit_CountryCodeBean: [fwkit CountryCodeBean.java:163] countryCode by ro.hw.country is: cn
06-11 02:06:30.499  6241  6310 I fwkit_CountryCodeBean: [fwkit CountryCodeBean.java:112] get issue_country code from VENDOR_COUNTRY
06-11 02:06:30.499  6241  6303 I NetworkKit_DynamicLoadPermit: kac_cl_commonkit-thread-1 -->NetworkKit_NetworkKit_0|api.a|19|is dynamic load: false, advance: true
06-11 02:06:30.500  6241  6303 I NetworkKit_NetworkKit: kac_cl_commonkit-thread-1 -->NetworkKit_NetworkKit_0|NetworkKit|21|not dynamic load
06-11 02:06:30.501  6241  6303 I NetworkKit_NetworkKitProvider: kac_cl_commonkit-thread-1 -->NetworkKit_NetworkKit_0|NetworkKitProvider|34|load local result is: true
06-11 02:06:30.501  6275  6275 W ContextImpl: Calling a method in the system process without a qualified user: android.app.ContextImpl.startService:1708 android.content.ContextWrapper.startService:657 android.content.ContextWrapper.startService:657 com.android.settings.deviceinfo.UsbReceiver.startUsbService:286 com.android.settings.deviceinfo.UsbReceiver.onUsbStateReceive:161 
06-11 02:06:30.504  6241  6303 I NetworkKit_NetworkKitProvider: kac_cl_commonkit-thread-1 -->NetworkKit_NetworkKit_0|NetworkKitProvider|78|provider client version code: 7.0.3.300, api level: 11
06-11 02:06:30.504  6241  6303 I NetworkKit_NetworkKitProvider: kac_cl_commonkit-thread-1 -->NetworkKit_NetworkKit_0|NetworkKitProvider|110|NetworkKitProvider is dynamic provider result : false
06-11 02:06:30.507  6275  6275 W ContextImpl: Calling a method in the system process without a qualified user: android.app.ContextImpl.startService:1708 android.content.ContextWrapper.startService:657 android.content.ContextWrapper.startService:657 com.android.settings.deviceinfo.UsbReceiver.startUsbService:286 com.android.settings.deviceinfo.UsbReceiver.onUsbStateReceive:208 
06-11 02:06:30.508  6241  6303 I NetworkKit_PackageUtils: kac_cl_commonkit-thread-1 -->NetworkKit_NetworkKit_0|common.PackageManagerCompat|144|kitContext: com.huawei.hms.commonkit
06-11 02:06:30.510  1359  5711 V BroadcastQueue: Finished with ordered broadcast BroadcastRecord{5788b0b u-1 android.hardware.usb.action.USB_STATE}
06-11 02:06:30.517  3513  3513 D MtpReceiver: Debug MTP:ACTION_USB_STATE 
06-11 02:06:30.517  3513  3513 D MtpReceiver: Debug MTP:handleUsbState, configured is [true] connected is [true] mtpEnabled is [true] ptpEnabled is [false] unlocked is [false] configChanged is [false]
06-11 02:06:30.517  3513  3513 D MtpReceiver: handleUsbState startService
06-11 02:06:30.517  3513  3513 D MtpReceiver: Debug MTP:srart MTP service 
06-11 02:06:30.521  3513  3513 D MtpService: Adding MTP storage 0x10001 at /storage/emulated/0
06-11 02:06:30.522  3513  3513 D MtpService: updating state; mMtpLocked=true
06-11 02:06:30.522  3513  3513 D MtpService: starting MTP server in MTP mode with storage /storage/emulated/0 disabled
06-11 02:06:30.527  3513  3513 I HWSERVICES: hwnative_get_component:libstagefright,Scanner
06-11 02:06:30.528  3513  3513 I StagefrightMediaScannerEx: StagefrightMediaScanner Constructor
06-11 02:06:30.530  3513  3513 D MediaScanner: setStorageEjectFlag flag = 0
06-11 02:06:30.531  3513  3513 I HWSERVICES: hwnative_get_component_mtpServer  comes...
06-11 02:06:30.531  6241  6308 I fwkit_CrashHandler: [fwkit CrashHandler.java:471] fileData is empty, no report
06-11 02:06:30.534  6241  6303 I NetworkKit_ConfigManager: kac_cl_commonkit-thread-1 -->NetworkKit_NetworkKit_0|embedded.j|50|init :com.huawei.hms.commonkit
06-11 02:06:30.545  3513  3513 V MtpServerEx: constructor
06-11 02:06:30.545  3513  3513 I HwMtpServerExJNI: set MtpServerEx 0x748430a300
06-11 02:06:30.545  3513  3513 I HwMtpServerExJNI: Finish to setup MtpServer
06-11 02:06:30.562  1359  1393 I chatty  : uid=1000(system) Binder:1359_1 expire 14 lines
06-11 02:06:30.567  6275  6275 W ContextImpl: Calling a method in the system process without a qualified user: android.app.ContextImpl.startService:1708 android.content.ContextWrapper.startService:657 android.content.ContextWrapper.startService:657 com.android.settings.deviceinfo.UsbReceiver.startUsbService:286 com.android.settings.deviceinfo.UsbReceiver.onUsbStateReceive:161 
06-11 02:06:30.569  6275  6275 W ContextImpl: Calling a method in the system process without a qualified user: android.app.ContextImpl.startService:1708 android.content.ContextWrapper.startService:657 android.content.ContextWrapper.startService:657 com.android.settings.deviceinfo.UsbReceiver.startUsbService:286 com.android.settings.deviceinfo.UsbReceiver.onUsbStateReceive:208 
06-11 02:06:30.572  1359  2441 V BroadcastQueue: Finished with ordered broadcast BroadcastRecord{369e2c u-1 android.hardware.usb.action.USB_STATE}
06-11 02:06:30.583  2170  2272 D HwFLClassLoader: USE_FEATURE_LIST had not init! 
06-11 02:06:30.590  6241  6308 I fwkit_MemoryMonitor: [fwkit MemoryMonitor.java:103] processRamEvent stage: mem_t1 pkgName: none version:none
06-11 02:06:30.591  6241  6308 I fwkit_MemoryMonitor: [fwkit MemoryMonitor.java:142] do something
06-11 02:06:30.593  6241  6302 W zygote64: Skipping duplicate class check due to unsupported classloader
06-11 02:06:30.595  6241  6303 I NetworkKit_PLSharedPreferences: kac_cl_commonkit-thread-1 -->NetworkKit_NetworkKit_0|common.PLSharedPreferences|233|sp size 0
06-11 02:06:30.595  6241  6303 I NetworkKit_ConfigManager: kac_cl_commonkit-thread-1 -->NetworkKit_NetworkKit_0|embedded.j|225|remote config has been disabled
06-11 02:06:30.595  6241  6303 I NetworkKit_PackageUtils: kac_cl_commonkit-thread-1 -->NetworkKit_NetworkKit_0|common.PackageManagerCompat|144|kitContext: com.huawei.hms.commonkit
06-11 02:06:30.596  6241  6302 I fwkit_CLUtils: [fwkit ClsLoaderUtils.java:64] New dloader com.huawei.hms.keyring.apk,cost:108
06-11 02:06:30.596  2170  2170 D HwPhoneStatusBar: No peeking: not allowed notification: 0|com.android.settings|1000002|null|1000
06-11 02:06:30.596  6241  6302 I fwkit_ShareLib: [fwkit ClassLoaderManager.java:146] classLoader: dalvik.system.DexClassLoader[DexPathList[[zip file "/system/framework/hwkeystore.jar", zip file "/data/user_de/0/com.huawei.hwid/files/kits/com.huawei.hms.keyring/60900325/com.huawei.hms.keyring.apk"],nativeLibraryDirectories=[/data/user_de/0/com.huawei.hwid/files/kits/com.huawei.hms.keyring/60900325/lib, /system/lib64, /vendor/lib64, /product/lib64]]]
06-11 02:06:30.597  6241  6241 I fwkit_KitDAReporter: [fwkit KitDailyActivateReporter.java:168] sim state changed, state = 1, simCountry = 
06-11 02:06:30.598  2170  2272 D ReporterUtil:  e id:344 type:{pkg:com.android.settings,hw_type:null,hw_btw:false,onGoing:true,importance:1}
06-11 02:06:30.599  2170  6205 I FakeShadowView: radius12
06-11 02:06:30.615  6241  6303 I NetworkKit_NetworkKit: kac_cl_commonkit-thread-1 -->NetworkKit_NetworkKit_0|NetworkKit|35|init  Version:7.0.3.300  BuildTime:2023-06-27
06-11 02:06:30.615  6241  6303 W NetworkKit_ActivityUtil: kac_cl_commonkit-thread-1 -->NetworkKit_NetworkKit_0|common.ActivityUtil|156|context is not application, register background fail
06-11 02:06:30.618  6241  6302 I zygote64: Deoptimizing java.lang.Class com.huawei.hms.runtimekit.classloadermanager.b.loadClass(java.lang.String, boolean) due to JIT inline cache
06-11 02:06:30.619  6241  6303 I NetworkKit_NetworkServiceManager: kac_cl_commonkit-thread-1 -->NetworkKit_NetworkKit_0|embedded.i4|123|networkServices map is: {netdiag=com.huawei.hms.network.netdiag.NetDiagnosisService@4d87f0d, dns=com.huawei.hms.network.dns.DNSService@7f23ec2, config=com.huawei.hms.network.conf.api.ConfigService@d5004d3}
06-11 02:06:30.624  6241  6303 I NetworkKit_NetworkServiceManager: kac_cl_commonkit-thread-1 -->NetworkKit_NetworkKit_0|embedded.i4|50|dnsService,setOptions:
06-11 02:06:30.625  2170  6214 W HwPhoneLayoutInflater: onCreateView : ClassNotFoundException, In this case we want to let the base class take a crack at it
06-11 02:06:30.626  2170  6211 W HwPhoneLayoutInflater: onCreateView : ClassNotFoundException, In this case we want to let the base class take a crack at it
06-11 02:06:30.626  2170  6214 W HwPhoneLayoutInflater: onCreateView : ClassNotFoundException, In this case we want to let the base class take a crack at it
06-11 02:06:30.626  2170  6211 W HwPhoneLayoutInflater: onCreateView : ClassNotFoundException, In this case we want to let the base class take a crack at it
06-11 02:06:30.626  2170  6213 W HwPhoneLayoutInflater: onCreateView : ClassNotFoundException, In this case we want to let the base class take a crack at it
06-11 02:06:30.626  2170  6212 W HwPhoneLayoutInflater: onCreateView : ClassNotFoundException, In this case we want to let the base class take a crack at it
06-11 02:06:30.627  2170  6212 W HwPhoneLayoutInflater: onCreateView : ClassNotFoundException, In this case we want to let the base class take a crack at it
06-11 02:06:30.627  2170  6213 W HwPhoneLayoutInflater: onCreateView : ClassNotFoundException, In this case we want to let the base class take a crack at it
06-11 02:06:30.627  6241  6303 I NetworkKit_NetworkServiceManager: kac_cl_commonkit-thread-1 -->NetworkKit_NetworkKit_0|embedded.i4|50|netdiagService,setOptions:
06-11 02:06:30.632  2170  6211 D HwFLClassLoader: USE_FEATURE_LIST had not init! 
06-11 02:06:30.632  2170  6211 W System  : ClassLoader referenced unknown path: /system/framework/com.felicanetworks.felica.jar
06-11 02:06:30.634  6241  6303 I NetworkKit_NetworkKit: kac_cl_commonkit-thread-1 -->NetworkKit_NetworkKit_0|NetworkKit|13|init success
06-11 02:06:30.634  6241  6303 I fwkit_CommonInitUtil: NetworkKit init result:true, app context: com.huawei.hms.commonkit
06-11 02:06:30.637  2170  6211 W System  : ClassLoader referenced unknown path: /system/framework/com.felicanetworks.felicaextra.jar
06-11 02:06:30.639  6241  6303 I NetworkKit_AdvanceNetworkKitProvider: kac_cl_commonkit-thread-1 -->NetworkKit_NetworkKit_0|AdvanceNetworkKitProvider|80|AdvanceNetworkKitProvider is dynamic provider result : false
06-11 02:06:30.641  6241  6302 I fwkit_kac_kitloader: [fwkit KitLoaderManager.java:251] kit loaded:keyring_60900325, cost :199 ms
06-11 02:06:30.642  6241  6303 I NetworkSdk_NetworkKit_Logger: [HMSCore NetworkLog.java:1] kac_cl_commonkit-thread-1 -->NetworkKit_NetworkKit_0|common.Logger|59|logger = com.huawei.hms.network.embedded.h1$k@1aff09false
06-11 02:06:30.642  6241  6241 I fwkit_kac_dynamic_loader: [fwkit SplitCompat.java:198] getSplitPath application.packageName = com.huawei.hms.keyring
06-11 02:06:30.642  6241  6303 I fwkit_CommonInitUtil: enable HA Listen. 
06-11 02:06:30.643  6241  6241 I fwkit_kac_dynamic_loader: [fwkit SplitCompat.java:201] getSplitPath dirs == null || dirs.length == 0
06-11 02:06:30.643  6241  6241 I fwkit_kac_dynamic_loader: [fwkit SplitCompat.java:134] dynamicInstall no splitPaths
06-11 02:06:30.644  2170  6211 W zygote64: ClassLoaderContext classpath size mismatch for position 0. expected=0, found=1 (PCL[] | PCL[/system/framework/com.huawei.iconnect.wearable.jar*749258439])
06-11 02:06:30.645  6241  6303 I fwkit_CommonInitUtil: enable ipv6 preferred.
06-11 02:06:30.645  6241  6303 I NetworkSdk_ProcessPolicyNetworkService: [HMSCore NetworkLog.java:1] kac_cl_commonkit-thread-1 -->NetworkKit_NetworkKit_0|httpclient.excutor.ProcessPolicyNetworkService|19|options = {"enable_ipv6_preferred":true}
06-11 02:06:30.647  6241  6303 I NetworkSdk_NetworkServiceManager: [HMSCore NetworkLog.java:1] kac_cl_commonkit-thread-1 -->NetworkKit_NetworkKit_0|embedded.i4|50|dnsService,setOptions:
06-11 02:06:30.647  6241  6322 I SecurityComp10200309: SX509TM: loadBksCA
06-11 02:06:30.649  6241  6303 I NetworkSdk_NetworkServiceManager: [HMSCore NetworkLog.java:1] kac_cl_commonkit-thread-1 -->NetworkKit_NetworkKit_0|embedded.i4|50|netdiagService,setOptions:
06-11 02:06:30.653  6241  6323 I NetworkSdk_TaskManager: [HMSCore NetworkLog.java:1] NetworkKit_NetworkKit_0 -->NetworkKit_DNS_DNManager_0|embedded.r0|28|DNS ThreadPool init!
06-11 02:06:30.654  6241  6322 I SecurityComp10200309: BksUtil: getFilesBksIS 
06-11 02:06:30.654  6241  6323 I NetworkSdk_DNResolverManager: [HMSCore NetworkLog.java:1] NetworkKit_NetworkKit_0 -->NetworkKit_DNS_DNManager_0|embedded.g0|45|enter Dns lazy update flow, domain: events-drcn.op.dbankcloud.cn, trigger type: dns_init, source: LocalDns
06-11 02:06:30.655  6241  6303 I NetworkSdk_NetworkKit: [HMSCore NetworkLog.java:1] NetworkKit_NetworkKit_0 -->NetworkKit_NetworkKit_0|NetworkKit|13|init success
06-11 02:06:30.656  2170  6213 W HwPhoneLayoutInflater: onCreateView : ClassNotFoundException, In this case we want to let the base class take a crack at it
06-11 02:06:30.656  2170  6212 W HwPhoneLayoutInflater: onCreateView : ClassNotFoundException, In this case we want to let the base class take a crack at it
06-11 02:06:30.656  2170  6213 W HwPhoneLayoutInflater: onCreateView : ClassNotFoundException, In this case we want to let the base class take a crack at it
06-11 02:06:30.656  2170  6212 W HwPhoneLayoutInflater: onCreateView : ClassNotFoundException, In this case we want to let the base class take a crack at it
06-11 02:06:30.657  2170  6211 W HwPhoneLayoutInflater: onCreateView : ClassNotFoundException, In this case we want to let the base class take a crack at it
06-11 02:06:30.657  2170  6211 W HwPhoneLayoutInflater: onCreateView : ClassNotFoundException, In this case we want to let the base class take a crack at it
06-11 02:06:30.658  6241  6322 I SecurityComp10200309: SX509TM: get bks not from assets
06-11 02:06:30.658  2170  6214 W HwPhoneLayoutInflater: onCreateView : ClassNotFoundException, In this case we want to let the base class take a crack at it
06-11 02:06:30.658  2170  6214 W HwPhoneLayoutInflater: onCreateView : ClassNotFoundException, In this case we want to let the base class take a crack at it
06-11 02:06:30.659  2170  6213 W ResourceType: Failure getting entry for 0x0104025e (t=3 e=606) (error -75)
06-11 02:06:30.659  6241  6241 I keyringKit-KeyringApplication: has created.
06-11 02:06:30.660  2170  6211 W ResourceType: Failure getting entry for 0x0104025e (t=3 e=606) (error -75)
06-11 02:06:30.661  6241  6323 I NetworkSdk_DNResolverManager: [HMSCore NetworkLog.java:1] NetworkKit_NetworkKit_0 -->NetworkKit_DNS_DNManager_0|embedded.g0|45|enter Dns lazy update flow, domain: dnkeeper.platform.dbankcloud.cn, trigger type: dns_init, source: LocalDns
06-11 02:06:30.661  2170  6212 W ResourceType: Failure getting entry for 0x0104025e (t=3 e=606) (error -75)
06-11 02:06:30.663  6241  6323 I NetworkSdk_DNResolverManager: [HMSCore NetworkLog.java:1] NetworkKit_NetworkKit_0 -->NetworkKit_DNS_DNManager_0|embedded.g0|45|enter Dns lazy update flow, domain: hwid.platform.hicloud.com, trigger type: dns_init, source: LocalDns
06-11 02:06:30.664  2170  6214 W ResourceType: Failure getting entry for 0x0104025e (t=3 e=606) (error -75)
06-11 02:06:30.667   612  6330 W libc    : Set property "hw.hicure.dns_fail_count" to "41"
06-11 02:06:30.668   612  6329 W libc    : Set property "hw.hicure.dns_fail_count" to "42"
06-11 02:06:30.669   612  6331 W libc    : Set property "hw.hicure.dns_fail_count" to "43"
06-11 02:06:30.670  6241  6327 W NetworkSdk_LocalDNSResolver: [HMSCore NetworkLog.java:1] NetworkKit_DNS_DNManager_0 -->NetworkKit_TaskManager_lazyUpdateThreadPool_1|embedded.k0|70|LocalDNSResolver query failed,UnknownHostException:dnkeeper.platform.dbankcloud.cn
06-11 02:06:30.671  6241  6327 I NetworkSdk_DNResolver: [HMSCore NetworkLog.java:1] NetworkKit_DNS_DNManager_0 -->NetworkKit_TaskManager_lazyUpdateThreadPool_1|embedded.f0|62|LocalDns query failed, dnsResult is null, domain:dnkeeper.platform.dbankcloud.cn
06-11 02:06:30.673  6241  6325 W NetworkSdk_LocalDNSResolver: [HMSCore NetworkLog.java:1] NetworkKit_DNS_DNManager_0 -->NetworkKit_TaskManager_lazyUpdateThreadPool_0|embedded.k0|70|LocalDNSResolver query failed,UnknownHostException:events-drcn.op.dbankcloud.cn
06-11 02:06:30.674  6241  6325 I NetworkSdk_DNResolver: [HMSCore NetworkLog.java:1] NetworkKit_DNS_DNManager_0 -->NetworkKit_TaskManager_lazyUpdateThreadPool_0|embedded.f0|62|LocalDns query failed, dnsResult is null, domain:events-drcn.op.dbankcloud.cn
06-11 02:06:30.675  6241  6328 W NetworkSdk_LocalDNSResolver: [HMSCore NetworkLog.java:1] NetworkKit_DNS_DNManager_0 -->NetworkKit_TaskManager_lazyUpdateThreadPool_2|embedded.k0|70|LocalDNSResolver query failed,UnknownHostException:hwid.platform.hicloud.com
06-11 02:06:30.675  6241  6328 I NetworkSdk_DNResolver: [HMSCore NetworkLog.java:1] NetworkKit_DNS_DNManager_0 -->NetworkKit_TaskManager_lazyUpdateThreadPool_2|embedded.f0|62|LocalDns query failed, dnsResult is null, domain:hwid.platform.hicloud.com
06-11 02:06:30.680  6241  6241 I keyringKit-PowerReceiver: receive power connected br.
06-11 02:06:30.680  2170  2170 D HwPhoneStatusBar: No peeking: not allowed notification: 0|com.android.settings|1000002|null|1000
06-11 02:06:30.680  2170  2170 I PhoneStatusBar: updateNotificationShade: total=1, active=1
06-11 02:06:30.681  2170  2170 W PhoneStatusBar: updateNotificationShade hasFaceDT: false; Detected:false
06-11 02:06:30.681  6241  6241 I keyringKit-PowerReceiver: make syncing task run after some time.
06-11 02:06:30.702  6241  6322 I SecurityComp10200309: BksUtil: getFilesBksIS 
06-11 02:06:30.705  6241  6322 I SecurityComp10200309: SecureX509SingleInstance: get files bks
06-11 02:06:30.712  2170  2170 W HwKeyguardDragHelper: AnimationBlocked
06-11 02:06:30.718  6241  6335 I keyringKit-CredentialDB: credential database init success
06-11 02:06:30.722  6227  6333 I chatty  : uid=10089(com.huawei.appmarket) StartUpExecutor expire 3 lines
06-11 02:06:30.724  6241  6335 I keyringKit-SyncingTask: isSyncingEnabledInConfig: false
06-11 02:06:30.736  6227  6326 I chatty  : uid=10089(com.huawei.appmarket) logger expire 7 lines
06-11 02:06:30.749  2170  2183 I zygote64: Background concurrent copying GC freed 168567(9MB) AllocSpace objects, 2(1980KB) LOS objects, 54% free, 9MB/21MB, paused 179us total 122.214ms
06-11 02:06:30.776  6241  6322 D NetworkSecurityConfig: Using Network Security Config from resource network_security_config debugBuild: false
06-11 02:06:30.788  6227  6336 I chatty  : uid=10089(com.huawei.appmarket) expire 4 lines
06-11 02:06:30.813  6241  6248 I zygote64: Do partial code cache collection, code=30KB, data=21KB
06-11 02:06:30.814  6241  6248 I zygote64: After code cache collection, code=29KB, data=20KB
06-11 02:06:30.814  6241  6248 I zygote64: Increasing code cache capacity to 128KB
06-11 02:06:30.985  2170  2170 W HwKeyguardDragHelper: AnimationBlocked
06-11 02:06:31.029  6227  6355 I chatty  : uid=10089(com.huawei.appmarket) expire 8 lines
06-11 02:06:31.034  2170  2170 I PhoneStatusBarView: mDelayedGetViewPositionOnScreen getLocationInWindow 0 0
06-11 02:06:31.034  2170  2170 I PhoneStatusBarView: mDelayedGetViewPositionOnScreen getLocationOnScreen 0 0
06-11 02:06:31.044  1359  2441 D ConnectivityService: listenForNetwork for uid/pid:10089/6227 NetworkRequest [ LISTEN id=19, [ Capabilities: INTERNET&NOT_RESTRICTED&TRUSTED&NOT_VPN] ]
06-11 02:06:31.050  6227  6358 I chatty  : uid=10089(com.huawei.appmarket) ConcurrentGloba expire 7 lines
06-11 02:06:31.079  6227  6356 I chatty  : uid=10089(com.huawei.appmarket) IAppDataManager expire 4 lines
06-11 02:06:31.091  6227  6347 I chatty  : uid=10089(com.huawei.appmarket) expire 1 line
06-11 02:06:31.100  6227  6366 I chatty  : uid=10089(com.huawei.appmarket) NK_AiExec_1 ->N expire 26 lines
06-11 02:06:31.102  6368  6368 E libc    : Access denied finding property "ro.hwfix.ro.process_list"
06-11 02:06:31.105  6227  6369 I chatty  : uid=10089(com.huawei.appmarket) expire 43 lines
06-11 02:06:31.110  3681  3879 I ModuleQueryProvider: [HMSCore ModuleQueryProvider.java:1] Enter call, method: huawei_module_dynamicloader
06-11 02:06:31.111  3681  3879 I fwkit_kims: [fwkit KIMSServiceController.java:1378] getAPIBundle: huawei_module_dynamicloader,null
06-11 02:06:31.114  3681  3879 I fwkit_kims: [fwkit KIMSServiceController.java:1410] caller:com.huawei.appmarket targetSdk:30
06-11 02:06:31.116  6368  6368 E libc    : Access denied finding property "ro.hwfix.ro.process_list"
06-11 02:06:31.121  3681  3879 I fwkit_kims: [fwkit KIMSServiceController.java:1604] localLevel:11, apiLevel:11
06-11 02:06:31.122  3681  3879 I fwkit_kims: [fwkit KIMSServiceController.java:1609] kitName: huawei_module_dynamicloader, version 10025301, type 3
06-11 02:06:31.162  3681  3879 I ModuleQueryProvider: [HMSCore ModuleQueryProvider.java:1] Enter call, method: huawei_module_networkkit
06-11 02:06:31.164  3681  3879 I fwkit_kims: [fwkit KIMSServiceController.java:1378] getAPIBundle: huawei_module_networkkit,null
06-11 02:06:31.167  3681  3879 I fwkit_kims: [fwkit KIMSServiceController.java:1410] caller:com.huawei.appmarket targetSdk:30
06-11 02:06:31.177  3681  3879 I fwkit_kims: [fwkit KIMSServiceController.java:1604] localLevel:11, apiLevel:1
06-11 02:06:31.178  3681  3879 I fwkit_kims: [fwkit KIMSServiceController.java:1609] kitName: huawei_module_networkkit, version 70001303, type 2
06-11 02:06:31.180  3681  3879 E fwkit_hsf_bundle_builder: [fwkit BundleResultBuilder.java:61] Empty armeabiType.
06-11 02:06:31.184  3681  3879 I ModuleQueryProvider: [HMSCore ModuleQueryProvider.java:1] Enter call, method: huawei_module_networkkit
06-11 02:06:31.185  3681  3879 I fwkit_kims: [fwkit KIMSServiceController.java:1378] getAPIBundle: huawei_module_networkkit,null
06-11 02:06:31.188  3681  3879 I fwkit_kims: [fwkit KIMSServiceController.java:1410] caller:com.huawei.appmarket targetSdk:30
06-11 02:06:31.195  1359  2441 D ConnectivityService: listenForNetwork for uid/pid:10089/6227 NetworkRequest [ LISTEN id=20, [ Capabilities: NOT_RESTRICTED&TRUSTED&NOT_VPN] ]
06-11 02:06:31.197  3681  3879 I fwkit_kims: [fwkit KIMSServiceController.java:1604] localLevel:11, apiLevel:1
06-11 02:06:31.198  3681  3879 I fwkit_kims: [fwkit KIMSServiceController.java:1609] kitName: huawei_module_networkkit, version 70001303, type 2
06-11 02:06:31.200  3681  3879 E fwkit_hsf_bundle_builder: [fwkit BundleResultBuilder.java:61] Empty armeabiType.
06-11 02:06:31.223  6227  6369 W PackageParser: Unknown element under <manifest>: queries at /data/user_de/0/com.huawei.android.hsf/modules/external/huawei_module_networkkit/70001303/com.huawei.hms.networkkit-70001303.apk Binary XML file line #14
06-11 02:06:31.256  1359  2441 D JobServiceContext: Scheduling time out for '.service.alarm.control.HiAppPowerConnectChangeService' jId: 200002, in 18 s
06-11 02:06:31.269  4300  4300 D PowerStateReceiver: onReceive intent=Intent { act=android.intent.action.ACTION_POWER_CONNECTED flg=0x4000010 cmp=com.android.gallery3d/com.huawei.gallery.phonestatus.PowerStateReceiver (has extras) } action=android.intent.action.ACTION_POWER_CONNECTED
06-11 02:06:31.272  4300  4300 D PowerStateReceiver: battery = 20
06-11 02:06:31.295  2170  2170 D StatusBar: updateNotification(StatusBarNotification(pkg=com.android.settings user=UserHandle{0} id=1000002 tag=null key=0|com.android.settings|1000002|null|1000: Notification(channel=SETTINGS_USB pri=1 contentView=null vibrate=null sound=null tick defaults=0x0 flags=0x2 color=0x00000000 vis=PRIVATE)))
06-11 02:06:31.296  4300  4300 D PowerStateReceiver: battery = 20
06-11 02:06:31.296  4300  4300 D PowerStateReceiver: battery current is 20
06-11 02:06:31.300  2170  2170 D HwPhoneStatusBar: No peeking: not allowed notification: 0|com.android.settings|1000002|null|1000
06-11 02:06:31.300  2170  2170 D StatusBar:  shouldPeek=false alertAgain=true
06-11 02:06:31.300  2170  2170 I PhoneStatusBar: updateNotificationShade: total=1, active=1
06-11 02:06:31.300  2170  2170 W PhoneStatusBar: updateNotificationShade hasFaceDT: false; Detected:false
06-11 02:06:31.300  4300  4300 D CloudLocalSyncService: localSync = 1  cloudSync = 1
06-11 02:06:31.301  4300  4300 E RecycleClearService: startRecycleClearService   forceStart = true, sClearDone = true
06-11 02:06:31.301  2170  2170 W HwKeyguardDragHelper: AnimationBlocked
06-11 02:06:31.307  4300  4300 D Gallery_Merge_MergeClassifyDataService: request start ClassifyDataMergeService
06-11 02:06:31.310  6227  6387 I chatty  : uid=10089(com.huawei.appmarket) NK_NK_0 ->NK_Cf expire 3 lines
06-11 02:06:31.312  6227  6390 I chatty  : uid=10089(com.huawei.appmarket) expire 6 lines
06-11 02:06:31.314  4300  4300 D RecycleClearService: --schedule-- [onStartCommand] start RecycleClearService.
06-11 02:06:31.314  4300  6392 D PhoneState: charge is true
06-11 02:06:31.314  4300  6392 D PhoneState: battery level is 20
06-11 02:06:31.316  4300  4300 D Gallery_Merge_MergeClassifyDataService: merge service started.
06-11 02:06:31.317  4300  6392 D PhoneState: screen on true
06-11 02:06:31.318  4300  6396 W Gallery_Merge_MergeClassifyDataService: classify data status : true, true
06-11 02:06:31.319  2170  2170 W HwKeyguardDragHelper: AnimationBlocked
06-11 02:06:31.322  4300  6396 W Gallery_Merge_MergeClassifyDataService: classify data is downloading. should merge later
06-11 02:06:31.324  4300  4300 D Gallery_Merge_MergeClassifyDataService: merge service stopped.
06-11 02:06:31.325  4300  4300 D RecycleClearService: --schedule-- RecycleClearService onDestroy
06-11 02:06:31.332  6227  6393 I chatty  : uid=10089(com.huawei.appmarket) NK_NK_0 ->NK_DN expire 3 lines
06-11 02:06:31.336  2170  2170 W HwKeyguardDragHelper: AnimationBlocked
06-11 02:06:31.341  6227  6397 I chatty  : uid=10089(com.huawei.appmarket) expire 4 lines
06-11 02:06:31.348  4300  6384 D Gallery_Common_GalleryUtils: gapdays:29
06-11 02:06:31.354  6227  6394 I chatty  : uid=10089(com.huawei.appmarket) NK_NK_0 ->NK_Dn expire 11 lines
06-11 02:06:31.358   612  6401 W libc    : Set property "hw.hicure.dns_fail_count" to "44"
06-11 02:06:31.358   612  6402 W libc    : Set property "hw.hicure.dns_fail_count" to "44"
06-11 02:06:31.363  6227  6227 I zygote64:   at com.huawei.agconnect.credential.obs.av com.huawei.agconnect.credential.obs.ax.a(android.content.Context, com.huawei.agconnect.credential.obs.ay) (:-1)
06-11 02:06:31.363  6227  6227 I zygote64:   at com.huawei.agconnect.credential.obs.av com.huawei.agconnect.credential.obs.au.a(android.content.Context, java.lang.String, java.lang.String, java.lang.String) (:-1)
06-11 02:06:31.363  6227  6227 I zygote64:   at void com.huawei.agconnect.common.api.HaConnector.initHiAnalytics(android.content.Context) (:-1)
06-11 02:06:31.363  6227  6227 I zygote64:   at void com.huawei.agconnect.common.api.HaConnector.initInMainThread(android.content.Context) (:-1)
06-11 02:06:31.363  6227  6227 I zygote64:   at void com.huawei.agconnect.common.api.HaConnector.access$200(com.huawei.agconnect.common.api.HaConnector, android.content.Context) (:-1)
06-11 02:06:31.364  6227  6227 I zygote64:   at void com.huawei.agconnect.common.api.HaConnector$1.lambda$onNetWorkReady$0(android.content.Context) (:-1)
06-11 02:06:31.364  6227  6227 I zygote64:   at void com.huawei.agconnect.common.api.HaConnector$1.b(com.huawei.agconnect.common.api.HaConnector$1, android.content.Context) (:-1)
06-11 02:06:31.364  6227  6227 I zygote64:   at void com.huawei.agconnect.common.api.b.run() (:-1)
06-11 02:06:31.364  6227  6227 I zygote64:   at void android.os.Handler.handleCallback(android.os.Message) (Handler.java:809)
06-11 02:06:31.364  6227  6227 I zygote64:   at void android.os.Handler.dispatchMessage(android.os.Message) (Handler.java:102)
06-11 02:06:31.364  6227  6227 I zygote64:   at void android.os.Looper.loop() (Looper.java:166)
06-11 02:06:31.364  6227  6227 I zygote64:   at void android.app.ActivityThread.main(java.lang.String[]) (ActivityThread.java:7555)
06-11 02:06:31.364  6227  6227 I zygote64:   at java.lang.Object java.lang.reflect.Method.invoke(java.lang.Object, java.lang.Object[]) (Method.java:-2)
06-11 02:06:31.364  6227  6227 I zygote64:   at void com.android.internal.os.RuntimeInit$MethodAndArgsCaller.run() (RuntimeInit.java:469)
06-11 02:06:31.364  6227  6227 I zygote64:   at void com.android.internal.os.ZygoteInit.main(java.lang.String[]) (ZygoteInit.java:963)
06-11 02:06:31.364  6227  6227 I zygote64: Caused by: java.lang.ClassNotFoundException: Didn't find class "com.huawei.hms.analytics.instance.CallBack" on path: DexPathList[[zip file "/system/framework/hwkeystore.jar", zip file "/data/app/com.huawei.appmarket-Nq12hAaMW-oDQEiKjKqiUQ==/base.apk"],nativeLibraryDirectories=[/data/app/com.huawei.appmarket-Nq12hAaMW-oDQEiKjKqiUQ==/lib/arm64, /data/app/com.huawei.appmarket-Nq12hAaMW-oDQEiKjKqiUQ==/base.apk!/lib/arm64-v8a, /system/lib64, /vendor/lib64, /product/lib64]]
06-11 02:06:31.364  6227  6227 I zygote64:   at java.lang.Class dalvik.system.BaseDexClassLoader.findClass(java.lang.String) (BaseDexClassLoader.java:125)
06-11 02:06:31.364  6227  6227 I zygote64:   at java.lang.Class java.lang.ClassLoader.loadClass(java.lang.String, boolean) (ClassLoader.java:379)
06-11 02:06:31.364  6227  6227 I zygote64:   at java.lang.Class java.lang.ClassLoader.loadClass(java.lang.String) (ClassLoader.java:312)
06-11 02:06:31.364  6227  6227 I zygote64:   at com.huawei.agconnect.credential.obs.av com.huawei.agconnect.credential.obs.ax.a(android.content.Context, com.huawei.agconnect.credential.obs.ay) (:-1)
06-11 02:06:31.364  6227  6227 I zygote64:   at com.huawei.agconnect.credential.obs.av com.huawei.agconnect.credential.obs.au.a(android.content.Context, java.lang.String, java.lang.String, java.lang.String) (:-1)
06-11 02:06:31.364  6227  6227 I zygote64:   at void com.huawei.agconnect.common.api.HaConnector.initHiAnalytics(android.content.Context) (:-1)
06-11 02:06:31.364  6227  6227 I zygote64:   at void com.huawei.agconnect.common.api.HaConnector.initInMainThread(android.content.Context) (:-1)
06-11 02:06:31.364  6227  6227 I zygote64:   at void com.huawei.agconnect.common.api.HaConnector.access$200(com.huawei.agconnect.common.api.HaConnector, android.content.Context) (:-1)
06-11 02:06:31.364  6227  6227 I zygote64:   at void com.huawei.agconnect.common.api.HaConnector$1.lambda$onNetWorkReady$0(android.content.Context) (:-1)
06-11 02:06:31.364  6227  6227 I zygote64:   at void com.huawei.agconnect.common.api.HaConnector$1.b(com.huawei.agconnect.common.api.HaConnector$1, android.content.Context) (:-1)
06-11 02:06:31.364  6227  6227 I zygote64:   at void com.huawei.agconnect.common.api.b.run() (:-1)
06-11 02:06:31.364  6227  6227 I zygote64:   at void android.os.Handler.handleCallback(android.os.Message) (Handler.java:809)
06-11 02:06:31.364  6227  6227 I zygote64:   at void android.os.Handler.dispatchMessage(android.os.Message) (Handler.java:102)
06-11 02:06:31.364  6227  6227 I zygote64:   at void android.os.Looper.loop() (Looper.java:166)
06-11 02:06:31.364  6227  6227 I zygote64:   at void android.app.ActivityThread.main(java.lang.String[]) (ActivityThread.java:7555)
06-11 02:06:31.364  6227  6227 I zygote64:   at java.lang.Object java.lang.reflect.Method.invoke(java.lang.Object, java.lang.Object[]) (Method.java:-2)
06-11 02:06:31.364  6227  6227 I zygote64:   at void com.android.internal.os.RuntimeInit$MethodAndArgsCaller.run() (RuntimeInit.java:469)
06-11 02:06:31.364  6227  6227 I zygote64:   at void com.android.internal.os.ZygoteInit.main(java.lang.String[]) (ZygoteInit.java:963)
06-11 02:06:31.364  6227  6227 I zygote64: 
06-11 02:06:31.364   612  6406 W libc    : Set property "hw.hicure.dns_fail_count" to "45"
06-11 02:06:31.364  6227  6227 I zygote64: Rejecting re-init on previously-failed class java.lang.Class<com.huawei.agconnect.credential.obs.aw$1>: java.lang.NoClassDefFoundError: Failed resolution of: Lcom/huawei/hms/analytics/instance/CallBack;
06-11 02:06:31.364  6227  6227 I zygote64:   at com.huawei.agconnect.credential.obs.av com.huawei.agconnect.credential.obs.ax.a(android.content.Context, com.huawei.agconnect.credential.obs.ay) (:-1)
06-11 02:06:31.364  6227  6227 I zygote64:   at com.huawei.agconnect.credential.obs.av com.huawei.agconnect.credential.obs.au.a(android.content.Context, java.lang.String, java.lang.String, java.lang.String) (:-1)
06-11 02:06:31.364  6227  6227 I zygote64:   at void com.huawei.agconnect.common.api.HaConnector.initHiAnalytics(android.content.Context) (:-1)
06-11 02:06:31.365  6227  6227 I zygote64:   at void com.huawei.agconnect.common.api.HaConnector.initInMainThread(android.content.Context) (:-1)
06-11 02:06:31.365  6227  6227 I zygote64:   at void com.huawei.agconnect.common.api.HaConnector.access$200(com.huawei.agconnect.common.api.HaConnector, android.content.Context) (:-1)
06-11 02:06:31.365  6227  6227 I zygote64:   at void com.huawei.agconnect.common.api.HaConnector$1.lambda$onNetWorkReady$0(android.content.Context) (:-1)
06-11 02:06:31.365  6227  6227 I zygote64:   at void com.huawei.agconnect.common.api.HaConnector$1.b(com.huawei.agconnect.common.api.HaConnector$1, android.content.Context) (:-1)
06-11 02:06:31.365  6227  6227 I zygote64:   at void com.huawei.agconnect.common.api.b.run() (:-1)
06-11 02:06:31.365  6227  6227 I zygote64:   at void android.os.Handler.handleCallback(android.os.Message) (Handler.java:809)
06-11 02:06:31.365  6227  6227 I zygote64:   at void android.os.Handler.dispatchMessage(android.os.Message) (Handler.java:102)
06-11 02:06:31.365  6227  6227 I zygote64:   at void android.os.Looper.loop() (Looper.java:166)
06-11 02:06:31.365  6227  6227 I zygote64:   at void android.app.ActivityThread.main(java.lang.String[]) (ActivityThread.java:7555)
06-11 02:06:31.365  6227  6227 I zygote64:   at java.lang.Object java.lang.reflect.Method.invoke(java.lang.Object, java.lang.Object[]) (Method.java:-2)
06-11 02:06:31.365  6227  6227 I zygote64:   at void com.android.internal.os.RuntimeInit$MethodAndArgsCaller.run() (RuntimeInit.java:469)
06-11 02:06:31.365  6227  6227 I zygote64:   at void com.android.internal.os.ZygoteInit.main(java.lang.String[]) (ZygoteInit.java:963)
06-11 02:06:31.365  6227  6227 I zygote64: Caused by: java.lang.ClassNotFoundException: Didn't find class "com.huawei.hms.analytics.instance.CallBack" on path: DexPathList[[zip file "/system/framework/hwkeystore.jar", zip file "/data/app/com.huawei.appmarket-Nq12hAaMW-oDQEiKjKqiUQ==/base.apk"],nativeLibraryDirectories=[/data/app/com.huawei.appmarket-Nq12hAaMW-oDQEiKjKqiUQ==/lib/arm64, /data/app/com.huawei.appmarket-Nq12hAaMW-oDQEiKjKqiUQ==/base.apk!/lib/arm64-v8a, /system/lib64, /vendor/lib64, /product/lib64]]
06-11 02:06:31.365  6227  6227 I zygote64:   at java.lang.Class dalvik.system.BaseDexClassLoader.findClass(java.lang.String) (BaseDexClassLoader.java:125)
06-11 02:06:31.365  6227  6227 I zygote64:   at java.lang.Class java.lang.ClassLoader.loadClass(java.lang.String, boolean) (ClassLoader.java:379)
06-11 02:06:31.365  6227  6227 I zygote64:   at java.lang.Class java.lang.ClassLoader.loadClass(java.lang.String) (ClassLoader.java:312)
06-11 02:06:31.365  6227  6227 I zygote64:   at com.huawei.agconnect.credential.obs.av com.huawei.agconnect.credential.obs.ax.a(android.content.Context, com.huawei.agconnect.credential.obs.ay) (:-1)
06-11 02:06:31.365  6227  6227 I zygote64:   at com.huawei.agconnect.credential.obs.av com.huawei.agconnect.credential.obs.au.a(android.content.Context, java.lang.String, java.lang.String, java.lang.String) (:-1)
06-11 02:06:31.365  6227  6227 I zygote64:   at void com.huawei.agconnect.common.api.HaConnector.initHiAnalytics(android.content.Context) (:-1)
06-11 02:06:31.365  6227  6227 I zygote64:   at void com.huawei.agconnect.common.api.HaConnector.initInMainThread(android.content.Context) (:-1)
06-11 02:06:31.365  6227  6227 I zygote64:   at void com.huawei.agconnect.common.api.HaConnector.access$200(com.huawei.agconnect.common.api.HaConnector, android.content.Context) (:-1)
06-11 02:06:31.365  6227  6227 I zygote64:   at void com.huawei.agconnect.common.api.HaConnector$1.lambda$onNetWorkReady$0(android.content.Context) (:-1)
06-11 02:06:31.365  6227  6227 I zygote64:   at void com.huawei.agconnect.common.api.HaConnector$1.b(com.huawei.agconnect.common.api.HaConnector$1, android.content.Context) (:-1)
06-11 02:06:31.365  6227  6227 I zygote64:   at void com.huawei.agconnect.common.api.b.run() (:-1)
06-11 02:06:31.365  6227  6227 I zygote64:   at void android.os.Handler.handleCallback(android.os.Message) (Handler.java:809)
06-11 02:06:31.365  6227  6227 I zygote64:   at void android.os.Handler.dispatchMessage(android.os.Message) (Handler.java:102)
06-11 02:06:31.365  6227  6227 I zygote64:   at void android.os.Looper.loop() (Looper.java:166)
06-11 02:06:31.365  6227  6227 I zygote64:   at void android.app.ActivityThread.main(java.lang.String[]) (ActivityThread.java:7555)
06-11 02:06:31.365  6227  6227 I zygote64:   at java.lang.Object java.lang.reflect.Method.invoke(java.lang.Object, java.lang.Object[]) (Method.java:-2)
06-11 02:06:31.365  6227  6227 I zygote64:   at void com.android.internal.os.RuntimeInit$MethodAndArgsCaller.run() (RuntimeInit.java:469)
06-11 02:06:31.365  6227  6227 I zygote64:   at void com.android.internal.os.ZygoteInit.main(java.lang.String[]) (ZygoteInit.java:963)
06-11 02:06:31.365  6227  6227 I zygote64: 
06-11 02:06:31.365   612  6407 W libc    : Set property "hw.hicure.dns_fail_count" to "46"
06-11 02:06:31.365   612  6408 W libc    : Set property "hw.hicure.dns_fail_count" to "47"
06-11 02:06:31.365  6227  6227 I zygote64: Rejecting re-init on previously-failed class java.lang.Class<com.huawei.agconnect.credential.obs.aw$1>: java.lang.NoClassDefFoundError: Failed resolution of: Lcom/huawei/hms/analytics/instance/CallBack;
06-11 02:06:31.365  6227  6227 I zygote64:   at com.huawei.agconnect.credential.obs.av com.huawei.agconnect.credential.obs.ax.a(android.content.Context, com.huawei.agconnect.credential.obs.ay) (:-1)
06-11 02:06:31.365  6227  6227 I zygote64:   at com.huawei.agconnect.credential.obs.av com.huawei.agconnect.credential.obs.au.a(android.content.Context, java.lang.String, java.lang.String, java.lang.String) (:-1)
06-11 02:06:31.365  6227  6399 W NK_LocalDNSResolver: NK_DnsManager_0 ->NK_lazyPool_0|embedded.k0|66|LocalDNSResolver query failed,UnknownHostException:store-drcn.hispace.dbankcloud.com
06-11 02:06:31.365  6227  6227 I zygote64:   at void com.huawei.agconnect.common.api.HaConnector.initHiAnalytics(android.content.Context) (:-1)
06-11 02:06:31.365  6227  6227 I zygote64:   at void com.huawei.agconnect.common.api.HaConnector.initInMainThread(android.content.Context) (:-1)
06-11 02:06:31.365  6227  6227 I zygote64:   at void com.huawei.agconnect.common.api.HaConnector.access$200(com.huawei.agconnect.common.api.HaConnector, android.content.Context) (:-1)
06-11 02:06:31.365  6227  6227 I zygote64:   at void com.huawei.agconnect.common.api.HaConnector$1.lambda$onNetWorkReady$0(android.content.Context) (:-1)
06-11 02:06:31.365  6227  6227 I zygote64:   at void com.huawei.agconnect.common.api.HaConnector$1.b(com.huawei.agconnect.common.api.HaConnector$1, android.content.Context) (:-1)
06-11 02:06:31.365  6227  6227 I zygote64:   at void com.huawei.agconnect.common.api.b.run() (:-1)
06-11 02:06:31.365  6227  6227 I zygote64:   at void android.os.Handler.handleCallback(android.os.Message) (Handler.java:809)
06-11 02:06:31.365  6227  6227 I zygote64:   at void android.os.Handler.dispatchMessage(android.os.Message) (Handler.java:102)
06-11 02:06:31.365  6227  6227 I zygote64:   at void android.os.Looper.loop() (Looper.java:166)
06-11 02:06:31.365  6227  6227 I zygote64:   at void android.app.ActivityThread.main(java.lang.String[]) (ActivityThread.java:7555)
06-11 02:06:31.365  6227  6227 I zygote64:   at java.lang.Object java.lang.reflect.Method.invoke(java.lang.Object, java.lang.Object[]) (Method.java:-2)
06-11 02:06:31.365  6227  6227 I zygote64:   at void com.android.internal.os.RuntimeInit$MethodAndArgsCaller.run() (RuntimeInit.java:469)
06-11 02:06:31.365  6227  6227 I zygote64:   at void com.android.internal.os.ZygoteInit.main(java.lang.String[]) (ZygoteInit.java:963)
06-11 02:06:31.365  6227  6227 I zygote64: Caused by: java.lang.ClassNotFoundException: Didn't find class "com.huawei.hms.analytics.instance.CallBack" on path: DexPathList[[zip file "/system/framework/hwkeystore.jar", zip file "/data/app/com.huawei.appmarket-Nq12hAaMW-oDQEiKjKqiUQ==/base.apk"],nativeLibraryDirectories=[/data/app/com.huawei.appmarket-Nq12hAaMW-oDQEiKjKqiUQ==/lib/arm64, /data/app/com.huawei.appmarket-Nq12hAaMW-oDQEiKjKqiUQ==/base.apk!/lib/arm64-v8a, /system/lib64, /vendor/lib64, /product/lib64]]
06-11 02:06:31.365  6227  6227 I zygote64:   at java.lang.Class dalvik.system.BaseDexClassLoader.findClass(java.lang.String) (BaseDexClassLoader.java:125)
06-11 02:06:31.365  6227  6227 I zygote64:   at java.lang.Class java.lang.ClassLoader.loadClass(java.lang.String, boolean) (ClassLoader.java:379)
06-11 02:06:31.366  6227  6227 I zygote64:   at java.lang.Class java.lang.ClassLoader.loadClass(java.lang.String) (ClassLoader.java:312)
06-11 02:06:31.366  6227  6227 I zygote64:   at com.huawei.agconnect.credential.obs.av com.huawei.agconnect.credential.obs.ax.a(android.content.Context, com.huawei.agconnect.credential.obs.ay) (:-1)
06-11 02:06:31.366  6227  6227 I zygote64:   at com.huawei.agconnect.credential.obs.av com.huawei.agconnect.credential.obs.au.a(android.content.Context, java.lang.String, java.lang.String, java.lang.String) (:-1)
06-11 02:06:31.366  6227  6227 I zygote64:   at void com.huawei.agconnect.common.api.HaConnector.initHiAnalytics(android.content.Context) (:-1)
06-11 02:06:31.366  6227  6227 I zygote64:   at void com.huawei.agconnect.common.api.HaConnector.initInMainThread(android.content.Context) (:-1)
06-11 02:06:31.366  6227  6227 I zygote64:   at void com.huawei.agconnect.common.api.HaConnector.access$200(com.huawei.agconnect.common.api.HaConnector, android.content.Context) (:-1)
06-11 02:06:31.366  6227  6227 I zygote64:   at void com.huawei.agconnect.common.api.HaConnector$1.lambda$onNetWorkReady$0(android.content.Context) (:-1)
06-11 02:06:31.366  6227  6227 I zygote64:   at void com.huawei.agconnect.common.api.HaConnector$1.b(com.huawei.agconnect.common.api.HaConnector$1, android.content.Context) (:-1)
06-11 02:06:31.366  6227  6227 I zygote64:   at void com.huawei.agconnect.common.api.b.run() (:-1)
06-11 02:06:31.366  6227  6227 I zygote64:   at void android.os.Handler.handleCallback(android.os.Message) (Handler.java:809)
06-11 02:06:31.366  6227  6227 I zygote64:   at void android.os.Handler.dispatchMessage(android.os.Message) (Handler.java:102)
06-11 02:06:31.366  6227  6227 I zygote64:   at void android.os.Looper.loop() (Looper.java:166)
06-11 02:06:31.366  6227  6227 I zygote64:   at void android.app.ActivityThread.main(java.lang.String[]) (ActivityThread.java:7555)
06-11 02:06:31.366  6227  6227 I zygote64:   at java.lang.Object java.lang.reflect.Method.invoke(java.lang.Object, java.lang.Object[]) (Method.java:-2)
06-11 02:06:31.366  6227  6227 I zygote64:   at void com.android.internal.os.RuntimeInit$MethodAndArgsCaller.run() (RuntimeInit.java:469)
06-11 02:06:31.366  6227  6227 I zygote64:   at void com.android.internal.os.ZygoteInit.main(java.lang.String[]) (ZygoteInit.java:963)
06-11 02:06:31.366  6227  6227 I zygote64: 
06-11 02:06:31.367  6227  6399 I NK_DnRsv: NK_DnsManager_0 ->NK_lazyPool_0|embedded.f0|62|LocalDns query failed, dnsResult is null, domain:store-drcn.hispace.dbankcloud.com
06-11 02:06:31.368  6227  6227 E BridgeInstance: createInstance error
06-11 02:06:31.368  6227  6403 W NK_LocalDNSResolver: NK_DnsManager_0 ->NK_lazyPool_2|embedded.k0|66|LocalDNSResolver query failed,UnknownHostException:appimg-drcn.dbankcdn.com
06-11 02:06:31.368  6227  6400 W NK_LocalDNSResolver: NK_DnsManager_0 ->NK_lazyPool_1|embedded.k0|66|LocalDNSResolver query failed,UnknownHostException:gs-drcn.game.dbankcloud.com
06-11 02:06:31.368  6227  6227 I [AGC_LOG]HaConnector: init HiAnalyticsBridge SDK end.
06-11 02:06:31.368  6227  6403 I NK_DnRsv: NK_DnsManager_0 ->NK_lazyPool_2|embedded.f0|62|LocalDns query failed, dnsResult is null, domain:appimg-drcn.dbankcdn.com
06-11 02:06:31.368  6227  6400 I NK_DnRsv: NK_DnsManager_0 ->NK_lazyPool_1|embedded.f0|62|LocalDns query failed, dnsResult is null, domain:gs-drcn.game.dbankcloud.com
06-11 02:06:31.370  6227  6404 W NK_LocalDNSResolver: NK_DnsManager_0 ->NK_lazyPool_3|embedded.k0|66|LocalDNSResolver query failed,UnknownHostException:contentcenter-drcn.dbankcdn.cn
06-11 02:06:31.370  6227  6404 I NK_DnRsv: NK_DnsManager_0 ->NK_lazyPool_3|embedded.f0|62|LocalDns query failed, dnsResult is null, domain:contentcenter-drcn.dbankcdn.cn
06-11 02:06:31.371  6227  6405 W NK_LocalDNSResolver: NK_DnsManager_0 ->NK_lazyPool_4|embedded.k0|66|LocalDNSResolver query failed,UnknownHostException:apppromotion-drcn.dbankcdn.cn
06-11 02:06:31.372  6227  6405 I NK_DnRsv: NK_DnsManager_0 ->NK_lazyPool_4|embedded.f0|62|LocalDns query failed, dnsResult is null, domain:apppromotion-drcn.dbankcdn.cn
06-11 02:06:31.380  1359  1359 D JobServiceContext: handleServiceBound for 6991645 #u0a89/200002 com.huawei.appmarket/.service.alarm.control.HiAppPowerConnectChangeService
06-11 02:06:31.380  1359  1359 D JobServiceContext: Scheduling time out for '.service.alarm.control.HiAppPowerConnectChangeService' jId: 200002, in 8 s
06-11 02:06:31.388  6227  6397 I SecurityComp10200303: BksUtil: getFilesBksIS 
06-11 02:06:31.388  6227  6397 I SecurityComp10200303: SecureX509SingleInstance: get files bks
06-11 02:06:31.390  1359  1393 D JobServiceContext: doCallback of : JobStatus{6991645 #u0a89/200002 com.huawei.appmarket/.service.alarm.control.HiAppPowerConnectChangeService u=0 s=10089 TIME=none:-134ms READY} v:VERB_STARTING
06-11 02:06:31.390  1359  1393 D JobServiceContext: Scheduling time out for '.service.alarm.control.HiAppPowerConnectChangeService' jId: 200002, in 600 s
06-11 02:06:31.414  6227  6397 D NetworkSecurityConfig: Using Network Security Config from resource network_security_config debugBuild: false
