06-11 01:57:58.816  1359  1655 I ActivityManager: Start proc 4884:com.android.packageinstaller/u0a37 for broadcast com.android.packageinstaller/.TemporaryFileManager
06-11 01:57:58.852  4884  4884 D ActivityThread: Attach thread to application
06-11 01:57:58.879  1359  2329 I ActivityManager: Killing 2756:com.android.keyguard/u0a26 (adj 906): empty #17
06-11 01:57:58.955  1359  2380 D ActivityManager: cleanUpApplicationRecord app: ProcessRecord{cc4504d 2756:com.android.keyguard/u0a26}, app.bad: false, restarting: false, allowRestart: true
06-11 01:57:59.206  1359  1359 I Telecom-DefaultDialerCache: Refreshing default dialer for user 0: now com.android.contacts
06-11 01:57:59.294  1359  2386 I HwNetworkPolicy: onTransact, code = 15
06-11 01:57:59.336  1359  2401 I ActivityManager: Killing 3039:com.huawei.android.dsdscardmanager/1001 (adj 906): empty #17
06-11 01:57:59.344  1359  2056 W ProcBatteryStats: timer is running , not start, name: audioserver, uid: 1041, tag: AudioMix
06-11 01:57:59.345  1359  2380 W ProcBatteryStats: timer is running , not start, name: audioserver, uid: 1041, tag: AudioMix
06-11 01:57:59.405  1359  2386 D ActivityManager: cleanUpApplicationRecord app: ProcessRecord{ce539b0 3039:com.huawei.android.dsdscardmanager/1001}, app.bad: false, restarting: false, allowRestart: true
06-11 01:57:59.458  1359  1359 I HwAudioService: check HiRes Icon false
06-11 01:57:59.472  1359  2380 I HwNetworkPolicy: onTransact, code = 15
06-11 01:57:59.554  1359  2062 D NetdConnector: SND -> {53 firewall set_uid_rule standby 10013 allow}
06-11 01:57:59.561  1359  2058 D NetdConnector: RCV <- {200 53 Firewall command succeeded}
06-11 01:57:59.562  1359  2058 D NetdConnector: RCV <- {200 53 Firewall command succeeded}
06-11 01:57:59.564  1359  2062 D NetdConnector: SND -> {54 firewall set_uid_rule standby 10013 deny}
06-11 01:57:59.571  1359  2058 D NetdConnector: RCV <- {200 54 Firewall command succeeded}
06-11 01:57:59.572  1359  2058 D NetdConnector: RCV <- {200 54 Firewall command succeeded}
06-11 01:57:59.586  1359  1627 D NetdConnector: SND -> {55 firewall set_uid_rule standby 10013 allow}
06-11 01:57:59.593  1359  2058 D NetdConnector: RCV <- {200 55 Firewall command succeeded}
06-11 01:57:59.594  1359  2058 D NetdConnector: RCV <- {200 55 Firewall command succeeded}
06-11 01:57:59.657  2820  2820 W ContextImpl: Calling a method in the system process without a qualified user: android.app.ContextImpl.startService:1708 android.content.ContextWrapper.startService:657 android.content.ContextWrapper.startService:657 com.android.settings.applications.BlackListReceiver.onReceive:29 android.app.ActivityThread.handleReceiver:3793 
06-11 01:57:59.699  2820  2820 W ContextImpl: Calling a method in the system process without a qualified user: android.app.ContextImpl.startService:1708 android.content.ContextWrapper.startService:657 android.content.ContextWrapper.startService:657 com.android.settings.wifi.ap.AllowedDevicesNeedMoveReceiver.onReceive:20 android.app.ActivityThread.handleReceiver:3793 
06-11 01:57:59.718  2170  2170 W SettingsEx: SettingsEx.Systemex.getString deprecated use Settings.System.getString instead ;callers=com.android.systemui.apksimcardadapter.DisableCloudAppReceiver.getString:311 com.android.systemui.apksimcardadapter.DisableCloudAppReceiver.onReceive:86 android.app.ActivityThread.handleReceiver:3793 
06-11 01:57:59.815  1359  2401 D SmartHeartBeat: setAlarmsPending ...
06-11 01:57:59.817  1359  2401 D SmartHeartBeat: setAlarmsPending ...
06-11 01:57:59.841  3681  4963 W PackageParser: Unknown element under <manifest>: queries at /data/user_de/0/com.huawei.android.hsf/modules/external/huawei_module_networkkit/70001303/com.huawei.hms.networkkit-70001303.apk Binary XML file line #14
06-11 01:57:59.856  3681  3792 W PackageParser: Ignoring duplicate uses-permissions/uses-permissions-sdk-m: android.permission.REAL_GET_TASKS in package: com.huawei.hwid at: Binary XML file line #92
06-11 01:57:59.906  1359  1359 I HwAudioService: check HiRes Icon false
06-11 01:57:59.916  3681  3792 W PackageParser: Unknown element under <manifest>: queries at /data/app/com.huawei.hwid-5jWZlPns8CvPNaFyqIMKDQ==/base.apk Binary XML file line #214
06-11 01:57:59.950  2335  2335 W ContextImpl: Calling a method in the system process without a qualified user: android.app.ContextImpl.startService:1708 android.content.ContextWrapper.startService:657 android.content.ContextWrapper.startService:657 com.huawei.mdlog.MdlogBootReceiver.onReceive:44 android.app.ActivityThread.handleReceiver:3793 
06-11 01:57:59.962  1359  2386 V ActivityManager: startProcess: name=com.huawei.android.dsdscardmanager app=null knownToBeDead=true thread=null pid=-1
06-11 01:57:59.984  1359  2386 I ActivityManager: Start proc 4981:com.huawei.android.dsdscardmanager/1001 for broadcast com.huawei.android.dsdscardmanager/.CardInfoDBAccessor
06-11 01:58:00.022  4981  4981 D ActivityThread: Attach thread to application
06-11 01:58:00.073  1359  2386 I HwNetworkPolicy: onTransact, code = 15
06-11 01:58:00.078  1359  2056 I HwNetworkPolicy: onTransact, code = 15
06-11 01:58:00.184  1359  2401 V ActivityManager: startProcess: name=com.huawei.android.hwouc app=null knownToBeDead=true thread=null pid=-1
06-11 01:58:00.206  1359  2401 I ActivityManager: Start proc 5017:com.huawei.android.hwouc/u0a60 for broadcast com.huawei.android.hwouc/.provider.DownloadReceiver
06-11 01:58:00.253  5017  5017 D ActivityThread: Attach thread to application
06-11 01:58:00.301  1359  2056 I HwNetworkPolicy: onTransact, code = 15
06-11 01:58:00.338  1359  2056 I HwNetworkPolicy: onTransact, code = 15
06-11 01:58:00.503  1359  2386 I HwNetworkPolicy: onTransact, code = 15
06-11 01:58:00.569  1359  2401 I HwNetworkPolicy: onTransact, code = 15
06-11 01:58:00.583  1359  1394 W ActivityManager: Unable to start service Intent { act=com.huawei.android.powerkit.PowerKitService cmp=com.huawei.powergenie/com.huawei.android.powerkit.PowerKitService } U=0: not found
06-11 01:58:00.653  1359  2401 I HwGeneralService: readProtectArea: callingPid is 5017,callingUid is 10060
06-11 01:58:00.719  1359  2386 D HwSecurityService: find this Resident Plugin
06-11 01:58:00.721  1359  2386 D HwSecurityService: find this Resident Plugin
06-11 01:58:00.723  1359  1394 D HwSecurityService: find this Resident Plugin
06-11 01:58:00.724  1359  2401 D HwSecurityService: find this Resident Plugin
06-11 01:58:00.725  1359  2401 D HwSecurityService: find this Resident Plugin
06-11 01:58:00.727  2399  2591 W ContextImpl: Calling a method in the system process without a qualified user: android.app.ContextImpl.bindService:1788 android.content.ContextWrapper.bindService:691 com.huawei.android.location.activityrecognition.HwActivityRecognition.bindService:1088 com.huawei.android.location.activityrecognition.HwActivityRecognition.access$1:1076 com.huawei.android.location.activityrecognition.HwActivityRecognition$1.handleMessage:1024 
06-11 01:58:00.728  1359  2386 D HwSecurityService: find this Resident Plugin
06-11 01:58:00.750  1359  2401 D JobServiceContext: doCallback of : JobStatus{c3634e #u0a70/1004 com.huawei.android.thememanager/.mvp.view.service.ScanService u=0 s=10070 TIME=none:-11s223ms READY} v:VERB_EXECUTING
06-11 01:58:00.755  1359  2386 I ActivityManager: Killing 3425:com.android.keychain/1000 (adj 906): empty #17
06-11 01:58:00.814  1359  2056 D ActivityManager: cleanUpApplicationRecord app: ProcessRecord{1ca6d8c 3425:com.android.keychain/1000}, app.bad: false, restarting: false, allowRestart: true
06-11 01:58:00.878  1359  2056 V ActivityManager: startProcess: name=com.huawei.android.hwouc:usersurvey app=null knownToBeDead=true thread=null pid=-1
06-11 01:58:00.895  1359  2056 I ActivityManager: Start proc 5078:com.huawei.android.hwouc:usersurvey/u0a60 for broadcast com.huawei.android.hwouc/.romsurvey.check.AutoCheckReceiver
06-11 01:58:00.898  1359  2056 I ActivityManager: Killing 3208:com.huawei.systemmanager/1000 (adj 906): empty #17
06-11 01:58:00.918  5078  5078 D ActivityThread: Attach thread to application
06-11 01:58:00.967  1359  2386 D ActivityManager: cleanUpApplicationRecord app: ProcessRecord{bef8416 3208:com.huawei.systemmanager/1000}, app.bad: false, restarting: false, allowRestart: true
06-11 01:58:01.002  1359  2401 I ActivityManager: Killing 4036:com.huawei.phoneservice/u0a29 (adj 906): empty #17
06-11 01:58:01.020  1359  2401 I HwNetworkPolicy: onTransact, code = 15
06-11 01:58:01.040  1359  2386 I HwNetworkPolicy: onTransact, code = 15
06-11 01:58:01.044  1359  2386 I HwNetworkPolicy: onTransact, code = 15
06-11 01:58:01.053  1359  2386 V ActivityManager: startProcess: name=com.huawei.hiviewtunnel:hwbdservice app=null knownToBeDead=true thread=null pid=-1
06-11 01:58:01.077  1359  2386 I ActivityManager: Start proc 5103:com.huawei.hiviewtunnel:hwbdservice/1000 for broadcast com.huawei.hiviewtunnel/com.huawei.hiwibd.android.trigger.HiWiReceiver
06-11 01:58:01.100  5103  5103 D ActivityThread: Attach thread to application
06-11 01:58:01.137  1359  2401 D ConnectivityService: ConnectivityService NetworkRequestInfo binderDied(NetworkRequest [ TRACK_DEFAULT id=15, [ Capabilities: INTERNET&NOT_RESTRICTED&TRUSTED&NOT_VPN] ], android.os.BinderProxy@f2cc2e)
06-11 01:58:01.138  1359  2380 D ActivityManager: cleanUpApplicationRecord app: ProcessRecord{e898ae5 4036:com.huawei.phoneservice/u0a29}, app.bad: false, restarting: false, allowRestart: true
06-11 01:58:01.138  1359  2081 D ConnectivityService: releasing NetworkRequest [ TRACK_DEFAULT id=15, [ Capabilities: INTERNET&NOT_RESTRICTED&TRUSTED&NOT_VPN] ] (release request)
06-11 01:58:01.147  1359  1394 W ProcBatteryStats: timer is running , not start, name: com.qualcomm.qcrilmsgtunnel, uid: 1001, tag: QcrilOemhookMsgTunnel
06-11 01:58:01.150  1359  1394 W ProcBatteryStats: timer is not running , not stop, name: com.qualcomm.qcrilmsgtunnel, uid: 1001, tag: QcrilOemhookMsgTunnel
06-11 01:58:01.315  1359  1359 I HwAudioService: check HiRes Icon false
06-11 01:58:01.436  1359  2386 I HwGeneralService: readProtectArea: callingPid is 5017,callingUid is 10060
06-11 01:58:01.448  1359  2386 I HwGeneralService: readProtectArea: callingPid is 5017,callingUid is 10060
06-11 01:58:01.468  1359  1359 I HwAudioService: check HiRes Icon false
06-11 01:58:01.534  2381  2721 D PolicyManager: initPolicy from xml.  white list size =197  control path list size =3
06-11 01:58:01.534  2381  2721 E PolicyManager: keySet = 1
06-11 01:58:01.547  1359  2386 V ActivityManager: startProcess: name=com.huawei.imedia.sws app=null knownToBeDead=true thread=null pid=-1
06-11 01:58:01.563  1359  2386 I ActivityManager: Start proc 5129:com.huawei.imedia.sws/u0a82 for broadcast com.huawei.imedia.sws/.BootUpReceiver
06-11 01:58:01.567  1359  2386 I ActivityManager: Killing 3346:com.android.printspooler/u0a78 (adj 906): empty #17
06-11 01:58:01.598  5129  5129 D ActivityThread: Attach thread to application
06-11 01:58:01.637  1359  2386 D ActivityManager: cleanUpApplicationRecord app: ProcessRecord{dedeb91 3346:com.android.printspooler/u0a78}, app.bad: false, restarting: false, allowRestart: true
06-11 01:58:01.639  1359  1359 I HwAudioService: check HiRes Icon false
06-11 01:58:01.650  1359  2386 I ActivityManager: Process com.huawei.hiviewtunnel:hwbdservice (pid 5103) has died: cch  CEM 
06-11 01:58:01.650  1359  2386 D ActivityManager: cleanUpApplicationRecord app: ProcessRecord{eee6ea9 5103:com.huawei.hiviewtunnel:hwbdservice/1000}, app.bad: false, restarting: false, allowRestart: true
06-11 01:58:01.684  2319  2319 W ContextImpl: Calling a method in the system process without a qualified user: android.app.ContextImpl.startService:1708 android.content.ContextWrapper.startService:657 android.content.ContextWrapper.startService:657 com.huawei.lbs.control.BootBroadcastReceiver.onReceive:22 android.app.ActivityThread.handleReceiver:3793 
06-11 01:58:01.692  1359  2386 V ActivityManager: startProcess: name=com.huawei.mmitest app=null knownToBeDead=true thread=null pid=-1
06-11 01:58:01.715  1359  2386 I ActivityManager: Start proc 5149:com.huawei.mmitest/1000 for broadcast com.huawei.mmitest/.MMITestReceiver
06-11 01:58:01.736  5149  5149 D ActivityThread: Attach thread to application
06-11 01:58:01.743  2319  2319 W ContextImpl: Calling a method in the system process without a qualified user: android.app.ContextImpl.sendBroadcast:1131 android.content.ContextWrapper.sendBroadcast:442 com.huawei.lbs.HwLBSService.onCreate:51 android.app.ActivityThread.handleCreateService:3956 android.app.ActivityThread.-wrap5:0 
06-11 01:58:01.900  1359  2386 I ActivityManager: Killing 4431:com.huawei.hwdetectrepair/1000 (adj 906): empty #17
06-11 01:58:01.920  2381  2381 W ContextImpl: Calling a method in the system process without a qualified user: android.app.ContextImpl.startService:1708 android.content.ContextWrapper.startService:657 android.content.ContextWrapper.startService:657 com.huawei.motionservice.motionexception.MotionBootReceiver.onReceive:58 android.app.ActivityThread.handleReceiver:3793 
06-11 01:58:01.926  1359  2056 I HwNetworkPolicy: onTransact, code = 15
06-11 01:58:01.967  1359  2386 D ActivityManager: cleanUpApplicationRecord app: ProcessRecord{be89e55 4431:com.huawei.hwdetectrepair/1000}, app.bad: false, restarting: false, allowRestart: true
06-11 01:58:02.000  1359  2386 I ActivityManager: Process com.huawei.parentcontrol (pid 3361) has died: fore RCVR
06-11 01:58:02.000  1359  2386 D ActivityManager: cleanUpApplicationRecord app: ProcessRecord{d338393 3361:com.huawei.parentcontrol/u0a61}, app.bad: false, restarting: false, allowRestart: true
06-11 01:58:02.008  1359  1655 V ActivityManager: startProcess: name=com.huawei.rcsserviceapplication:service app=null knownToBeDead=true thread=null pid=-1
06-11 01:58:02.021  1359  1655 I ActivityManager: Start proc 5182:com.huawei.rcsserviceapplication:service/u0a64 for broadcast com.huawei.rcsserviceapplication/com.huawei.rcs.service.RcsGlobalBroadcastReceiver
06-11 01:58:02.042  5182  5182 D ActivityThread: Attach thread to application
06-11 01:58:02.138  1359  1359 I HwAudioService: check HiRes Icon false
06-11 01:58:02.152  1359  1359 I HwAudioService: check HiRes Icon false
06-11 01:58:02.350  1359  2380 W ProcBatteryStats: timer is not running , not stop, name: audioserver, uid: 1041, tag: AudioMix
06-11 01:58:02.354  1359  2380 W ProcBatteryStats: timer is not running , not stop, name: audioserver, uid: 1041, tag: AudioMix
06-11 01:58:02.369  1359  2380 V ActivityManager: startProcess: name=com.huawei.regservice app=null knownToBeDead=true thread=null pid=-1
06-11 01:58:02.387  1359  2380 I ActivityManager: Start proc 5220:com.huawei.regservice/1001 for broadcast com.huawei.regservice/.SimStateChangeReceiver
06-11 01:58:02.414  5220  5220 D ActivityThread: Attach thread to application
06-11 01:58:02.457  1359  1655 I ActivityManager: Waited long enough for: ServiceRecord{2a35ff8 u0 com.android.providers.contacts/.hap.KeepAliveService}
06-11 01:58:02.470  1359  1359 I HwAudioService: check HiRes Icon false
06-11 01:58:02.501  1359  1359 I HwAudioService: check HiRes Icon false
06-11 01:58:02.514  1359  1394 I ActivityManager: Process com.huawei.rcsserviceapplication:service (pid 5182) has died: fore SVC 
06-11 01:58:02.515  1359  1394 D ActivityManager: cleanUpApplicationRecord app: ProcessRecord{f635419 5182:com.huawei.rcsserviceapplication:service/u0a64}, app.bad: false, restarting: false, allowRestart: true
06-11 01:58:02.570  1359  2496 V ActivityManager: startProcess: name=com.huawei.systemmanager app=null knownToBeDead=true thread=null pid=-1
06-11 01:58:02.590  1359  2496 I ActivityManager: Start proc 5240:com.huawei.systemmanager/1000 for broadcast com.huawei.systemmanager/com.huawei.permissionmanager.ui.ComBroadcastReceiver
06-11 01:58:02.622  5240  5240 D ActivityThread: Attach thread to application
06-11 01:58:02.623  1359  1393 D ContentProviderRecord: Install provider in app ui process, name:ComponentInfo{com.huawei.systemmanager/com.huawei.systemmanager.settingsearch.SettingSearchProvider}
06-11 01:58:02.623  1359  1393 D ContentProviderRecord: Install provider in app ui process, name:ComponentInfo{com.huawei.systemmanager/com.avl.engine.security.AVLProvider}
06-11 01:58:02.624  1359  1393 D ContentProviderRecord: Install provider in app ui process, name:ComponentInfo{com.huawei.systemmanager/com.huawei.systemmanager.backup.CommonPrefBackupProvider}
06-11 01:58:02.713  5240  5240 W ContextImpl: Calling a method in the system process without a qualified user: android.app.ContextImpl.startService:1708 android.content.ContextWrapper.startService:657 com.huawei.library.stat.client.HsmStatProxy.startMainService:300 com.huawei.systemmanager.SystemManagerApplication.startServices:204 com.huawei.systemmanager.SystemManagerApplication.onCreate:150 
06-11 01:58:02.715  5240  5240 W ContextImpl: Calling a method in the system process without a qualified user: android.app.ContextImpl.startService:1708 android.content.ContextWrapper.startService:657 com.huawei.systemmanager.SystemManagerApplication.startPermissionService:286 com.huawei.systemmanager.SystemManagerApplication.startServices:205 com.huawei.systemmanager.SystemManagerApplication.onCreate:150 
06-11 01:58:02.716  1359  1393 I AlarmManager: remove alarm.operation :5c1e1c8 according to operation:551ac66
06-11 01:58:02.717  1359  1393 D SmartHeartBeat: isPendingPackage, false, pkg:com.android.deskclock, action:com.android.deskclock.ALARM_ALERT,not pending alarm with AlarmClockInfo
06-11 01:58:02.719  5240  5240 W ContextImpl: Calling a method in the system process without a qualified user: android.app.ContextImpl.startService:1708 android.content.ContextWrapper.startService:657 com.huawei.systemmanager.SystemManagerApplication.startBgStaticsService:308 com.huawei.systemmanager.SystemManagerApplication.startServices:210 com.huawei.systemmanager.SystemManagerApplication.onCreate:150 
06-11 01:58:02.721  5240  5240 W ContextImpl: Calling a method in the system process without a qualified user: android.app.ContextImpl.startService:1708 android.content.ContextWrapper.startService:657 com.huawei.systemmanager.SystemManagerApplication.startDeviceStorageMonitorService:315 com.huawei.systemmanager.SystemManagerApplication.startServices:212 com.huawei.systemmanager.SystemManagerApplication.onCreate:150 
06-11 01:58:02.723  5240  5240 W ContextImpl: Calling a method in the system process without a qualified user: android.app.ContextImpl.startService:1708 android.content.ContextWrapper.startService:657 com.huawei.systemmanager.SystemManagerApplication.startSpaceCleanService:336 com.huawei.systemmanager.SystemManagerApplication.startServices:216 com.huawei.systemmanager.SystemManagerApplication.onCreate:150 
06-11 01:58:02.725  5240  5240 W ContextImpl: Calling a method in the system process without a qualified user: android.app.ContextImpl.startService:1708 android.content.ContextWrapper.startService:657 com.huawei.systemmanager.SystemManagerApplication.startSmartControlResidentService:346 com.huawei.systemmanager.SystemManagerApplication.startServices:219 com.huawei.systemmanager.SystemManagerApplication.onCreate:150 
06-11 01:58:02.728  5240  5240 W ContextImpl: Calling a method in the system process without a qualified user: android.app.ContextImpl.startService:1708 android.content.ContextWrapper.startService:657 com.huawei.systemmanager.SystemManagerApplication.startAntivirusService:353 com.huawei.systemmanager.SystemManagerApplication.startServices:220 com.huawei.systemmanager.SystemManagerApplication.onCreate:150 
06-11 01:58:02.733  5240  5240 W ContextImpl: Calling a method in the system process without a qualified user: android.app.ContextImpl.startService:1708 android.content.ContextWrapper.startService:657 com.huawei.systemmanager.SystemManagerApplication.startCoreService:241 com.huawei.systemmanager.SystemManagerApplication.startServices:222 com.huawei.systemmanager.SystemManagerApplication.onCreate:150 
06-11 01:58:02.765  1359  1655 I ActivityManager: Waited long enough for: ServiceRecord{26f79d2 u0 com.android.providers.media/.MediaScannerService}
06-11 01:58:02.836  5240  5273 W ContextImpl: Calling a method in the system process without a qualified user: android.app.ContextImpl.startService:1708 android.content.ContextWrapper.startService:657 tmsdk.common.TMSDKContext.start:153 tmsdk.common.TMSDKContext.access$000:0 tmsdk.common.TMSDKContext$1.run:0 
06-11 01:58:02.842  5240  5240 W ContextImpl: Calling a method in the system process without a qualified user: android.app.ContextImpl.startService:1708 android.content.ContextWrapper.startService:657 android.content.ContextWrapper.startService:657 com.huawei.permissionmanager.ui.ComBroadcastReceiver.onReceive:69 android.app.ActivityThread.handleReceiver:3793 
06-11 01:58:02.847  5240  5240 W ContextImpl: Calling a method in the system process without a qualified user: android.app.ContextImpl.bindService:1788 android.content.ContextWrapper.bindService:691 com.huawei.library.stat.client.HsmStatProxy.bindService:268 com.huawei.library.stat.client.HsmStatProxy.-wrap0:0 com.huawei.library.stat.client.HsmStatProxy$1.handleMessage:67 
06-11 01:58:02.858  1359  4909 D HwConnectivityService: return the background wifi network info for system manager.
06-11 01:58:02.871  1359  4909 I chatty  : uid=1000(system) Binder:1359_D identical 1 line
06-11 01:58:02.871  1359  4909 D HwConnectivityService: return the background wifi network info for system manager.
06-11 01:58:02.874  1359  2496 I ActivityManager: Process com.android.deskclock (pid 4688) has died: cch+4CEM 
06-11 01:58:02.874  1359  2496 D ActivityManager: cleanUpApplicationRecord app: ProcessRecord{c212dad 4688:com.android.deskclock/u0a58}, app.bad: false, restarting: false, allowRestart: true
06-11 01:58:02.983  5240  5301 W ContextImpl: Calling a method in the system process without a qualified user: android.app.ContextImpl.startService:1708 android.content.ContextWrapper.startService:657 com.huawei.systemmanager.spacecleanner.receiver.SpaceCleanReceiver.checkRarelyUsedApp:101 com.huawei.systemmanager.spacecleanner.receiver.SpaceCleanReceiver.doInBackground:47 java.lang.reflect.Method.invoke:-2 
06-11 01:58:03.016  1359  1359 I HwAudioService: check HiRes Icon false
06-11 01:58:03.278  1359  4909 I HwNetworkPolicy: onTransact, code = 15
06-11 01:58:03.305  1359  2056 I HwNetworkPolicy: onTransact, code = 15
06-11 01:58:03.376  1359  1359 I HwAudioService: check HiRes Icon false
06-11 01:58:03.453  1359  2056 W ProcBatteryStats: timer is running , not start, name: audioserver, uid: 1041, tag: AudioMix
06-11 01:58:03.453  1359  2056 W ProcBatteryStats: timer is running , not start, name: audioserver, uid: 1041, tag: AudioMix
06-11 01:58:03.558  1359  2380 I [SPMN]  : insert SECURE -- name = hw_long_home_voice_assistant, package = com.huawei.vassistant, user = 0, value = 1
06-11 01:58:03.572  1359  4909 V ActivityManager: startProcess: name=com.huawei.wallet app=null knownToBeDead=true thread=null pid=-1
06-11 01:58:03.591  1359  4909 I ActivityManager: Start proc 5314:com.huawei.wallet/u0a85 for broadcast com.huawei.wallet/com.huawei.nfc.carrera.lifecycle.receiver.BootCompletedReceiver
06-11 01:58:03.623  5314  5314 D ActivityThread: Attach thread to application
06-11 01:58:03.698  1359  2380 I HwNetworkPolicy: onTransact, code = 15
06-11 01:58:03.718  1359  2056 I HwNetworkPolicy: onTransact, code = 15
06-11 01:58:04.465  1359  1359 V AlarmManager: Received TIME_TICK alarm; rescheduling
06-11 01:58:04.468  1359  2023 W ActivityManager: Unable to start service Intent { flg=0x4 hwFlg=0x900 (has extras) } U=0: not found
06-11 01:58:04.484  1359  1359 I HwAlarmManagerService: hwSetAlarm listenerTag: time_tick
06-11 01:58:04.521  1359  2056 V BroadcastQueue: Finished with ordered broadcast BroadcastRecord{a75f3fa u-1 android.intent.action.TIME_TICK}
06-11 01:58:04.910  1359  2056 V ActivityManager: startProcess: name=org.simalliance.openmobileapi.service:remote app=null knownToBeDead=true thread=null pid=-1
06-11 01:58:04.927  1359  2056 I ActivityManager: Start proc 5362:org.simalliance.openmobileapi.service:remote/1091 for service org.simalliance.openmobileapi.service/.SmartcardService
06-11 01:58:04.929  1359  2380 I ActivityManager: Killing 4477:com.google.android.webview:webview_service/u0a83 (adj 906): empty #17
06-11 01:58:04.930  1359  2380 I ActivityManager: Killing 2734:com.huawei.android.totemweather/u0a33 (adj 906): empty #18
06-11 01:58:04.942  1359  2380 V ActivityManager: startProcess: name=org.simalliance.openmobileapi.service app=null knownToBeDead=true thread=null pid=-1
06-11 01:58:04.965  1359  2380 I ActivityManager: Start proc 5374:org.simalliance.openmobileapi.service/1091 for broadcast org.simalliance.openmobileapi.service/.SmartcardServiceBootCompletedBroadcastReceiver
06-11 01:58:04.968  5362  5362 D ActivityThread: Attach thread to application
06-11 01:58:04.980  1359  2380 D ConnectivityService: requestNetwork for uid/pid:10085/5314 NetworkRequest [ TRACK_DEFAULT id=16, [ Capabilities: INTERNET&NOT_RESTRICTED&TRUSTED&NOT_VPN] ]
06-11 01:58:04.981  1359  2081 D ConnectivityService: sending new Min Network Score(0): NetworkRequest [ TRACK_DEFAULT id=16, [ Capabilities: INTERNET&NOT_RESTRICTED&TRUSTED&NOT_VPN] ]
06-11 01:58:04.987  1359  2380 D ActivityManager: cleanUpApplicationRecord app: ProcessRecord{63c097d 4477:com.google.android.webview:webview_service/u0a83}, app.bad: false, restarting: false, allowRestart: true
06-11 01:58:04.997  5374  5374 D ActivityThread: Attach thread to application
06-11 01:58:05.004  1359  2496 D ActivityManager: cleanUpApplicationRecord app: ProcessRecord{6ef7552 2734:com.huawei.android.totemweather/u0a33}, app.bad: false, restarting: false, allowRestart: true
06-11 01:58:05.041  1359  2496 W ProcBatteryStats: timer is running , not start, name: com.qualcomm.qcrilmsgtunnel, uid: 1001, tag: QcrilOemhookMsgTunnel
06-11 01:58:05.044  1359  2496 W ProcBatteryStats: timer is not running , not stop, name: com.qualcomm.qcrilmsgtunnel, uid: 1001, tag: QcrilOemhookMsgTunnel
06-11 01:58:05.080  1359  2380 I ActivityManager: Finished processing BOOT_COMPLETED for u0
06-11 01:58:05.080  1359  2380 V BroadcastQueue: Finished with ordered broadcast BroadcastRecord{b8a9dc u0 android.intent.action.BOOT_COMPLETED}
06-11 01:58:05.082  1359  2380 I ActivityManager: Killing 4533:abc.def.ghi/u0a296 (adj 906): empty #17
06-11 01:58:05.113  1359  1393 V BroadcastQueue: Finished with ordered broadcast BroadcastRecord{506a0b9 u-1 com.huawei.intent.action.PG_START_IAWARE}
06-11 01:58:05.137  1359  2496 V BroadcastQueue: Finished with ordered broadcast BroadcastRecord{e0fcfe u-1 huawei.intent.action.START_THERMAL_ACTION}
06-11 01:58:05.142  1359  2380 D ActivityManager: cleanUpApplicationRecord app: ProcessRecord{c077bca 4533:abc.def.ghi/u0a296}, app.bad: false, restarting: false, allowRestart: true
06-11 01:58:05.148  1359  2496 V BroadcastQueue: Finished with ordered broadcast BroadcastRecord{7e78f75 u0 android.intent.action.MEDIA_SCANNER_STARTED}
06-11 01:58:05.153  1359  1393 I ActivityManager: Killing 3229:com.google.android.marvin.talkback/u0a84 (adj 906): empty #17
06-11 01:58:05.231  1359  1393 V BroadcastQueue: Finished with ordered broadcast BroadcastRecord{4cbeb0a u0 com.huawei.systemmanager.LOCKCHANGE}
06-11 01:58:05.236  1359  1394 D ActivityManager: cleanUpApplicationRecord app: ProcessRecord{9940fe4 3229:com.google.android.marvin.talkback/u0a84}, app.bad: false, restarting: false, allowRestart: true
06-11 01:58:05.247  1359  2056 V BroadcastQueue: Finished with ordered broadcast BroadcastRecord{e900b4f u0 com.dmyk.android.telephony.action.SIM_STATE_CHANGED}
06-11 01:58:05.250  1359  1655 I ActivityManager: Waited long enough for: ServiceRecord{8444a67 u0 com.huawei.hidisk/com.huawei.android.hicloud.sync.service.aidl.SyncObserverService}
06-11 01:58:05.258  1359  2496 V BroadcastQueue: Finished with ordered broadcast BroadcastRecord{4e112dc u0 com.android.providers.calendar.intent.CalendarProvider2}
06-11 01:58:05.267  1359  1393 V BroadcastQueue: Finished with ordered broadcast BroadcastRecord{bd2aba u0 com.huawei.hwsystemmanager.power.SCHEDULE_RECORD_REMAING_TIME_SCENE}
06-11 01:58:05.272  1359  1393 V BroadcastQueue: Finished with ordered broadcast BroadcastRecord{ada80c8 u0 com.huawei.intent.action.REPORT_DELETE_CONTACTS_ACTION}
06-11 01:58:05.330  1359  2007 D HwBatteryService: onUEvent fcpStatus = 0,scpStatus =0,ovpStatus=0
06-11 01:58:05.332  1359  2007 I HwBatteryService: quick charge status : 0
06-11 01:58:05.346  1359  2056 I BatteryService: normal charge status : 1
06-11 01:58:05.361  1359  1359 D WifiService: onReceive, action:android.intent.action.BATTERY_CHANGED
06-11 01:58:05.361  1359  1359 D WifiService: ACTION_BATTERY_CHANGED pluggedType: 1
06-11 01:58:05.388  1359  5238 V BroadcastQueue: Finished with ordered broadcast BroadcastRecord{4f5f561 u0 com.huawei.hms.intent.action.FindNetwork_DAILY_TASK}
06-11 01:58:05.487  1359  2496 V BroadcastQueue: Finished with ordered broadcast BroadcastRecord{e93abf8 u0 com.huawei.hms.intent.action.FindNetwork_24H_TASK}
06-11 01:58:05.490  1359  1359 I HwAudioService: check HiRes Icon false
06-11 01:58:05.493  1359  2496 V BroadcastQueue: Finished with ordered broadcast BroadcastRecord{6ddf01f u0 com.huawei.hms.intent.action.FindNetwork_4H_TASK}
06-11 01:58:05.507  1359  1359 I HwAudioService: check HiRes Icon false
06-11 01:58:05.563  1359  2496 V BroadcastQueue: Finished with ordered broadcast BroadcastRecord{2a2df6c u0 com.android.providers.calendar.SNOOZE_ALARM}
06-11 01:58:05.609  1359  1393 D ConnectivityService: listenForNetwork for uid/pid:10085/5314 NetworkRequest [ LISTEN id=17, [ Transports: CELLULAR|WIFI|ETHERNET Capabilities: NOT_RESTRICTED&TRUSTED&NOT_VPN] ]
06-11 01:58:05.644  1359  1359 I HwAudioService: check HiRes Icon false
06-11 01:58:05.697  1359  2496 V BroadcastQueue: Finished with ordered broadcast BroadcastRecord{74aac6e u0 com.android.calendar.APPWIDGET_UPDATE}
06-11 01:58:05.701  1359  2380 V BroadcastQueue: Finished with ordered broadcast BroadcastRecord{17bd82c u0 com.android.calendar.widget.UPDATE_WIDGET_STATUS}
06-11 01:58:05.738  1359  1359 I HwAudioService: check HiRes Icon false
06-11 01:58:05.802  1359  1394 D HwGameAssistantController: registerGameObserver:com.huawei.android.app.IGameObserver$Stub$Proxy@3473bad, result=true
06-11 01:58:05.806  1359  2380 I HwNetworkPolicy: onTransact, code = 15
06-11 01:58:05.848  1359  2380 I HwNetworkPolicy: onTransact, code = 15
06-11 01:58:05.853  1359  4909 I AlarmManager: remove alarm.operation :f6a0e1 according to operation:d0d3e06
06-11 01:58:05.853  1359  4909 D SmartHeartBeat: isPendingPackage, false, pkg:com.android.deskclock, action:com.android.deskclock.ALARM_ALERT,not pending alarm with AlarmClockInfo
06-11 01:58:05.867  1359  4909 V BroadcastQueue: Finished with ordered broadcast BroadcastRecord{62d6cc7 u0 com.android.calendar.widget.UPDATE_WIDGET_STATUS}
06-11 01:58:05.962  2381  2860 E HwCommBoosterService: isCallByAppLayer fail for callerpkgName=com.huawei.hwid
06-11 01:58:05.962  2381  2860 E HwCommBoosterService: isValidCaller fail for uid=10057, pkgName=com.huawei.hwid
06-11 01:58:05.962  2381  2860 E HwCommBoosterService: registerCallBack fail for pkgName=com.huawei.hms.wireless with uid=10057
06-11 01:58:05.977  2381  2860 E HwCommBoosterService: isCallByAppLayer fail for callerpkgName=com.huawei.hwid
06-11 01:58:05.977  2381  2860 E HwCommBoosterService: isValidCaller fail for uid=10057, pkgName=com.huawei.hwid
06-11 01:58:05.977  2381  2860 E HwCommBoosterService: registerCallBack fail for pkgName=com.huawei.hms.wireless with uid=10057
06-11 01:58:06.076  1359  4909 D HwLocationManagerService: on transact REMOVE_LOCATION_MODE uid is 0 , packagename is null
06-11 01:58:06.076  1359  4909 D HwLocationManagerService: remove All SupervisoryControlProc {}
06-11 01:58:06.076  1359  4909 D HwLocationManagerService:  package has no request send yet
06-11 01:58:06.162  1359  1394 V ActivityManager: startProcess: name=com.android.gallery3d:search app=null knownToBeDead=true thread=null pid=-1
06-11 01:58:06.179  1359  1394 I ActivityManager: Start proc 5580:com.android.gallery3d:search/u0a24 for service com.android.gallery3d/com.huawei.gallery.search.SearchService
06-11 01:58:06.220  5580  5580 D ActivityThread: Attach thread to application
06-11 01:58:06.459  1359  2329 W ProcBatteryStats: timer is not running , not stop, name: audioserver, uid: 1041, tag: AudioMix
06-11 01:58:06.467  1359  1394 W ProcBatteryStats: timer is not running , not stop, name: audioserver, uid: 1041, tag: AudioMix
06-11 01:58:06.679  1359  1655 W BroadcastQueue: Permission Denial: broadcasting Intent { act=com.huawei.gallery.action.ACTION_CHANGE flg=0x10 } from com.android.gallery3d (pid=5580, uid=10024) requires com.android.gallery3d.permission.SEARCH_CHANGE_NOTIFY due to registered receiver BroadcastFilter{c04ccdc u0 ReceiverList{5666d4f 4300 com.android.gallery3d/10024/u0 remote:44f4bae}}
06-11 01:58:06.853  1359  1815 V ActivityManager: startProcess: name=com.google.android.ext.services app=null knownToBeDead=true thread=null pid=-1
06-11 01:58:06.870  1359  1815 I ActivityManager: Start proc 5624:com.google.android.ext.services/u0a86 for service com.google.android.ext.services/android.ext.services.storage.CacheQuotaServiceImpl
06-11 01:58:06.890  1359  2026 W ContextImpl: Calling a method in the system process without a qualified user: android.app.ContextImpl.bindService:1788 com.huawei.msdp.devicestatus.HwMSDPDeviceStatus.bindService:160 com.huawei.msdp.devicestatus.HwMSDPDeviceStatus.connectService:141 com.android.server.rms.iaware.dev.PhoneStatusRecong.connectService:86 com.android.server.rms.iaware.feature.DevSchedFeatureRT.enableIAware2:114 
06-11 01:58:06.890  1359  2026 W ActivityManager: Unable to start service Intent { cmp=com.huawei.msdp/.devicestatus.HwMSDPDeviceStatusService } U=0: not found
06-11 01:58:06.904  5624  5624 D ActivityThread: Attach thread to application
06-11 01:58:07.139  1359  5238 I ActivityManager: Killing 4754:com.android.managedprovisioning/u0a34 (adj 906): empty #17
06-11 01:58:07.153  1359  2496 D ActivityManager: cleanUpApplicationRecord app: ProcessRecord{32e7ca7 4754:com.android.managedprovisioning/u0a34}, app.bad: false, restarting: false, allowRestart: true
06-11 01:58:07.656  1359  1359 I HwAudioService: check HiRes Icon false
06-11 01:58:08.891  1359  2026 W ContextImpl: Calling a method in the system process without a qualified user: android.app.ContextImpl.bindService:1788 com.huawei.msdp.devicestatus.HwMSDPDeviceStatus.bindService:160 com.huawei.msdp.devicestatus.HwMSDPDeviceStatus.access$100:19 com.huawei.msdp.devicestatus.HwMSDPDeviceStatus$1.handleMessage:49 android.os.Handler.dispatchMessage:109 
06-11 01:58:08.892  1359  2026 W ActivityManager: Unable to start service Intent { cmp=com.huawei.msdp/.devicestatus.HwMSDPDeviceStatusService } U=0: not found
06-11 01:58:08.977  1359  1359 W ContextImpl: Calling a method in the system process without a qualified user: android.app.ContextImpl.startService:1708 com.android.server.am.HwActivityManagerService$3.run:1400 android.os.Handler.handleCallback:809 android.os.Handler.dispatchMessage:102 android.os.Looper.loop:166 
06-11 01:58:08.978  1359  1359 V ActivityManager: startProcess: name=com.huawei.android.pushagent.PushService app=null knownToBeDead=true thread=null pid=-1
06-11 01:58:09.005  1359  1359 I ActivityManager: Start proc 5651:com.huawei.android.pushagent.PushService/1000 for service android/com.huawei.android.pushagentproxy.PushService
06-11 01:58:09.006  1359  1359 I HwActivityManagerService: retrieveCustedMaxAdj for processName:com.huawei.android.pushagent.PushService, get adj:200
06-11 01:58:09.007  1359  1359 I HwActivityManagerService: addAppLocked, app:ProcessRecord{b41fce6 5651:com.huawei.android.pushagent.PushService/1000}, set maxadj to 200
06-11 01:58:09.037  5651  5651 D ActivityThread: Attach thread to application
06-11 01:58:09.251  1359  1393 D ConnectivityService: listenForNetwork for uid/pid:1000/5651 NetworkRequest [ LISTEN id=18, [ Transports: CELLULAR|WIFI Capabilities: NOT_RESTRICTED&TRUSTED&NOT_VPN] ]
06-11 01:58:09.495  1359  2007 D HwBatteryService: onUEvent fcpStatus = 0,scpStatus =0,ovpStatus=0
06-11 01:58:09.496  1359  2007 I HwBatteryService: quick charge status : 0
06-11 01:58:09.503  1359  1393 I BatteryService: normal charge status : 1
06-11 01:58:09.506  1359  1359 D WifiService: onReceive, action:android.intent.action.BATTERY_CHANGED
06-11 01:58:09.507  1359  1359 D WifiService: ACTION_BATTERY_CHANGED pluggedType: 1
06-11 01:58:09.723  1359  1359 I Telecom-DefaultDialerCache: Refreshing default dialer for user 0: now com.android.contacts
06-11 01:58:09.835  1359  2276 E Watchdog: Failed to write to /sys/kernel/hungtask/vm_heart
06-11 01:58:09.835  1359  2276 E Watchdog: java.io.FileNotFoundException: /sys/kernel/hungtask/vm_heart (Permission denied)
06-11 01:58:09.835  1359  2276 E Watchdog: 	at java.io.FileOutputStream.open0(Native Method)
06-11 01:58:09.835  1359  2276 E Watchdog: 	at java.io.FileOutputStream.open(FileOutputStream.java:287)
06-11 01:58:09.835  1359  2276 E Watchdog: 	at java.io.FileOutputStream.<init>(FileOutputStream.java:223)
06-11 01:58:09.835  1359  2276 E Watchdog: 	at java.io.FileOutputStream.<init>(FileOutputStream.java:110)
06-11 01:58:09.835  1359  2276 E Watchdog: 	at com.android.server.Watchdog.writeHungtask(Watchdog.java:904)
06-11 01:58:09.835  1359  2276 E Watchdog: 	at com.android.server.Watchdog.run(Watchdog.java:563)
06-11 01:58:10.661  2381  2571 I HwAntiTheftService: checkDevice hw_suw_frp_state=0
06-11 01:58:10.661  2381  2571 I HwAntiTheftService: checkDevice finish
06-11 01:58:10.892  1359  2026 W ContextImpl: Calling a method in the system process without a qualified user: android.app.ContextImpl.bindService:1788 com.huawei.msdp.devicestatus.HwMSDPDeviceStatus.bindService:160 com.huawei.msdp.devicestatus.HwMSDPDeviceStatus.access$100:19 com.huawei.msdp.devicestatus.HwMSDPDeviceStatus$1.handleMessage:49 android.os.Handler.dispatchMessage:109 
06-11 01:58:10.892  1359  2026 W ActivityManager: Unable to start service Intent { cmp=com.huawei.msdp/.devicestatus.HwMSDPDeviceStatusService } U=0: not found
06-11 01:58:12.895  1359  2026 W ContextImpl: Calling a method in the system process without a qualified user: android.app.ContextImpl.bindService:1788 com.huawei.msdp.devicestatus.HwMSDPDeviceStatus.bindService:160 com.huawei.msdp.devicestatus.HwMSDPDeviceStatus.access$100:19 com.huawei.msdp.devicestatus.HwMSDPDeviceStatus$1.handleMessage:49 android.os.Handler.dispatchMessage:109 
06-11 01:58:12.895  1359  2026 W ActivityManager: Unable to start service Intent { cmp=com.huawei.msdp/.devicestatus.HwMSDPDeviceStatusService } U=0: not found
06-11 01:58:12.905  1359  5238 D HwConnectivityService: return the background wifi network info for system manager.
06-11 01:58:12.924  1359  5238 I chatty  : uid=1000(system) Binder:1359_E identical 1 line
06-11 01:58:12.932  1359  5238 D HwConnectivityService: return the background wifi network info for system manager.
06-11 01:58:13.224  1359  5238 V ActivityManager: startProcess: name=com.android.keychain app=null knownToBeDead=true thread=null pid=-1
06-11 01:58:13.254  1359  5238 I ActivityManager: Start proc 5692:com.android.keychain/1000 for service com.android.keychain/.KeyChainService
06-11 01:58:13.270  5692  5692 D ActivityThread: Attach thread to application
06-11 01:58:13.351  1359  5238 I ActivityManager: Killing 4786:com.android.mms/u0a35 (adj 906): empty #17
06-11 01:58:13.374  1359  4909 D ActivityManager: cleanUpApplicationRecord app: ProcessRecord{c92f73e 4786:com.android.mms/u0a35}, app.bad: false, restarting: false, allowRestart: true
06-11 01:58:13.876  1359  1359 I HwAudioService: check HiRes Icon false
06-11 01:58:14.896  1359  2026 W ContextImpl: Calling a method in the system process without a qualified user: android.app.ContextImpl.bindService:1788 com.huawei.msdp.devicestatus.HwMSDPDeviceStatus.bindService:160 com.huawei.msdp.devicestatus.HwMSDPDeviceStatus.access$100:19 com.huawei.msdp.devicestatus.HwMSDPDeviceStatus$1.handleMessage:49 android.os.Handler.dispatchMessage:109 
06-11 01:58:14.897  1359  2026 W ActivityManager: Unable to start service Intent { cmp=com.huawei.msdp/.devicestatus.HwMSDPDeviceStatusService } U=0: not found
06-11 01:58:14.945  1359  1655 I ActivityManager: Waited long enough for: ServiceRecord{d5fd4fc u0 com.huawei.android.UEInfoCheck/.UEInfoCheckDaemonService}
06-11 01:58:16.899  1359  2026 W ContextImpl: Calling a method in the system process without a qualified user: android.app.ContextImpl.bindService:1788 com.huawei.msdp.devicestatus.HwMSDPDeviceStatus.bindService:160 com.huawei.msdp.devicestatus.HwMSDPDeviceStatus.access$100:19 com.huawei.msdp.devicestatus.HwMSDPDeviceStatus$1.handleMessage:49 android.os.Handler.dispatchMessage:109 
06-11 01:58:16.899  1359  2026 W ActivityManager: Unable to start service Intent { cmp=com.huawei.msdp/.devicestatus.HwMSDPDeviceStatusService } U=0: not found
06-11 01:58:17.559  1359  1655 I ActivityManager: Waited long enough for: ServiceRecord{3afc890 u0 com.huawei.regservice/cn.richinfo.dm.service.DMService}
06-11 01:58:18.399  1359  4909 I ActivityManager: Killing 4884:com.android.packageinstaller/u0a37 (adj 906): empty #17
06-11 01:58:18.418  1359  4909 I ActivityManager: Start proc 5721:com.android.mms/u0a35 for start application com.android.mms
06-11 01:58:18.421  1359  5711 D ActivityManager: cleanUpApplicationRecord app: ProcessRecord{2805c44 4884:com.android.packageinstaller/u0a37}, app.bad: false, restarting: false, allowRestart: true
06-11 01:58:18.439  5721  5721 D ActivityThread: Attach thread to application
06-11 01:58:18.447  1359  5711 I ActivityManager: Killing 4981:com.huawei.android.dsdscardmanager/1001 (adj 906): empty #17
06-11 01:58:18.463  1359  2380 D ActivityManager: cleanUpApplicationRecord app: ProcessRecord{b9aa785 4981:com.huawei.android.dsdscardmanager/1001}, app.bad: false, restarting: false, allowRestart: true
06-11 01:58:18.900  1359  2026 W ContextImpl: Calling a method in the system process without a qualified user: android.app.ContextImpl.bindService:1788 com.huawei.msdp.devicestatus.HwMSDPDeviceStatus.bindService:160 com.huawei.msdp.devicestatus.HwMSDPDeviceStatus.access$100:19 com.huawei.msdp.devicestatus.HwMSDPDeviceStatus$1.handleMessage:49 android.os.Handler.dispatchMessage:109 
06-11 01:58:18.900  1359  2026 W ActivityManager: Unable to start service Intent { cmp=com.huawei.msdp/.devicestatus.HwMSDPDeviceStatusService } U=0: not found
06-11 01:58:18.926  1359  1359 I HwAudioService: check HiRes Icon false
06-11 01:58:18.965  1359  1359 I HwAudioService: check HiRes Icon false
06-11 01:58:19.807  1359  5711 I ActivityManager: Killing 3911:com.huawei.android.thememanager:scan/u0a70 (adj 906): empty #17
06-11 01:58:19.833  1359  5711 D ActivityManager: cleanUpApplicationRecord app: ProcessRecord{976665a 3911:com.huawei.android.thememanager:scan/u0a70}, app.bad: false, restarting: false, allowRestart: true
06-11 01:58:20.336  1359  1359 I HwAudioService: check HiRes Icon false
06-11 01:58:20.861  1359  5711 I ActivityManager: Killing 3625:com.huawei.android.thememanager/u0a70 (adj 906): empty #17
06-11 01:58:20.886  1359  5770 D ActivityManager: cleanUpApplicationRecord app: ProcessRecord{8d58159 3625:com.huawei.android.thememanager/u0a70}, app.bad: false, restarting: false, allowRestart: true
06-11 01:58:20.901  1359  2026 W ContextImpl: Calling a method in the system process without a qualified user: android.app.ContextImpl.bindService:1788 com.huawei.msdp.devicestatus.HwMSDPDeviceStatus.bindService:160 com.huawei.msdp.devicestatus.HwMSDPDeviceStatus.access$100:19 com.huawei.msdp.devicestatus.HwMSDPDeviceStatus$1.handleMessage:49 android.os.Handler.dispatchMessage:109 
06-11 01:58:20.901  1359  2026 W ActivityManager: Unable to start service Intent { cmp=com.huawei.msdp/.devicestatus.HwMSDPDeviceStatusService } U=0: not found
06-11 01:58:21.388  1359  1359 I HwAudioService: check HiRes Icon false
06-11 01:58:21.460  1359  5770 D HwActivityManagerService: process has started, packageName:com.android.mms, processName:com.android.mms
06-11 01:58:21.886  1359  2007 D HwBatteryService: onUEvent fcpStatus = 0,scpStatus =0,ovpStatus=0
06-11 01:58:21.887  1359  2007 I HwBatteryService: quick charge status : 0
06-11 01:58:21.898  1359  2007 D HwBatteryService: onUEvent fcpStatus = 0,scpStatus =0,ovpStatus=0
06-11 01:58:21.898  1359  2007 I HwBatteryService: quick charge status : 0
06-11 01:58:21.906  1359  5770 I BatteryService: normal charge status : 1
06-11 01:58:21.918  1359  1359 D WifiService: onReceive, action:android.intent.action.BATTERY_CHANGED
06-11 01:58:21.918  1359  1359 D WifiService: ACTION_BATTERY_CHANGED pluggedType: 1
06-11 01:58:21.923  1359  1708 E BatteryExternalStatsWorker: no controller energy info supplied for wifi
06-11 01:58:21.923  1359  1708 E BatteryExternalStatsWorker: no controller energy info supplied for bluetooth
06-11 01:58:21.986  1359  1708 E KernelUidCpuFreqTimeReader: Failed to read /proc/uid_time_in_state: java.io.FileNotFoundException: /proc/uid_time_in_state (No such file or directory)
06-11 01:58:21.986  1359  1708 E KernelCpuSpeedReader: Failed to read cpu-freq: /sys/devices/system/cpu/cpu0/cpufreq/stats/time_in_state (No such file or directory)
06-11 01:58:21.986  1359  1708 E KernelCpuSpeedReader: Failed to read cpu-freq: /sys/devices/system/cpu/cpu4/cpufreq/stats/time_in_state (No such file or directory)
06-11 01:58:21.996  1359  1655 E KernelCpuSpeedReader: Failed to read cpu-freq: /sys/devices/system/cpu/cpu0/cpufreq/stats/time_in_state (No such file or directory)
06-11 01:58:21.997  1359  1655 E KernelCpuSpeedReader: Failed to read cpu-freq: /sys/devices/system/cpu/cpu4/cpufreq/stats/time_in_state (No such file or directory)
06-11 01:58:22.502  1359  2007 D HwBatteryService: onUEvent fcpStatus = 0,scpStatus =0,ovpStatus=0
06-11 01:58:22.502  1359  2007 I HwBatteryService: quick charge status : 0
06-11 01:58:22.841  1359  2021 D HwSecurityService: find this Resident Plugin
06-11 01:58:22.902  1359  2026 W ContextImpl: Calling a method in the system process without a qualified user: android.app.ContextImpl.bindService:1788 com.huawei.msdp.devicestatus.HwMSDPDeviceStatus.bindService:160 com.huawei.msdp.devicestatus.HwMSDPDeviceStatus.access$100:19 com.huawei.msdp.devicestatus.HwMSDPDeviceStatus$1.handleMessage:49 android.os.Handler.dispatchMessage:109 
06-11 01:58:22.903  1359  2026 W ActivityManager: Unable to start service Intent { cmp=com.huawei.msdp/.devicestatus.HwMSDPDeviceStatusService } U=0: not found
06-11 01:58:24.904  1359  2026 W ContextImpl: Calling a method in the system process without a qualified user: android.app.ContextImpl.bindService:1788 com.huawei.msdp.devicestatus.HwMSDPDeviceStatus.bindService:160 com.huawei.msdp.devicestatus.HwMSDPDeviceStatus.access$100:19 com.huawei.msdp.devicestatus.HwMSDPDeviceStatus$1.handleMessage:49 android.os.Handler.dispatchMessage:109 
06-11 01:58:24.904  1359  2026 W ActivityManager: Unable to start service Intent { cmp=com.huawei.msdp/.devicestatus.HwMSDPDeviceStatusService } U=0: not found
06-11 01:58:26.905  1359  2026 W ContextImpl: Calling a method in the system process without a qualified user: android.app.ContextImpl.bindService:1788 com.huawei.msdp.devicestatus.HwMSDPDeviceStatus.bindService:160 com.huawei.msdp.devicestatus.HwMSDPDeviceStatus.access$100:19 com.huawei.msdp.devicestatus.HwMSDPDeviceStatus$1.handleMessage:49 android.os.Handler.dispatchMessage:109 
06-11 01:58:26.906  1359  2026 W ActivityManager: Unable to start service Intent { cmp=com.huawei.msdp/.devicestatus.HwMSDPDeviceStatusService } U=0: not found
06-11 01:58:27.469  1359  2021 I BatteryService: normal charge status : 1
06-11 01:58:27.476  1359  1359 D WifiService: onReceive, action:android.intent.action.BATTERY_CHANGED
06-11 01:58:27.476  1359  1359 D WifiService: ACTION_BATTERY_CHANGED pluggedType: 1
06-11 01:58:29.174  1359  1655 I ActivityManager: Waited long enough for: ServiceRecord{bcd78ff u0 com.android.gallery3d/com.huawei.gallery.media.MediaSyncerService}
06-11 01:58:30.439  1359  4909 I ActivityManager: Killing 5129:com.huawei.imedia.sws/u0a82 (adj 906): empty #17
06-11 01:58:30.441  1359  4909 I ActivityManager: Killing 5017:com.huawei.android.hwouc/u0a60 (adj 906): empty #18
06-11 01:58:30.443  1359  4909 I ActivityManager: Killing 5078:com.huawei.android.hwouc:usersurvey/u0a60 (adj 906): empty #19
06-11 01:58:30.460  1359  4909 D ActivityManager: cleanUpApplicationRecord app: ProcessRecord{b2b23cf 5129:com.huawei.imedia.sws/u0a82}, app.bad: false, restarting: false, allowRestart: true
06-11 01:58:30.472  1359  5238 D ActivityManager: cleanUpApplicationRecord app: ProcessRecord{fc63fe7 5017:com.huawei.android.hwouc/u0a60}, app.bad: false, restarting: false, allowRestart: true
06-11 01:58:30.479  1359  2450 D ActivityManager: cleanUpApplicationRecord app: ProcessRecord{63f7230 5078:com.huawei.android.hwouc:usersurvey/u0a60}, app.bad: false, restarting: false, allowRestart: true
06-11 01:58:30.963  1359  1359 I HwAudioService: check HiRes Icon false
06-11 01:58:30.973  1359  1359 I chatty  : uid=1000 system_server identical 1 line
06-11 01:58:30.981  1359  1359 I HwAudioService: check HiRes Icon false
06-11 01:58:34.010  2688  2870 W ContextImpl: Calling a method in the system process without a qualified user: android.app.ContextImpl.bindService:1788 android.content.ContextWrapper.bindService:691 clear.sdk.be.d:278 clear.sdk.be.create:254 clear.sdk.bd.a:22 
