06-11 02:06:43.306  3513  3513 D MtpReceiver: Debug MTP:handleUsbState, configured is [false] connected is [true] mtpEnabled is [true] ptpEnabled is [false] unlocked is [false] configChanged is [false]
06-11 02:06:43.307  3513  3513 W libc    : Set property "sys.usb.ffs.mtp.ready" to "1"
06-11 02:06:43.309  6275  6275 D UsbSettingsService: ACTION_USB_STATE usbConnected = true, chargingOnly = false, deviceConnected = true, dataRole = -1
06-11 02:06:43.309  6275  6275 I UsbSettingsService: ACTION_USB_STATE start service!
06-11 02:06:43.310  1359  2007 D HwBatteryService: onUEvent fcpStatus = 0,scpStatus =0,ovpStatus=0
06-11 02:06:43.311  3513  3575 D MediaProvider: fixParentIdIfNeeded called
06-11 02:06:43.311  1359  2007 I HwBatteryService: quick charge status : 0
06-11 02:06:43.312   889   889 W hvdcp_opti: type=1400 audit(0.0:575): avc: denied { read } for name="dp_dm" dev="sysfs" ino=39780 scontext=u:r:hvdcp:s0 tcontext=u:object_r:sysfs:s0 tclass=file permissive=0
06-11 02:06:43.316   889   889 W hvdcp_opti: type=1400 audit(0.0:576): avc: denied { read } for name="input_current_limited" dev="sysfs" ino=39781 scontext=u:r:hvdcp:s0 tcontext=u:object_r:sysfs:s0 tclass=file permissive=0
06-11 02:06:43.316   889   889 W hvdcp_opti: type=1400 audit(0.0:577): avc: denied { read } for name="input_current_limited" dev="sysfs" ino=39781 scontext=u:r:hvdcp:s0 tcontext=u:object_r:sysfs:s0 tclass=file permissive=0
06-11 02:06:43.316   889   889 W hvdcp_opti: type=1400 audit(0.0:578): avc: denied { read } for name="charge_type" dev="sysfs" ino=39752 scontext=u:r:hvdcp:s0 tcontext=u:object_r:sysfs:s0 tclass=file permissive=0
06-11 02:06:43.317  6275  6275 D UsbSettingsService: send refresh content message to refresh usb notification
06-11 02:06:43.325  6275  6275 D UsbReceiver: initialize UsbSettingsService!
06-11 02:06:43.325  6275  6275 D UsbReceiver: ACTION_USB_STATE arrived!
06-11 02:06:43.325  6275  6275 D UsbReceiver: onUsbStateReceive chargingOnly = true, usbConnected = true
06-11 02:06:43.326  6275  6275 D UsbReceiver: ACTION_USB_STATE:usbConnected = true, usbState=manufacture,adb, chargingOnly = true, isLegacyCharging = false
06-11 02:06:43.326  6275  6275 D UsbReceiver: start usb settings service
06-11 02:06:43.326  6275  6275 W ContextImpl: Calling a method in the system process without a qualified user: android.app.ContextImpl.startService:1708 android.content.ContextWrapper.startService:657 android.content.ContextWrapper.startService:657 com.android.settings.deviceinfo.UsbReceiver.startUsbService:286 com.android.settings.deviceinfo.UsbReceiver.onUsbStateReceive:161 
06-11 02:06:43.330  6275  6275 D UsbReceiver: start usb settings service
06-11 02:06:43.330  6275  6275 W ContextImpl: Calling a method in the system process without a qualified user: android.app.ContextImpl.startService:1708 android.content.ContextWrapper.startService:657 android.content.ContextWrapper.startService:657 com.android.settings.deviceinfo.UsbReceiver.startUsbService:286 com.android.settings.deviceinfo.UsbReceiver.onUsbStateReceive:208 
06-11 02:06:43.332  6275  6275 E libc    : Access denied finding property "persist.sys.usb.config"
06-11 02:06:43.333  6275  6275 D UsbSettingsService: BroadcastReceiver, action = android.hardware.usb.action.USB_STATE
06-11 02:06:43.333  1359  6147 V BroadcastQueue: Finished with ordered broadcast BroadcastRecord{a6a3557 u-1 android.hardware.usb.action.USB_STATE}
06-11 02:06:43.333  6275  6275 D UsbSettingsService: ACTION_USB_STATE, usbConnected = true
06-11 02:06:43.340  3513  3513 D MtpReceiver: Debug MTP:ACTION_USB_STATE 
06-11 02:06:43.340  3513  3513 D MtpReceiver: Debug MTP:handleUsbState, configured is [true] connected is [true] mtpEnabled is [true] ptpEnabled is [false] unlocked is [false] configChanged is [false]
06-11 02:06:43.340  3513  3513 D MtpReceiver: handleUsbState startService
06-11 02:06:43.340  3513  3513 D MtpReceiver: Debug MTP:srart MTP service 
06-11 02:06:43.344  3513  3513 D MtpService: updating state; mMtpLocked=true
06-11 02:06:43.344  3513  3513 D MtpService: Cannot launch second MTP server.
06-11 02:06:43.347  6275  6275 D UsbSettingsService: ACTION_USB_STATE usbConnected = true, chargingOnly = false, deviceConnected = true, dataRole = -1
06-11 02:06:43.347  6275  6275 I UsbSettingsService: ACTION_USB_STATE start service!
06-11 02:06:43.347  6275  6275 D UsbSettingsService: send refresh content message to refresh usb notification
06-11 02:06:43.348  6275  6275 D UsbSettingsService: onStartCommand, action = null
06-11 02:06:43.348  6275  6275 D UsbSettingsService: onStartCommand, action = null
06-11 02:06:43.349  6275  6275 D UsbReceiver: initialize UsbSettingsService!
06-11 02:06:43.349  6275  6275 D UsbReceiver: ACTION_USB_STATE arrived!
06-11 02:06:43.349  6275  6275 D UsbReceiver: onUsbStateReceive chargingOnly = true, usbConnected = true
06-11 02:06:43.349  6275  6275 D UsbReceiver: ACTION_USB_STATE:usbConnected = true, usbState=manufacture,adb, chargingOnly = true, isLegacyCharging = false
06-11 02:06:43.349  6275  6275 D UsbReceiver: start usb settings service
06-11 02:06:43.350  6275  6275 W ContextImpl: Calling a method in the system process without a qualified user: android.app.ContextImpl.startService:1708 android.content.ContextWrapper.startService:657 android.content.ContextWrapper.startService:657 com.android.settings.deviceinfo.UsbReceiver.startUsbService:286 com.android.settings.deviceinfo.UsbReceiver.onUsbStateReceive:161 
06-11 02:06:43.351  6275  6275 D UsbReceiver: start usb settings service
06-11 02:06:43.352  6275  6275 W ContextImpl: Calling a method in the system process without a qualified user: android.app.ContextImpl.startService:1708 android.content.ContextWrapper.startService:657 android.content.ContextWrapper.startService:657 com.android.settings.deviceinfo.UsbReceiver.startUsbService:286 com.android.settings.deviceinfo.UsbReceiver.onUsbStateReceive:208 
06-11 02:06:43.353  6275  6275 E libc    : Access denied finding property "persist.sys.usb.config"
06-11 02:06:43.353  6275  6275 D UsbSettingsService: onStartCommand, action = null
06-11 02:06:43.354  6275  6275 D UsbSettingsService: onStartCommand, action = null
06-11 02:06:43.354  1359  6147 V BroadcastQueue: Finished with ordered broadcast BroadcastRecord{3c36844 u-1 android.hardware.usb.action.USB_STATE}
06-11 02:06:43.361   773   773 W libc    : Set property "sys.check.usbupdate" to "start"
06-11 02:06:43.366  1359  5238 D BatteryService: power connected,isWirelessCharge:false
06-11 02:06:43.367  1359  5238 I BatteryService: normal charge status : 1
06-11 02:06:43.367   754   754 D qdlights: set_speaker_light_locked: get  property HWDUB-Q 
06-11 02:06:43.367  1359  2276 E Watchdog: Failed to write to /sys/kernel/hungtask/vm_heart
06-11 02:06:43.367  1359  2276 E Watchdog: java.io.FileNotFoundException: /sys/kernel/hungtask/vm_heart (Permission denied)
06-11 02:06:43.367  1359  2276 E Watchdog: 	at java.io.FileOutputStream.open0(Native Method)
06-11 02:06:43.367  1359  2276 E Watchdog: 	at java.io.FileOutputStream.open(FileOutputStream.java:287)
06-11 02:06:43.367  1359  2276 E Watchdog: 	at java.io.FileOutputStream.<init>(FileOutputStream.java:223)
06-11 02:06:43.367  1359  2276 E Watchdog: 	at java.io.FileOutputStream.<init>(FileOutputStream.java:110)
06-11 02:06:43.367  1359  2276 E Watchdog: 	at com.android.server.Watchdog.writeHungtask(Watchdog.java:904)
06-11 02:06:43.367  1359  2276 E Watchdog: 	at com.android.server.Watchdog.run(Watchdog.java:563)
06-11 02:06:43.368   754   754 D qdlights: write_init ok
06-11 02:06:43.368   754   754 I chatty  : uid=1000(system) light@2.0-servi identical 1 line
06-11 02:06:43.368   754   754 D qdlights: write_init ok
06-11 02:06:43.368   754   754 D qdlights: set_speaker_light_locked mode=0, colorRGB=FFFFFF00, onMS=0, offMS=0, rc=0
06-11 02:06:43.368   922  1910 I dubaid  : [BatteryHandler.cpp] onChargerOnlineChanged# Battery charge state: 1
06-11 02:06:43.369   922  2033 I dubaid  : [PollingRoutine.cpp] notifyPolling# Polling routine start, timestamp: 1718042803365, reason: 6
06-11 02:06:43.372  1359  1708 E BatteryExternalStatsWorker: no controller energy info supplied for wifi
06-11 02:06:43.372  1359  1708 E BatteryExternalStatsWorker: no controller energy info supplied for bluetooth
06-11 02:06:43.375  1359  1359 I EntropyMixer: Writing entropy...
06-11 02:06:43.377  2399  2591 E KernelCpuSpeedReader: Failed to read cpu-freq: /sys/devices/system/cpu/cpu0/cpufreq/stats/time_in_state (No such file or directory)
06-11 02:06:43.378  2399  2591 E KernelCpuSpeedReader: Failed to read cpu-freq: /sys/devices/system/cpu/cpu4/cpufreq/stats/time_in_state (No such file or directory)
06-11 02:06:43.378  3893  3893 I Cloud[10.13.20.300]Sync.SyncObserverService: ACTION_POWER_CONNECTED
06-11 02:06:43.379   762   762 V LocSvc_HIDL_IzatSubscription: [powerConnectStatusUpdate][575] [HS] <<<<= [HC]
06-11 02:06:43.380  1359  1859 D PickUpWakeScreenManager: isPickupSensorSupport isSensorSupport = true
06-11 02:06:43.381  3681  3681 I fwkit_sec_breaker: [fwkit SecBreaker.java:74] Process is empty
06-11 02:06:43.382  2399  2399 I chatty  : uid=1000(system) com.huawei.powergenie expire 2 lines
06-11 02:06:43.382  2399  5434 I chatty  : uid=1000(system) ThermalTraceThr expire 2 lines
06-11 02:06:43.383  3681  3681 W fwkit_kit_breaker: [fwkit KitBreaker.java:343] infos invalid
06-11 02:06:43.384  3681  3681 I fwkit_kStore_alNew_PowerReceiver: [fwkit PowerConnectChangeReceiver.java:38] enter PowerConnectChangeReceiver:android.intent.action.ACTION_POWER_CONNECTED
06-11 02:06:43.384  2170  2170 W PowerUI : unknown intent: Intent { act=android.intent.action.ACTION_POWER_CONNECTED flg=0x4000010 (has extras) }
06-11 02:06:43.384  3681  4427 I fwkit_kams_stubmanager: [fwkit StubManagerService.java:449] getSPNByComponent:com.huawei.hms.keyring, com.huawei.hms.keyring, true
06-11 02:06:43.384  2170  2170 D KeyguardUpdateMonitor: received broadcast android.intent.action.BATTERY_CHANGED
06-11 02:06:43.384  2170  2170 W KeyguardUpdateMonitor: ACTION_BATTERY_CHANGED AMP: 250000; Volt: 5000000
06-11 02:06:43.384  3681  3681 I fwkit_ScreenStatusReceiver: [fwkit ScreenStatusReceiver.java:120] addStatusSubscriber key = ContinueScreenOffDetectComponent
06-11 02:06:43.384  2170  2170 I HwKeyguardUpdateMonitor: block face Detect as Usb-Plugin
06-11 02:06:43.384  2170  2170 I KgBattery: (last-new)Status: null -> 1, chargeState=1 * branch=1
06-11 02:06:43.384  3681  4427 I fwkit_kams_scheduler: [fwkit ProcessScheduler.java:423] ProPre:com.huawei.hwid.container3
06-11 02:06:43.385  2170  2170 I GlobalContext: Work is scheduled. com.android.systemui.battery.-$Lambda$lfi2AU3i1xDKGC7m-gvD3SF2XpQ@2ba90d0
06-11 02:06:43.385  3681  4427 I fwkit_kbct_dsp: [fwkit KitBroadcastDispatcher.java:640] action:android.intent.action.ACTION_POWER_CONNECTED,receiver:com.huawei.hms.keyring.credential.receiver.PowerReceiver|com.huawei.hwid.container3
06-11 02:06:43.385  3681  4427 I fwkit_kbct_dsp: [fwkit KitBroadcastDispatcher.java:703] proc not run
06-11 02:06:43.387  1359  1708 E KernelCpuSpeedReader: Failed to read cpu-freq: /sys/devices/system/cpu/cpu0/cpufreq/stats/time_in_state (No such file or directory)
06-11 02:06:43.387  6241  6302 I fwkit_kac_kitloader: [fwkit KitLoaderManager.java:216] kit loaded keyring_60900325 already exits, cost :0 ms
06-11 02:06:43.387  3681  3681 I fwkit_kStore_alNew_helper: [fwkit SilentTaskHelper.java:157] minUpgradeInterval: 7
06-11 02:06:43.388  1359  1708 E KernelCpuSpeedReader: Failed to read cpu-freq: /sys/devices/system/cpu/cpu4/cpufreq/stats/time_in_state (No such file or directory)
06-11 02:06:43.388  2170  2170 I KeyguardUtils: fpPath=sys/class/hw_power/charger/charge_data/chargerType, value=0
06-11 02:06:43.388  3681  3681 I fwkit_kStore_alNew_helper: [fwkit SilentTaskHelper.java:426] upgrade check start time: 2024/6/14 上午12:00
06-11 02:06:43.389  3681  3681 I fwkit_kStore_alNew_trigger_upgrade: [fwkit SilentUpgradeTask.java:337] isVersionCheckMoreThan7Day: false
06-11 02:06:43.389  6241  6241 I keyringKit-PowerReceiver: receive power connected br.
06-11 02:06:43.390  6241  6241 I keyringKit-PowerReceiver: make syncing task run after some time.
06-11 02:06:43.391  6241  6335 I keyringKit-SyncingTask: isSyncingEnabledInConfig: false
06-11 02:06:43.392  2170  2170 I KeyguardUtils: fpPath=sys/class/hw_power/charger/charge_data/chargerType, value=0
06-11 02:06:43.394  3681  3681 I fwkit_ScreenStatusReceiver: [fwkit ScreenStatusReceiver.java:120] addStatusSubscriber key = ContinueScreenOffRebootCore
06-11 02:06:43.394  3681  3681 I HwidPowerConnectedReceiver: [HwID_APK_log[6.13.0.351|6.12.0.306]core HwidPowerConnectedReceiver.java:74] HwidPowerConnectedReceiver onReceiveMsg
06-11 02:06:43.395  2170  2170 I KeyguardUtils: fpPath=sys/class/hw_power/charger/charge_data/chargerType, value=0
06-11 02:06:43.395  3681  3681 I HeartbeatCacheManager: [HwID_APK_log[6.13.0.351|6.12.0.306]core HeartbeatCacheManager.java:108] getLastReportTime is 1718006335153.
06-11 02:06:43.395  3681  3681 I HwidPowerConnectedReceiver: [HwID_APK_log[6.13.0.351|6.12.0.306]core HwidPowerConnectedReceiver.java:242] The time when the last Report is triggered is 1718006335153. 
06-11 02:06:43.395  3681  3681 I NetUtil : [HwID_APK_log[6.13.0.351|6.12.0.306]core NetUtil.java:29] enter networkIsAvaiable
06-11 02:06:43.398  2170  2170 I KeyguardUtils: fpPath=sys/class/hw_power/charger/charge_data/chargerType, value=0
06-11 02:06:43.399  3681  3681 I NetUtil : [HwID_APK_log[6.13.0.351|6.12.0.306]core NetUtil.java:54] NetworkInfo  state is unaviable
06-11 02:06:43.399  3681  3681 E HwidPowerConnectedReceiver: [HwID_APK_log[6.13.0.351|6.12.0.306]core HwidPowerConnectedReceiver.java:96] The network is unavailable and does not need to be triggered.
06-11 02:06:43.400  1359  1708 E KernelCpuSpeedReader: Failed to read cpu-freq: /sys/devices/system/cpu/cpu0/cpufreq/stats/time_in_state (No such file or directory)
06-11 02:06:43.400  1359  1708 E KernelCpuSpeedReader: Failed to read cpu-freq: /sys/devices/system/cpu/cpu4/cpufreq/stats/time_in_state (No such file or directory)
06-11 02:06:43.401  6546  6548 I adbd    : functionfs successfully initialized
06-11 02:06:43.401  6546  6548 I adbd    : registering usb transport
06-11 02:06:43.401  3681  3681 I DeviceInfoUtil: [HwID_APK_log[6.13.0.351|6.12.0.306]core DeviceInfoUtil.java:639] enter getDeviceInfo
06-11 02:06:43.402  1359  1814 I chatty  : uid=1000(system) android.fg expire 1 line
06-11 02:06:43.403  2170  2170 I KeyguardUtils: fpPath=sys/class/hw_power/charger/charge_data/chargerType, value=0
06-11 02:06:43.404  1359  2062 I chatty  : uid=1000(system) tworkPolicy.uid expire 1 line
06-11 02:06:43.405  4069  4069 I Cloud[10.13.20.300]Finder.LowPowerReport: BatteryLowBroadcastReceiver action:android.intent.action.ACTION_POWER_CONNECTED;isLastLocReportSwitchOpen:true
06-11 02:06:43.405  4069  4069 I Cloud[10.13.20.300]Finder.LowPowerReport: ACTION_POWER_CONNECTED releaseLowBatteryBec
06-11 02:06:43.406  1359  2386 D JobServiceContext: Scheduling time out for '.service.alarm.control.HiAppPowerConnectChangeService' jId: 200002, in 18 s
06-11 02:06:43.407  1359  2007 D HwBatteryService: onUEvent fcpStatus = 0,scpStatus =0,ovpStatus=0
06-11 02:06:43.407  1359  2007 I HwBatteryService: quick charge status : 0
06-11 02:06:43.409  4069  4069 I Cloud[10.13.20.300]Finder.LowPowerReport: LowPowerReport release...
06-11 02:06:43.409  2170  2170 W HwKeyguardDragHelper: AnimationBlocked
06-11 02:06:43.410  2399  2591 I chatty  : uid=1000(system) core expire 3 lines
06-11 02:06:43.412  2688  2896 E HSM     : ChargeInfo: doRecordsChargeInfo POWER_LEVEL_CONNECTED_USB_SET POWER_CHARGE_TIME =566388 POWER_LEVEL_LAST_CAPACITY_RM = 800 chargeType =0
06-11 02:06:43.412   892  1284 D AudioFlinger: event 162 
06-11 02:06:43.413  3681  3681 I DeviceInfoUtil: [HwID_APK_log[6.13.0.351|6.12.0.306]core DeviceInfoUtil.java:646] imsi is empty
06-11 02:06:43.414  1359  3147 E HwOEMInfoAdapter: writeByteArrayToOeminfo has run 
06-11 02:06:43.414  3681  3681 I BaseUtil: [HwID_APK_log[6.13.0.351|6.12.0.306]core BaseUtil.java:2909] is Huawei or Less than Android 10
06-11 02:06:43.414   892  1284 D AudioFlinger: event 162 
06-11 02:06:43.415   922  1021 E dubaid  : [CpuHandler.cpp] readFreqTime# Failed to open cpufreq node of cluster: 0
06-11 02:06:43.415   922  1021 E dubaid  : [CpuHandler.cpp] accountingComponentData# Invalid delta time: Cluster0 total frequency time: 0
06-11 02:06:43.415  1359  1359 D WifiService: onReceive, action:android.intent.action.BATTERY_CHANGED
06-11 02:06:43.415  1359  1359 D WifiService: ACTION_BATTERY_CHANGED pluggedType: 2
06-11 02:06:43.415  1359  1627 D NetdConnector: SND -> {59 firewall disable_chain standby}
06-11 02:06:43.415  1359  1359 I Telecom-ChargingStatusManager: onChargingStatusChanged, mIsCharging: false -> true
06-11 02:06:43.416  2170  2170 V KeyguardUpdateMonitor: RefreshBatteryInfo isBatteryLow: 20
06-11 02:06:43.417  2170  2170 W KeyguardUpdateMonitor: ChargingSpeed  Wattage: 1250000 ST: 5000000 --> 7500000
06-11 02:06:43.417  2170  2170 I KgBattery: BatteryInfo updated:  2lPc0
06-11 02:06:43.417  2170  2170 W AppHandler: sendMessage with obj100
06-11 02:06:43.417  2170  2170 D KeyguardUpdateMonitor: handleBatteryUpdate
06-11 02:06:43.417  2170  2170 I ColorPickUitls: type = 2
06-11 02:06:43.417  2170  2170 V KeyguardUpdateMonitor: RefreshBatteryInfo isBatteryLow: 20
06-11 02:06:43.418  2170  2170 I KeyguardUtils: fpPath=sys/class/hw_power/charger/charge_data/chargerType, value=0
06-11 02:06:43.418  2170  2170 W HwKgdBArea_BTY: updateBatteryInfo : false  true
06-11 02:06:43.418  1359  2329 I BatteryService: normal charge status : 1
06-11 02:06:43.418  2170  2170 W ChargingAnimController: Add charging view is skiped as occluded or not showing.
06-11 02:06:43.420  6595  6595 E libc    : Access denied finding property "ro.hwfix.ro.process_list"
06-11 02:06:43.423  1359  2058 D NetdConnector: RCV <- {200 59 Firewall command succeeded}
06-11 02:06:43.424  2170  2170 W HwKgdBArea_BTY: updateBatteryInfo : false  true
06-11 02:06:43.424  2170  2285 W KgBattery: getCharge info with type: text
06-11 02:06:43.424  2170  2170 W HwLockScreenPanel: refreshBatteryInfo: null
06-11 02:06:43.424  2170  2170 W HwLockScreenPanel: Handle message: 100
06-11 02:06:43.424  2170  2170 W FillLightViewManager: handleMessage 100
06-11 02:06:43.424  2170  2170 D FillLightViewManager: nothing to do 100
06-11 02:06:43.424  1359  2058 D NetdConnector: RCV <- {200 59 Firewall command succeeded}
06-11 02:06:43.425  2170  2285 I KeyguardUtils: fpPath=sys/class/hw_power/charger/charge_data/chargerType, value=0
06-11 02:06:43.427  3681  3681 I DeviceInfoUtil: [HwID_APK_log[6.13.0.351|6.12.0.306]core DeviceInfoUtil.java:649] udid is support
06-11 02:06:43.428  3681  3681 I DeviceInfoUtil: [HwID_APK_log[6.13.0.351|6.12.0.306]core DeviceInfoUtil.java:660] device name.
06-11 02:06:43.429  3681  3681 I TerminalInfo: [HwID_APK_log[6.13.0.351|6.12.0.306]core TerminalInfo.java:1473] HMS Core getTerminalCategory terminalCategory: 0
06-11 02:06:43.430  4300  4300 D PowerStateReceiver: onReceive intent=Intent { act=android.intent.action.ACTION_POWER_CONNECTED flg=0x4000010 cmp=com.android.gallery3d/com.huawei.gallery.phonestatus.PowerStateReceiver (has extras) } action=android.intent.action.ACTION_POWER_CONNECTED
06-11 02:06:43.433  1359  1359 D JobServiceContext: handleServiceBound for b0c4b0 #u0a89/200002 com.huawei.appmarket/.service.alarm.control.HiAppPowerConnectChangeService
06-11 02:06:43.433  1359  1359 D JobServiceContext: Scheduling time out for '.service.alarm.control.HiAppPowerConnectChangeService' jId: 200002, in 8 s
06-11 02:06:43.434  3681  6598 I ThreadPool: [HwID_APK_log[6.13.0.351|6.12.0.306]core CustomThreadPoolExecutor.java:140] thread dump:poolName:Hwid-Tracker-Pool activeCount:1 completedTaskCount:22 taskCount:23 corePoolSize:1 largestPoolSize:1 maxPoolSize:1 queueSize:0 
06-11 02:06:43.434  1359  1359 I WifiService: getWifiEnabledState uid=1000
06-11 02:06:43.434  2170  2170 D KeyguardUpdateMonitor: received broadcast android.intent.action.BATTERY_CHANGED
06-11 02:06:43.434  1359  2329 D JobServiceContext: doCallback of : JobStatus{b0c4b0 #u0a89/200002 com.huawei.appmarket/.service.alarm.control.HiAppPowerConnectChangeService u=0 s=10089 TIME=none:-30ms READY} v:VERB_STARTING
06-11 02:06:43.435  1359  2329 D JobServiceContext: Scheduling time out for '.service.alarm.control.HiAppPowerConnectChangeService' jId: 200002, in 600 s
06-11 02:06:43.435  2170  2170 W KeyguardUpdateMonitor: ACTION_BATTERY_CHANGED AMP: 500000; Volt: 5000000
06-11 02:06:43.435  2170  2170 I KgBattery: (last-new)Status: 1 -> 1, chargeState=1 * branch=5
06-11 02:06:43.435  1359  1359 I WifiService: getWifiEnabledState uid=1000
06-11 02:06:43.435  2170  2170 V KeyguardUpdateMonitor: RefreshBatteryInfo isBatteryLow: 20
06-11 02:06:43.435  2170  2170 W KeyguardUpdateMonitor: ChargingSpeed  Wattage: 2500000 ST: 5000000 --> 7500000
06-11 02:06:43.435  2170  2170 I KgBattery: BatteryInfo updated:  2lPc0
06-11 02:06:43.435  1359  1359 D WifiStateMachine: mBcastReceiver: PluggedType = 2 mIsScanCtrlPluggedin = true
06-11 02:06:43.435  2170  2170 W AppHandler: sendMessage with obj100
06-11 02:06:43.435  2170  2170 D KeyguardUpdateMonitor: handleBatteryUpdate
06-11 02:06:43.435  2170  2170 I ColorPickUitls: type = 2
06-11 02:06:43.435  2170  2170 V KeyguardUpdateMonitor: RefreshBatteryInfo isBatteryLow: 20
06-11 02:06:43.435  1359  1359 D HwWifiService: mPluggedType =2
06-11 02:06:43.435  1359  1359 D WifiService: onReceive, action:android.intent.action.BATTERY_CHANGED
06-11 02:06:43.435  1359  1359 D WifiService: ACTION_BATTERY_CHANGED pluggedType: 2
06-11 02:06:43.436  2170  2170 I KeyguardUtils: fpPath=sys/class/hw_power/charger/charge_data/chargerType, value=0
06-11 02:06:43.436  3681  6598 I HiAnalyticsUtil: [HwID_APK_log[6.13.0.351|6.12.0.306]core HiAnalyticsUtil.java:467]  onEvent begin 
06-11 02:06:43.436  2170  2170 W HwKgdBArea_BTY: updateBatteryInfo : false  true
06-11 02:06:43.436  2170  2170 W HwKgdBArea_BTY: updateBatteryInfo : false  true
06-11 02:06:43.436  2170  2285 W KgBattery: getCharge info with type: text
06-11 02:06:43.436  2170  2170 W HwLockScreenPanel: refreshBatteryInfo: null
06-11 02:06:43.437  2170  2170 W HwLockScreenPanel: Handle message: 100
06-11 02:06:43.437  2170  2170 W FillLightViewManager: handleMessage 100
06-11 02:06:43.437  2170  2170 D FillLightViewManager: nothing to do 100
06-11 02:06:43.437  3681  6598 I HiAnalyticsUtil: [HwID_APK_log[6.13.0.351|6.12.0.306]core HiAnalyticsUtil.java:478] type:HWID_NETWORK_CHANGED_UNAVAILABLE
06-11 02:06:43.437  3681  6598 I FormalHASDK: HAImpl==> onEvent. tag:HmsProfiler, type:0, eventId:HWID_NETWORK_CHANGED_UNAVAILABLE
06-11 02:06:43.437  2170  2285 I KeyguardUtils: fpPath=sys/class/hw_power/charger/charge_data/chargerType, value=0
06-11 02:06:43.438  6595  6595 E libc    : Access denied finding property "ro.hwfix.ro.process_list"
06-11 02:06:43.439  2399  2399 I chatty  : uid=1000(system) com.huawei.powergenie expire 1 line
06-11 02:06:43.439  2170  2170 I GlobalContext: Work is scheduled. com.android.systemui.battery.-$Lambda$lfi2AU3i1xDKGC7m-gvD3SF2XpQ@2ba90d0
06-11 02:06:43.439  4300  4300 D PowerStateReceiver: battery = 20
06-11 02:06:43.441  3893  3893 I Cloud[10.13.20.300]Sync.SyncObserverService: registerObserverReceiver
06-11 02:06:43.441  6595  6595 E USB_UPDATE: start check to reboot to usb update mode
06-11 02:06:43.441  3893  3893 I Cloud[10.13.20.300]Sync.CloudBackupConditionsUtil: backup interval millis = 702594441, lastSuccessTime: 1717340209000, lastFailedTime = 1717997616648, backupCycle: 7
06-11 02:06:43.441  3893  3893 I Cloud[10.13.20.300]Sync.CloudBackupConditionsUtil: nextBackupTime = 0, lastFailedTime = 1717997616648, lastSuccessTime: 1717340209000, retryInterval: 40
06-11 02:06:43.441  3893  3893 I Cloud[10.13.20.300]Sync.CloudBackupConditionsUtil: errorCode: 1006
06-11 02:06:43.441  3893  3893 I Cloud[10.13.20.300]Sync.CloudBackupConditionsUtil: nextBackupTime = 0, lastFailedTime = 1717997616648, lastSuccessTime: 1717340209000
06-11 02:06:43.441  3893  3893 I Cloud[10.13.20.300]Sync.CloudBackupConditionsUtil: getTargetBackupTime, isCycleSatisfy: true, isRetryIntervalSatisfy: true, isNextBackupTimeSatisfy: false, nextBackupTime: 0, targetBackupTime: 0
06-11 02:06:43.441  3893  3893 I Cloud[10.13.20.300]Sync.CloudBackupConditionsUtil: target backup time = 0, advancedDelayTime: -1718042803441
06-11 02:06:43.442  2170  2170 I KeyguardUtils: fpPath=sys/class/hw_power/charger/charge_data/chargerType, value=0
06-11 02:06:43.446  6602  6602 E libc    : Access denied finding property "ro.hwfix.ro.process_list"
06-11 02:06:43.446  2170  2170 I KeyguardUtils: fpPath=sys/class/hw_power/charger/charge_data/chargerType, value=0
06-11 02:06:43.447  1359  2026 E AwareLog: RMS.AwareAppAssociate: Unknown EventID: 21
06-11 02:06:43.450  1359  2026 I chatty  : uid=1000(system) sManagerService identical 6 lines
06-11 02:06:43.451  2170  2170 I KeyguardUtils: fpPath=sys/class/hw_power/charger/charge_data/chargerType, value=0
06-11 02:06:43.452  2399  3402 I chatty  : uid=1000(system) HookHub expire 2 lines
06-11 02:06:43.452  2399  2591 I chatty  : uid=1000(system) core expire 1 line
06-11 02:06:43.452  2399  2591 I AppManager: app:com.huawei.systemmanager Notification update time:566429
06-11 02:06:43.452  2399  2591 I ScenarioAction: new ScenarioAction sPoolSize: 0
06-11 02:06:43.452  2399  2591 I AppManager: app:com.huawei.systemmanager Notification update time:566430
06-11 02:06:43.452  2399  2591 I ScenarioAction: new ScenarioAction sPoolSize: 0
06-11 02:06:43.452  2399  2591 I AppManager: app:com.huawei.systemmanager Notification update time:566430
06-11 02:06:43.452  2399  2591 I ScenarioAction: new ScenarioAction sPoolSize: 0
06-11 02:06:43.452  2399  2591 I AppManager: app:com.huawei.systemmanager Notification update time:566430
06-11 02:06:43.454  4300  4300 D PowerStateReceiver: battery = 20
06-11 02:06:43.454  4300  4300 D PowerStateReceiver: battery current is 20
06-11 02:06:43.455  4300  6603 D Gallery_Common_GalleryUtils: gapdays:29
06-11 02:06:43.456  2170  2170 I KeyguardUtils: fpPath=sys/class/hw_power/charger/charge_data/chargerType, value=0
06-11 02:06:43.457  4300  4300 D CloudLocalSyncService: localSync = 1  cloudSync = 1
06-11 02:06:43.458  4300  4300 E RecycleClearService: startRecycleClearService   forceStart = true, sClearDone = false
06-11 02:06:43.460  2170  2170 I KeyguardUtils: fpPath=sys/class/hw_power/charger/charge_data/chargerType, value=0
06-11 02:06:43.461  6602  6602 E libc    : Access denied finding property "ro.hwfix.ro.process_list"
06-11 02:06:43.462  3513  6293 I ctaifs  : <Android 系统>[Android 系统][android]:[openFile] 打开文件
06-11 02:06:43.464  4300  4300 D Gallery_Merge_MergeClassifyDataService: request start ClassifyDataMergeService
06-11 02:06:43.468  2170  2170 I FloatNotificationManager: removeNotification: key =0|com.huawei.systemmanager|1074741825|null|1000;mKey=null
06-11 02:06:43.469  3893  3893 I Cloud[10.13.20.300]Sync.SyncObserverService: onStartCommand isAgreeTerms: true, delayTime seconds:120, cycleSeconds: 120
06-11 02:06:43.469  3513  3513 D AutoCache: onReceive intent=Intent { act=android.intent.action.ACTION_POWER_CONNECTED flg=0x4000010 cmp=com.android.providers.media/com.huawei.media.autocachethumbnail.PowerStateReceiver (has extras) } action=android.intent.action.ACTION_POWER_CONNECTED
06-11 02:06:43.474  3513  3513 V AutoCache: registerPowerBroadcastReceiver: sPowerRegisterState is true, cxt is android.app.Application@f9f10f3
06-11 02:06:43.474  1359  2006 I chatty  : uid=1000(system) HwBatteryServic expire 1 line
06-11 02:06:43.475  1359  2329 I chatty  : uid=1000(system) Binder:1359_5 expire 3 lines
06-11 02:06:43.475  3893  3893 I Cloud[10.13.20.300]Sync.SyncObserverService: registerRestoreTimer delayTime: 600
06-11 02:06:43.476   916  2530 I MediaPlayerService: MediaPlayerService::Client::setDataSource local file://?FileDescriptor=26&Offset=0&Length=25784&Path=/system/media/audio/ui
06-11 02:06:43.476  3893  3893 I Cloud[10.13.20.300]Sync.HiSyncUtil: get switch to ds autophonemanagerkey: false
06-11 02:06:43.476   916  2530 D NuPlayer: hw fadein is disabled!
06-11 02:06:43.476  3893  3893 I Cloud[10.13.20.300]Sync.SyncObserverService: batteryStatus: 2
06-11 02:06:43.476   916  2530 D NuPlayerDriver: NuPlayerDriver(0xef2285b0) created, clientPid(1359)
06-11 02:06:43.476  3513  3513 V AutoCache: registerBatteryBroadcastReceiver: sBatteryRegisterState is true, cxt is android.app.Application@f9f10f3
06-11 02:06:43.477  3893  3893 I Cloud[10.13.20.300]Sync.SyncObserverService: batteryStatus: 2
06-11 02:06:43.478   916  2530 D NuPlayer: hw fadein is disabled!
06-11 02:06:43.479  3893  3893 I Cloud[10.13.20.300]Sync.SyncObserverService: doGetOptionsFromClone
06-11 02:06:43.479  4069  4069 I Cloud[10.13.20.300]Album.BatteryProcessor: batteryStatus: 2
06-11 02:06:43.479  3893  3893 I Cloud[10.13.20.300]Sync.SyncObserverService: lastPowerConnectTime: 1717997616160, currentTime: 1718042803479
06-11 02:06:43.479  4069  4069 I Cloud[10.13.20.300]Album.SyncStrategy: begin initState, mask: 256, flag: false
06-11 02:06:43.479  4069  4069 I Cloud[10.13.20.300]Album.CloudAlbumSdkServiceImpl: invokeEvent msgId: 63
06-11 02:06:43.482  5950  5950 I HwOUC   : [main-1]onReceive action=android.intent.action.ACTION_POWER_CONNECTED(PowerConnectedReceiver.java:27)
06-11 02:06:43.483  4300  4300 D RecycleClearService: --schedule-- [onStartCommand] start RecycleClearService.
06-11 02:06:43.483  4069  4401 I Cloud[10.13.20.300]Album.CloudAlbumSdkLogic: dealStateChangedEvent, syncState: 1, state: 6160
06-11 02:06:43.483   916  2530 V GenericSource: GenericSource
06-11 02:06:43.483   916  6606 V NuPlayer: kWhatSetAudioSink
06-11 02:06:43.483   916  2530 V GenericSource: BufferingMonitor::getDefaultBufferingSettings{initialMode(1), rebufferingMode(3), initialMarks(5000 ms, -1 KB), rebufferingMarks(2000, 15000)ms, (40, 200)KB}
06-11 02:06:43.483   916  2530 V GenericSource: resetDataSource
06-11 02:06:43.483   916  2530 V NuPlayer: setDataSourceAsync fd 26/0/25784 source: 0xeb008180
06-11 02:06:43.483   916  2530 V GenericSource: setDataSource 26/0/25784
06-11 02:06:43.483   916  2530 V GenericSource: resetDataSource
06-11 02:06:43.483  4069  4401 I Cloud[10.13.20.300]Album.CloudAlbumSdkServiceImpl: sendCallbackMsg msgId: 9099
06-11 02:06:43.484  4300  6605 D PhoneState: charge is true
06-11 02:06:43.484   916  6606 V NuPlayer: kWhatSetDataSource
06-11 02:06:43.484  4300  6605 D PhoneState: battery level is 20
06-11 02:06:43.485   916  6606 V NuPlayer: kWhatGetDefaultBufferingSettings
06-11 02:06:43.485  4300  4381 D Gallery_cloud_SdkCallback: onSyncStrategyStateChanged syncState=1 state=6160
06-11 02:06:43.485   916  6606 V GenericSource: BufferingMonitor::getDefaultBufferingSettings{initialMode(1), rebufferingMode(3), initialMarks(5000 ms, -1 KB), rebufferingMarks(2000, 15000)ms, (40, 200)KB}
06-11 02:06:43.486  4300  6605 D PhoneState: screen on true
06-11 02:06:43.488  1359  2006 I chatty  : uid=1000(system) HwBatteryServic expire 3 lines
06-11 02:06:43.488  4300  4300 D Gallery_Merge_MergeClassifyDataService: merge service started.
06-11 02:06:43.488  5950  5950 W Settings: Setting device_provisioned has moved from android.provider.Settings.Secure to android.provider.Settings.Global.
06-11 02:06:43.488  4300  4300 D RecycleClearService: --schedule-- RecycleClearService onDestroy
06-11 02:06:43.488  5950  5950 I HwOUC   : [main-1]isAutoDownloadAvailable isFeatureSupport is true;isRootedByUser is false(HwOucUtility.java:5213)
06-11 02:06:43.489   916  2530 V NuPlayer: prepareAsync
06-11 02:06:43.490   916  6606 V NuPlayer: onMessageReceived kWhatPrepare
06-11 02:06:43.490   916  6606 V GenericSource: prepareAsync: (looper: 0)
06-11 02:06:43.490  6436  6436 I PowerConnectionReceiver: PowerConnectionReceiver
06-11 02:06:43.490   916  6608 V GenericSource: onPrepareAsync: mDataSource: 0
06-11 02:06:43.491  4300  6607 W Gallery_Merge_MergeClassifyDataService: classify data status : true, true
06-11 02:06:43.491  6436  6436 W ContextImpl: Calling a method in the system process without a qualified user: android.app.ContextImpl.startService:1708 android.content.ContextWrapper.startService:657 android.content.ContextWrapper.startService:657 com.huawei.hwdetectrepair.smartnotify.eventlistener.PowerConnectionReceiver.onReceive:37 android.app.ActivityThread.handleReceiver:3793 
06-11 02:06:43.492   916  6608 D GenericSource: FileSource remote
06-11 02:06:43.493   916  6608 V GenericSource: IDataSource(FileSource): 0xef258220 27 0 25784
06-11 02:06:43.493  1359  2386 D JobServiceContext: doCallback of : JobStatus{b0c4b0 #u0a89/200002 com.huawei.appmarket/.service.alarm.control.HiAppPowerConnectChangeService u=0 s=10089 TIME=none:-89ms READY} v:VERB_EXECUTING
06-11 02:06:43.493   916  6608 I MediaExtractor: Create (null)
06-11 02:06:43.495  2399  2591 I DeviceMonitor: WKLOCK EVT:161 uid:10089 flags:1 pid:-2 tag:*job*/com.huawei.appmarket/.service.alarm.control.HiAppPowerConnectChangeService
06-11 02:06:43.496   912  5944 V HwExtendedExtractor: HwExtendedExtractor::Sniff   in...
06-11 02:06:43.496  6227  6604 I FormalHASDK: HAImpl==> onEvent. TAG:_default_config_tag, TYPE:1, eventId:2310100101
06-11 02:06:43.496   912  5944 V HwExtendedExtractor: HwExtendedExtractor::Sniff   out...
06-11 02:06:43.496   912  5944 I MediaExtractor: content 'application/ogg' with conf 0.20
06-11 02:06:43.497  5950  5950 I HwOUC   : [main-1]isHotaUpdate cursor is null,return false(GDPRUtils.java:530)
06-11 02:06:43.498  5950  5950 I HwOUC   : [main-1]isHotaUpdate cursor is null,return false(GDPRUtils.java:530)
06-11 02:06:43.498  5950  5950 E HwOUC   : [main-1]getVersionIds--components is null(HotaUpdateAuthAction.java:99)
06-11 02:06:43.499  6227  6326 W HiApp.CollectAppUsageTask: RepTaskHandler{394} usage stat list is empty!!!
06-11 02:06:43.499   912  5944 I MediaExtractorService: makeExtractor ((null)), uid = 1013
06-11 02:06:43.500   916  6608 V GenericSource: initFromDataSource track[0]: audio/vorbis
06-11 02:06:43.500   916  6608 V GenericSource: initFromDataSource mSources.size(): 1  mIsSecure: 0  mime[0]: audio/vorbis
06-11 02:06:43.501   916  6608 V GenericSource: checkDrmInfo: No PSSH
06-11 02:06:43.501   916  6608 V GenericSource: finishPrepareAsync
06-11 02:06:43.501   916  6606 V NuPlayer: onSourceNotify() kWhatFlagsChanged  FLAG_CAN_PAUSE: 1  FLAG_CAN_SEEK_BACKWARD: 1 
06-11 02:06:43.501   916  6606 V NuPlayer: 				 FLAG_CAN_SEEK_FORWARD: 1  FLAG_CAN_SEEK: 1  FLAG_DYNAMIC_DURATION: 0 
06-11 02:06:43.501   916  6606 V NuPlayer: 				 FLAG_SECURE: 0  FLAG_PROTECTED: 0
06-11 02:06:43.501   916  6608 V NuPlayer: Source::notifyPrepared 0
06-11 02:06:43.501   916  6608 V GenericSource: onPrepareAsync: Done
06-11 02:06:43.501   916  6606 V NuPlayer: NuPlayer::onSourceNotify Source::kWhatPrepared source: 0xeb008180
06-11 02:06:43.501   916  6606 D NuPlayerDriver: notifyListener_l(0xef2285b0), (1, 0, 0, -1), loop setting(0, 0)
06-11 02:06:43.503  1359  2329 I chatty  : uid=1000(system) Binder:1359_5 expire 2 lines
06-11 02:06:43.503  1359  2329 D MediaPlayerNative: [notify] : [1254] callback application
06-11 02:06:43.504  6436  6436 I SmartNotifyService: onStartCommand. 1
06-11 02:06:43.504  1359  2062 I NetworkPolicy: updateRuleForRestrictBackgroundUL(10016): isForeground=false, isBlacklisted=false, isWhitelisted=true, oldRule=1 (ALLOW_METERED), newRule=0 (NONE), newUidRules=0 (NONE), oldUidRules=1 (ALLOW_METERED)
06-11 02:06:43.504  5950  5950 E HwOUC   : [main-1]getDevicePolicyTypeAttempt to invoke virtual method 'int android.app.admin.SystemUpdatePolicy.getPolicyType()' on a null object reference(CDDUtils.java:77)
06-11 02:06:43.505  5950  5950 I HwOUC   : [main-1]getDevicePolicyType policyType : -1(CDDUtils.java:104)
06-11 02:06:43.505  5950  5950 I HwOUC   : [main-1]isHotaUpdate cursor is null,return false(GDPRUtils.java:530)
06-11 02:06:43.506  5950  5950 I HwOUC   : [main-1]isHotaUpdate cursor is null,return false(GDPRUtils.java:530)
06-11 02:06:43.506  5950  5950 E HwOUC   : [main-1]getVersionIds--components is null(HotaUpdateAuthAction.java:99)
06-11 02:06:43.506  4300  6607 W Gallery_Merge_MergeClassifyDataService: classify data is downloading. should merge later
06-11 02:06:43.506  1359  5711 V BroadcastQueue: Finished with ordered broadcast BroadcastRecord{9f2cff3 u-1 android.intent.action.ACTION_POWER_CONNECTED}
06-11 02:06:43.507  5950  5950 I HwOUC   : [main-1]ForcibleUpgrade--isContinuedAfterCheckCDD, isAutoDownload is false, inForeground is false, isOpenWifi is false, devicePolicyType is -1(AutoInstallUtils.java:745)
06-11 02:06:43.507  6227  6604 I FormalHASDK: HAImpl==> onEvent. TAG:_default_config_tag, TYPE:0, eventId:1010600202
06-11 02:06:43.507  1359  2006 D Ringtone: Successfully created local player
06-11 02:06:43.508  1359  2006 I MediaPlayer: [HSM] stayAwake false uid: 1000, pid: 1359
06-11 02:06:43.508  6227  6604 I FormalHASDK: HAImpl==> onEvent. TAG:_default_config_tag, TYPE:0, eventId:1010901501
06-11 02:06:43.508  2381  2860 E HsmCoreServiceImpl: onTransact in code is: 102
06-11 02:06:43.508  2381  2860 W MediaProcessHandler: processOp uid 1000 is not concerned!
06-11 02:06:43.508  2381  2860 I MediaProcessHandler: executedCallBack opType: 1 mMediaStatusObservers.size=0
06-11 02:06:43.508   916  2530 D NuPlayerDriver: reset(0xef2285b0) at state 4
06-11 02:06:43.509   916  2530 D NuPlayerDriver: notifyListener_l(0xef2285b0), (8, 0, 0, -1), loop setting(0, 0)
06-11 02:06:43.509   916  2530 D NuPlayer: NuPlayer::resetAsync()
06-11 02:06:43.509   916  2530 V GenericSource: GenericSource::disconnect begin
06-11 02:06:43.509  1359  5238 D MediaPlayerNative: Message: Unknown MediaEventType(8), ext1=0, ext2=0x0
06-11 02:06:43.509   916  2530 V GenericSource: GenericSource::disconnect end
06-11 02:06:43.509   916  2530 D NuPlayer: NuPlayer::resetAsync() post kWhatReset
06-11 02:06:43.509   916  6606 V NuPlayer: kWhatReset
06-11 02:06:43.509  4300  4300 D Gallery_Merge_MergeClassifyDataService: merge service stopped.
06-11 02:06:43.509   916  6606 V NuPlayer: performDecoderFlush audio=2, video=2
06-11 02:06:43.509   916  6606 D NuPlayer: closeAudioSink
06-11 02:06:43.509   916  6606 W AMessage: failed to post message as target looper for handler 0 is gone.
06-11 02:06:43.509   916  6606 D NuPlayer: performReset
06-11 02:06:43.509   916  6606 V GenericSource: ~GenericSource
06-11 02:06:43.510  6227  6326 W HiApp.SafeJobServiceEngineImpl: AsyncTask #2{393} dequeueWork work is invalid.
06-11 02:06:43.510  6436  6610 I ProviderUtil: package name of the provider is: com.huawei.phoneservice
06-11 02:06:43.511   916  6606 V GenericSource: resetDataSource
06-11 02:06:43.512  1359  2386 D WifiPermissionsUtil: Denied: no location permission
06-11 02:06:43.512  1359  2386 D WifiPermissionsUtil: Denied: WifiConfiguration is NULL.
06-11 02:06:43.512   916  6606 D NuPlayerDriver: notifyResetComplete(0xef2285b0)
06-11 02:06:43.512  6436  6436 I ReportDataUtils: is not over one week
06-11 02:06:43.512   916  2530 E MediaPlayerService: getDuration returned -2147483648
06-11 02:06:43.512   916  2530 D NuPlayerDriver: reset(0xef2285b0) at state 0
06-11 02:06:43.513   916  2530 D NuPlayerDriver: updateMetrics(0xef2285b0) from destructor at state 0
06-11 02:06:43.513  1359  5711 I WifiService: getWifiEnabledState uid=10060
06-11 02:06:43.513  1359  2006 D MediaPlayerNative: Action:reset_l, CurrentState:MEDIA_PLAYER_IDLE
06-11 02:06:43.513  1359  2006 V MediaPlayer: resetDrmState:  mDrmInfo=null mDrmProvisioningThread=null mPrepareDrmInProgress=false mActiveDrmScheme=false
06-11 02:06:43.513  1359  2006 V MediaPlayer: cleanDrmObj: mDrmObj=null mDrmSessionId=null
06-11 02:06:43.513  1359  2006 V PlayerBase: baseRelease() piid=71 state=1
06-11 02:06:43.513  5950  5950 I HwOUC   : [main-1]onCreate->isAutoDownloadAvailable is true, isOpenWifi = false, isDownload = true, isSupportAutoDownload = true(WifiAutoDownloadManageService.java:45)
06-11 02:06:43.513  6436  6613 I SmartNotifyService: handleMessage: 4
06-11 02:06:43.513  1359  2006 I MediaPlayer: [HSM] stayAwake false uid: 1000, pid: 1359
06-11 02:06:43.514  2381  2860 E HsmCoreServiceImpl: onTransact in code is: 102
06-11 02:06:43.514  2381  2860 W MediaProcessHandler: processOp uid 1000 is not concerned!
06-11 02:06:43.514  5950  5950 I HwOUC   : [main-1]isHotaUpdate cursor is null,return false(GDPRUtils.java:530)
06-11 02:06:43.514  2381  2860 I MediaProcessHandler: executedCallBack opType: 1 mMediaStatusObservers.size=0
06-11 02:06:43.514  1359  2006 V MediaPlayer: resetDrmState:  mDrmInfo=null mDrmProvisioningThread=null mPrepareDrmInProgress=false mActiveDrmScheme=false
06-11 02:06:43.514  1359  2006 V MediaPlayer: cleanDrmObj: mDrmObj=null mDrmSessionId=null
06-11 02:06:43.514  1359  2006 I MediaPlayerNative: Pid:1359 MediaPlayer destructor
06-11 02:06:43.514  2399  2591 I AudioState: remove and save released session when release session 71
06-11 02:06:43.514   892  1284 D AudioFlinger: event 163 
06-11 02:06:43.515  1359  2006 I Ringtone: setUri uri=content://media/internal/audio/media/115
06-11 02:06:43.515  5950  5950 I HwOUC   : [main-1]isHotaUpdate cursor is null,return false(GDPRUtils.java:530)
06-11 02:06:43.515  5950  5950 E HwOUC   : [main-1]getVersionIds--components is null(HotaUpdateAuthAction.java:99)
06-11 02:06:43.515  6436  6613 E SmartNotifyService: obj null
06-11 02:06:43.516  2399  2591 I AudioState: remove and save released session when release session 33
06-11 02:06:43.516   892  1284 D AudioFlinger: event 162 
06-11 02:06:43.517   892  1284 D AudioFlinger: event 162 
06-11 02:06:43.519  6474  6568 E module_protocol    ProtocolModuleServiceImpl: i*A*r*e*e*v*c* f*l*e *e*v*c* E*C*Y*T_*N
06-11 02:06:43.521  6436  6613 I ProviderUtil: package name of the provider is: com.huawei.phoneservice
06-11 02:06:43.523  5950  5950 E HwOUC   : [main-1]getDevicePolicyTypeAttempt to invoke virtual method 'int android.app.admin.SystemUpdatePolicy.getPolicyType()' on a null object reference(CDDUtils.java:77)
06-11 02:06:43.523  5950  5950 I HwOUC   : [main-1]getDevicePolicyType policyType : -1(CDDUtils.java:104)
06-11 02:06:43.524  6474  6486 E module_protocol    ProtocolModuleServiceImpl: i*A*r*e*e*v*c* f*l*e *e*v*c* E*C*Y*T_*N
06-11 02:06:43.525  6436  6610 I DeviceInfoReport: state from oobe provider: 0
06-11 02:06:43.526  6436  6610 I ProviderUtil: package name of the provider is: com.huawei.phoneservice
06-11 02:06:43.529  3513  6293 I ctaifs  : <Android 系统>[Android 系统][android]:[openFile] 打开文件
06-11 02:06:43.529  6436  6613 I ProviderUtil: package name of the provider is: com.huawei.phoneservice
06-11 02:06:43.529  6474  6486 E module_protocol    ProtocolModuleServiceImpl: i*A*r*e*e*v*c* f*l*e *e*v*c* E*C*Y*T_*N
06-11 02:06:43.531   825   852 E libnav  : CablComputeBacklightLevel(): UpdateType = DifferentSceneUpdate
06-11 02:06:43.531  6474  6486 E module_protocol    ProtocolModuleServiceImpl: i*A*r*e*e*v*c* f*l*e *e*v*c* S*A*T
06-11 02:06:43.532  6474  6568 E module_protocol    ProtocolModuleServiceImpl: i*A*r*e*e*v*c* f*l*e *e*v*c* E*C*Y*T_*N
06-11 02:06:43.533  1359  2006 I MediaPlayerNative: setDataSource(348, 0, 576460752303423487)
06-11 02:06:43.533  6436  6610 I DeviceInfoReport: state from service provider: 0
06-11 02:06:43.534   916  2530 I MediaPlayerService: MediaPlayerService::Client::setDataSource local file://?FileDescriptor=26&Offset=0&Length=25784&Path=/system/media/audio/ui
06-11 02:06:43.534  6436  6610 I DeviceInfoReport: user not agree
06-11 02:06:43.534   916  2530 D NuPlayer: hw fadein is disabled!
06-11 02:06:43.534   916  2530 D NuPlayerDriver: NuPlayerDriver(0xef228620) created, clientPid(1359)
06-11 02:06:43.534   916  2530 D NuPlayer: hw fadein is disabled!
06-11 02:06:43.536  6436  6613 I ProviderUtil: package name of the provider is: com.huawei.phoneservice
06-11 02:06:43.536   916  2530 V GenericSource: GenericSource
06-11 02:06:43.537   916  6614 V NuPlayer: kWhatSetAudioSink
06-11 02:06:43.537   916  2530 V GenericSource: BufferingMonitor::getDefaultBufferingSettings{initialMode(1), rebufferingMode(3), initialMarks(5000 ms, -1 KB), rebufferingMarks(2000, 15000)ms, (40, 200)KB}
06-11 02:06:43.537   916  2530 V GenericSource: resetDataSource
06-11 02:06:43.537   916  2530 V NuPlayer: setDataSourceAsync fd 26/0/25784 source: 0xeb008300
06-11 02:06:43.537   916  2530 V GenericSource: setDataSource 26/0/25784
06-11 02:06:43.537   916  2530 V GenericSource: resetDataSource
06-11 02:06:43.537   916  6614 V NuPlayer: kWhatSetDataSource
06-11 02:06:43.537  1359  2062 I NetworkPolicy: updateRuleForRestrictBackgroundUL(10016): isForeground=true, isBlacklisted=false, isWhitelisted=true, oldRule=0 (NONE), newRule=1 (ALLOW_METERED), newUidRules=1 (ALLOW_METERED), oldUidRules=0 (NONE)
06-11 02:06:43.537   916  6614 V NuPlayer: kWhatGetDefaultBufferingSettings
06-11 02:06:43.537   916  6614 V GenericSource: BufferingMonitor::getDefaultBufferingSettings{initialMode(1), rebufferingMode(3), initialMarks(5000 ms, -1 KB), rebufferingMarks(2000, 15000)ms, (40, 200)KB}
06-11 02:06:43.538  1359  2006 D MediaPlayerNative: MediaPlayer:setVolume insert ,set volume=1.0,reset AudioFadeStart=1.
06-11 02:06:43.539  1359  2006 I PlayerBase: Leftvolume: 1.0 Rightvolume: 1.0
06-11 02:06:43.539  1359  2006 D MediaPlayerNative: MediaPlayer:setVolume insert ,set volume=1.0,reset AudioFadeStart=1.
06-11 02:06:43.539   916  2530 V NuPlayer: prepareAsync
06-11 02:06:43.539   916  6614 V NuPlayer: onMessageReceived kWhatPrepare
06-11 02:06:43.539   916  6614 V GenericSource: prepareAsync: (looper: 0)
06-11 02:06:43.540   916  6615 V GenericSource: onPrepareAsync: mDataSource: 0
06-11 02:06:43.544   916  6615 D GenericSource: FileSource remote
06-11 02:06:43.544  1359  2062 I NetworkPolicy: updateRuleForRestrictBackgroundUL(10016): isForeground=false, isBlacklisted=false, isWhitelisted=true, oldRule=1 (ALLOW_METERED), newRule=0 (NONE), newUidRules=0 (NONE), oldUidRules=1 (ALLOW_METERED)
06-11 02:06:43.545   916  6615 V GenericSource: IDataSource(FileSource): 0xef258220 27 0 25784
06-11 02:06:43.545   916  6615 I MediaExtractor: Create (null)
06-11 02:06:43.547   912  5944 V HwExtendedExtractor: HwExtendedExtractor::Sniff   in...
06-11 02:06:43.548   912  5944 V HwExtendedExtractor: HwExtendedExtractor::Sniff   out...
06-11 02:06:43.548   912  5944 I MediaExtractor: content 'application/ogg' with conf 0.20
06-11 02:06:43.548  6474  6568 E module_protocol    ProtocolModuleServiceImpl: i*A*r*e*e*v*c* f*l*e *e*v*c* E*C*Y*T_*N
06-11 02:06:43.549  6474  6568 E module_protocol    ProtocolModuleServiceImpl: i*A*r*e*e*v*c* f*l*e *e*v*c* S*A*T
06-11 02:06:43.550   912  5944 I MediaExtractorService: makeExtractor ((null)), uid = 1013
06-11 02:06:43.551   916  6615 V GenericSource: initFromDataSource track[0]: audio/vorbis
06-11 02:06:43.552   916  6615 V GenericSource: initFromDataSource mSources.size(): 1  mIsSecure: 0  mime[0]: audio/vorbis
06-11 02:06:43.552   916  6615 V GenericSource: checkDrmInfo: No PSSH
06-11 02:06:43.552   916  6615 V GenericSource: finishPrepareAsync
06-11 02:06:43.552  6436  6613 D PushXiaoYi: isOobeAgree: false, isMyHwAgree: false
06-11 02:06:43.552   916  6615 V NuPlayer: Source::notifyPrepared 0
06-11 02:06:43.552   916  6614 V NuPlayer: onSourceNotify() kWhatFlagsChanged  FLAG_CAN_PAUSE: 1  FLAG_CAN_SEEK_BACKWARD: 1 
06-11 02:06:43.552   916  6614 V NuPlayer: 				 FLAG_CAN_SEEK_FORWARD: 1  FLAG_CAN_SEEK: 1  FLAG_DYNAMIC_DURATION: 0 
06-11 02:06:43.552   916  6614 V NuPlayer: 				 FLAG_SECURE: 0  FLAG_PROTECTED: 0
06-11 02:06:43.552   916  6615 V GenericSource: onPrepareAsync: Done
06-11 02:06:43.552   916  6614 V NuPlayer: NuPlayer::onSourceNotify Source::kWhatPrepared source: 0xeb008300
06-11 02:06:43.552   916  6614 D NuPlayerDriver: notifyListener_l(0xef228620), (1, 0, 0, -1), loop setting(0, 0)
06-11 02:06:43.552  1359  2386 D MediaPlayerNative: Message: MEDIA_PREPARED(1), ext1=0, ext2=0x0
06-11 02:06:43.553  1359  2386 D MediaPlayerNative: [notify] : [1237] callback app listenerNotNull=1, send=1
06-11 02:06:43.553  1359  2386 D MediaPlayerNative: [notify] : [1254] callback application
06-11 02:06:43.553  6436  6613 W SmartNotifyService: user not agreed
06-11 02:06:43.553  6436  6613 I SmartNotifyService: stopCount: 1
06-11 02:06:43.555  1359  2006 D Ringtone: Successfully created local player
06-11 02:06:43.555  6436  6436 I SmartNotifyService: onDestroy
06-11 02:06:43.849  6546  6546 I adbd    : Calling send_auth_request...
06-11 02:06:43.862  6546  6546 I adbd    : Loading keys from /data/misc/adb/adb_keys
06-11 02:06:43.865  6546  6546 I adbd    : adb client authorized
06-11 02:06:44.049  6275  6275 D UsbSettingsService: handleMessage, msg.what = 1
06-11 02:06:44.055  6275  6275 D UsbSettingsService: isUSBDisconnected() ACTION_USB_PORT_CHANGED deviceConnected = true, portConnected = false, dataRole = -1
06-11 02:06:44.055  6275  6275 D UsbSettingsService: usb is connected, update usb notification
06-11 02:06:44.067  1359  5238 D HwNotificationManagerService: recognize: tag=null, id=1000002, user=UserHandle{0}, pkg=com.android.settings, uid=1000, callingPid=6275
06-11 02:06:44.068  1359  5238 D HwNotificationManagerService: Return ! recognize the app not in list : com.android.settings
06-11 02:06:44.084  1359  1359 D NotificationService: mGameDndStatus is:false ,isGameDndSwitchOn is:false
06-11 02:06:44.092  2170  2170 D StatusBar: updateNotification(StatusBarNotification(pkg=com.android.settings user=UserHandle{0} id=1000002 tag=null key=0|com.android.settings|1000002|null|1000: Notification(channel=SETTINGS_USB pri=1 contentView=null vibrate=null sound=null tick defaults=0x0 flags=0x2 color=0x00000000 vis=PRIVATE)))
