06-11 02:06:34.236   889   889 W hvdcp_opti: type=1400 audit(0.0:533): avc: denied { read } for name="input_current_limited" dev="sysfs" ino=39781 scontext=u:r:hvdcp:s0 tcontext=u:object_r:sysfs:s0 tclass=file permissive=0
06-11 02:06:34.236   889   889 W hvdcp_opti: type=1400 audit(0.0:534): avc: denied { read } for name="input_current_limited" dev="sysfs" ino=39781 scontext=u:r:hvdcp:s0 tcontext=u:object_r:sysfs:s0 tclass=file permissive=0
06-11 02:06:34.236   889   889 W hvdcp_opti: type=1400 audit(0.0:535): avc: denied { read } for name="charge_type" dev="sysfs" ino=39752 scontext=u:r:hvdcp:s0 tcontext=u:object_r:sysfs:s0 tclass=file permissive=0
06-11 02:06:34.236   889   889 W hvdcp_opti: type=1400 audit(0.0:536): avc: denied { read } for name="die_health" dev="sysfs" ino=39786 scontext=u:r:hvdcp:s0 tcontext=u:object_r:sysfs:s0 tclass=file permissive=0
06-11 02:06:34.265  6546  6548 I adbd    : functionfs successfully initialized
06-11 02:06:34.265  6546  6548 I adbd    : registering usb transport
06-11 02:06:34.295   825   852 E libnav  : CablComputeBacklightLevel(): UpdateType = DifferentSceneUpdate
06-11 02:06:34.322   889   889 W hvdcp_opti: type=1400 audit(0.0:537): avc: denied { read } for name="dp_dm" dev="sysfs" ino=39780 scontext=u:r:hvdcp:s0 tcontext=u:object_r:sysfs:s0 tclass=file permissive=0
06-11 02:06:34.322   889   889 W hvdcp_opti: type=1400 audit(0.0:538): avc: denied { read } for name="input_current_limited" dev="sysfs" ino=39781 scontext=u:r:hvdcp:s0 tcontext=u:object_r:sysfs:s0 tclass=file permissive=0
06-11 02:06:34.326   889   889 W hvdcp_opti: type=1400 audit(0.0:539): avc: denied { read } for name="input_current_limited" dev="sysfs" ino=39781 scontext=u:r:hvdcp:s0 tcontext=u:object_r:sysfs:s0 tclass=file permissive=0
06-11 02:06:34.326   889   889 W hvdcp_opti: type=1400 audit(0.0:540): avc: denied { read } for name="charge_type" dev="sysfs" ino=39752 scontext=u:r:hvdcp:s0 tcontext=u:object_r:sysfs:s0 tclass=file permissive=0
06-11 02:06:34.326   889   889 W hvdcp_opti: type=1400 audit(0.0:541): avc: denied { read } for name="die_health" dev="sysfs" ino=39786 scontext=u:r:hvdcp:s0 tcontext=u:object_r:sysfs:s0 tclass=file permissive=0
06-11 02:06:34.330  6275  6275 D UsbSettingsService: BroadcastReceiver, action = android.hardware.usb.action.USB_STATE
06-11 02:06:34.334  6275  6275 D UsbSettingsService: ACTION_USB_STATE, usbConnected = true
06-11 02:06:34.335  3513  3513 D MtpReceiver: Debug MTP:ACTION_USB_STATE 
06-11 02:06:34.335  3513  3513 D MtpReceiver: Debug MTP:handleUsbState, configured is [false] connected is [true] mtpEnabled is [true] ptpEnabled is [false] unlocked is [false] configChanged is [false]
06-11 02:06:34.335  3513  3513 W libc    : Set property "sys.usb.ffs.mtp.ready" to "1"
06-11 02:06:34.337  3513  3575 D MediaProvider: fixParentIdIfNeeded called
06-11 02:06:34.337  6275  6275 D UsbSettingsService: ACTION_USB_STATE usbConnected = true, chargingOnly = false, deviceConnected = true, dataRole = -1
06-11 02:06:34.337  6275  6275 I UsbSettingsService: ACTION_USB_STATE start service!
06-11 02:06:34.338  6275  6275 D UsbSettingsService: send refresh content message to refresh usb notification
06-11 02:06:34.340  2170  2316 W KG_FDT  : procMessge 7
06-11 02:06:34.340  2170  2316 W KG_FDT  : unregisterSensor. face dectect finish
06-11 02:06:34.340  2170  2316 W KG_FDT  : stop dectect but already disconnected or already in state=0
06-11 02:06:34.347  6275  6275 D UsbReceiver: initialize UsbSettingsService!
06-11 02:06:34.347  6275  6275 D UsbReceiver: ACTION_USB_STATE arrived!
06-11 02:06:34.347  6275  6275 D UsbReceiver: onUsbStateReceive chargingOnly = true, usbConnected = true
06-11 02:06:34.347  6275  6275 D UsbReceiver: ACTION_USB_STATE:usbConnected = true, usbState=manufacture,adb, chargingOnly = true, isLegacyCharging = false
06-11 02:06:34.347  6275  6275 D UsbReceiver: start usb settings service
06-11 02:06:34.347  6275  6275 W ContextImpl: Calling a method in the system process without a qualified user: android.app.ContextImpl.startService:1708 android.content.ContextWrapper.startService:657 android.content.ContextWrapper.startService:657 com.android.settings.deviceinfo.UsbReceiver.startUsbService:286 com.android.settings.deviceinfo.UsbReceiver.onUsbStateReceive:161 
06-11 02:06:34.348  6275  6275 D UsbReceiver: start usb settings service
06-11 02:06:34.349  6275  6275 W ndroid.settings: type=1400 audit(0.0:542): avc: denied { open } for path="/dev/__properties__/u:object_r:hw_sys_usb_prop:s0" dev="tmpfs" ino=16566 scontext=u:r:system_app:s0 tcontext=u:object_r:hw_sys_usb_prop:s0 tclass=file permissive=0
06-11 02:06:34.349  6275  6275 W ContextImpl: Calling a method in the system process without a qualified user: android.app.ContextImpl.startService:1708 android.content.ContextWrapper.startService:657 android.content.ContextWrapper.startService:657 com.android.settings.deviceinfo.UsbReceiver.startUsbService:286 com.android.settings.deviceinfo.UsbReceiver.onUsbStateReceive:208 
06-11 02:06:34.351  6275  6275 E libc    : Access denied finding property "persist.sys.usb.config"
06-11 02:06:34.351  6275  6275 D UsbSettingsService: onStartCommand, action = null
06-11 02:06:34.351  6275  6275 D UsbSettingsService: onStartCommand, action = null
06-11 02:06:34.351  1359  5711 V BroadcastQueue: Finished with ordered broadcast BroadcastRecord{ea92768 u-1 android.hardware.usb.action.USB_STATE}
06-11 02:06:35.038  6275  6275 D UsbSettingsService: handleMessage, msg.what = 1
06-11 02:06:35.041  6275  6275 D UsbSettingsService: isUSBDisconnected() ACTION_USB_PORT_CHANGED deviceConnected = true, portConnected = false, dataRole = -1
06-11 02:06:35.041  6275  6275 D UsbSettingsService: usb is connected, update usb notification
06-11 02:06:35.047  1359  2329 I chatty  : uid=1000(system) Binder:1359_5 expire 4 lines
06-11 02:06:35.057  2170  2170 D StatusBar: updateNotification(StatusBarNotification(pkg=com.android.settings user=UserHandle{0} id=1000002 tag=null key=0|com.android.settings|1000002|null|1000: Notification(channel=SETTINGS_USB pri=1 contentView=null vibrate=null sound=null tick defaults=0x0 flags=0x2 color=0x00000000 vis=PRIVATE)))
06-11 02:06:35.061  2170  2170 D HwPhoneStatusBar: No peeking: not allowed notification: 0|com.android.settings|1000002|null|1000
06-11 02:06:35.061  2170  2170 D StatusBar:  shouldPeek=false alertAgain=true
06-11 02:06:35.061  2170  2170 I PhoneStatusBar: updateNotificationShade: total=1, active=1
06-11 02:06:35.061  2170  2170 W PhoneStatusBar: updateNotificationShade hasFaceDT: false; Detected:false
06-11 02:06:35.071  2170  2170 W HwKeyguardDragHelper: AnimationBlocked
06-11 02:06:35.095  2170  2170 W HwKeyguardDragHelper: AnimationBlocked
06-11 02:06:35.199  6566  6566 E libc    : Access denied finding property "ro.hwfix.ro.process_list"
06-11 02:06:35.210  6566  6566 E libc    : Access denied finding property "ro.hwfix.ro.process_list"
06-11 02:06:35.255  3513  3523 I StagefrightMediaScannerEx: StagefrightMediaScanner destructor
06-11 02:06:35.898  6227  6227 I [AGC_LOG]HaConnector: Auto onReport
06-11 02:06:36.217  6567  6567 E libc    : Access denied finding property "ro.hwfix.ro.process_list"
06-11 02:06:36.227  6567  6567 E libc    : Access denied finding property "ro.hwfix.ro.process_list"
06-11 02:06:37.244  6570  6570 E libc    : Access denied finding property "ro.hwfix.ro.process_list"
06-11 02:06:37.254  6570  6570 E libc    : Access denied finding property "ro.hwfix.ro.process_list"
06-11 02:06:38.260  6571  6571 E libc    : Access denied finding property "ro.hwfix.ro.process_list"
06-11 02:06:38.270  6571  6571 E libc    : Access denied finding property "ro.hwfix.ro.process_list"
06-11 02:06:39.277  6572  6572 E libc    : Access denied finding property "ro.hwfix.ro.process_list"
06-11 02:06:39.287  6572  6572 E libc    : Access denied finding property "ro.hwfix.ro.process_list"
06-11 02:06:39.315   918   918 E Thermal-daemon: [ap] temp_new :28  temp_old :27
06-11 02:06:39.315  2399  2426 I chatty  : uid=1000(system) Binder:2399_1 expire 2 lines
06-11 02:06:39.316   918   918 E Thermal-daemon: Report temperature: [ap] temp :28  report_threshold:1
06-11 02:06:39.319   889   889 W hvdcp_opti: type=1400 audit(0.0:543): avc: denied { read } for name="dp_dm" dev="sysfs" ino=39780 scontext=u:r:hvdcp:s0 tcontext=u:object_r:sysfs:s0 tclass=file permissive=0
06-11 02:06:39.319   889   889 W hvdcp_opti: type=1400 audit(0.0:544): avc: denied { read } for name="input_current_limited" dev="sysfs" ino=39781 scontext=u:r:hvdcp:s0 tcontext=u:object_r:sysfs:s0 tclass=file permissive=0
06-11 02:06:39.319   889   889 W hvdcp_opti: type=1400 audit(0.0:545): avc: denied { read } for name="input_current_limited" dev="sysfs" ino=39781 scontext=u:r:hvdcp:s0 tcontext=u:object_r:sysfs:s0 tclass=file permissive=0
06-11 02:06:39.319   889   889 W hvdcp_opti: type=1400 audit(0.0:546): avc: denied { read } for name="charge_type" dev="sysfs" ino=39752 scontext=u:r:hvdcp:s0 tcontext=u:object_r:sysfs:s0 tclass=file permissive=0
06-11 02:06:39.319   889   889 W hvdcp_opti: type=1400 audit(0.0:547): avc: denied { read } for name="die_health" dev="sysfs" ino=39786 scontext=u:r:hvdcp:s0 tcontext=u:object_r:sysfs:s0 tclass=file permissive=0
06-11 02:06:39.321  6275  6275 D UsbSettingsService: BroadcastReceiver, action = android.hardware.usb.action.USB_STATE
06-11 02:06:39.330  6275  6275 D UsbSettingsService: ACTION_USB_STATE, usbConnected = true
06-11 02:06:39.334  3513  3513 D MtpReceiver: Debug MTP:ACTION_USB_STATE 
06-11 02:06:39.334  3513  3513 D MtpReceiver: Debug MTP:handleUsbState, configured is [true] connected is [true] mtpEnabled is [true] ptpEnabled is [false] unlocked is [false] configChanged is [false]
06-11 02:06:39.334  3513  3513 D MtpReceiver: handleUsbState startService
06-11 02:06:39.334  3513  3513 D MtpReceiver: Debug MTP:srart MTP service 
06-11 02:06:39.339  3513  3513 D MtpService: updating state; mMtpLocked=true
06-11 02:06:39.339  3513  3513 D MtpService: starting MTP server in MTP mode with storage /storage/emulated/0 disabled
06-11 02:06:39.341  3513  3513 I HWSERVICES: hwnative_get_component:libstagefright,Scanner
06-11 02:06:39.342  3513  3513 I StagefrightMediaScannerEx: StagefrightMediaScanner Constructor
06-11 02:06:39.344  3513  3513 D MediaScanner: setStorageEjectFlag flag = 0
06-11 02:06:39.344  3513  3513 I HWSERVICES: hwnative_get_component_mtpServer  comes...
06-11 02:06:39.345  3513  3513 V MtpServerEx: constructor
06-11 02:06:39.345  3513  3513 I HwMtpServerExJNI: set MtpServerEx 0x74843096c0
06-11 02:06:39.345  3513  3513 I HwMtpServerExJNI: Finish to setup MtpServer
06-11 02:06:39.349  6275  6275 D UsbSettingsService: ACTION_USB_STATE usbConnected = true, chargingOnly = false, deviceConnected = true, dataRole = -1
06-11 02:06:39.349  6275  6275 I UsbSettingsService: ACTION_USB_STATE start service!
06-11 02:06:39.349  6275  6275 D UsbSettingsService: send refresh content message to refresh usb notification
06-11 02:06:39.350  6275  6275 D UsbReceiver: initialize UsbSettingsService!
06-11 02:06:39.350  6275  6275 D UsbReceiver: ACTION_USB_STATE arrived!
06-11 02:06:39.350  6275  6275 D UsbReceiver: onUsbStateReceive chargingOnly = true, usbConnected = true
06-11 02:06:39.350  6275  6275 D UsbReceiver: ACTION_USB_STATE:usbConnected = true, usbState=manufacture,adb, chargingOnly = true, isLegacyCharging = false
06-11 02:06:39.350  6275  6275 D UsbReceiver: start usb settings service
06-11 02:06:39.351  6275  6275 W ContextImpl: Calling a method in the system process without a qualified user: android.app.ContextImpl.startService:1708 android.content.ContextWrapper.startService:657 android.content.ContextWrapper.startService:657 com.android.settings.deviceinfo.UsbReceiver.startUsbService:286 com.android.settings.deviceinfo.UsbReceiver.onUsbStateReceive:161 
06-11 02:06:39.352  6275  6275 W ndroid.settings: type=1400 audit(0.0:548): avc: denied { open } for path="/dev/__properties__/u:object_r:hw_sys_usb_prop:s0" dev="tmpfs" ino=16566 scontext=u:r:system_app:s0 tcontext=u:object_r:hw_sys_usb_prop:s0 tclass=file permissive=0
06-11 02:06:39.354  6275  6275 D UsbReceiver: start usb settings service
06-11 02:06:39.354  6275  6275 W ContextImpl: Calling a method in the system process without a qualified user: android.app.ContextImpl.startService:1708 android.content.ContextWrapper.startService:657 android.content.ContextWrapper.startService:657 com.android.settings.deviceinfo.UsbReceiver.startUsbService:286 com.android.settings.deviceinfo.UsbReceiver.onUsbStateReceive:208 
06-11 02:06:39.356  6275  6275 E libc    : Access denied finding property "persist.sys.usb.config"
06-11 02:06:39.357  6275  6275 D UsbSettingsService: onStartCommand, action = null
06-11 02:06:39.357  1359  5711 V BroadcastQueue: Finished with ordered broadcast BroadcastRecord{a77a781 u-1 android.hardware.usb.action.USB_STATE}
06-11 02:06:39.357  6275  6275 D UsbSettingsService: onStartCommand, action = null
06-11 02:06:39.403  1359  2007 D HwBatteryService: onUEvent fcpStatus = 0,scpStatus =0,ovpStatus=0
06-11 02:06:39.403  1359  2007 I HwBatteryService: quick charge status : 0
06-11 02:06:39.410  1359  5711 I BatteryService: normal charge status : 1
06-11 02:06:39.412  1359  1359 D WifiService: onReceive, action:android.intent.action.BATTERY_CHANGED
06-11 02:06:39.412  1359  1359 D WifiService: ACTION_BATTERY_CHANGED pluggedType: 2
06-11 02:06:39.413  2170  2170 D KeyguardUpdateMonitor: received broadcast android.intent.action.BATTERY_CHANGED
06-11 02:06:39.413  2170  2170 W KeyguardUpdateMonitor: ACTION_BATTERY_CHANGED AMP: 500000; Volt: 5000000
06-11 02:06:39.413  2170  2170 I KgBattery: (last-new)Status: 1 -> 1, chargeState=1 * branch=5
06-11 02:06:39.413  3893  3893 I Cloud[10.13.20.300]Sync.SyncObserverService: batteryStatus: 2
06-11 02:06:39.414  2170  2170 I GlobalContext: Work is scheduled. com.android.systemui.battery.-$Lambda$lfi2AU3i1xDKGC7m-gvD3SF2XpQ@2ba90d0
06-11 02:06:39.417  3893  3893 I Cloud[10.13.20.300]Sync.SyncObserverService: doGetOptionsFromClone
06-11 02:06:39.418  3893  3893 I Cloud[10.13.20.300]Sync.SyncObserverService: lastPowerConnectTime: 1717997616160, currentTime: 1718042799417
06-11 02:06:39.427  2170  2170 I KeyguardUtils: fpPath=sys/class/hw_power/charger/charge_data/chargerType, value=0
06-11 02:06:39.437  2170  2170 I chatty  : uid=10026(com.huawei.HwMultiScreenShot) com.android.systemui identical 3 lines
06-11 02:06:39.439  2170  2170 I KeyguardUtils: fpPath=sys/class/hw_power/charger/charge_data/chargerType, value=0
06-11 02:06:39.440  2170  2170 V KeyguardUpdateMonitor: RefreshBatteryInfo isBatteryLow: 20
06-11 02:06:39.440  2170  2170 W KeyguardUpdateMonitor: ChargingSpeed  Wattage: 2500000 ST: 5000000 --> 7500000
06-11 02:06:39.440  2170  2170 I KgBattery: BatteryInfo updated:  2lPc0
06-11 02:06:39.440  2170  2170 W AppHandler: sendMessage with obj100
06-11 02:06:39.440  2170  2170 D KeyguardUpdateMonitor: handleBatteryUpdate
06-11 02:06:39.441  2170  2170 W HwKgdBArea_BTY: updateBatteryInfo : false  true
06-11 02:06:39.441  2170  2170 W HwLockScreenPanel: refreshBatteryInfo: null
06-11 02:06:39.442  2170  2170 W HwLockScreenPanel: Handle message: 100
06-11 02:06:39.442  2170  2170 W FillLightViewManager: handleMessage 100
06-11 02:06:39.442  2170  2170 D FillLightViewManager: nothing to do 100
06-11 02:06:39.442  2170  2285 W KgBattery: getCharge info with type: text
06-11 02:06:39.443  2170  2285 I KeyguardUtils: fpPath=sys/class/hw_power/charger/charge_data/chargerType, value=0
06-11 02:06:39.809  6546  6546 I adbd    : Calling send_auth_request...
06-11 02:06:39.822  6546  6546 I adbd    : Loading keys from /data/misc/adb/adb_keys
06-11 02:06:39.824  6546  6546 I adbd    : adb client authorized
06-11 02:06:39.869  6575  6575 W getprop : type=1400 audit(0.0:549): avc: denied { open } for path="/dev/__properties__/u:object_r:logcat_prop:s0" dev="tmpfs" ino=16615 scontext=u:r:shell:s0 tcontext=u:object_r:logcat_prop:s0 tclass=file permissive=0
06-11 02:06:40.051  6275  6275 D UsbSettingsService: handleMessage, msg.what = 1
06-11 02:06:40.054  6275  6275 D UsbSettingsService: isUSBDisconnected() ACTION_USB_PORT_CHANGED deviceConnected = true, portConnected = false, dataRole = -1
06-11 02:06:40.054  6275  6275 D UsbSettingsService: usb is connected, update usb notification
06-11 02:06:40.060  1359  5711 I chatty  : uid=1000(system) Binder:1359_F expire 3 lines
06-11 02:06:40.068  2170  2170 D StatusBar: updateNotification(StatusBarNotification(pkg=com.android.settings user=UserHandle{0} id=1000002 tag=null key=0|com.android.settings|1000002|null|1000: Notification(channel=SETTINGS_USB pri=1 contentView=null vibrate=null sound=null tick defaults=0x0 flags=0x2 color=0x00000000 vis=PRIVATE)))
06-11 02:06:40.072  2170  2170 D HwPhoneStatusBar: No peeking: not allowed notification: 0|com.android.settings|1000002|null|1000
06-11 02:06:40.072  2170  2170 D StatusBar:  shouldPeek=false alertAgain=true
06-11 02:06:40.072  2170  2170 I PhoneStatusBar: updateNotificationShade: total=1, active=1
06-11 02:06:40.072  2170  2170 W PhoneStatusBar: updateNotificationShade hasFaceDT: false; Detected:false
06-11 02:06:40.074  2170  2170 W HwKeyguardDragHelper: AnimationBlocked
06-11 02:06:40.091  2170  2170 W HwKeyguardDragHelper: AnimationBlocked
06-11 02:06:40.169   757  1123 I qti_sensors_hal: [LightSensor]processReportInd: the skip  luxValue  ItemData[0]:390000,ItemData[1]:640327, lux:57.000000,cct:6554407.000000
06-11 02:06:40.293  6577  6577 E libc    : Access denied finding property "ro.hwfix.ro.process_list"
06-11 02:06:40.305  6577  6577 E libc    : Access denied finding property "ro.hwfix.ro.process_list"
06-11 02:06:40.371   757  1123 I qti_sensors_hal: [LightSensor]processReportInd: the skip  luxValue  ItemData[0]:270000,ItemData[1]:640241, lux:39.000000,cct:6554177.000000
06-11 02:06:41.319  6578  6578 E libc    : Access denied finding property "ro.hwfix.ro.process_list"
06-11 02:06:41.341  6578  6578 E libc    : Access denied finding property "ro.hwfix.ro.process_list"
06-11 02:06:41.792   757  1123 I qti_sensors_hal: [LightSensor]processReportInd: the skip  luxValue  ItemData[0]:3c0000,ItemData[1]:640353, lux:60.000000,cct:6554451.000000
06-11 02:06:41.992   757  1123 I qti_sensors_hal: [LightSensor]processReportInd: the skip  luxValue  ItemData[0]:570000,ItemData[1]:6404b8, lux:87.000000,cct:6554808.000000
06-11 02:06:42.355  6579  6579 E libc    : Access denied finding property "ro.hwfix.ro.process_list"
06-11 02:06:42.379  6579  6579 E libc    : Access denied finding property "ro.hwfix.ro.process_list"
06-11 02:06:42.895  1359  2007 D HwBatteryService: onUEvent fcpStatus = 0,scpStatus =0,ovpStatus=0
06-11 02:06:42.896  1359  2007 I HwBatteryService: quick charge status : 0
06-11 02:06:42.899   889   889 W hvdcp_opti: type=1400 audit(0.0:550): avc: denied { read } for name="dp_dm" dev="sysfs" ino=39780 scontext=u:r:hvdcp:s0 tcontext=u:object_r:sysfs:s0 tclass=file permissive=0
06-11 02:06:42.899   889   889 W hvdcp_opti: type=1400 audit(0.0:551): avc: denied { read } for name="input_current_limited" dev="sysfs" ino=39781 scontext=u:r:hvdcp:s0 tcontext=u:object_r:sysfs:s0 tclass=file permissive=0
06-11 02:06:42.899   889   889 W hvdcp_opti: type=1400 audit(0.0:552): avc: denied { read } for name="input_current_limited" dev="sysfs" ino=39781 scontext=u:r:hvdcp:s0 tcontext=u:object_r:sysfs:s0 tclass=file permissive=0
06-11 02:06:42.899   889   889 W hvdcp_opti: type=1400 audit(0.0:553): avc: denied { read } for name="charge_type" dev="sysfs" ino=39752 scontext=u:r:hvdcp:s0 tcontext=u:object_r:sysfs:s0 tclass=file permissive=0
06-11 02:06:42.899   889   889 W hvdcp_opti: type=1400 audit(0.0:554): avc: denied { read } for name="die_health" dev="sysfs" ino=39786 scontext=u:r:hvdcp:s0 tcontext=u:object_r:sysfs:s0 tclass=file permissive=0
06-11 02:06:42.912   773   773 W libc    : Set property "sys.check.usbupdate" to "stop"
06-11 02:06:42.918  1359  1708 I chatty  : uid=1000(system) batterystats-wo expire 6 lines
06-11 02:06:42.920  1359  2006 I chatty  : uid=1000(system) HwBatteryServic expire 10 lines
06-11 02:06:42.920  1359  2496 I BatteryService: normal charge status : 1
06-11 02:06:42.921   922  2033 I dubaid  : [PollingRoutine.cpp] notifyPolling# Polling routine start, timestamp: 1718042802917, reason: 6
06-11 02:06:42.922  2381  2860 E HsmCoreServiceImpl: onTransact in code is: 102
06-11 02:06:42.922   754   754 D qdlights: set_speaker_light_locked: get  property HWDUB-Q 
06-11 02:06:42.923  2381  2860 W MediaProcessHandler: processOp uid 1000 is not concerned!
06-11 02:06:42.923   754   754 D qdlights: write_init ok
06-11 02:06:42.924   922  1910 I dubaid  : [BatteryHandler.cpp] onChargerOnlineChanged# Battery charge state: 0
06-11 02:06:42.924   754   754 D qdlights: write_init ok
06-11 02:06:42.924   754   754 D qdlights: write_init ok
06-11 02:06:42.924   754   754 D qdlights: set_speaker_light_locked mode=0, colorRGB=00000000, onMS=0, offMS=0, rc=0
06-11 02:06:42.924  2381  2860 I MediaProcessHandler: executedCallBack opType: 1 mMediaStatusObservers.size=0
06-11 02:06:42.925  1359  1708 E BatteryExternalStatsWorker: no controller energy info supplied for wifi
06-11 02:06:42.925  1359  1708 E BatteryExternalStatsWorker: no controller energy info supplied for bluetooth
06-11 02:06:42.926   916  2530 D NuPlayerDriver: reset(0xef228620) at state 4
06-11 02:06:42.927   916  2530 D NuPlayerDriver: notifyListener_l(0xef228620), (8, 0, 0, -1), loop setting(0, 0)
06-11 02:06:42.927   916  2530 D NuPlayer: NuPlayer::resetAsync()
06-11 02:06:42.927   916  2530 V GenericSource: GenericSource::disconnect begin
06-11 02:06:42.928   916  2530 V GenericSource: GenericSource::disconnect end
06-11 02:06:42.928   916  2530 D NuPlayer: NuPlayer::resetAsync() post kWhatReset
06-11 02:06:42.928   916  6269 V NuPlayer: kWhatReset
06-11 02:06:42.928   916  6269 V NuPlayer: performDecoderFlush audio=2, video=2
06-11 02:06:42.928   916  6269 D NuPlayer: closeAudioSink
06-11 02:06:42.929   916  6269 W AMessage: failed to post message as target looper for handler 0 is gone.
06-11 02:06:42.929   916  6269 D NuPlayer: performReset
06-11 02:06:42.929   916  6269 V GenericSource: ~GenericSource
06-11 02:06:42.929  2399  2591 E KernelCpuSpeedReader: Failed to read cpu-freq: /sys/devices/system/cpu/cpu0/cpufreq/stats/time_in_state (No such file or directory)
06-11 02:06:42.929   916  6269 V GenericSource: resetDataSource
06-11 02:06:42.930  2399  2591 E KernelCpuSpeedReader: Failed to read cpu-freq: /sys/devices/system/cpu/cpu4/cpufreq/stats/time_in_state (No such file or directory)
06-11 02:06:42.930   916  6269 D NuPlayerDriver: notifyResetComplete(0xef228620)
06-11 02:06:42.931  3681  3681 I fwkit_kStore_alNew_PowerReceiver: [fwkit PowerConnectChangeReceiver.java:38] enter PowerConnectChangeReceiver:android.intent.action.ACTION_POWER_DISCONNECTED
06-11 02:06:42.932  3681  3681 I fwkit_ScreenStatusReceiver: [fwkit ScreenStatusReceiver.java:132] RemoveStatusSubscriber key = ContinueScreenOffDetectComponent
06-11 02:06:42.933  3681  3681 I fwkit_kStore_dexopt_RebootCore: [fwkit RebootCoreProcTask.java:116] Cancel pending odex optimize and reboot task.
06-11 02:06:42.935  1359  1859 D PickUpWakeScreenManager: isPickupSensorSupport isSensorSupport = true
06-11 02:06:42.935  1359  3390 I chatty  : uid=1000(system) IzatProvider expire 6 lines
06-11 02:06:42.936  2170  2170 W PowerUI : unknown intent: Intent { act=android.intent.action.ACTION_POWER_DISCONNECTED flg=0x4000010 (has extras) }
06-11 02:06:42.936  3513  3513 D AutoCache: onReceive intent=Intent { act=android.intent.action.ACTION_POWER_DISCONNECTED flg=0x4000010 (has extras) } action=android.intent.action.ACTION_POWER_DISCONNECTED
06-11 02:06:42.936   762   762 V LocSvc_HIDL_IzatSubscription: [powerConnectStatusUpdate][575] [HS] <<<<= [HC]
06-11 02:06:42.937  1359  1627 D NetdConnector: SND -> {58 firewall enable_chain standby}
06-11 02:06:42.937  3893  3893 I Cloud[10.13.20.300]Sync.SyncObserverService: action power disconnected.
06-11 02:06:42.938  2170  2170 D KeyguardUpdateMonitor: received broadcast android.intent.action.BATTERY_CHANGED
06-11 02:06:42.939  2170  2170 W KeyguardUpdateMonitor: ACTION_BATTERY_CHANGED AMP: 0; Volt: 0
06-11 02:06:42.939  4300  4300 D PowerStateReceiver: onReceive intent=Intent { act=android.intent.action.ACTION_POWER_DISCONNECTED flg=0x4000010 (has extras) } action=android.intent.action.ACTION_POWER_DISCONNECTED
06-11 02:06:42.939  2170  2170 W ChargingAnimController: Remove charging skip as not exist
06-11 02:06:42.939  2170  2170 I KgBattery: (last-new)Status: 1 -> null, chargeState=0 * branch=3
06-11 02:06:42.939  2170  2170 V KeyguardUpdateMonitor: RefreshBatteryInfo isBatteryLow: 20
06-11 02:06:42.939  2170  2170 W KeyguardUpdateMonitor: ChargingSpeed  Wattage: -1 ST: 5000000 --> 7500000
06-11 02:06:42.939  2170  2170 I KgBattery: BatteryInfo updated:  3lpc-1
06-11 02:06:42.939  2170  2170 W AppHandler: sendMessage with obj100
06-11 02:06:42.939  2170  2170 D KeyguardUpdateMonitor: handleBatteryUpdate
06-11 02:06:42.939  2170  2170 I ColorPickUitls: type = 2
06-11 02:06:42.939  2170  2170 V KeyguardUpdateMonitor: RefreshBatteryInfo isBatteryLow: 20
06-11 02:06:42.939  2170  2170 V KeyguardUpdateMonitor: RefreshBatteryInfo isBatteryLow: 20
06-11 02:06:42.939  2170  2170 W HwKgdBArea_BTY: updateBatteryInfo : false  false
06-11 02:06:42.939  2170  2170 W HwKgdBArea_BTY: updateBatteryInfo : false  false
06-11 02:06:42.940  2170  2170 W HwLockScreenPanel: refreshBatteryInfo: null
06-11 02:06:42.940  2170  2170 W HwLockScreenPanel: Handle message: 100
06-11 02:06:42.940  2170  2170 W FillLightViewManager: handleMessage 100
06-11 02:06:42.940  2170  2170 D FillLightViewManager: nothing to do 100
06-11 02:06:42.940  2170  2170 I GlobalContext: Work is scheduled. com.android.systemui.battery.-$Lambda$lfi2AU3i1xDKGC7m-gvD3SF2XpQ@2ba90d0
06-11 02:06:42.940  3681  3681 I fwkit_ScreenStatusReceiver: [fwkit ScreenStatusReceiver.java:132] RemoveStatusSubscriber key = ContinueScreenOffRebootCore
06-11 02:06:42.940  2688  2896 E HSM     : ChargeInfo: doRecordsChargeInfo chargeTime =552965 plugType = 2 chargeType =1
06-11 02:06:42.940   916  2530 E MediaPlayerService: getDuration returned -2147483648
06-11 02:06:42.940   916  2530 D NuPlayerDriver: reset(0xef228620) at state 0
06-11 02:06:42.940  2688  2896 E HSM     : ChargeInfo: doRecordsChargeInfo lastCapacityRm =800 capacityRm = 800 mTimes = 12952 chargeBattery =0
06-11 02:06:42.941  2688  2896 E HSM     : ChargeInfo: doRecordsChargeInfo BATTERY_PLUGGED_USB chargeBattery =0
06-11 02:06:42.942   916  2530 D NuPlayerDriver: updateMetrics(0xef228620) from destructor at state 0
06-11 02:06:42.944  2170  2170 I KeyguardUtils: fpPath=sys/class/hw_power/charger/charge_data/chargerType, value=0
06-11 02:06:42.945  2381  2860 E HsmCoreServiceImpl: onTransact in code is: 102
06-11 02:06:42.945  2381  2860 W MediaProcessHandler: processOp uid 1000 is not concerned!
06-11 02:06:42.945  2381  2860 I MediaProcessHandler: executedCallBack opType: 1 mMediaStatusObservers.size=0
06-11 02:06:42.945   892  1284 D AudioFlinger: event 163 
06-11 02:06:42.946  1359  2058 D NetdConnector: RCV <- {200 58 Firewall command succeeded}
06-11 02:06:42.948  1359  2058 D NetdConnector: RCV <- {200 58 Firewall command succeeded}
06-11 02:06:42.949  2170  2170 I KeyguardUtils: fpPath=sys/class/hw_power/charger/charge_data/chargerType, value=0
06-11 02:06:42.951  1359  1708 E KernelCpuSpeedReader: Failed to read cpu-freq: /sys/devices/system/cpu/cpu0/cpufreq/stats/time_in_state (No such file or directory)
06-11 02:06:42.951  1359  1627 I chatty  : uid=1000(system) android.bg expire 38 lines
06-11 02:06:42.951  1359  1708 E KernelCpuSpeedReader: Failed to read cpu-freq: /sys/devices/system/cpu/cpu4/cpufreq/stats/time_in_state (No such file or directory)
06-11 02:06:42.953  2170  2170 I KeyguardUtils: fpPath=sys/class/hw_power/charger/charge_data/chargerType, value=0
06-11 02:06:42.956  2170  2170 I KeyguardUtils: fpPath=sys/class/hw_power/charger/charge_data/chargerType, value=0
06-11 02:06:42.959  2170  2170 I KeyguardUtils: fpPath=sys/class/hw_power/charger/charge_data/chargerType, value=0
06-11 02:06:42.963  2170  2170 W HwKeyguardDragHelper: AnimationBlocked
06-11 02:06:42.963  1359  1708 E KernelCpuSpeedReader: Failed to read cpu-freq: /sys/devices/system/cpu/cpu0/cpufreq/stats/time_in_state (No such file or directory)
06-11 02:06:42.964  1359  1708 E KernelCpuSpeedReader: Failed to read cpu-freq: /sys/devices/system/cpu/cpu4/cpufreq/stats/time_in_state (No such file or directory)
06-11 02:06:42.968  3513  3513 V AutoCache: unRegisterPowerBroadcastReceiver: sPowerRegisterState is false, cxt is android.app.Application@f9f10f3
06-11 02:06:42.968  5950  5950 I HwOUC   : [main-1]onReceive action=android.intent.action.ACTION_POWER_DISCONNECTED(PowerConnectedReceiver.java:27)
06-11 02:06:42.968  5950  5950 I HwOUC   : [main-1]ThirdAppCheckedUtils isProgressDialogShow not show(ThirdAppCheckedUtils.java:248)
06-11 02:06:42.968  5950  5950 I HwOUC   : [main-1]no dialog is isShowing(HwOucUtilityEx.java:923)
06-11 02:06:42.968  4069  4069 I Cloud[10.13.20.300]Finder.LowPowerReport: BatteryLowBroadcastReceiver action:android.intent.action.ACTION_POWER_DISCONNECTED;isLastLocReportSwitchOpen:true
06-11 02:06:42.968  5950  5950 I HwOUC   : [main-1]isHotaUpdate cursor is null,return false(GDPRUtils.java:530)
06-11 02:06:42.969  5950  5950 I HwOUC   : [main-1]onReceive nextInstallRemindTime is -1 or nextSwitchABSystemRemindTime is -1 not AllFirmwareVerifySuccess and not AllFirmwareInstallSuccessUnderAB, do noting(PowerConnectedReceiver.java:60)
06-11 02:06:42.969  4069  4069 I Cloud[10.13.20.300]Finder.LowPowerReport: ACTION_POWER_DISCONNECTED initLowBatteryReport
06-11 02:06:42.970  3513  3513 V AutoCache: unRegisterBatteryBroadcastReceiver: sBatteryRegisterState is false, cxt is android.app.Application@f9f10f3
06-11 02:06:42.974  1359  1359 I chatty  : uid=1000 system_server expire 16 lines
06-11 02:06:42.974  4069  4069 I Cloud[10.13.20.300]Finder.LowPowerReport: LowPowerReport init...
06-11 02:06:42.975  4300  4300 D Gallery_Merge_MergeClassifyDataService: request stop ClassifyDataMergeService
06-11 02:06:42.977  1359  1359 D WifiService: onReceive, action:android.intent.action.BATTERY_CHANGED
06-11 02:06:42.977  1359  1359 D WifiService: ACTION_BATTERY_CHANGED pluggedType: 0
06-11 02:06:42.979  1359  1359 I Telecom-ChargingStatusManager: onChargingStatusChanged, mIsCharging: true -> false
06-11 02:06:42.980   922  1021 E dubaid  : [CpuHandler.cpp] readFreqTime# Failed to open cpufreq node of cluster: 0
06-11 02:06:42.981  2399  2591 E KernelCpuSpeedReader: Failed to read cpu-freq: /sys/devices/system/cpu/cpu0/cpufreq/stats/time_in_state (No such file or directory)
06-11 02:06:42.981  2399  2591 E KernelCpuSpeedReader: Failed to read cpu-freq: /sys/devices/system/cpu/cpu4/cpufreq/stats/time_in_state (No such file or directory)
06-11 02:06:42.981   922  1021 E dubaid  : [CpuHandler.cpp] accountingComponentData# Invalid delta time: Cluster0 total frequency time: 0
06-11 02:06:42.984  1359  2329 D HwGameAssistantController: isGameForeground? false
06-11 02:06:42.987  1359  2386 D HwGameAssistantController: isGameForeground? false
06-11 02:06:42.989   889   889 W hvdcp_opti: type=1400 audit(0.0:555): avc: denied { read } for name="dp_dm" dev="sysfs" ino=39780 scontext=u:r:hvdcp:s0 tcontext=u:object_r:sysfs:s0 tclass=file permissive=0
06-11 02:06:42.989   889   889 W hvdcp_opti: type=1400 audit(0.0:556): avc: denied { read } for name="input_current_limited" dev="sysfs" ino=39781 scontext=u:r:hvdcp:s0 tcontext=u:object_r:sysfs:s0 tclass=file permissive=0
06-11 02:06:42.989   889   889 W hvdcp_opti: type=1400 audit(0.0:557): avc: denied { read } for name="input_current_limited" dev="sysfs" ino=39781 scontext=u:r:hvdcp:s0 tcontext=u:object_r:sysfs:s0 tclass=file permissive=0
06-11 02:06:42.989   889   889 W hvdcp_opti: type=1400 audit(0.0:558): avc: denied { read } for name="charge_type" dev="sysfs" ino=39752 scontext=u:r:hvdcp:s0 tcontext=u:object_r:sysfs:s0 tclass=file permissive=0
06-11 02:06:42.989   889   889 W hvdcp_opti: type=1400 audit(0.0:559): avc: denied { read } for name="die_health" dev="sysfs" ino=39786 scontext=u:r:hvdcp:s0 tcontext=u:object_r:sysfs:s0 tclass=file permissive=0
06-11 02:06:42.990  6546  6563 E adbd    : remote usb: read terminated (message): No such device
06-11 02:06:42.990  6547  6550 W libc    : Set property "sys.usb.ffs_hdb.ready" to "1"
06-11 02:06:42.991  1359  1393 V BroadcastQueue: Finished with ordered broadcast BroadcastRecord{ad0c5b9 u-1 android.intent.action.ACTION_POWER_DISCONNECTED}
06-11 02:06:42.992   889   889 W hvdcp_opti: type=1400 audit(0.0:560): avc: denied { read } for name="dp_dm" dev="sysfs" ino=39780 scontext=u:r:hvdcp:s0 tcontext=u:object_r:sysfs:s0 tclass=file permissive=0
06-11 02:06:42.992   889   889 W hvdcp_opti: type=1400 audit(0.0:561): avc: denied { read } for name="input_current_limited" dev="sysfs" ino=39781 scontext=u:r:hvdcp:s0 tcontext=u:object_r:sysfs:s0 tclass=file permissive=0
06-11 02:06:42.992   889   889 W hvdcp_opti: type=1400 audit(0.0:562): avc: denied { read } for name="input_current_limited" dev="sysfs" ino=39781 scontext=u:r:hvdcp:s0 tcontext=u:object_r:sysfs:s0 tclass=file permissive=0
06-11 02:06:42.992   889   889 W hvdcp_opti: type=1400 audit(0.0:563): avc: denied { read } for name="charge_type" dev="sysfs" ino=39752 scontext=u:r:hvdcp:s0 tcontext=u:object_r:sysfs:s0 tclass=file permissive=0
06-11 02:06:42.992   889   889 W hvdcp_opti: type=1400 audit(0.0:564): avc: denied { read } for name="die_health" dev="sysfs" ino=39786 scontext=u:r:hvdcp:s0 tcontext=u:object_r:sysfs:s0 tclass=file permissive=0
06-11 02:06:42.993  3893  3893 I Cloud[10.13.20.300]Sync.CBObserverTimer: om report condition 11101111
06-11 02:06:42.993  3893  3893 I Cloud[10.13.20.300]Sync.SyncObserverService: unRegisterRestoreTimer
06-11 02:06:42.994  6546  6562 I adbd    : closing functionfs transport
06-11 02:06:42.994  3893  3893 I Cloud[10.13.20.300]Sync.SyncObserverService: batteryStatus: 3
06-11 02:06:42.995  1359  2386 I chatty  : uid=1000(system) Binder:1359_7 expire 3 lines
06-11 02:06:42.996   889   889 W hvdcp_opti: type=1400 audit(0.0:565): avc: denied { read } for name="dp_dm" dev="sysfs" ino=39780 scontext=u:r:hvdcp:s0 tcontext=u:object_r:sysfs:s0 tclass=file permissive=0
06-11 02:06:42.996   889   889 W hvdcp_opti: type=1400 audit(0.0:566): avc: denied { read } for name="input_current_limited" dev="sysfs" ino=39781 scontext=u:r:hvdcp:s0 tcontext=u:object_r:sysfs:s0 tclass=file permissive=0
06-11 02:06:42.996   889   889 W hvdcp_opti: type=1400 audit(0.0:567): avc: denied { read } for name="input_current_limited" dev="sysfs" ino=39781 scontext=u:r:hvdcp:s0 tcontext=u:object_r:sysfs:s0 tclass=file permissive=0
06-11 02:06:42.996   889   889 W hvdcp_opti: type=1400 audit(0.0:568): avc: denied { read } for name="charge_type" dev="sysfs" ino=39752 scontext=u:r:hvdcp:s0 tcontext=u:object_r:sysfs:s0 tclass=file permissive=0
06-11 02:06:42.996   889   889 W hvdcp_opti: type=1400 audit(0.0:569): avc: denied { read } for name="die_health" dev="sysfs" ino=39786 scontext=u:r:hvdcp:s0 tcontext=u:object_r:sysfs:s0 tclass=file permissive=0
06-11 02:06:42.996  2399  2591 I chatty  : uid=1000(system) core expire 10 lines
06-11 02:06:42.997  3893  6100 E Cloud[10.13.20.300]Base.CommonModuleInvokerManager: invoker is null
06-11 02:06:42.997  3893  6100 E Cloud[10.13.20.300]Base.CommonModuleInvokerManager: invoker is null
06-11 02:06:42.998  3893  6100 W Cloud[10.13.20.300]Base.BaseCommonUtil: getOsBrand exception: java.lang.NoSuchMethodException: getOsBrand []
06-11 02:06:42.998  3893  6100 I FormalHASDK: HiAnalyticsInstance==> onEvent. TAG:_default_config_tag, TYPE:1, eventId:02012_01_1718042802_42793235
06-11 02:06:42.999  6546  6548 I adbd    : initializing functionfs
06-11 02:06:43.000  4069  4069 I Cloud[10.13.20.300]Album.BatteryProcessor: batteryStatus: 3
06-11 02:06:43.000  3893  6100 W FormalHASDK: ReportPolicy==> The network is unavailable. TAG: _default_config_tag,TYPE: allType
06-11 02:06:43.001  4069  4069 I Cloud[10.13.20.300]Album.SyncStrategy: begin initState, mask: 256, flag: true
06-11 02:06:43.004  4069  4069 I Cloud[10.13.20.300]Album.CloudAlbumSdkServiceImpl: invokeEvent msgId: 63
06-11 02:06:43.005  1359  1359 V HwNotificationManagerService: isHwSoundAllow pkg=com.huawei.systemmanager, channelId=miscellaneous, userId=0, cfg=0
06-11 02:06:43.005  1359  1359 V HwNotificationManagerService: isHwVibrateAllow pkg=com.huawei.systemmanager, channelId=miscellaneous, userId=0, cfg=0
06-11 02:06:43.005  4069  4401 I Cloud[10.13.20.300]Album.CloudAlbumSdkLogic: dealStateChangedEvent, syncState: 1, state: 6416
06-11 02:06:43.006  4069  4069 I Cloud[10.13.20.300]Album.NetworkProcessor: setNetWorkDisconnected: false
06-11 02:06:43.010  4069  4069 I Cloud[10.13.20.300]Album.SyncStrategy: setNetWorkDisconnected: true
06-11 02:06:43.011  4069  4069 I Cloud[10.13.20.300]Album.SyncStrategy: updateStateValue shouldStopDownload : 2048, flag: true
06-11 02:06:43.011  4069  4069 I Cloud[10.13.20.300]Album.CloudAlbumSdkServiceImpl: invokeEvent msgId: 64
06-11 02:06:43.011  4069  4069 I Cloud[10.13.20.300]Album.SyncStrategy: setNetworkDisabled: true
06-11 02:06:43.011  4069  4069 I Cloud[10.13.20.300]Album.CloudAlbumSdkServiceImpl: invokeEvent msgId: 65
06-11 02:06:43.011  4069  4069 I Cloud[10.13.20.300]Album.CloudAlbumSdkServiceImpl: invokeEvent msgId: 63
06-11 02:06:43.011  4069  4401 I Cloud[10.13.20.300]Album.CloudAlbumSdkServiceImpl: sendCallbackMsg msgId: 9099
06-11 02:06:43.012  4069  4401 I Cloud[10.13.20.300]Album.CloudAlbumSdkLogic: dealSyncStateChangedEvent, syncState: 2, errCode: 107
06-11 02:06:43.012  4069  4401 I Cloud[10.13.20.300]Album.CloudAlbumSdkLogic: stop download task
06-11 02:06:43.012  4069  4401 I Cloud[10.13.20.300]Album.SDKDownloadServiceLogic: cancelDownloadTaskAll, errCode: 107
06-11 02:06:43.012  4069  4401 I Cloud[10.13.20.300]Album.SDKDownloadServiceLogic: cancelGeneralDownloadTask, errCode: 107
06-11 02:06:43.012  4069  4401 I Cloud[10.13.20.300]Album.ThreadPoolDownManager: stopNow begin: 1718042803012
06-11 02:06:43.012  4069  4401 I Cloud[10.13.20.300]Album.ThreadPoolDownManager: stopNow end: 0
06-11 02:06:43.012  4069  4401 I Cloud[10.13.20.300]Album.ThreadPoolDownManager: start begin: 1718042803012
06-11 02:06:43.012  4069  4401 I Cloud[10.13.20.300]Album.ThreadPoolDownManager: start end: 0
06-11 02:06:43.013  4069  4401 I Cloud[10.13.20.300]Album.SDKDownloadServiceLogic: cancelShareDownloadTask, errCode: 107
06-11 02:06:43.013  4069  4401 I Cloud[10.13.20.300]Album.ThreadPoolDownManager: stopNow begin: 1718042803013
06-11 02:06:43.013  4069  4401 I Cloud[10.13.20.300]Album.ThreadPoolDownManager: stopNow end: 0
06-11 02:06:43.013  4069  4401 I Cloud[10.13.20.300]Album.ThreadPoolDownManager: start begin: 1718042803013
06-11 02:06:43.013  4069  4401 I Cloud[10.13.20.300]Album.ThreadPoolDownManager: start end: 0
06-11 02:06:43.013  4069  4401 I Cloud[10.13.20.300]Album.CloudAlbumSdkServiceImpl: sendCallbackMsg msgId: 9199
06-11 02:06:43.014  4069  6209 I Cloud[10.13.20.300]Album.SerialTaskCallable: Execute SerialTaskCallable TaskType:okhttpCancelAll
06-11 02:06:43.014  4069  6209 I SecurityComp10200303: SecureX509TrustManager: loadBksCA
06-11 02:06:43.014  4069  6209 I SecurityComp10200303: BksUtil: getFilesBksIS 
06-11 02:06:43.014  4069  6209 I SecurityComp10200303: SecureX509TrustManager: get bks not from assets
06-11 02:06:43.015  2170  2272 D ReporterUtil:  e id:344 type:{pkg:com.huawei.systemmanager,hw_type:null,hw_btw:false,onGoing:false,importance:4}
06-11 02:06:43.015  3893  3893 I Cloud[10.13.20.300]Sync.ICBServiceProtocol: ICBService connected
06-11 02:06:43.016  4069  4282 I Cloud[10.13.20.300]Sync.ICBService: do abort. type = 2
06-11 02:06:43.017  4069  4069 I Cloud[10.13.20.300]Finder.LowPowerReport: LowPowerReport action...android.intent.action.BATTERY_CHANGED
06-11 02:06:43.018  4069  4069 I Cloud[10.13.20.300]Finder.AntiTheftInf: AntiTheftManagerEx getEnable = true from cache
06-11 02:06:43.018  4069  4069 I Cloud[10.13.20.300]Finder.AntiTheftInf: AntiTheftManagerEx getEnable = true from cache
06-11 02:06:43.018  2170  6205 I FakeShadowView: radius12
06-11 02:06:43.018  4300  4381 D Gallery_cloud_SdkCallback: onSyncStrategyStateChanged syncState=1 state=6416
06-11 02:06:43.020  4069  4069 E Cloud[10.13.20.300]Finder.LowPowerReport: isNetWorkConnected false
06-11 02:06:43.031   612  6587 W libc    : Set property "hw.hicure.dns_fail_count" to "53"
06-11 02:06:43.033  1359  5238 I chatty  : uid=1000(system) Binder:1359_E expire 1 line
06-11 02:06:43.033  4069  4401 E Cloud[10.13.20.300]Album.AlbumUtil: getSserverIP java.net.UnknownHostException: Unable to resolve host "cloudphoto-drcn.cloud.dbankcloud.cn": No address associated with hostname
06-11 02:06:43.034  4069  4401 E Cloud[10.13.20.300]Album.AlbumUtil: getSserverIP java.net.UnknownHostException: Unable to resolve host "cloudphoto-drcn.cloud.dbankcloud.cn": No address associated with hostname
06-11 02:06:43.038  4069  4401 W Cloud[10.13.20.300]Base.BaseCommonUtil: getOsBrand exception: java.lang.NoSuchMethodException: getOsBrand []
06-11 02:06:43.038  4069  4401 I FormalHASDK: HiAnalyticsInstance==> onEvent. TAG:_default_config_tag, TYPE:1, eventId:04011_01_1718042803_43244419
06-11 02:06:43.039  4069  4401 I Cloud[10.13.20.300]Album.CloudAlbumSdkLogic: dealStateEvent, mask: 16, flag: true
06-11 02:06:43.040  4069  4401 I Cloud[10.13.20.300]Album.CloudAlbumSdkLogic: dealStateChangedEvent, syncState: 1, state: 6416
06-11 02:06:43.040  4069  4401 I Cloud[10.13.20.300]Album.CloudAlbumSdkServiceImpl: sendCallbackMsg msgId: 9099
06-11 02:06:43.041  4300  4381 D Gallery_cloud_SdkCallback: onSyncStrategyStateChanged syncState=1 state=6416
06-11 02:06:43.047  2335  2581 I chatty  : uid=1000(system) BD.BDRecorder expire 2 lines
06-11 02:06:43.051  2170  6211 W HwPhoneLayoutInflater: onCreateView : ClassNotFoundException, In this case we want to let the base class take a crack at it
06-11 02:06:43.051  2170  6211 W HwPhoneLayoutInflater: onCreateView : ClassNotFoundException, In this case we want to let the base class take a crack at it
06-11 02:06:43.051  2170  6212 W HwPhoneLayoutInflater: onCreateView : ClassNotFoundException, In this case we want to let the base class take a crack at it
06-11 02:06:43.051  2170  6213 W HwPhoneLayoutInflater: onCreateView : ClassNotFoundException, In this case we want to let the base class take a crack at it
06-11 02:06:43.052  2170  6212 W HwPhoneLayoutInflater: onCreateView : ClassNotFoundException, In this case we want to let the base class take a crack at it
06-11 02:06:43.052  2170  6213 W HwPhoneLayoutInflater: onCreateView : ClassNotFoundException, In this case we want to let the base class take a crack at it
06-11 02:06:43.053  2170  6214 W HwPhoneLayoutInflater: onCreateView : ClassNotFoundException, In this case we want to let the base class take a crack at it
06-11 02:06:43.054  2170  6214 W HwPhoneLayoutInflater: onCreateView : ClassNotFoundException, In this case we want to let the base class take a crack at it
06-11 02:06:43.054  2170  6212 D HwFLClassLoader: USE_FEATURE_LIST had not init! 
06-11 02:06:43.060  2170  6213 W HwPhoneLayoutInflater: onCreateView : ClassNotFoundException, In this case we want to let the base class take a crack at it
06-11 02:06:43.060  2170  6213 W HwPhoneLayoutInflater: onCreateView : ClassNotFoundException, In this case we want to let the base class take a crack at it
06-11 02:06:43.061  2170  6211 W HwPhoneLayoutInflater: onCreateView : ClassNotFoundException, In this case we want to let the base class take a crack at it
06-11 02:06:43.061  2170  6211 W HwPhoneLayoutInflater: onCreateView : ClassNotFoundException, In this case we want to let the base class take a crack at it
06-11 02:06:43.061  2170  6212 W HwPhoneLayoutInflater: onCreateView : ClassNotFoundException, In this case we want to let the base class take a crack at it
06-11 02:06:43.061  2170  6212 W HwPhoneLayoutInflater: onCreateView : ClassNotFoundException, In this case we want to let the base class take a crack at it
06-11 02:06:43.062  2170  6214 W HwPhoneLayoutInflater: onCreateView : ClassNotFoundException, In this case we want to let the base class take a crack at it
06-11 02:06:43.062  2170  6214 W HwPhoneLayoutInflater: onCreateView : ClassNotFoundException, In this case we want to let the base class take a crack at it
06-11 02:06:43.062  2170  6213 W ResourceType: Failure getting entry for 0x0104025e (t=3 e=606) (error -75)
06-11 02:06:43.064  2170  6211 W ResourceType: Failure getting entry for 0x0104025e (t=3 e=606) (error -75)
06-11 02:06:43.064  2170  6212 W ResourceType: Failure getting entry for 0x0104025e (t=3 e=606) (error -75)
06-11 02:06:43.065  2170  6214 W ResourceType: Failure getting entry for 0x0104025e (t=3 e=606) (error -75)
06-11 02:06:43.086  2170  6212 W HwPhoneLayoutInflater: onCreateView : ClassNotFoundException, In this case we want to let the base class take a crack at it
06-11 02:06:43.086  2170  6212 W HwPhoneLayoutInflater: onCreateView : ClassNotFoundException, In this case we want to let the base class take a crack at it
06-11 02:06:43.090  2170  6214 W HwPhoneLayoutInflater: onCreateView : ClassNotFoundException, In this case we want to let the base class take a crack at it
06-11 02:06:43.090  2170  6211 W HwPhoneLayoutInflater: onCreateView : ClassNotFoundException, In this case we want to let the base class take a crack at it
06-11 02:06:43.092  2170  6212 W HwPhoneLayoutInflater: onCreateView : ClassNotFoundException, In this case we want to let the base class take a crack at it
06-11 02:06:43.092  2170  6212 W HwPhoneLayoutInflater: onCreateView : ClassNotFoundException, In this case we want to let the base class take a crack at it
06-11 02:06:43.094  2170  6212 W ResourceType: Failure getting entry for 0x0104025e (t=3 e=606) (error -75)
06-11 02:06:43.107  2170  6212 W HwPhoneLayoutInflater: onCreateView : ClassNotFoundException, In this case we want to let the base class take a crack at it
06-11 02:06:43.113  2170  2170 I PanelBar: panelExpansionChanged 0.0, true
06-11 02:06:43.113  2170  2170 I KeyguardFingerPrintView: FingerPrint:: onVisibilityChanged visibility = 0,mIsSupportHover=falsefalsetrue
06-11 02:06:43.114  2170  2170 D PhoneStatusBar: Make expanded visible: expanded visible=false, force=false, panelsEnabled=true
06-11 02:06:43.115  2170  2170 W AppHandler: sendImmediateMessage 18 with args (1, 0)
06-11 02:06:43.115  2170  2170 W HwLockScreenPanel: Handle message: 18
06-11 02:06:43.115  2170  2170 W FillLightViewManager: handleMessage 18
06-11 02:06:43.115  2170  2170 D FillLightViewManager: nothing to do 18
06-11 02:06:43.116  2170  2170 D PhoneStatusBar: disable: < expand ICONS* alerts SYSTEM_INFO* back home recent clock navigationbar search quick_settings >
06-11 02:06:43.116  2170  2170 I PhoneStatusBarView: setAlpha with value : 0.0
06-11 02:06:43.119  2170  2170 W ScrimController: startScrimAnimation 1.0 @ com.android.systemui.statusbar.AlphaOptimizedView{1cb2195 V.ED..... ........ 0,0-720,500 #7f1404d7 app:id/heads_up_scrim}
06-11 02:06:43.119  2170  2170 I PhoneStatusBar: updateNotificationShade: total=1, active=1
06-11 02:06:43.119  2170  2170 W PhoneStatusBar: updateNotificationShade hasFaceDT: false; Detected:false
06-11 02:06:43.120  2170  2170 I PhoneStatusBar: updateNotificationShade: total=2, active=2
06-11 02:06:43.120  2170  2170 W PhoneStatusBar: updateNotificationShade hasFaceDT: false; Detected:false
06-11 02:06:43.167  2170  2170 W HwKeyguardDragHelper: AnimationBlocked
06-11 02:06:43.190  2170  2170 W View    : requestLayout() improperly called by com.android.internal.widget.NotificationExpandButton{a9fe537 VFED..C.. ......ID 128,19-160,53 #102023e android:id/expand_button} during layout: running second layout pass
06-11 02:06:43.190  2170  2170 W View    : requestLayout() improperly called by com.android.internal.widget.NotificationExpandButton{a38d3f VFED..C.. ......ID 354,19-386,53 #102023e android:id/expand_button} during layout: running second layout pass
06-11 02:06:43.190  2170  2170 W HwKeyguardDragHelper: AnimationBlocked
06-11 02:06:43.286   889   889 W hvdcp_opti: type=1400 audit(0.0:570): avc: denied { read } for name="dp_dm" dev="sysfs" ino=39780 scontext=u:r:hvdcp:s0 tcontext=u:object_r:sysfs:s0 tclass=file permissive=0
06-11 02:06:43.286   889   889 W hvdcp_opti: type=1400 audit(0.0:571): avc: denied { read } for name="input_current_limited" dev="sysfs" ino=39781 scontext=u:r:hvdcp:s0 tcontext=u:object_r:sysfs:s0 tclass=file permissive=0
06-11 02:06:43.286   889   889 W hvdcp_opti: type=1400 audit(0.0:572): avc: denied { read } for name="input_current_limited" dev="sysfs" ino=39781 scontext=u:r:hvdcp:s0 tcontext=u:object_r:sysfs:s0 tclass=file permissive=0
06-11 02:06:43.286   889   889 W hvdcp_opti: type=1400 audit(0.0:573): avc: denied { read } for name="charge_type" dev="sysfs" ino=39752 scontext=u:r:hvdcp:s0 tcontext=u:object_r:sysfs:s0 tclass=file permissive=0
06-11 02:06:43.286   889   889 W hvdcp_opti: type=1400 audit(0.0:574): avc: denied { read } for name="die_health" dev="sysfs" ino=39786 scontext=u:r:hvdcp:s0 tcontext=u:object_r:sysfs:s0 tclass=file permissive=0
06-11 02:06:43.292  6275  6275 D UsbSettingsService: BroadcastReceiver, action = android.hardware.usb.action.USB_STATE
06-11 02:06:43.294  6275  6275 D UsbSettingsService: ACTION_USB_STATE, usbConnected = true
06-11 02:06:43.306  3513  3513 D MtpReceiver: Debug MTP:ACTION_USB_STATE 
