06-11 02:07:17.554  1359  1359 W ActivityManager: Sending non-protected broadcast huawei.intent.action.hideHiResIcon from system 1359:system/1000 pkg android
06-11 02:07:17.555  2170  2170 D StatusBarIconController: setIconVisibility icon is null or visibility not change visibility=false
06-11 02:07:17.575  1359  6147 W ConnectivityExtension: ConnectivityExt jar file not present
06-11 02:07:17.575  1359  6147 W NetworkStatsFactory: mStatsXtProcUid: /proc/net/comm/stats does not exist!
06-11 02:07:17.575  1359  6147 D HwNetworkStatsService: hwRecordUidAndProcSnapshotLocked currentTime = 1718042837548
06-11 02:07:17.576  1359  6147 W NetworkStatsFactory: mStatsXtProcAndUid: /proc/net/xt_qtaguid/stats_pid does not exist!
06-11 02:07:17.578  1359  6147 D HwNetworkStatsService: hwMaybeUidAndProcPersistLocked currentTime = 1718042837548
06-11 02:07:17.579   733  1639 D Huawei_audio_cust: huawei_cust_get_parameters: returns 
06-11 02:07:17.579   733  1639 D audio_hw_spkr_prot: audio_extn_fbsp_get_parameters: Speaker protection disabled
06-11 02:07:17.579   733  1639 D audio_hw_extn: audio_extn_get_parameters: returns 
06-11 02:07:17.579   733  1639 I audio_hw_primary: adev_get_parameters: exit: returns - 
06-11 02:07:17.579   892  1284 I hash_map_utils: key: 'typec_need_show_hires' value: ''
06-11 02:07:17.580  1359  1359 I HwAudioService: check HiRes Icon false
06-11 02:07:17.580  1359  1359 W ActivityManager: Sending non-protected broadcast huawei.intent.action.hideHiResIcon from system 1359:system/1000 pkg android
06-11 02:07:17.580  1359  1359 W ActivityManager: Sending non-protected broadcast huawei.intent.action.hideHiResIcon from system 1359:system/1000 pkg android
06-11 02:07:17.581  2170  2170 D StatusBarIconController: setIconVisibility icon is null or visibility not change visibility=false
06-11 02:07:17.602  2688  2869 E HSM     : NatTrafficNotifyService:imsi is null, so return
06-11 02:07:17.659  6676  6676 E libc    : Access denied finding property "ro.hwfix.ro.process_list"
06-11 02:07:17.669  6676  6676 E libc    : Access denied finding property "ro.hwfix.ro.process_list"
06-11 02:07:17.674  1359  6147 D NetdConnector: SND -> {61 bandwidth gettetherstats}
06-11 02:07:17.675  1359  2058 D NetdConnector: RCV <- {200 61 Tethering stats list completed}
06-11 02:07:17.676  1359  2058 D NetdConnector: RCV <- {200 61 Tethering stats list completed}
06-11 02:07:17.682  1359  6147 W ConnectivityExtension: ConnectivityExt jar file not present
06-11 02:07:17.683  1359  6147 W NetworkStatsFactory: mStatsXtProcUid: /proc/net/comm/stats does not exist!
06-11 02:07:17.683  1359  6147 D HwNetworkStatsService: hwRecordUidAndProcSnapshotLocked currentTime = 1718042837673
06-11 02:07:17.683  1359  6147 W NetworkStatsFactory: mStatsXtProcAndUid: /proc/net/xt_qtaguid/stats_pid does not exist!
06-11 02:07:17.684  1359  6147 D HwNetworkStatsService: hwMaybeUidAndProcPersistLocked currentTime = 1718042837673
06-11 02:07:17.689  2688  2869 E HSM     : NatTrafficNotifyService:imsi is null, so return
06-11 02:07:17.758  1359  2441 D NetdConnector: SND -> {62 bandwidth gettetherstats}
06-11 02:07:17.760  1359  2058 D NetdConnector: RCV <- {200 62 Tethering stats list completed}
06-11 02:07:17.761  1359  2058 D NetdConnector: RCV <- {200 62 Tethering stats list completed}
06-11 02:07:17.769  1359  2441 W ConnectivityExtension: ConnectivityExt jar file not present
06-11 02:07:17.770  1359  2441 W NetworkStatsFactory: mStatsXtProcUid: /proc/net/comm/stats does not exist!
06-11 02:07:17.770  1359  2441 D HwNetworkStatsService: hwRecordUidAndProcSnapshotLocked currentTime = 1718042837756
06-11 02:07:17.770  1359  2441 W NetworkStatsFactory: mStatsXtProcAndUid: /proc/net/xt_qtaguid/stats_pid does not exist!
06-11 02:07:17.771  1359  2441 D HwNetworkStatsService: hwMaybeUidAndProcPersistLocked currentTime = 1718042837756
06-11 02:07:17.777  2688  2869 E HSM     : NatTrafficNotifyService:imsi is null, so return
06-11 02:07:17.785  1359  2441 D NetdConnector: SND -> {63 bandwidth gettetherstats}
06-11 02:07:17.787  1359  2058 D NetdConnector: RCV <- {200 63 Tethering stats list completed}
06-11 02:07:17.788  1359  2058 D NetdConnector: RCV <- {200 63 Tethering stats list completed}
06-11 02:07:17.797  1359  2441 W ConnectivityExtension: ConnectivityExt jar file not present
06-11 02:07:17.797  1359  2441 W NetworkStatsFactory: mStatsXtProcUid: /proc/net/comm/stats does not exist!
06-11 02:07:17.797  1359  2441 D HwNetworkStatsService: hwRecordUidAndProcSnapshotLocked currentTime = 1718042837784
06-11 02:07:17.797  1359  2441 W NetworkStatsFactory: mStatsXtProcAndUid: /proc/net/xt_qtaguid/stats_pid does not exist!
06-11 02:07:17.799  1359  2441 D HwNetworkStatsService: hwMaybeUidAndProcPersistLocked currentTime = 1718042837784
06-11 02:07:17.804  2688  2869 E HSM     : NatTrafficNotifyService:imsi is null, so return
06-11 02:07:18.115  1359  6147 D NetdConnector: SND -> {64 bandwidth gettetherstats}
06-11 02:07:18.116  1359  2058 D NetdConnector: RCV <- {200 64 Tethering stats list completed}
06-11 02:07:18.117  1359  2058 D NetdConnector: RCV <- {200 64 Tethering stats list completed}
06-11 02:07:18.126  1359  6147 W ConnectivityExtension: ConnectivityExt jar file not present
06-11 02:07:18.126  1359  6147 W NetworkStatsFactory: mStatsXtProcUid: /proc/net/comm/stats does not exist!
06-11 02:07:18.126  1359  6147 D HwNetworkStatsService: hwRecordUidAndProcSnapshotLocked currentTime = 1718042838114
06-11 02:07:18.126  1359  6147 W NetworkStatsFactory: mStatsXtProcAndUid: /proc/net/xt_qtaguid/stats_pid does not exist!
06-11 02:07:18.128  1359  6147 D HwNetworkStatsService: hwMaybeUidAndProcPersistLocked currentTime = 1718042838114
06-11 02:07:18.134  2688  2869 E HSM     : NatTrafficNotifyService:imsi is null, so return
06-11 02:07:18.142  1359  6147 D NetdConnector: SND -> {65 bandwidth gettetherstats}
06-11 02:07:18.143  1359  2058 D NetdConnector: RCV <- {200 65 Tethering stats list completed}
06-11 02:07:18.144  1359  2058 D NetdConnector: RCV <- {200 65 Tethering stats list completed}
06-11 02:07:18.150  1359  6147 W ConnectivityExtension: ConnectivityExt jar file not present
06-11 02:07:18.151  1359  6147 W NetworkStatsFactory: mStatsXtProcUid: /proc/net/comm/stats does not exist!
06-11 02:07:18.151  1359  6147 D HwNetworkStatsService: hwRecordUidAndProcSnapshotLocked currentTime = 1718042838140
06-11 02:07:18.151  1359  6147 W NetworkStatsFactory: mStatsXtProcAndUid: /proc/net/xt_qtaguid/stats_pid does not exist!
06-11 02:07:18.152  1359  6147 D HwNetworkStatsService: hwMaybeUidAndProcPersistLocked currentTime = 1718042838140
06-11 02:07:18.156  2688  2869 E HSM     : NatTrafficNotifyService:imsi is null, so return
06-11 02:07:18.499  2335  6673 E BDLog   : BD.AppActivityInfoReporter:PackageManager.NameNotFoundException : com.gh.gamecenter
06-11 02:07:18.676  6677  6677 E libc    : Access denied finding property "ro.hwfix.ro.process_list"
06-11 02:07:18.688  6677  6677 E libc    : Access denied finding property "ro.hwfix.ro.process_list"
06-11 02:07:19.339  2335  6673 E BDLog   : BD.AppActivityInfoReporter:PackageManager.NameNotFoundException : com.mojang.minecraftpe
06-11 02:07:19.387  1359  2441 D NetdConnector: SND -> {66 bandwidth gettetherstats}
06-11 02:07:19.389  1359  2058 D NetdConnector: RCV <- {200 66 Tethering stats list completed}
06-11 02:07:19.390  1359  2058 D NetdConnector: RCV <- {200 66 Tethering stats list completed}
06-11 02:07:19.398  1359  2441 W ConnectivityExtension: ConnectivityExt jar file not present
06-11 02:07:19.398  1359  2441 W NetworkStatsFactory: mStatsXtProcUid: /proc/net/comm/stats does not exist!
06-11 02:07:19.398  1359  2441 D HwNetworkStatsService: hwRecordUidAndProcSnapshotLocked currentTime = 1718042839385
06-11 02:07:19.398  1359  2441 W NetworkStatsFactory: mStatsXtProcAndUid: /proc/net/xt_qtaguid/stats_pid does not exist!
06-11 02:07:19.399  1359  2441 D HwNetworkStatsService: hwMaybeUidAndProcPersistLocked currentTime = 1718042839385
06-11 02:07:19.405  2688  2869 E HSM     : NatTrafficNotifyService:imsi is null, so return
06-11 02:07:19.412  1359  2441 D NetdConnector: SND -> {67 bandwidth gettetherstats}
06-11 02:07:19.413  1359  2058 D NetdConnector: RCV <- {200 67 Tethering stats list completed}
06-11 02:07:19.414  1359  2058 D NetdConnector: RCV <- {200 67 Tethering stats list completed}
06-11 02:07:19.420  1359  2441 W ConnectivityExtension: ConnectivityExt jar file not present
06-11 02:07:19.420  1359  2441 W NetworkStatsFactory: mStatsXtProcUid: /proc/net/comm/stats does not exist!
06-11 02:07:19.420  1359  2441 D HwNetworkStatsService: hwRecordUidAndProcSnapshotLocked currentTime = 1718042839411
06-11 02:07:19.420  1359  2441 W NetworkStatsFactory: mStatsXtProcAndUid: /proc/net/xt_qtaguid/stats_pid does not exist!
06-11 02:07:19.421  1359  2441 D HwNetworkStatsService: hwMaybeUidAndProcPersistLocked currentTime = 1718042839411
06-11 02:07:19.426  2688  2869 E HSM     : NatTrafficNotifyService:imsi is null, so return
06-11 02:07:19.459  1359  1655 I ActivityManager: forceGCAfterRebooting message received
06-11 02:07:19.459  1359  1655 I Process : Sending signal. PID: 2453 SIG: 10
06-11 02:07:19.460  1359  1655 I Process : Sending signal. PID: 2688 SIG: 10
06-11 02:07:19.460  1359  1655 I Process : Sending signal. PID: 6241 SIG: 10
06-11 02:07:19.460  1359  1655 I Process : Sending signal. PID: 3513 SIG: 10
06-11 02:07:19.460  1359  1655 I Process : Sending signal. PID: 6227 SIG: 10
06-11 02:07:19.460  1359  1655 I Process : Sending signal. PID: 6436 SIG: 10
06-11 02:07:19.460  1359  1655 I Process : Sending signal. PID: 5950 SIG: 10
06-11 02:07:19.460  1359  1655 I Process : Sending signal. PID: 4300 SIG: 10
06-11 02:07:19.460  1359  1655 I Process : Sending signal. PID: 4069 SIG: 10
06-11 02:07:19.460  1359  1655 I Process : Sending signal. PID: 6275 SIG: 10
06-11 02:07:19.460  1359  1655 I Process : Sending signal. PID: 6474 SIG: 10
06-11 02:07:19.460  1359  1655 I Process : Sending signal. PID: 3681 SIG: 10
06-11 02:07:19.460  1359  1655 I Process : Sending signal. PID: 2319 SIG: 10
06-11 02:07:19.460  1359  1655 I Process : Sending signal. PID: 3604 SIG: 10
06-11 02:07:19.461  1359  1655 I Process : Sending signal. PID: 6149 SIG: 10
06-11 02:07:19.461  1359  1655 I Process : Sending signal. PID: 3475 SIG: 10
06-11 02:07:19.461  1359  1655 I Process : Sending signal. PID: 3383 SIG: 10
06-11 02:07:19.461  1359  1655 I Process : Sending signal. PID: 3446 SIG: 10
06-11 02:07:19.461  1359  1655 I Process : Sending signal. PID: 5921 SIG: 10
06-11 02:07:19.461  1359  1655 I Process : Sending signal. PID: 3075 SIG: 10
06-11 02:07:19.461  1359  1655 I Process : Sending signal. PID: 5975 SIG: 10
06-11 02:07:19.461  1359  1655 I Process : Sending signal. PID: 5580 SIG: 10
06-11 02:07:19.461  1359  1655 I Process : Sending signal. PID: 3822 SIG: 10
06-11 02:07:19.461  1359  1655 I Process : Sending signal. PID: 5820 SIG: 10
06-11 02:07:19.461  1359  1655 I Process : Sending signal. PID: 5721 SIG: 10
06-11 02:07:19.461  1359  1655 I Process : Sending signal. PID: 2897 SIG: 10
06-11 02:07:19.461  1359  1655 I Process : Sending signal. PID: 3893 SIG: 10
06-11 02:07:19.461  1359  1655 I Process : Sending signal. PID: 3003 SIG: 10
06-11 02:07:19.461  1359  1655 I Process : Sending signal. PID: 2652 SIG: 10
06-11 02:07:19.461  1359  1655 I Process : Sending signal. PID: 3255 SIG: 10
06-11 02:07:19.461  1359  1655 I Process : Sending signal. PID: 3053 SIG: 10
06-11 02:07:19.461  6149  6155 I zygote  : Thread[3,tid=6155,WaitingInMainSignalCatcherLoop,Thread*=0xe9458c00,peer=0x13b00248,"Signal Catcher"]: reacting to signal 10
06-11 02:07:19.461  1359  1655 I Process : Sending signal. PID: 2335 SIG: 10
06-11 02:07:19.461  1359  1655 I Process : Sending signal. PID: 2414 SIG: 10
06-11 02:07:19.461  1359  1655 I Process : Sending signal. PID: 2399 SIG: 10
06-11 02:07:19.461  1359  1655 I Process : Sending signal. PID: 2381 SIG: 10
06-11 02:07:19.461  1359  1655 I Process : Sending signal. PID: 2368 SIG: 10
06-11 02:07:19.461  6149  6155 I zygote  : 
06-11 02:07:19.462  1359  1655 I Process : Sending signal. PID: 2349 SIG: 10
06-11 02:07:19.462  6149  6155 I zygote  : SIGUSR1 forcing GC (no HPROF) and profile save
06-11 02:07:19.462  1359  1655 I Process : Sending signal. PID: 2170 SIG: 10
06-11 02:07:19.462  1359  1655 I Process : Sending signal. PID: 1359 SIG: 10
06-11 02:07:19.463  3255  3266 I zygote  : Thread[3,tid=3266,WaitingInMainSignalCatcherLoop,Thread*=0xe9458c00,peer=0x12e00020,"Signal Catcher"]: reacting to signal 10
06-11 02:07:19.463  3255  3266 I zygote  : 
06-11 02:07:19.463  3255  3266 I zygote  : SIGUSR1 forcing GC (no HPROF) and profile save
06-11 02:07:19.480  1359  1364 I zygote64: Thread[2,tid=1364,WaitingInMainSignalCatcherLoop,Thread*=0x7484294a00,peer=0x130c0000,"Signal Catcher"]: reacting to signal 10
06-11 02:07:19.480  2688  2696 I zygote64: Thread[3,tid=2696,WaitingInMainSignalCatcherLoop,Thread*=0x748d0a8400,peer=0x15240248,"Signal Catcher"]: reacting to signal 10
06-11 02:07:19.480  5721  5727 I zygote64: Thread[3,tid=5727,WaitingInMainSignalCatcherLoop,Thread*=0x748d0a8400,peer=0x12d00248,"Signal Catcher"]: reacting to signal 10
06-11 02:07:19.480  2319  2341 I zygote64: Thread[3,tid=2341,WaitingInMainSignalCatcherLoop,Thread*=0x748d0a8400,peer=0x13240248,"Signal Catcher"]: reacting to signal 10
06-11 02:07:19.480  4069  4074 I zygote64: Thread[3,tid=4074,WaitingInMainSignalCatcherLoop,Thread*=0x748d0a8400,peer=0x139800c0,"Signal Catcher"]: reacting to signal 10
06-11 02:07:19.480  5580  5586 I zygote64: Thread[3,tid=5586,WaitingInMainSignalCatcherLoop,Thread*=0x748d0a8400,peer=0x12c40248,"Signal Catcher"]: reacting to signal 10
06-11 02:07:19.480  3053  3060 I zygote64: Thread[3,tid=3060,WaitingInMainSignalCatcherLoop,Thread*=0x748d0a8400,peer=0x13ac0020,"Signal Catcher"]: reacting to signal 10
06-11 02:07:19.480  2453  2462 I zygote64: Thread[3,tid=2462,WaitingInMainSignalCatcherLoop,Thread*=0x748d0a8400,peer=0x13f00000,"Signal Catcher"]: reacting to signal 10
06-11 02:07:19.480  3604  3611 I zygote64: Thread[3,tid=3611,WaitingInMainSignalCatcherLoop,Thread*=0x748d0a8400,peer=0x15840248,"Signal Catcher"]: reacting to signal 10
06-11 02:07:19.480  3893  3900 I zygote64: Thread[3,tid=3900,WaitingInMainSignalCatcherLoop,Thread*=0x748d0a8400,peer=0x15800248,"Signal Catcher"]: reacting to signal 10
06-11 02:07:19.481  3475  3482 I zygote64: Thread[3,tid=3482,WaitingInMainSignalCatcherLoop,Thread*=0x748d0a8400,peer=0x15dc0918,"Signal Catcher"]: reacting to signal 10
06-11 02:07:19.481  2652  2662 I zygote64: Thread[3,tid=2662,WaitingInMainSignalCatcherLoop,Thread*=0x748d0a8400,peer=0x134c0020,"Signal Catcher"]: reacting to signal 10
06-11 02:07:19.481  5820  5826 I zygote64: Thread[3,tid=5826,WaitingInMainSignalCatcherLoop,Thread*=0x748d0a8400,peer=0x16000248,"Signal Catcher"]: reacting to signal 10
06-11 02:07:19.481  3075  3081 I zygote64: Thread[3,tid=3081,WaitingInMainSignalCatcherLoop,Thread*=0x748d0a8400,peer=0x12c40248,"Signal Catcher"]: reacting to signal 10
06-11 02:07:19.481  3383  3394 I zygote64: Thread[3,tid=3394,WaitingInMainSignalCatcherLoop,Thread*=0x748d0a8400,peer=0x12d00248,"Signal Catcher"]: reacting to signal 10
06-11 02:07:19.481  6275  6282 I zygote64: Thread[3,tid=6282,WaitingInMainSignalCatcherLoop,Thread*=0x748d0a8400,peer=0x16600248,"Signal Catcher"]: reacting to signal 10
06-11 02:07:19.481  2399  2419 I zygote64: Thread[3,tid=2419,WaitingInMainSignalCatcherLoop,Thread*=0x748d0a8400,peer=0x131c0248,"Signal Catcher"]: reacting to signal 10
06-11 02:07:19.481  2381  2398 I zygote64: Thread[3,tid=2398,WaitingInMainSignalCatcherLoop,Thread*=0x748d0a8400,peer=0x131c0020,"Signal Catcher"]: reacting to signal 10
06-11 02:07:19.481  2414  2431 I zygote64: Thread[3,tid=2431,WaitingInMainSignalCatcherLoop,Thread*=0x748d0a8400,peer=0x14000088,"Signal Catcher"]: reacting to signal 10
06-11 02:07:19.481  5921  5926 I zygote64: Thread[2,tid=5926,WaitingInMainSignalCatcherLoop,Thread*=0x7484294a00,peer=0x16d801c0,"Signal Catcher"]: reacting to signal 10
06-11 02:07:19.481  6474  6480 I zygote64: Thread[3,tid=6480,WaitingInMainSignalCatcherLoop,Thread*=0x748d0a8400,peer=0x13180248,"Signal Catcher"]: reacting to signal 10
06-11 02:07:19.481  2368  2382 I zygote64: Thread[3,tid=2382,WaitingInMainSignalCatcherLoop,Thread*=0x748d0a8400,peer=0x13100020,"Signal Catcher"]: reacting to signal 10
06-11 02:07:19.481  3681  3687 I zygote64: Thread[3,tid=3687,WaitingInMainSignalCatcherLoop,Thread*=0x748d0a8400,peer=0x15780110,"Signal Catcher"]: reacting to signal 10
06-11 02:07:19.481  5950  5956 I zygote64: Thread[3,tid=5956,WaitingInMainSignalCatcherLoop,Thread*=0x748d0a8400,peer=0x162c0248,"Signal Catcher"]: reacting to signal 10
06-11 02:07:19.481  3446  3452 I zygote64: Thread[3,tid=3452,WaitingInMainSignalCatcherLoop,Thread*=0x748d0a8400,peer=0x12f00248,"Signal Catcher"]: reacting to signal 10
06-11 02:07:19.481  2897  2903 I zygote64: Thread[3,tid=2903,WaitingInMainSignalCatcherLoop,Thread*=0x748d0a8400,peer=0x13080248,"Signal Catcher"]: reacting to signal 10
06-11 02:07:19.481  2349  2367 I zygote64: Thread[3,tid=2367,WaitingInMainSignalCatcherLoop,Thread*=0x748d0a8400,peer=0x13040020,"Signal Catcher"]: reacting to signal 10
06-11 02:07:19.482  6436  6445 I zygote64: Thread[3,tid=6445,WaitingInMainSignalCatcherLoop,Thread*=0x748d0a8400,peer=0x166c0248,"Signal Catcher"]: reacting to signal 10
06-11 02:07:19.482  3003  3011 I zygote64: Thread[3,tid=3011,WaitingInMainSignalCatcherLoop,Thread*=0x748d0a8400,peer=0x13b00248,"Signal Catcher"]: reacting to signal 10
06-11 02:07:19.482  2170  2178 I zygote64: Thread[3,tid=2178,WaitingInMainSignalCatcherLoop,Thread*=0x748d0a8400,peer=0x12c80248,"Signal Catcher"]: reacting to signal 10
06-11 02:07:19.482  3822  3833 I zygote64: Thread[3,tid=3833,WaitingInMainSignalCatcherLoop,Thread*=0x748d0a8400,peer=0x14d80248,"Signal Catcher"]: reacting to signal 10
06-11 02:07:19.482  6227  6233 I zygote64: Thread[3,tid=6233,WaitingInMainSignalCatcherLoop,Thread*=0x748d0a8400,peer=0x12f00248,"Signal Catcher"]: reacting to signal 10
06-11 02:07:19.482  5975  5981 I zygote64: Thread[3,tid=5981,WaitingInMainSignalCatcherLoop,Thread*=0x748d0a8400,peer=0x161c0248,"Signal Catcher"]: reacting to signal 10
06-11 02:07:19.482  3513  3520 I zygote64: Thread[3,tid=3520,WaitingInMainSignalCatcherLoop,Thread*=0x748d0a8400,peer=0x12d80248,"Signal Catcher"]: reacting to signal 10
06-11 02:07:19.482  4300  4306 I zygote64: Thread[3,tid=4306,WaitingInMainSignalCatcherLoop,Thread*=0x748d0a8400,peer=0x12f00248,"Signal Catcher"]: reacting to signal 10
06-11 02:07:19.483  6241  6249 I zygote64: Thread[3,tid=6249,WaitingInMainSignalCatcherLoop,Thread*=0x748d0a8400,peer=0x12e40248,"Signal Catcher"]: reacting to signal 10
06-11 02:07:19.483  2335  2355 I zygote64: Thread[3,tid=2355,WaitingInMainSignalCatcherLoop,Thread*=0x748d0a8400,peer=0x142400a8,"Signal Catcher"]: reacting to signal 10
06-11 02:07:19.499  2349  2367 I zygote64: 
06-11 02:07:19.499  6436  6445 I zygote64: 
06-11 02:07:19.499  3053  3060 I zygote64: 
06-11 02:07:19.499  2381  2398 I zygote64: 
06-11 02:07:19.499  4069  4074 I zygote64: 
06-11 02:07:19.499  3446  3452 I zygote64: 
06-11 02:07:19.499  3446  3452 I zygote64: SIGUSR1 forcing GC (no HPROF) and profile save
06-11 02:07:19.499  2381  2398 I zygote64: SIGUSR1 forcing GC (no HPROF) and profile save
06-11 02:07:19.499  6436  6445 I zygote64: SIGUSR1 forcing GC (no HPROF) and profile save
06-11 02:07:19.499  3053  3060 I zygote64: SIGUSR1 forcing GC (no HPROF) and profile save
06-11 02:07:19.499  2349  2367 I zygote64: SIGUSR1 forcing GC (no HPROF) and profile save
06-11 02:07:19.499  4069  4074 I zygote64: SIGUSR1 forcing GC (no HPROF) and profile save
06-11 02:07:19.499  2368  2382 I zygote64: 
06-11 02:07:19.499  2368  2382 I zygote64: SIGUSR1 forcing GC (no HPROF) and profile save
06-11 02:07:19.499  2414  2431 I zygote64: 
06-11 02:07:19.499  3383  3394 I zygote64: 
06-11 02:07:19.499  2414  2431 I zygote64: SIGUSR1 forcing GC (no HPROF) and profile save
06-11 02:07:19.499  3383  3394 I zygote64: SIGUSR1 forcing GC (no HPROF) and profile save
06-11 02:07:19.499  3475  3482 I zygote64: 
06-11 02:07:19.499  3475  3482 I zygote64: SIGUSR1 forcing GC (no HPROF) and profile save
06-11 02:07:19.500  6275  6282 I zygote64: 
06-11 02:07:19.500  6275  6282 I zygote64: SIGUSR1 forcing GC (no HPROF) and profile save
06-11 02:07:19.503  5721  5727 I zygote64: 
06-11 02:07:19.503  2319  2341 I zygote64: 
06-11 02:07:19.503  5950  5956 I zygote64: 
06-11 02:07:19.503  5950  5956 I zygote64: SIGUSR1 forcing GC (no HPROF) and profile save
06-11 02:07:19.503  2319  2341 I zygote64: SIGUSR1 forcing GC (no HPROF) and profile save
06-11 02:07:19.503  5721  5727 I zygote64: SIGUSR1 forcing GC (no HPROF) and profile save
06-11 02:07:19.503  3604  3611 I zygote64: 
06-11 02:07:19.503  3604  3611 I zygote64: SIGUSR1 forcing GC (no HPROF) and profile save
06-11 02:07:19.504  6474  6480 I zygote64: 
06-11 02:07:19.504  6474  6480 I zygote64: SIGUSR1 forcing GC (no HPROF) and profile save
06-11 02:07:19.505  3893  3900 I zygote64: 
06-11 02:07:19.505  3893  3900 I zygote64: SIGUSR1 forcing GC (no HPROF) and profile save
06-11 02:07:19.505  3255  3266 I zygote  : Explicit concurrent copying GC freed 2206(349KB) AllocSpace objects, 0(0B) LOS objects, 92% free, 933KB/12MB, paused 194us total 41.125ms
06-11 02:07:19.506  5921  5926 I zygote64: 
06-11 02:07:19.506  2453  2462 I zygote64: 
06-11 02:07:19.506  2453  2462 I zygote64: SIGUSR1 forcing GC (no HPROF) and profile save
06-11 02:07:19.506  5921  5926 I zygote64: SIGUSR1 forcing GC (no HPROF) and profile save
06-11 02:07:19.509  2170  2178 I zygote64: 
06-11 02:07:19.509  2170  2178 I zygote64: SIGUSR1 forcing GC (no HPROF) and profile save
06-11 02:07:19.510  3003  3011 I zygote64: 
06-11 02:07:19.510  2652  2662 I zygote64: 
06-11 02:07:19.510  3003  3011 I zygote64: SIGUSR1 forcing GC (no HPROF) and profile save
06-11 02:07:19.510  2652  2662 I zygote64: SIGUSR1 forcing GC (no HPROF) and profile save
06-11 02:07:19.513  3681  3687 I zygote64: 
06-11 02:07:19.513  3681  3687 I zygote64: SIGUSR1 forcing GC (no HPROF) and profile save
06-11 02:07:19.513  5975  5981 I zygote64: 
06-11 02:07:19.513  6241  6249 I zygote64: 
06-11 02:07:19.513  5975  5981 I zygote64: SIGUSR1 forcing GC (no HPROF) and profile save
06-11 02:07:19.513  6241  6249 I zygote64: SIGUSR1 forcing GC (no HPROF) and profile save
06-11 02:07:19.513  2399  2419 I zygote64: 
06-11 02:07:19.514  2399  2419 I zygote64: SIGUSR1 forcing GC (no HPROF) and profile save
06-11 02:07:19.514  3513  3520 I zygote64: 
06-11 02:07:19.514  3513  3520 I zygote64: SIGUSR1 forcing GC (no HPROF) and profile save
06-11 02:07:19.516  3075  3081 I zygote64: 
06-11 02:07:19.516  3075  3081 I zygote64: SIGUSR1 forcing GC (no HPROF) and profile save
06-11 02:07:19.520  3822  3833 I zygote64: 
06-11 02:07:19.520  6227  6233 I zygote64: 
06-11 02:07:19.520  2897  2903 I zygote64: 
06-11 02:07:19.520  3822  3833 I zygote64: SIGUSR1 forcing GC (no HPROF) and profile save
06-11 02:07:19.520  6227  6233 I zygote64: SIGUSR1 forcing GC (no HPROF) and profile save
06-11 02:07:19.520  2897  2903 I zygote64: SIGUSR1 forcing GC (no HPROF) and profile save
06-11 02:07:19.520  4300  4306 I zygote64: 
06-11 02:07:19.520  4300  4306 I zygote64: SIGUSR1 forcing GC (no HPROF) and profile save
06-11 02:07:19.523  1359  1364 I zygote64: 
06-11 02:07:19.523  2688  2696 I zygote64: 
06-11 02:07:19.523  1359  1364 I zygote64: SIGUSR1 forcing GC (no HPROF) and profile save
06-11 02:07:19.523  2688  2696 I zygote64: SIGUSR1 forcing GC (no HPROF) and profile save
06-11 02:07:19.523  5580  5586 I zygote64: 
06-11 02:07:19.523  5580  5586 I zygote64: SIGUSR1 forcing GC (no HPROF) and profile save
06-11 02:07:19.526  5820  5826 I zygote64: 
06-11 02:07:19.526  5820  5826 I zygote64: SIGUSR1 forcing GC (no HPROF) and profile save
06-11 02:07:19.530  2335  2355 I zygote64: 
06-11 02:07:19.530  2335  2355 I zygote64: SIGUSR1 forcing GC (no HPROF) and profile save
06-11 02:07:19.567  2368  2382 I zygote64: Explicit concurrent copying GC freed 3289(620KB) AllocSpace objects, 0(0B) LOS objects, 92% free, 972KB/12MB, paused 156us total 67.660ms
06-11 02:07:19.569  2381  2398 I zygote64: Explicit concurrent copying GC freed 9954(1603KB) AllocSpace objects, 8(160KB) LOS objects, 90% free, 1315KB/13MB, paused 207us total 60.923ms
06-11 02:07:19.577  6149  6155 I zygote  : Explicit concurrent copying GC freed 1992(155KB) AllocSpace objects, 0(0B) LOS objects, 67% free, 1927KB/5MB, paused 159us total 114.967ms
06-11 02:07:19.583  2335  6673 E BDLog   : BD.AppActivityInfoReporter:PackageManager.NameNotFoundException : com.tungsten.fcl
06-11 02:07:19.586  2652  2662 I zygote64: Explicit concurrent copying GC freed 6196(1067KB) AllocSpace objects, 0(0B) LOS objects, 92% free, 969KB/12MB, paused 150us total 76.259ms
06-11 02:07:19.590  2349  2367 I zygote64: Explicit concurrent copying GC freed 3961(625KB) AllocSpace objects, 0(0B) LOS objects, 92% free, 994KB/12MB, paused 163us total 80.142ms
06-11 02:07:19.598  3053  3060 I zygote64: Explicit concurrent copying GC freed 8479(1576KB) AllocSpace objects, 0(0B) LOS objects, 92% free, 1024KB/13MB, paused 190us total 98.840ms
06-11 02:07:19.606  3446  3452 I zygote64: Explicit concurrent copying GC freed 860(48KB) AllocSpace objects, 0(0B) LOS objects, 79% free, 1033KB/5MB, paused 107us total 100.733ms
06-11 02:07:19.626  5820  5826 I zygote64: Explicit concurrent copying GC freed 185(41KB) AllocSpace objects, 0(0B) LOS objects, 81% free, 946KB/4MB, paused 212us total 99.281ms
06-11 02:07:19.629  4069  4074 I zygote64: Explicit concurrent copying GC freed 90500(3MB) AllocSpace objects, 14(728KB) LOS objects, 38% free, 6MB/10MB, paused 137us total 129.049ms
06-11 02:07:19.630  2319  2341 I zygote64: Explicit concurrent copying GC freed 3230(519KB) AllocSpace objects, 0(0B) LOS objects, 92% free, 1027KB/13MB, paused 170us total 126.968ms
06-11 02:07:19.630  3003  3011 I zygote64: Explicit concurrent copying GC freed 1155(159KB) AllocSpace objects, 2(40KB) LOS objects, 80% free, 966KB/4MB, paused 173us total 120.384ms
06-11 02:07:19.630  3822  3833 I zygote64: Explicit concurrent copying GC freed 7303(265KB) AllocSpace objects, 0(0B) LOS objects, 80% free, 991KB/4MB, paused 123us total 103.831ms
06-11 02:07:19.631  2453  2462 I zygote64: Explicit concurrent copying GC freed 50464(3MB) AllocSpace objects, 20(592KB) LOS objects, 83% free, 2MB/14MB, paused 166us total 123.986ms
06-11 02:07:19.641  3513  3520 I zygote64: Explicit concurrent copying GC freed 434(59KB) AllocSpace objects, 0(0B) LOS objects, 69% free, 1765KB/5MB, paused 103us total 126.886ms
06-11 02:07:19.657  3383  3394 I zygote64: Explicit concurrent copying GC freed 168(22KB) AllocSpace objects, 0(0B) LOS objects, 73% free, 1448KB/5MB, paused 108us total 150.554ms
06-11 02:07:19.683  5975  5981 I zygote64: Explicit concurrent copying GC freed 285(32KB) AllocSpace objects, 0(0B) LOS objects, 81% free, 954KB/4MB, paused 173us total 169.404ms
06-11 02:07:19.687  6436  6445 I zygote64: Explicit concurrent copying GC freed 2177(310KB) AllocSpace objects, 17(340KB) LOS objects, 78% free, 1140KB/5MB, paused 182us total 171.169ms
06-11 02:07:19.708  3604  3611 I zygote64: Explicit concurrent copying GC freed 207626(12MB) AllocSpace objects, 25(2MB) LOS objects, 75% free, 3MB/15MB, paused 208us total 204.422ms
06-11 02:07:19.709  2399  2419 I zygote64: Explicit concurrent copying GC freed 34461(2MB) AllocSpace objects, 23(580KB) LOS objects, 82% free, 2MB/14MB, paused 120us total 195.080ms
06-11 02:07:19.713  6275  6282 I zygote64: Explicit concurrent copying GC freed 4048(246KB) AllocSpace objects, 0(0B) LOS objects, 75% free, 1353KB/5MB, paused 176us total 204.827ms
06-11 02:07:19.714  5950  5956 I zygote64: Explicit concurrent copying GC freed 5887(384KB) AllocSpace objects, 0(0B) LOS objects, 76% free, 1262KB/5MB, paused 165us total 210.615ms
06-11 02:07:19.717  5721  5727 I zygote64: Explicit concurrent copying GC freed 2510(617KB) AllocSpace objects, 2(104KB) LOS objects, 65% free, 2MB/6MB, paused 169us total 213.477ms
06-11 02:07:19.718  6680  6680 E libc    : Access denied finding property "ro.hwfix.ro.process_list"
06-11 02:07:19.727  5921  5926 I zygote64: Explicit concurrent copying GC freed 1620(135KB) AllocSpace objects, 0(0B) LOS objects, 64% free, 2MB/6MB, paused 235us total 220.044ms
06-11 02:07:19.732  2335  2355 I zygote64: Explicit concurrent copying GC freed 14588(1262KB) AllocSpace objects, 0(0B) LOS objects, 80% free, 2MB/14MB, paused 95us total 201.886ms
06-11 02:07:19.733  6241  6249 I zygote64: Explicit concurrent copying GC freed 17924(1657KB) AllocSpace objects, 2(40KB) LOS objects, 67% free, 2016KB/5MB, paused 168us total 219.772ms
06-11 02:07:19.737  6680  6680 E libc    : Access denied finding property "ro.hwfix.ro.process_list"
06-11 02:07:19.739  2414  2431 I zygote64: Explicit concurrent copying GC freed 75923(5MB) AllocSpace objects, 4(80KB) LOS objects, 82% free, 2MB/14MB, paused 173us total 232.273ms
06-11 02:07:19.780  5580  5586 I zygote64: Explicit concurrent copying GC freed 63555(3MB) AllocSpace objects, 458(8MB) LOS objects, 76% free, 1263KB/5MB, paused 183us total 255.753ms
06-11 02:07:19.781  4300  4306 I zygote64: Explicit concurrent copying GC freed 14714(1096KB) AllocSpace objects, 2(40KB) LOS objects, 39% free, 6MB/10MB, paused 139us total 252.732ms
06-11 02:07:19.782   924   924 W iaware  : type=1400 audit(0.0:593): avc: denied { write } for name="timerslack_ns" dev="proc" ino=64658 scontext=u:r:hwpged:s0 tcontext=u:r:mediaprovider:s0:c512,c768 tclass=file permissive=0
06-11 02:07:19.783  3893  3900 I zygote64: Explicit concurrent copying GC freed 52742(2MB) AllocSpace objects, 8(224KB) LOS objects, 58% free, 2MB/6MB, paused 205us total 264.025ms
06-11 02:07:19.783  2688  2696 I zygote64: Explicit concurrent copying GC freed 88514(7MB) AllocSpace objects, 41(1844KB) LOS objects, 80% free, 2MB/14MB, paused 225us total 259.746ms
06-11 02:07:19.792   924   924 W iaware  : type=1400 audit(0.0:594): avc: denied { write } for name="timerslack_ns" dev="proc" ino=64658 scontext=u:r:hwpged:s0 tcontext=u:r:mediaprovider:s0:c512,c768 tclass=file permissive=0
06-11 02:07:19.801  6474  6480 I zygote64: Explicit concurrent copying GC freed 79591(5MB) AllocSpace objects, 0(0B) LOS objects, 64% free, 2MB/6MB, paused 20.293ms total 290.698ms
06-11 02:07:19.801  2897  2903 I zygote64: Explicit concurrent copying GC freed 854(120KB) AllocSpace objects, 0(0B) LOS objects, 50% free, 3MB/7MB, paused 163us total 280.858ms
06-11 02:07:19.807  2170  2178 I zygote64: Explicit concurrent copying GC freed 11911(783KB) AllocSpace objects, 0(0B) LOS objects, 62% free, 7MB/19MB, paused 168us total 297.616ms
06-11 02:07:19.807  3075  3081 I zygote64: Explicit concurrent copying GC freed 996(192KB) AllocSpace objects, 0(0B) LOS objects, 51% free, 3MB/7MB, paused 185us total 290.547ms
06-11 02:07:19.837  6227  6233 I zygote64: Explicit concurrent copying GC freed 17389(983KB) AllocSpace objects, 4(208KB) LOS objects, 53% free, 3MB/7MB, paused 208us total 317.081ms
06-11 02:07:19.846  3475  3482 I zygote64: Explicit concurrent copying GC freed 227407(11MB) AllocSpace objects, 67(5MB) LOS objects, 75% free, 3MB/15MB, paused 245us total 346.150ms
06-11 02:07:19.859  3475  3484 I HiSearch: [GCCheck]:finalize: app gc occur
06-11 02:07:19.859  3475  3484 I HiSearch: [ColdStartDFX]:gcOccurred count: 2
06-11 02:07:19.870  3681  3687 I zygote64: Explicit concurrent copying GC freed 81742(5MB) AllocSpace objects, 54(1696KB) LOS objects, 60% free, 7MB/19MB, paused 261us total 356.352ms
06-11 02:07:20.021  1359  1364 I zygote64: Explicit concurrent copying GC freed 117396(14MB) AllocSpace objects, 14(312KB) LOS objects, 42% free, 22MB/39MB, paused 276us total 497.233ms
06-11 02:07:20.052  1359  1393 D NetdConnector: SND -> {68 bandwidth gettetherstats}
06-11 02:07:20.053  1359  2058 D NetdConnector: RCV <- {200 68 Tethering stats list completed}
06-11 02:07:20.054  1359  2058 D NetdConnector: RCV <- {200 68 Tethering stats list completed}
06-11 02:07:20.060  1359  1393 W ConnectivityExtension: ConnectivityExt jar file not present
06-11 02:07:20.060  1359  1393 W NetworkStatsFactory: mStatsXtProcUid: /proc/net/comm/stats does not exist!
06-11 02:07:20.060  1359  1393 D HwNetworkStatsService: hwRecordUidAndProcSnapshotLocked currentTime = 1718042840051
06-11 02:07:20.060  1359  1393 W NetworkStatsFactory: mStatsXtProcAndUid: /proc/net/xt_qtaguid/stats_pid does not exist!
06-11 02:07:20.062  1359  1393 D HwNetworkStatsService: hwMaybeUidAndProcPersistLocked currentTime = 1718042840051
06-11 02:07:20.067  2688  2869 E HSM     : NatTrafficNotifyService:imsi is null, so return
06-11 02:07:20.136  1359  2441 D NetdConnector: SND -> {69 bandwidth gettetherstats}
06-11 02:07:20.137  1359  2058 D NetdConnector: RCV <- {200 69 Tethering stats list completed}
06-11 02:07:20.138  1359  2058 D NetdConnector: RCV <- {200 69 Tethering stats list completed}
06-11 02:07:20.144  1359  2441 W ConnectivityExtension: ConnectivityExt jar file not present
06-11 02:07:20.144  1359  2441 W NetworkStatsFactory: mStatsXtProcUid: /proc/net/comm/stats does not exist!
06-11 02:07:20.144  1359  2441 D HwNetworkStatsService: hwRecordUidAndProcSnapshotLocked currentTime = 1718042840135
06-11 02:07:20.144  1359  2441 W NetworkStatsFactory: mStatsXtProcAndUid: /proc/net/xt_qtaguid/stats_pid does not exist!
06-11 02:07:20.145  1359  2441 D HwNetworkStatsService: hwMaybeUidAndProcPersistLocked currentTime = 1718042840135
06-11 02:07:20.150  2688  2869 E HSM     : NatTrafficNotifyService:imsi is null, so return
06-11 02:07:20.252  2335  6673 E BDLog   : BD.AppActivityInfoReporter:PackageManager.NameNotFoundException : com.huawei.gamebox
06-11 02:07:20.255  2335  6673 E BDLog   : BD.AppActivityInfoReporter:PackageManager.NameNotFoundException : com.tensquaregames.huntmobile
06-11 02:07:20.257  2335  6673 E BDLog   : BD.AppActivityInfoReporter:PackageManager.NameNotFoundException : com.makomako.worldbox.android.ohayoo
06-11 02:07:20.257  2335  6673 E BDLog   : BD.AppActivityInfoReporter:PackageManager.NameNotFoundException : com.htwoplayers.srjjc.huawei
06-11 02:07:20.257  2335  6673 I BDLog   : BD.Scheduler:report application activation info ok.
06-11 02:07:20.257  2335  6673 I BDLog   : BD.Scheduler:Day task finish
06-11 02:07:20.747  6685  6685 E libc    : Access denied finding property "ro.hwfix.ro.process_list"
06-11 02:07:20.765  6685  6685 E libc    : Access denied finding property "ro.hwfix.ro.process_list"
06-11 02:07:21.776  6686  6686 E libc    : Access denied finding property "ro.hwfix.ro.process_list"
06-11 02:07:21.799  6686  6686 E libc    : Access denied finding property "ro.hwfix.ro.process_list"
06-11 02:07:22.812  6688  6688 E libc    : Access denied finding property "ro.hwfix.ro.process_list"
